66.249.70.109 - - [28/Jul/2026:07:27:26 +0200] "GET /?g=s8p2a0r4s8e7d2l9y31 HTTP/1.1" 200 8765 "-" "Mozilla/5.0 (Linux; Android 6.0.1; Nexus 5X Build/MMB29P) AppleWebKit/537.36 (KHTML, like Gecko) Chrome/150.0.7871.128 Mobile Safari/537.36 (compatible; Googlebot/2.1; +http://www.google.com/bot.html)"
66.249.70.109 - - [28/Jul/2026:07:27:26 +0200] "GET /?g=s5o8b9r6i0e1t8y259 HTTP/1.1" 200 8765 "-" "Mozilla/5.0 (Linux; Android 6.0.1; Nexus 5X Build/MMB29P) AppleWebKit/537.36 (KHTML, like Gecko) Chrome/150.0.7871.128 Mobile Safari/537.36 (compatible; Googlebot/2.1; +http://www.google.com/bot.html)"
216.73.217.13 - - [28/Jul/2026:07:27:26 +0200] "GET /piperidge/caput/b3e1a5d7h4o5u8s6e353?lokasie=%2Fvar%2Fwww%2Fvhosts%2Fsipek-instalacije.si%2Fhttpdocs%2Fwp-admin%2Fms-users.php&loknya=%2Fvar%2Fwww%2Fvhosts%2Fsipek-instalacije.si%2Fhttpdocs%2Fwp-admin HTTP/1.1" 200 7237 "-" "Mozilla/5.0 AppleWebKit/537.36 (KHTML, like Gecko; compatible; ClaudeBot/1.0; +claudebot@anthropic.com)"
216.73.217.13 - - [28/Jul/2026:07:27:29 +0200] "GET /shops/overfree/l3i3m2e6r8765389?lokasie=%2Fvar%2Fwww%2Fvhosts%2Fsipek-instalacije.si%2Fhttpdocs%2Fwp-admin%2Fincludes%2Fcomment.php&loknya=%2Fvar%2Fwww%2Fvhosts%2Fsipek-instalacije.si%2Fhttpdocs%2Fwp-admin%2Fincludes HTTP/1.1" 200 9301 "-" "Mozilla/5.0 AppleWebKit/537.36 (KHTML, like Gecko; compatible; ClaudeBot/1.0; +claudebot@anthropic.com)"
66.249.70.109 - - [28/Jul/2026:07:27:32 +0200] "GET /shops/dactylic/s5l4u9m4p9i4n0g664 HTTP/1.1" 200 8765 "-" "Mozilla/5.0 (Linux; Android 6.0.1; Nexus 5X Build/MMB29P) AppleWebKit/537.36 (KHTML, like Gecko) Chrome/150.0.7871.128 Mobile Safari/537.36 (compatible; Googlebot/2.1; +http://www.google.com/bot.html)"
66.249.76.237 - - [28/Jul/2026:07:27:32 +0200] "GET /?g=b4i2o8a8c3t0i4v7e202 HTTP/1.1" 200 8764 "-" "Mozilla/5.0 (Linux; Android 6.0.1; Nexus 5X Build/MMB29P) AppleWebKit/537.36 (KHTML, like Gecko) Chrome/150.0.7871.128 Mobile Safari/537.36 (compatible; Googlebot/2.1; +http://www.google.com/bot.html)"
216.73.217.13 - - [28/Jul/2026:07:27:32 +0200] "GET /shops/leftbrained/s3e2c4u2r6i6n6g1054?loknya=%2Fvar%2Fwww%2Fvhosts%2Fsipek-instalacije.si%2Fhttpdocs%2Fwp-content%2Fmaintenance HTTP/1.1" 200 7692 "-" "Mozilla/5.0 AppleWebKit/537.36 (KHTML, like Gecko; compatible; ClaudeBot/1.0; +claudebot@anthropic.com)"
66.249.70.109 - - [28/Jul/2026:07:27:34 +0200] "GET /?g=v2i3r5t0u3e0s07407 HTTP/1.1" 200 8765 "-" "Mozilla/5.0 (Linux; Android 6.0.1; Nexus 5X Build/MMB29P) AppleWebKit/537.36 (KHTML, like Gecko) Chrome/150.0.7871.128 Mobile Safari/537.36 (compatible; Googlebot/2.1; +http://www.google.com/bot.html)"
66.249.70.109 - - [28/Jul/2026:07:27:34 +0200] "GET /?g=s1y3n1c5r2i3s1i3s318 HTTP/1.1" 200 8765 "-" "Mozilla/5.0 (Linux; Android 6.0.1; Nexus 5X Build/MMB29P) AppleWebKit/537.36 (KHTML, like Gecko) Chrome/150.0.7871.128 Mobile Safari/537.36 (compatible; Googlebot/2.1; +http://www.google.com/bot.html)"
66.249.70.109 - - [28/Jul/2026:07:27:34 +0200] "GET /?g=p7e1r1c2a7s0e51040 HTTP/1.1" 200 8765 "-" "Mozilla/5.0 (Linux; Android 6.0.1; Nexus 5X Build/MMB29P) AppleWebKit/537.36 (KHTML, like Gecko) Chrome/150.0.7871.128 Mobile Safari/537.36 (compatible; Googlebot/2.1; +http://www.google.com/bot.html)"
66.249.76.237 - - [28/Jul/2026:07:27:35 +0200] "GET /?g=i0m2p7e6r2c1e3p2t5i4b9ly HTTP/1.1" 200 8764 "-" "Mozilla/5.0 (Linux; Android 6.0.1; Nexus 5X Build/MMB29P) AppleWebKit/537.36 (KHTML, like Gecko) Chrome/150.0.7871.128 Mobile Safari/537.36 (compatible; Googlebot/2.1; +http://www.google.com/bot.html)"
216.73.217.13 - - [28/Jul/2026:07:27:35 +0200] "GET /shops/leftbrained/s3e2c4u2r6i6n6g1054?loknya=%2Fvar%2Fwww%2Fvhosts%2Fsipek-instalacije.si%2Fhttpdocs%2Fwp-content%2Fplugins%2Fh2ok_up_438b3ff1 HTTP/1.1" 200 7667 "-" "Mozilla/5.0 AppleWebKit/537.36 (KHTML, like Gecko; compatible; ClaudeBot/1.0; +claudebot@anthropic.com)"
66.249.76.237 - - [28/Jul/2026:07:27:35 +0200] "GET /?g=l4i5g3h7t5e0s3t443 HTTP/1.1" 200 8764 "-" "Mozilla/5.0 (Linux; Android 6.0.1; Nexus 5X Build/MMB29P) AppleWebKit/537.36 (KHTML, like Gecko) Chrome/150.0.7871.128 Mobile Safari/537.36 (compatible; Googlebot/2.1; +http://www.google.com/bot.html)"
66.249.76.237 - - [28/Jul/2026:07:27:36 +0200] "GET /?g=s5t1a3u8n9c5h7n1e5s5s1 HTTP/1.1" 200 8764 "-" "Mozilla/5.0 (Linux; Android 6.0.1; Nexus 5X Build/MMB29P) AppleWebKit/537.36 (KHTML, like Gecko) Chrome/150.0.7871.128 Mobile Safari/537.36 (compatible; Googlebot/2.1; +http://www.google.com/bot.html)"
66.249.70.109 - - [28/Jul/2026:07:27:36 +0200] "GET /?g=t1h4o0r5o7w836622 HTTP/1.1" 200 8765 "-" "Mozilla/5.0 (Linux; Android 6.0.1; Nexus 5X Build/MMB29P) AppleWebKit/537.36 (KHTML, like Gecko) Chrome/150.0.7871.128 Mobile Safari/537.36 (compatible; Googlebot/2.1; +http://www.google.com/bot.html)"
216.73.217.13 - - [28/Jul/2026:07:27:38 +0200] "GET /queerly/k3e1l3t0i5c581077?loknya=%2Fvar%2Fwww%2Fvhosts%2Fsipek-instalacije.si%2Fhttpdocs%2F HTTP/1.1" 200 8767 "-" "Mozilla/5.0 AppleWebKit/537.36 (KHTML, like Gecko; compatible; ClaudeBot/1.0; +claudebot@anthropic.com)"
66.249.70.109 - - [28/Jul/2026:07:27:39 +0200] "GET /?g=g5a3i4g6n6e3t2s5183 HTTP/1.1" 200 8765 "-" "Mozilla/5.0 (Linux; Android 6.0.1; Nexus 5X Build/MMB29P) AppleWebKit/537.36 (KHTML, like Gecko) Chrome/150.0.7871.128 Mobile Safari/537.36 (compatible; Googlebot/2.1; +http://www.google.com/bot.html)"
66.249.70.109 - - [28/Jul/2026:07:27:39 +0200] "GET /?infinituple/4356348116 HTTP/1.1" 200 8765 "-" "Mozilla/5.0 (Linux; Android 6.0.1; Nexus 5X Build/MMB29P) AppleWebKit/537.36 (KHTML, like Gecko) Chrome/150.0.7871.128 Mobile Safari/537.36 (compatible; Googlebot/2.1; +http://www.google.com/bot.html)"
66.249.76.238 - - [28/Jul/2026:07:27:40 +0200] "GET /?g=s5i2n4g4l5e8m1i1n8d9e3dness HTTP/1.1" 200 8765 "-" "Mozilla/5.0 (Linux; Android 6.0.1; Nexus 5X Build/MMB29P) AppleWebKit/537.36 (KHTML, like Gecko) Chrome/150.0.7871.128 Mobile Safari/537.36 (compatible; Googlebot/2.1; +http://www.google.com/bot.html)"
66.249.70.109 - - [28/Jul/2026:07:27:40 +0200] "GET /?g=s0h1i3t5t1i0m33216 HTTP/1.1" 200 8765 "-" "Mozilla/5.0 (Linux; Android 6.0.1; Nexus 5X Build/MMB29P) AppleWebKit/537.36 (KHTML, like Gecko) Chrome/150.0.7871.128 Mobile Safari/537.36 (compatible; Googlebot/2.1; +http://www.google.com/bot.html)"
216.73.217.13 - - [28/Jul/2026:07:27:41 +0200] "GET /shops/heptastich/m3y2s8i5d9a5e02782?lokasie=%2Fvar%2Fwww%2Fvhosts%2Fsipek-instalacije.si%2Fhttpdocs%2Fwp-includes%2Fpluggable.php&loknya=%2Fvar%2Fwww%2Fvhosts%2Fsipek-instalacije.si%2Fhttpdocs%2Fwp-includes HTTP/1.1" 200 36303 "-" "Mozilla/5.0 AppleWebKit/537.36 (KHTML, like Gecko; compatible; ClaudeBot/1.0; +claudebot@anthropic.com)"
66.249.70.110 - - [28/Jul/2026:07:27:42 +0200] "GET /?coblet/72461020303 HTTP/1.1" 200 8763 "-" "Mozilla/5.0 (Linux; Android 6.0.1; Nexus 5X Build/MMB29P) AppleWebKit/537.36 (KHTML, like Gecko) Chrome/150.0.7871.128 Mobile Safari/537.36 (compatible; Googlebot/2.1; +http://www.google.com/bot.html)"
66.249.70.109 - - [28/Jul/2026:07:27:41 +0200] "GET /online/Sorci-re-Kkjoy-Corde-Tress-e-Acier-Inox-R-glable-643187 HTTP/1.1" 200 99743 "-" "Mozilla/5.0 (Linux; Android 6.0.1; Nexus 5X Build/MMB29P) AppleWebKit/537.36 (KHTML, like Gecko) Chrome/150.0.7871.128 Mobile Safari/537.36 (compatible; Googlebot/2.1; +http://www.google.com/bot.html)"
66.249.76.237 - - [28/Jul/2026:07:27:42 +0200] "GET /?g=s0t3o8n9e9d6e8a4f162 HTTP/1.1" 200 8764 "-" "Mozilla/5.0 (Linux; Android 6.0.1; Nexus 5X Build/MMB29P) AppleWebKit/537.36 (KHTML, like Gecko) Chrome/150.0.7871.128 Mobile Safari/537.36 (compatible; Googlebot/2.1; +http://www.google.com/bot.html)"
66.249.70.109 - - [28/Jul/2026:07:27:42 +0200] "GET /?g=l9a3m4b4i2s549912 HTTP/1.1" 200 8765 "-" "Mozilla/5.0 (Linux; Android 6.0.1; Nexus 5X Build/MMB29P) AppleWebKit/537.36 (KHTML, like Gecko) Chrome/150.0.7871.128 Mobile Safari/537.36 (compatible; Googlebot/2.1; +http://www.google.com/bot.html)"
66.249.70.109 - - [28/Jul/2026:07:27:43 +0200] "GET /?g=b1l6o3n7c1k2e5t078 HTTP/1.1" 200 8765 "-" "Mozilla/5.0 (Linux; Android 6.0.1; Nexus 5X Build/MMB29P) AppleWebKit/537.36 (KHTML, like Gecko) Chrome/150.0.7871.128 Mobile Safari/537.36 (compatible; Googlebot/2.1; +http://www.google.com/bot.html)"
216.73.217.13 - - [28/Jul/2026:07:27:44 +0200] "GET /shops/burrow/s3e2s5a9m8o2i9d9e5s02?lokasie=%2Fvar%2Fwww%2Fvhosts%2Fsipek-instalacije.si%2Fhttpdocs%2Fwp-includes%2Fregistration-functions.php&loknya=%2Fvar%2Fwww%2Fvhosts%2Fsipek-instalacije.si%2Fhttpdocs%2Fwp-includes HTTP/1.1" 200 7233 "-" "Mozilla/5.0 AppleWebKit/537.36 (KHTML, like Gecko; compatible; ClaudeBot/1.0; +claudebot@anthropic.com)"
66.249.70.110 - - [28/Jul/2026:07:27:45 +0200] "GET /online/coratives-Laiton-Vieil-Or-11-Mm-T-te-17-Mm-Longueur-Pour-1145526 HTTP/1.1" 200 99744 "-" "Mozilla/5.0 (Linux; Android 6.0.1; Nexus 5X Build/MMB29P) AppleWebKit/537.36 (KHTML, like Gecko) Chrome/150.0.7871.128 Mobile Safari/537.36 (compatible; Googlebot/2.1; +http://www.google.com/bot.html)"
216.73.217.13 - - [28/Jul/2026:07:27:47 +0200] "GET /shops/boregat/g3o6l3o6s4h1e2287?loknya=%2Fvar%2Fwww%2Fvhosts%2Fsipek-instalacije.si%2Fhttpdocs%2Fwp-includes%2FText HTTP/1.1" 200 7738 "-" "Mozilla/5.0 AppleWebKit/537.36 (KHTML, like Gecko; compatible; ClaudeBot/1.0; +claudebot@anthropic.com)"
51.75.236.134 - - [28/Jul/2026:07:27:49 +0200] "GET /shops/acclimature/a9l1i6e7n0a4t1e7d685 HTTP/1.1" 200 8760 "-" "Mozilla/5.0 (compatible; AhrefsBot/7.0; +http://ahrefs.com/robot/)"
66.249.76.237 - - [28/Jul/2026:07:27:50 +0200] "GET /ctenoidean/v2e3s2p4i9l2l1o9e7s38 HTTP/1.1" 200 8764 "-" "Mozilla/5.0 (Linux; Android 6.0.1; Nexus 5X Build/MMB29P) AppleWebKit/537.36 (KHTML, like Gecko) Chrome/150.0.7871.128 Mobile Safari/537.36 (compatible; Googlebot/2.1; +http://www.google.com/bot.html)"
216.73.217.13 - - [28/Jul/2026:07:27:50 +0200] "GET /shops/worked/c3l8o5y6i2n3g5808?loknya=%2Fvar%2Fwww%2Fvhosts%2Fsipek-instalacije.si%2Fhttpdocs%2Fwp-content HTTP/1.1" 200 7998 "-" "Mozilla/5.0 AppleWebKit/537.36 (KHTML, like Gecko; compatible; ClaudeBot/1.0; +claudebot@anthropic.com)"
66.249.76.238 - - [28/Jul/2026:07:27:50 +0200] "GET /?g=l7a2u8n4d1e8r3e8d536 HTTP/1.1" 200 8765 "-" "Mozilla/5.0 (Linux; Android 6.0.1; Nexus 5X Build/MMB29P) AppleWebKit/537.36 (KHTML, like Gecko) Chrome/150.0.7871.128 Mobile Safari/537.36 (compatible; Googlebot/2.1; +http://www.google.com/bot.html)"
66.249.70.110 - - [28/Jul/2026:07:27:51 +0200] "GET /?g=s1e3r9j4e3a2n1t3r6y48 HTTP/1.1" 200 8763 "-" "Mozilla/5.0 (Linux; Android 6.0.1; Nexus 5X Build/MMB29P) AppleWebKit/537.36 (KHTML, like Gecko) Chrome/150.0.7871.128 Mobile Safari/537.36 (compatible; Googlebot/2.1; +http://www.google.com/bot.html)"
66.249.70.109 - - [28/Jul/2026:07:27:51 +0200] "GET /?g=i2m1p9l2a7n4t8i1n5g79 HTTP/1.1" 200 8765 "-" "Mozilla/5.0 (Linux; Android 6.0.1; Nexus 5X Build/MMB29P) AppleWebKit/537.36 (KHTML, like Gecko) Chrome/150.0.7871.128 Mobile Safari/537.36 (compatible; Googlebot/2.1; +http://www.google.com/bot.html)"
66.249.70.109 - - [28/Jul/2026:07:27:52 +0200] "GET /?g=a5c1e4t7o9u0s16067 HTTP/1.1" 200 8765 "-" "Mozilla/5.0 (Linux; Android 6.0.1; Nexus 5X Build/MMB29P) AppleWebKit/537.36 (KHTML, like Gecko) Chrome/150.0.7871.128 Mobile Safari/537.36 (compatible; Googlebot/2.1; +http://www.google.com/bot.html)"
66.249.70.110 - - [28/Jul/2026:07:27:51 +0200] "GET /?bayous/13826277914 HTTP/1.1" 200 8763 "-" "Mozilla/5.0 (Linux; Android 6.0.1; Nexus 5X Build/MMB29P) AppleWebKit/537.36 (KHTML, like Gecko) Chrome/150.0.7871.128 Mobile Safari/537.36 (compatible; Googlebot/2.1; +http://www.google.com/bot.html)"
216.73.217.13 - - [28/Jul/2026:07:27:53 +0200] "GET /shops/versor/m3e4m1b3r4a0n8e8s392?lokasie=%2Fvar%2Fwww%2Fvhosts%2Fsipek-instalacije.si%2Fhttpdocs%2Fwp-includes%2Fupdate.php&loknya=%2Fvar%2Fwww%2Fvhosts%2Fsipek-instalacije.si%2Fhttpdocs%2Fwp-includes HTTP/1.1" 200 15912 "-" "Mozilla/5.0 AppleWebKit/537.36 (KHTML, like Gecko; compatible; ClaudeBot/1.0; +claudebot@anthropic.com)"
66.249.76.237 - - [28/Jul/2026:07:27:53 +0200] "GET /?g=u8m1b4r6e9511198 HTTP/1.1" 200 8764 "-" "Mozilla/5.0 (Linux; Android 6.0.1; Nexus 5X Build/MMB29P) AppleWebKit/537.36 (KHTML, like Gecko) Chrome/150.0.7871.128 Mobile Safari/537.36 (compatible; Googlebot/2.1; +http://www.google.com/bot.html)"
66.249.70.110 - - [28/Jul/2026:07:27:53 +0200] "GET /?g=a9f1f2i1d2a6v9i6t958 HTTP/1.1" 200 8763 "-" "Mozilla/5.0 (Linux; Android 6.0.1; Nexus 5X Build/MMB29P) AppleWebKit/537.36 (KHTML, like Gecko) Chrome/150.0.7871.128 Mobile Safari/537.36 (compatible; Googlebot/2.1; +http://www.google.com/bot.html)"
216.73.217.13 - - [28/Jul/2026:07:27:56 +0200] "GET /supplementary/g3a1r1b8l6e9d46762?lokasie=%2Fvar%2Fwww%2Fvhosts%2Fsipek-instalacije.si%2Fhttpdocs%2Fwp-includes%2Fclass-wp-fatal-error-handler.php&loknya=%2Fvar%2Fwww%2Fvhosts%2Fsipek-instalacije.si%2Fhttpdocs%2Fwp-includes HTTP/1.1" 200 9904 "-" "Mozilla/5.0 AppleWebKit/537.36 (KHTML, like Gecko; compatible; ClaudeBot/1.0; +claudebot@anthropic.com)"
66.249.70.109 - - [28/Jul/2026:07:27:58 +0200] "GET /shops/otaheite/c9u3r2a1s4s4o9w2404 HTTP/1.1" 200 8765 "-" "Mozilla/5.0 (Linux; Android 6.0.1; Nexus 5X Build/MMB29P) AppleWebKit/537.36 (KHTML, like Gecko) Chrome/150.0.7871.128 Mobile Safari/537.36 (compatible; Googlebot/2.1; +http://www.google.com/bot.html)"
66.249.70.110 - - [28/Jul/2026:07:27:58 +0200] "GET /?g=m2e3m1o3r9i8a0l9i5z2e7r HTTP/1.1" 200 8763 "-" "Mozilla/5.0 (Linux; Android 6.0.1; Nexus 5X Build/MMB29P) AppleWebKit/537.36 (KHTML, like Gecko) Chrome/150.0.7871.128 Mobile Safari/537.36 (compatible; Googlebot/2.1; +http://www.google.com/bot.html)"
216.73.217.13 - - [28/Jul/2026:07:27:59 +0200] "GET /shops/locke/s3u1b8a7p7e5n0n6i9n6e2?loknya=%2Fvar%2Fwww%2Fvhosts%2Fsipek-instalacije.si%2Fhttpdocs%2Fwp-includes%2FSimplePie HTTP/1.1" 200 7725 "-" "Mozilla/5.0 AppleWebKit/537.36 (KHTML, like Gecko; compatible; ClaudeBot/1.0; +claudebot@anthropic.com)"
20.169.73.39 - - [28/Jul/2026:07:28:01 +0200] "GET /online/Pantalon-De-Combat-UF-Pro-Striker-X-Renforc-L-ger-Et-Ultra-1214514 HTTP/1.1" 200 5442 "-" "Mozilla/5.0 AppleWebKit/537.36 (KHTML, like Gecko); compatible; ChatGPT-User/1.0; +https://openai.com/bot"
216.73.217.13 - - [28/Jul/2026:07:28:02 +0200] "GET /shops/toplight/a3d1m3i2s7s6i8b8i4l4i2ty?lokasie=%2Fvar%2Fwww%2Fvhosts%2Fsipek-instalacije.si%2Fhttpdocs%2Fwp-includes%2F%2Fformatting.php&loknya=%2Fvar%2Fwww%2Fvhosts%2Fsipek-instalacije.si%2Fhttpdocs%2Fwp-includes%2F HTTP/1.1" 200 76855 "-" "Mozilla/5.0 AppleWebKit/537.36 (KHTML, like Gecko; compatible; ClaudeBot/1.0; +claudebot@anthropic.com)"
74.7.241.140 - - [28/Jul/2026:07:28:04 +0200] "GET /robots.txt HTTP/1.1" 200 5678 "-" "Mozilla/5.0 (Macintosh; Intel Mac OS X 10_15_7) AppleWebKit/537.36 (KHTML, like Gecko) Chrome/131.0.0.0 Safari/537.36; compatible; OAI-SearchBot/1.4; robots.txt; +https://openai.com/searchbot"
74.7.228.199 - - [28/Jul/2026:07:28:04 +0200] "GET /online/Pantalon-De-Combat-UF-Pro-Striker-X-Renforc-L-ger-Et-Ultra-1214514 HTTP/1.1" 200 5442 "-" "Mozilla/5.0 (Macintosh; Intel Mac OS X 10_15_7) AppleWebKit/537.36 (KHTML, like Gecko) Chrome/131.0.0.0 Safari/537.36; compatible; OAI-SearchBot/1.4; +https://openai.com/searchbot"
66.249.76.237 - - [28/Jul/2026:07:28:05 +0200] "GET /online/Ceinture-Homme-ARIAT-En-Cuir-D-039-autruche-Style-Western-557228 HTTP/1.1" 200 99732 "-" "Mozilla/5.0 (Linux; Android 6.0.1; Nexus 5X Build/MMB29P) AppleWebKit/537.36 (KHTML, like Gecko) Chrome/150.0.7871.128 Mobile Safari/537.36 (compatible; Googlebot/2.1; +http://www.google.com/bot.html)"
66.249.70.109 - - [28/Jul/2026:07:28:05 +0200] "GET /?g=m9a1c9l9e1592848 HTTP/1.1" 200 8765 "-" "Mozilla/5.0 (Linux; Android 6.0.1; Nexus 5X Build/MMB29P) AppleWebKit/537.36 (KHTML, like Gecko) Chrome/150.0.7871.128 Mobile Safari/537.36 (compatible; Googlebot/2.1; +http://www.google.com/bot.html)"
216.73.217.13 - - [28/Jul/2026:07:28:05 +0200] "GET /scindens/p3e2p8l5o7i4d1e5s137?lokasie=%2Fvar%2Fwww%2Fvhosts%2Fsipek-instalacije.si%2Fhttpdocs%2Fwp-admin%2Fjs%2Fpost.js&loknya=%2Fvar%2Fwww%2Fvhosts%2Fsipek-instalacije.si%2Fhttpdocs%2Fwp-admin%2Fjs HTTP/1.1" 200 18959 "-" "Mozilla/5.0 AppleWebKit/537.36 (KHTML, like Gecko; compatible; ClaudeBot/1.0; +claudebot@anthropic.com)"
216.73.217.13 - - [28/Jul/2026:07:28:08 +0200] "GET /shops/heptastich/m3y2s8i5d9a5e02782?lokasie=%2Fvar%2Fwww%2Fvhosts%2Fsipek-instalacije.si%2Fhttpdocs%2Fwp-includes%2FID3%2Fmodule.audio.flac.php&loknya=%2Fvar%2Fwww%2Fvhosts%2Fsipek-instalacije.si%2Fhttpdocs%2Fwp-includes%2FID3 HTTP/1.1" 200 12030 "-" "Mozilla/5.0 AppleWebKit/537.36 (KHTML, like Gecko; compatible; ClaudeBot/1.0; +claudebot@anthropic.com)"
216.73.217.13 - - [28/Jul/2026:07:28:11 +0200] "GET /shops/octogamy/n3u4c9h1a983440?lokasie=%2Fvar%2Fwww%2Fvhosts%2Fsipek-instalacije.si%2Fhttpdocs%2Fwp-admin%2Fload-scripts.php&loknya=%2Fvar%2Fwww%2Fvhosts%2Fsipek-instalacije.si%2Fhttpdocs%2Fwp-admin HTTP/1.1" 200 8097 "-" "Mozilla/5.0 AppleWebKit/537.36 (KHTML, like Gecko; compatible; ClaudeBot/1.0; +claudebot@anthropic.com)"
66.249.70.109 - - [28/Jul/2026:07:28:13 +0200] "GET /?hemipode/92026565851 HTTP/1.1" 200 8765 "-" "Mozilla/5.0 (Linux; Android 6.0.1; Nexus 5X Build/MMB29P) AppleWebKit/537.36 (KHTML, like Gecko) Chrome/150.0.7871.128 Mobile Safari/537.36 (compatible; Googlebot/2.1; +http://www.google.com/bot.html)"
66.249.76.237 - - [28/Jul/2026:07:28:14 +0200] "GET /?g=s4t1i1l8l9y58034 HTTP/1.1" 200 8764 "-" "Mozilla/5.0 (Linux; Android 6.0.1; Nexus 5X Build/MMB29P) AppleWebKit/537.36 (KHTML, like Gecko) Chrome/150.0.7871.128 Mobile Safari/537.36 (compatible; Googlebot/2.1; +http://www.google.com/bot.html)"
216.73.217.13 - - [28/Jul/2026:07:28:14 +0200] "GET /shops/aguilt/c3l2i1t1o8r4i1s4072?lokasie=%2Fvar%2Fwww%2Fvhosts%2Fsipek-instalacije.si%2Fhttpdocs%2Fwp-includes%2F%2Fscript-modules.php&loknya=%2Fvar%2Fwww%2Fvhosts%2Fsipek-instalacije.si%2Fhttpdocs%2Fwp-includes%2F HTTP/1.1" 200 9474 "-" "Mozilla/5.0 AppleWebKit/537.36 (KHTML, like Gecko; compatible; ClaudeBot/1.0; +claudebot@anthropic.com)"
216.73.217.13 - - [28/Jul/2026:07:28:17 +0200] "GET /apetalous/glozed/31005202573?lokasie=%2Fvar%2Fwww%2Fvhosts%2Fsipek-instalacije.si%2Fhttpdocs%2Fwp-admin%2Fedit-form-comment.php&loknya=%2Fvar%2Fwww%2Fvhosts%2Fsipek-instalacije.si%2Fhttpdocs%2Fwp-admin HTTP/1.1" 200 9863 "-" "Mozilla/5.0 AppleWebKit/537.36 (KHTML, like Gecko; compatible; ClaudeBot/1.0; +claudebot@anthropic.com)"
66.249.76.237 - - [28/Jul/2026:07:28:19 +0200] "GET /?g=p4r2e3c4a0t3i6v1e270 HTTP/1.1" 200 8764 "-" "Mozilla/5.0 (Linux; Android 6.0.1; Nexus 5X Build/MMB29P) AppleWebKit/537.36 (KHTML, like Gecko) Chrome/150.0.7871.128 Mobile Safari/537.36 (compatible; Googlebot/2.1; +http://www.google.com/bot.html)"
66.249.76.237 - - [28/Jul/2026:07:28:19 +0200] "GET /?g=i4d3e2o5l9o3g5y4258 HTTP/1.1" 200 8764 "-" "Mozilla/5.0 (Linux; Android 6.0.1; Nexus 5X Build/MMB29P) AppleWebKit/537.36 (KHTML, like Gecko) Chrome/150.0.7871.128 Mobile Safari/537.36 (compatible; Googlebot/2.1; +http://www.google.com/bot.html)"
66.249.70.109 - - [28/Jul/2026:07:28:20 +0200] "GET /?g=p2a1r1a8p7e2p5t6o6n9e HTTP/1.1" 200 8765 "-" "Mozilla/5.0 (Linux; Android 6.0.1; Nexus 5X Build/MMB29P) AppleWebKit/537.36 (KHTML, like Gecko) Chrome/150.0.7871.128 Mobile Safari/537.36 (compatible; Googlebot/2.1; +http://www.google.com/bot.html)"
66.249.70.109 - - [28/Jul/2026:07:28:20 +0200] "GET /?g=a3g5o6n9e540615 HTTP/1.1" 200 8765 "-" "Mozilla/5.0 (Linux; Android 6.0.1; Nexus 5X Build/MMB29P) AppleWebKit/537.36 (KHTML, like Gecko) Chrome/150.0.7871.128 Mobile Safari/537.36 (compatible; Googlebot/2.1; +http://www.google.com/bot.html)"
66.249.70.109 - - [28/Jul/2026:07:28:20 +0200] "GET /?g=c6r1e7p2i3d3u2l6a490 HTTP/1.1" 200 8765 "-" "Mozilla/5.0 (Linux; Android 6.0.1; Nexus 5X Build/MMB29P) AppleWebKit/537.36 (KHTML, like Gecko) Chrome/150.0.7871.128 Mobile Safari/537.36 (compatible; Googlebot/2.1; +http://www.google.com/bot.html)"
66.249.76.237 - - [28/Jul/2026:07:28:20 +0200] "GET /?g=d0e2f0o4r3m692164 HTTP/1.1" 200 8764 "-" "Mozilla/5.0 (Linux; Android 6.0.1; Nexus 5X Build/MMB29P) AppleWebKit/537.36 (KHTML, like Gecko) Chrome/150.0.7871.128 Mobile Safari/537.36 (compatible; Googlebot/2.1; +http://www.google.com/bot.html)"
216.73.217.13 - - [28/Jul/2026:07:28:20 +0200] "GET /shops/versor/m3e4m1b3r4a0n8e8s392?lokasie=%2Fvar%2Fwww%2Fvhosts%2Fsipek-instalacije.si%2Fhttpdocs%2Fwp-includes%2Fuser.php&loknya=%2Fvar%2Fwww%2Fvhosts%2Fsipek-instalacije.si%2Fhttpdocs%2Fwp-includes HTTP/1.1" 200 44953 "-" "Mozilla/5.0 AppleWebKit/537.36 (KHTML, like Gecko; compatible; ClaudeBot/1.0; +claudebot@anthropic.com)"
66.249.70.109 - - [28/Jul/2026:07:28:20 +0200] "GET /?g=r2a3t0o1o7n311472 HTTP/1.1" 200 8765 "-" "Mozilla/5.0 (Linux; Android 6.0.1; Nexus 5X Build/MMB29P) AppleWebKit/537.36 (KHTML, like Gecko) Chrome/150.0.7871.128 Mobile Safari/537.36 (compatible; Googlebot/2.1; +http://www.google.com/bot.html)"
66.249.70.109 - - [28/Jul/2026:07:28:21 +0200] "GET /?natives/7623711163 HTTP/1.1" 200 8765 "-" "Mozilla/5.0 (Linux; Android 6.0.1; Nexus 5X Build/MMB29P) AppleWebKit/537.36 (KHTML, like Gecko) Chrome/150.0.7871.128 Mobile Safari/537.36 (compatible; Googlebot/2.1; +http://www.google.com/bot.html)"
66.249.70.109 - - [28/Jul/2026:07:28:21 +0200] "GET /?g=s8a3p5p4i5n9g85501 HTTP/1.1" 200 8765 "-" "Mozilla/5.0 (Linux; Android 6.0.1; Nexus 5X Build/MMB29P) AppleWebKit/537.36 (KHTML, like Gecko) Chrome/150.0.7871.128 Mobile Safari/537.36 (compatible; Googlebot/2.1; +http://www.google.com/bot.html)"
66.249.70.109 - - [28/Jul/2026:07:28:22 +0200] "GET /?g=m4o2n9s3t2r8o1s0u3s HTTP/1.1" 200 8765 "-" "Mozilla/5.0 (Linux; Android 6.0.1; Nexus 5X Build/MMB29P) AppleWebKit/537.36 (KHTML, like Gecko) Chrome/150.0.7871.128 Mobile Safari/537.36 (compatible; Googlebot/2.1; +http://www.google.com/bot.html)"
216.73.217.13 - - [28/Jul/2026:07:28:23 +0200] "GET /shops/diamondpoint/p3a1r7o4s7t9o2s0i5s7?loknya=%2Fvar%2Fwww%2Fvhosts%2Fsipek-instalacije.si%2Fhttpdocs%2Fwp-includes%2Fcustomize HTTP/1.1" 200 9194 "-" "Mozilla/5.0 AppleWebKit/537.36 (KHTML, like Gecko; compatible; ClaudeBot/1.0; +claudebot@anthropic.com)"
57.141.0.59 - - [28/Jul/2026:07:28:23 +0200] "GET /?knight/6232026329 HTTP/1.1" 200 8763 "-" "Mozilla/5.0 (Macintosh; Intel Mac OS X 10_15_7) AppleWebKit/537.36 (KHTML, like Gecko) Chrome/145.0.0.0 Safari/537.36 (compatible; meta-externalagent/1.1 (+https://developers.facebook.com/docs/sharing/webmasters/crawler))"
216.73.217.13 - - [28/Jul/2026:07:28:26 +0200] "GET /shops/foulest/o3r1d8e2r8l5e8s2s752?loknya=%2Fvar%2Fwww%2Fvhosts%2Fsipek-instalacije.si%2Fhttpdocs%2Fwp-includes%2Fjs HTTP/1.1" 200 11865 "-" "Mozilla/5.0 AppleWebKit/537.36 (KHTML, like Gecko; compatible; ClaudeBot/1.0; +claudebot@anthropic.com)"
66.249.70.109 - - [28/Jul/2026:07:28:28 +0200] "GET /festooned/chest/m6e1a4w3l1242338 HTTP/1.1" 200 8765 "-" "Mozilla/5.0 (Linux; Android 6.0.1; Nexus 5X Build/MMB29P) AppleWebKit/537.36 (KHTML, like Gecko) Chrome/150.0.7871.128 Mobile Safari/537.36 (compatible; Googlebot/2.1; +http://www.google.com/bot.html)"
66.249.76.237 - - [28/Jul/2026:07:28:28 +0200] "GET /?g=l5i2m6a7c7t8w7i1n3g7d8 HTTP/1.1" 200 8764 "-" "Mozilla/5.0 (Linux; Android 6.0.1; Nexus 5X Build/MMB29P) AppleWebKit/537.36 (KHTML, like Gecko) Chrome/150.0.7871.128 Mobile Safari/537.36 (compatible; Googlebot/2.1; +http://www.google.com/bot.html)"
66.249.76.237 - - [28/Jul/2026:07:28:29 +0200] "GET /shops/fickleness/b2i7l0l7o8t63456 HTTP/1.1" 200 8764 "-" "Mozilla/5.0 (Linux; Android 6.0.1; Nexus 5X Build/MMB29P) AppleWebKit/537.36 (KHTML, like Gecko) Chrome/150.0.7871.128 Mobile Safari/537.36 (compatible; Googlebot/2.1; +http://www.google.com/bot.html)"
66.249.70.109 - - [28/Jul/2026:07:28:29 +0200] "GET /?g=b1a9r4b1i8t9u1r4i6c1 HTTP/1.1" 200 8765 "-" "Mozilla/5.0 (Linux; Android 6.0.1; Nexus 5X Build/MMB29P) AppleWebKit/537.36 (KHTML, like Gecko) Chrome/150.0.7871.128 Mobile Safari/537.36 (compatible; Googlebot/2.1; +http://www.google.com/bot.html)"
216.73.217.13 - - [28/Jul/2026:07:28:29 +0200] "GET /dodge/cotillion/e3n4t3a9c7k5l3e024?lokasie=%2Fvar%2Fwww%2Fvhosts%2Fsipek-instalacije.si%2Fhttpdocs%2Fwp-includes%2Fdefault-constants.php&loknya=%2Fvar%2Fwww%2Fvhosts%2Fsipek-instalacije.si%2Fhttpdocs%2Fwp-includes HTTP/1.1" 200 10126 "-" "Mozilla/5.0 AppleWebKit/537.36 (KHTML, like Gecko; compatible; ClaudeBot/1.0; +claudebot@anthropic.com)"
216.73.217.13 - - [28/Jul/2026:07:28:32 +0200] "GET /shops/enterer/l3a2b5y5r7i2n7t9h6o2d6onta?loknya=%2Fvar%2Fwww%2Fvhosts%2Fsipek-instalacije.si%2Fhttpdocs%2Fwp-includes HTTP/1.1" 200 18208 "-" "Mozilla/5.0 AppleWebKit/537.36 (KHTML, like Gecko; compatible; ClaudeBot/1.0; +claudebot@anthropic.com)"
216.73.217.13 - - [28/Jul/2026:07:28:35 +0200] "GET /shops/overfree/l3i3m2e6r8765389?lokasie=%2Fvar%2Fwww%2Fvhosts%2Fsipek-instalacije.si%2Fhttpdocs%2Fwp-includes%2Frest-api.php&loknya=%2Fvar%2Fwww%2Fvhosts%2Fsipek-instalacije.si%2Fhttpdocs%2Fwp-includes HTTP/1.1" 200 28738 "-" "Mozilla/5.0 AppleWebKit/537.36 (KHTML, like Gecko; compatible; ClaudeBot/1.0; +claudebot@anthropic.com)"
216.73.217.13 - - [28/Jul/2026:07:28:38 +0200] "GET /blastoporal/degradingly/33161331373?lokasie=%2Fvar%2Fwww%2Fvhosts%2Fsipek-instalacije.si%2Fhttpdocs%2Fwp-includes%2Fcron.php&loknya=%2Fvar%2Fwww%2Fvhosts%2Fsipek-instalacije.si%2Fhttpdocs%2Fwp-includes HTTP/1.1" 200 15514 "-" "Mozilla/5.0 AppleWebKit/537.36 (KHTML, like Gecko; compatible; ClaudeBot/1.0; +claudebot@anthropic.com)"
216.73.217.13 - - [28/Jul/2026:07:28:41 +0200] "GET /shops/onslaught/e3n2s8a8f2e128503?lokasie=%2Fvar%2Fwww%2Fvhosts%2Fsipek-instalacije.si%2Fhttpdocs%2Fwp-admin%2Fpost-new.php&loknya=%2Fvar%2Fwww%2Fvhosts%2Fsipek-instalacije.si%2Fhttpdocs%2Fwp-admin HTTP/1.1" 200 8171 "-" "Mozilla/5.0 AppleWebKit/537.36 (KHTML, like Gecko; compatible; ClaudeBot/1.0; +claudebot@anthropic.com)"
66.249.76.237 - - [28/Jul/2026:07:28:42 +0200] "GET /?g=e5x3o7l8u7t0i6o0n172 HTTP/1.1" 200 8764 "-" "Mozilla/5.0 (Linux; Android 6.0.1; Nexus 5X Build/MMB29P) AppleWebKit/537.36 (KHTML, like Gecko) Chrome/150.0.7871.128 Mobile Safari/537.36 (compatible; Googlebot/2.1; +http://www.google.com/bot.html)"
66.249.76.237 - - [28/Jul/2026:07:28:43 +0200] "GET /?g=p0l1u2r2a9l1i1s0t826 HTTP/1.1" 200 8764 "-" "Mozilla/5.0 (Linux; Android 6.0.1; Nexus 5X Build/MMB29P) AppleWebKit/537.36 (KHTML, like Gecko) Chrome/150.0.7871.128 Mobile Safari/537.36 (compatible; Googlebot/2.1; +http://www.google.com/bot.html)"
216.73.217.13 - - [28/Jul/2026:07:28:44 +0200] "GET /shops/geochemistry/m3a5l0t9i3n38494?loknya=%2Fvar%2Fwww%2Fvhosts%2Fsipek-instalacije.si%2Fhttpdocs%2Fwp-content%2Fuploads%2Fapollo13_framework_files HTTP/1.1" 200 7563 "-" "Mozilla/5.0 AppleWebKit/537.36 (KHTML, like Gecko; compatible; ClaudeBot/1.0; +claudebot@anthropic.com)"
66.249.70.109 - - [28/Jul/2026:07:28:45 +0200] "GET /?mettlesomely/62853856979 HTTP/1.1" 200 8765 "-" "Mozilla/5.0 (Linux; Android 6.0.1; Nexus 5X Build/MMB29P) AppleWebKit/537.36 (KHTML, like Gecko) Chrome/150.0.7871.128 Mobile Safari/537.36 (compatible; Googlebot/2.1; +http://www.google.com/bot.html)"
66.249.70.109 - - [28/Jul/2026:07:28:45 +0200] "GET /?g=d3e2n4a1r3c7o0t3i0z5a9tion HTTP/1.1" 200 8765 "-" "Mozilla/5.0 (Linux; Android 6.0.1; Nexus 5X Build/MMB29P) AppleWebKit/537.36 (KHTML, like Gecko) Chrome/150.0.7871.128 Mobile Safari/537.36 (compatible; Googlebot/2.1; +http://www.google.com/bot.html)"
66.249.70.109 - - [28/Jul/2026:07:28:45 +0200] "GET /?salse/74247509498 HTTP/1.1" 200 8765 "-" "Mozilla/5.0 (Linux; Android 6.0.1; Nexus 5X Build/MMB29P) AppleWebKit/537.36 (KHTML, like Gecko) Chrome/150.0.7871.128 Mobile Safari/537.36 (compatible; Googlebot/2.1; +http://www.google.com/bot.html)"
66.249.76.237 - - [28/Jul/2026:07:28:46 +0200] "GET /?g=l6a3n5g5t1e1r2a6l8o7o3 HTTP/1.1" 200 8764 "-" "Mozilla/5.0 (Linux; Android 6.0.1; Nexus 5X Build/MMB29P) AppleWebKit/537.36 (KHTML, like Gecko) Chrome/150.0.7871.128 Mobile Safari/537.36 (compatible; Googlebot/2.1; +http://www.google.com/bot.html)"
66.249.76.237 - - [28/Jul/2026:07:28:47 +0200] "GET /?metaphorically/5644296755 HTTP/1.1" 200 8764 "-" "Mozilla/5.0 (Linux; Android 6.0.1; Nexus 5X Build/MMB29P) AppleWebKit/537.36 (KHTML, like Gecko) Chrome/150.0.7871.128 Mobile Safari/537.36 (compatible; Googlebot/2.1; +http://www.google.com/bot.html)"
66.249.76.237 - - [28/Jul/2026:07:28:46 +0200] "GET /?beautifully/42543823621 HTTP/1.1" 200 8764 "-" "Mozilla/5.0 (Linux; Android 6.0.1; Nexus 5X Build/MMB29P) AppleWebKit/537.36 (KHTML, like Gecko) Chrome/150.0.7871.128 Mobile Safari/537.36 (compatible; Googlebot/2.1; +http://www.google.com/bot.html)"
66.249.76.237 - - [28/Jul/2026:07:28:47 +0200] "GET /?g=m3o2s9c3h0a3t6a2246 HTTP/1.1" 200 8764 "-" "Mozilla/5.0 (Linux; Android 6.0.1; Nexus 5X Build/MMB29P) AppleWebKit/537.36 (KHTML, like Gecko) Chrome/150.0.7871.128 Mobile Safari/537.36 (compatible; Googlebot/2.1; +http://www.google.com/bot.html)"
66.249.76.237 - - [28/Jul/2026:07:28:47 +0200] "GET /?g=s7t4i0r9p5s138727 HTTP/1.1" 200 8764 "-" "Mozilla/5.0 (Linux; Android 6.0.1; Nexus 5X Build/MMB29P) AppleWebKit/537.36 (KHTML, like Gecko) Chrome/150.0.7871.128 Mobile Safari/537.36 (compatible; Googlebot/2.1; +http://www.google.com/bot.html)"
5.39.1.246 - - [28/Jul/2026:07:28:46 +0200] "GET /shops/synchrony/g9a3p2e7s255549 HTTP/1.1" 200 8762 "-" "Mozilla/5.0 (compatible; AhrefsBot/7.0; +http://ahrefs.com/robot/)"
66.249.76.237 - - [28/Jul/2026:07:28:48 +0200] "GET /?g=c9a3p2o6c3711525 HTTP/1.1" 200 8764 "-" "Mozilla/5.0 (Linux; Android 6.0.1; Nexus 5X Build/MMB29P) AppleWebKit/537.36 (KHTML, like Gecko) Chrome/150.0.7871.128 Mobile Safari/537.36 (compatible; Googlebot/2.1; +http://www.google.com/bot.html)"
66.249.70.109 - - [28/Jul/2026:07:28:47 +0200] "GET /?flosferri/53949384340 HTTP/1.1" 200 8765 "-" "Mozilla/5.0 (Linux; Android 6.0.1; Nexus 5X Build/MMB29P) AppleWebKit/537.36 (KHTML, like Gecko) Chrome/150.0.7871.128 Mobile Safari/537.36 (compatible; Googlebot/2.1; +http://www.google.com/bot.html)"
216.73.217.13 - - [28/Jul/2026:07:28:47 +0200] "GET /disguise/s3p1e2c8u2l7a91817?lokasie=%2Fvar%2Fwww%2Fvhosts%2Fsipek-instalacije.si%2Fhttpdocs%2Fwp-includes%2Fblocks%2Fpost-terms.php&loknya=%2Fvar%2Fwww%2Fvhosts%2Fsipek-instalacije.si%2Fhttpdocs%2Fwp-includes%2Fblocks HTTP/1.1" 200 8431 "-" "Mozilla/5.0 AppleWebKit/537.36 (KHTML, like Gecko; compatible; ClaudeBot/1.0; +claudebot@anthropic.com)"
66.249.76.237 - - [28/Jul/2026:07:28:48 +0200] "GET /?g=p2a1c7h2y3d1a6c2t0y7l9ous HTTP/1.1" 200 8764 "-" "Mozilla/5.0 (Linux; Android 6.0.1; Nexus 5X Build/MMB29P) AppleWebKit/537.36 (KHTML, like Gecko) Chrome/150.0.7871.128 Mobile Safari/537.36 (compatible; Googlebot/2.1; +http://www.google.com/bot.html)"
66.249.70.109 - - [28/Jul/2026:07:28:49 +0200] "GET /?g=b3e1d8r8a7b2b3l4e793 HTTP/1.1" 200 8765 "-" "Mozilla/5.0 (Linux; Android 6.0.1; Nexus 5X Build/MMB29P) AppleWebKit/537.36 (KHTML, like Gecko) Chrome/150.0.7871.128 Mobile Safari/537.36 (compatible; Googlebot/2.1; +http://www.google.com/bot.html)"
66.249.76.237 - - [28/Jul/2026:07:28:49 +0200] "GET /?g=d6e3c4e7m4f2i8d9756 HTTP/1.1" 200 8764 "-" "Mozilla/5.0 (Linux; Android 6.0.1; Nexus 5X Build/MMB29P) AppleWebKit/537.36 (KHTML, like Gecko) Chrome/150.0.7871.128 Mobile Safari/537.36 (compatible; Googlebot/2.1; +http://www.google.com/bot.html)"
66.249.70.109 - - [28/Jul/2026:07:28:49 +0200] "GET /?g=a9r6t6a7m8u9s3293 HTTP/1.1" 200 8765 "-" "Mozilla/5.0 (Linux; Android 6.0.1; Nexus 5X Build/MMB29P) AppleWebKit/537.36 (KHTML, like Gecko) Chrome/150.0.7871.128 Mobile Safari/537.36 (compatible; Googlebot/2.1; +http://www.google.com/bot.html)"
66.249.70.109 - - [28/Jul/2026:07:28:48 +0200] "GET /online/rants-R-utilisables-Fit-Fresh-12-1-X-12-1-X-0-6-Cm-Sans-853710 HTTP/1.1" 200 100429 "-" "Mozilla/5.0 (Linux; Android 6.0.1; Nexus 5X Build/MMB29P) AppleWebKit/537.36 (KHTML, like Gecko) Chrome/150.0.7871.128 Mobile Safari/537.36 (compatible; Googlebot/2.1; +http://www.google.com/bot.html)"
216.73.217.13 - - [28/Jul/2026:07:28:50 +0200] "GET /disguise/s3p1e2c8u2l7a91817?lokasie=%2Fvar%2Fwww%2Fvhosts%2Fsipek-instalacije.si%2Fhttpdocs%2Fwp-includes%2F%2Ffeed.php&loknya=%2Fvar%2Fwww%2Fvhosts%2Fsipek-instalacije.si%2Fhttpdocs%2Fwp-includes%2F HTTP/1.1" 200 13773 "-" "Mozilla/5.0 AppleWebKit/537.36 (KHTML, like Gecko; compatible; ClaudeBot/1.0; +claudebot@anthropic.com)"
66.249.76.238 - - [28/Jul/2026:07:28:52 +0200] "GET /?g=c5h1e8l3i1d7o0n0619 HTTP/1.1" 200 8765 "-" "Mozilla/5.0 (Linux; Android 6.0.1; Nexus 5X Build/MMB29P) AppleWebKit/537.36 (KHTML, like Gecko) Chrome/150.0.7871.128 Mobile Safari/537.36 (compatible; Googlebot/2.1; +http://www.google.com/bot.html)"
66.249.70.110 - - [28/Jul/2026:07:28:53 +0200] "GET /?g=c9r4o0s5s0i2n7d4e7x60 HTTP/1.1" 200 8763 "-" "Mozilla/5.0 (Linux; Android 6.0.1; Nexus 5X Build/MMB29P) AppleWebKit/537.36 (KHTML, like Gecko) Chrome/150.0.7871.128 Mobile Safari/537.36 (compatible; Googlebot/2.1; +http://www.google.com/bot.html)"
216.73.217.13 - - [28/Jul/2026:07:28:53 +0200] "GET /shops/ruridecanal/a3b3b0r8e6v6i4a9t9e8d1?lokasie=%2Fvar%2Fwww%2Fvhosts%2Fsipek-instalacije.si%2Fhttpdocs%2Fwp-admin%2Fplugin-editor.php&loknya=%2Fvar%2Fwww%2Fvhosts%2Fsipek-instalacije.si%2Fhttpdocs%2Fwp-admin HTTP/1.1" 200 12030 "-" "Mozilla/5.0 AppleWebKit/537.36 (KHTML, like Gecko; compatible; ClaudeBot/1.0; +claudebot@anthropic.com)"
66.249.70.109 - - [28/Jul/2026:07:28:53 +0200] "GET /?bedery/51267491665 HTTP/1.1" 200 8765 "-" "Mozilla/5.0 (Linux; Android 6.0.1; Nexus 5X Build/MMB29P) AppleWebKit/537.36 (KHTML, like Gecko) Chrome/150.0.7871.128 Mobile Safari/537.36 (compatible; Googlebot/2.1; +http://www.google.com/bot.html)"
66.249.70.110 - - [28/Jul/2026:07:28:53 +0200] "GET /?g=n2e7e5d3m5e2n1t645 HTTP/1.1" 200 8763 "-" "Mozilla/5.0 (Linux; Android 6.0.1; Nexus 5X Build/MMB29P) AppleWebKit/537.36 (KHTML, like Gecko) Chrome/150.0.7871.128 Mobile Safari/537.36 (compatible; Googlebot/2.1; +http://www.google.com/bot.html)"
66.249.70.109 - - [28/Jul/2026:07:28:55 +0200] "GET /shops/lightyears/p3t2i2l8o1c9e3r0c7u0s4 HTTP/1.1" 200 8765 "-" "Mozilla/5.0 (Linux; Android 6.0.1; Nexus 5X Build/MMB29P) AppleWebKit/537.36 (KHTML, like Gecko) Chrome/150.0.7871.128 Mobile Safari/537.36 (compatible; Googlebot/2.1; +http://www.google.com/bot.html)"
66.249.70.110 - - [28/Jul/2026:07:28:54 +0200] "GET /online/Pull-Femme-Comma-CI-Rayures-Ornement-Paillettes-Motif-1103486 HTTP/1.1" 200 100096 "-" "Mozilla/5.0 (Linux; Android 6.0.1; Nexus 5X Build/MMB29P) AppleWebKit/537.36 (KHTML, like Gecko) Chrome/150.0.7871.128 Mobile Safari/537.36 (compatible; Googlebot/2.1; +http://www.google.com/bot.html)"
66.249.70.110 - - [28/Jul/2026:07:28:55 +0200] "GET /?g=f6i2n1p3i4k5e19582 HTTP/1.1" 200 8763 "-" "Mozilla/5.0 (Linux; Android 6.0.1; Nexus 5X Build/MMB29P) AppleWebKit/537.36 (KHTML, like Gecko) Chrome/150.0.7871.128 Mobile Safari/537.36 (compatible; Googlebot/2.1; +http://www.google.com/bot.html)"
216.73.217.13 - - [28/Jul/2026:07:28:56 +0200] "GET /knowing/duvaucelli/3755653735?lokasie=%2Fvar%2Fwww%2Fvhosts%2Fsipek-instalacije.si%2Fhttpdocs%2Fwp-includes%2Fjs%2Fcustomize-preview.min.js&loknya=%2Fvar%2Fwww%2Fvhosts%2Fsipek-instalacije.si%2Fhttpdocs%2Fwp-includes%2Fjs HTTP/1.1" 200 10461 "-" "Mozilla/5.0 AppleWebKit/537.36 (KHTML, like Gecko; compatible; ClaudeBot/1.0; +claudebot@anthropic.com)"
66.249.70.110 - - [28/Jul/2026:07:28:58 +0200] "GET /?g=c9l2a7u2s2t9r5a3l578 HTTP/1.1" 200 8763 "-" "Mozilla/5.0 (Linux; Android 6.0.1; Nexus 5X Build/MMB29P) AppleWebKit/537.36 (KHTML, like Gecko) Chrome/150.0.7871.128 Mobile Safari/537.36 (compatible; Googlebot/2.1; +http://www.google.com/bot.html)"
66.249.70.109 - - [28/Jul/2026:07:28:59 +0200] "GET /?g=c4l2o5t7h122150 HTTP/1.1" 200 8765 "-" "Mozilla/5.0 (Linux; Android 6.0.1; Nexus 5X Build/MMB29P) AppleWebKit/537.36 (KHTML, like Gecko) Chrome/150.0.7871.128 Mobile Safari/537.36 (compatible; Googlebot/2.1; +http://www.google.com/bot.html)"
66.249.70.96 - - [28/Jul/2026:07:28:59 +0200] "GET /?g=d4e3s3p1e9c3i8f1i7c4a9tion HTTP/1.1" 200 8765 "-" "Mozilla/5.0 (Linux; Android 6.0.1; Nexus 5X Build/MMB29P) AppleWebKit/537.36 (KHTML, like Gecko) Chrome/150.0.7871.128 Mobile Safari/537.36 (compatible; Googlebot/2.1; +http://www.google.com/bot.html)"
66.249.70.110 - - [28/Jul/2026:07:28:59 +0200] "GET /?g=c9r1a7m4p6y508087 HTTP/1.1" 200 8763 "-" "Mozilla/5.0 (Linux; Android 6.0.1; Nexus 5X Build/MMB29P) AppleWebKit/537.36 (KHTML, like Gecko) Chrome/150.0.7871.128 Mobile Safari/537.36 (compatible; Googlebot/2.1; +http://www.google.com/bot.html)"
216.73.217.13 - - [28/Jul/2026:07:28:59 +0200] "GET /shops/freetongued/m3a3l9u4m2673737?loknya=%2Fvar%2Fwww%2Fvhosts%2Fsipek-instalacije.si%2Fhttpdocs%2Fwp-includes%2Fsitemaps HTTP/1.1" 200 7949 "-" "Mozilla/5.0 AppleWebKit/537.36 (KHTML, like Gecko; compatible; ClaudeBot/1.0; +claudebot@anthropic.com)"
66.249.76.238 - - [28/Jul/2026:07:28:59 +0200] "GET /?g=e7q4u2i1n8u6m4e9r6a4n4t HTTP/1.1" 200 8765 "-" "Mozilla/5.0 (Linux; Android 6.0.1; Nexus 5X Build/MMB29P) AppleWebKit/537.36 (KHTML, like Gecko) Chrome/150.0.7871.128 Mobile Safari/537.36 (compatible; Googlebot/2.1; +http://www.google.com/bot.html)"
66.249.76.238 - - [28/Jul/2026:07:29:00 +0200] "GET /?g=o8l1e0o8p1t5e7n8e59 HTTP/1.1" 200 8765 "-" "Mozilla/5.0 (Linux; Android 6.0.1; Nexus 5X Build/MMB29P) AppleWebKit/537.36 (KHTML, like Gecko) Chrome/150.0.7871.128 Mobile Safari/537.36 (compatible; Googlebot/2.1; +http://www.google.com/bot.html)"
66.249.70.96 - - [28/Jul/2026:07:29:01 +0200] "GET /shops/twocycle/l6o3y2a6l5713756 HTTP/1.1" 200 8765 "-" "Mozilla/5.0 (Linux; Android 6.0.1; Nexus 5X Build/MMB29P) AppleWebKit/537.36 (KHTML, like Gecko) Chrome/150.0.7871.128 Mobile Safari/537.36 (compatible; Googlebot/2.1; +http://www.google.com/bot.html)"
66.249.70.96 - - [28/Jul/2026:07:29:00 +0200] "GET /online/Regatta-Hillpack-II-Pour-Homme-Imperm-able-L-g-re-Avec-473887 HTTP/1.1" 200 100386 "-" "Mozilla/5.0 (Linux; Android 6.0.1; Nexus 5X Build/MMB29P) AppleWebKit/537.36 (KHTML, like Gecko) Chrome/150.0.7871.128 Mobile Safari/537.36 (compatible; Googlebot/2.1; +http://www.google.com/bot.html)"
66.249.76.238 - - [28/Jul/2026:07:29:01 +0200] "GET /?g=d7r5a4v7i7d6a5335 HTTP/1.1" 200 8765 "-" "Mozilla/5.0 (Linux; Android 6.0.1; Nexus 5X Build/MMB29P) AppleWebKit/537.36 (KHTML, like Gecko) Chrome/150.0.7871.128 Mobile Safari/537.36 (compatible; Googlebot/2.1; +http://www.google.com/bot.html)"
66.249.70.110 - - [28/Jul/2026:07:29:01 +0200] "GET /online/Chaussettes-Happy-Socks-Avec-Motifs-C-urs-Taille-41-46-EU-566972 HTTP/1.1" 200 99708 "-" "Mozilla/5.0 (Linux; Android 6.0.1; Nexus 5X Build/MMB29P) AppleWebKit/537.36 (KHTML, like Gecko) Chrome/150.0.7871.128 Mobile Safari/537.36 (compatible; Googlebot/2.1; +http://www.google.com/bot.html)"
216.73.217.13 - - [28/Jul/2026:07:29:02 +0200] "GET /disguise/s3p1e2c8u2l7a91817?lokasie=%2Fvar%2Fwww%2Fvhosts%2Fsipek-instalacije.si%2Fhttpdocs%2Fwp-includes%2Fblocks%2Fpost-excerpt.php&loknya=%2Fvar%2Fwww%2Fvhosts%2Fsipek-instalacije.si%2Fhttpdocs%2Fwp-includes%2Fblocks HTTP/1.1" 200 8560 "-" "Mozilla/5.0 AppleWebKit/537.36 (KHTML, like Gecko; compatible; ClaudeBot/1.0; +claudebot@anthropic.com)"
66.249.70.110 - - [28/Jul/2026:07:29:02 +0200] "GET /online/Tige-De-Robinet-GROHE-43821000-Pi-ce-D-tach-e-Pour-R-1112478 HTTP/1.1" 200 99742 "-" "Mozilla/5.0 (Linux; Android 6.0.1; Nexus 5X Build/MMB29P) AppleWebKit/537.36 (KHTML, like Gecko) Chrome/150.0.7871.128 Mobile Safari/537.36 (compatible; Googlebot/2.1; +http://www.google.com/bot.html)"
66.249.76.238 - - [28/Jul/2026:07:29:03 +0200] "GET /online/ZENart-039-Lama-039-80-Feuilles-90g-m-Lign-Spirale-1106307 HTTP/1.1" 200 99850 "-" "Mozilla/5.0 (Linux; Android 6.0.1; Nexus 5X Build/MMB29P) AppleWebKit/537.36 (KHTML, like Gecko) Chrome/150.0.7871.128 Mobile Safari/537.36 (compatible; Googlebot/2.1; +http://www.google.com/bot.html)"
66.249.70.109 - - [28/Jul/2026:07:29:04 +0200] "GET /online/Longue-Pour-R-parer-Et-Ajuster-Les-Bracelets-D-form-s-1229391 HTTP/1.1" 200 99911 "-" "Mozilla/5.0 (Linux; Android 6.0.1; Nexus 5X Build/MMB29P) AppleWebKit/537.36 (KHTML, like Gecko) Chrome/150.0.7871.128 Mobile Safari/537.36 (compatible; Googlebot/2.1; +http://www.google.com/bot.html)"
216.73.217.13 - - [28/Jul/2026:07:29:05 +0200] "GET /shops/itinerancy/s3e5n2s5i2f2e8r3o4u5s?lokasie=%2Fvar%2Fwww%2Fvhosts%2Fsipek-instalacije.si%2Fhttpdocs%2Fwp-admin%2Ftools.php&loknya=%2Fvar%2Fwww%2Fvhosts%2Fsipek-instalacije.si%2Fhttpdocs%2Fwp-admin HTTP/1.1" 200 8549 "-" "Mozilla/5.0 AppleWebKit/537.36 (KHTML, like Gecko; compatible; ClaudeBot/1.0; +claudebot@anthropic.com)"
66.249.70.110 - - [28/Jul/2026:07:29:05 +0200] "GET /online/Homme-Style-Skate-D-contract-Couleur-Unique-Taille-1115069 HTTP/1.1" 200 100044 "-" "Mozilla/5.0 (Linux; Android 6.0.1; Nexus 5X Build/MMB29P) AppleWebKit/537.36 (KHTML, like Gecko) Chrome/150.0.7871.128 Mobile Safari/537.36 (compatible; Googlebot/2.1; +http://www.google.com/bot.html)"
216.73.217.13 - - [28/Jul/2026:07:29:08 +0200] "GET /icebird/a3p1o0d0y6t4e1r4i6u7m2?loknya=%2Fvar%2Fwww%2Fvhosts HTTP/1.1" 200 7304 "-" "Mozilla/5.0 AppleWebKit/537.36 (KHTML, like Gecko; compatible; ClaudeBot/1.0; +claudebot@anthropic.com)"
66.249.76.237 - - [28/Jul/2026:07:29:09 +0200] "GET /?g=a6s1i9a9t7i2c3u8s331 HTTP/1.1" 200 8764 "-" "Mozilla/5.0 (Linux; Android 6.0.1; Nexus 5X Build/MMB29P) AppleWebKit/537.36 (KHTML, like Gecko) Chrome/150.0.7871.128 Mobile Safari/537.36 (compatible; Googlebot/2.1; +http://www.google.com/bot.html)"
66.249.70.110 - - [28/Jul/2026:07:29:10 +0200] "GET /?g=f2r2e9g6i7l7u8s3750 HTTP/1.1" 200 8763 "-" "Mozilla/5.0 (Linux; Android 6.0.1; Nexus 5X Build/MMB29P) AppleWebKit/537.36 (KHTML, like Gecko) Chrome/150.0.7871.128 Mobile Safari/537.36 (compatible; Googlebot/2.1; +http://www.google.com/bot.html)"
216.73.217.13 - - [28/Jul/2026:07:29:11 +0200] "GET /polyedron/p3t2e5r2o8b8r1a1n8c3h2ia?lokasie=%2Fvar%2Fwww%2Fvhosts%2Fsipek-instalacije.si%2Fhttpdocs%2Fwp-admin%2Fcss%2Flogin-rtl.css&loknya=%2Fvar%2Fwww%2Fvhosts%2Fsipek-instalacije.si%2Fhttpdocs%2Fwp-admin%2Fcss HTTP/1.1" 200 9565 "-" "Mozilla/5.0 AppleWebKit/537.36 (KHTML, like Gecko; compatible; ClaudeBot/1.0; +claudebot@anthropic.com)"
66.249.76.224 - - [28/Jul/2026:07:29:10 +0200] "GET /online/Bleu-Cristal-Et-Zircon-Longues-Et-Scintillantes-1203907 HTTP/1.1" 200 100049 "-" "Mozilla/5.0 (Linux; Android 6.0.1; Nexus 5X Build/MMB29P) AppleWebKit/537.36 (KHTML, like Gecko) Chrome/150.0.7871.128 Mobile Safari/537.36 (compatible; Googlebot/2.1; +http://www.google.com/bot.html)"
216.73.217.13 - - [28/Jul/2026:07:29:14 +0200] "GET /polyedron/p3t2e5r2o8b8r1a1n8c3h2ia?lokasie=%2Fvar%2Fwww%2Fvhosts%2Fsipek-instalacije.si%2Fhttpdocs%2Fwp-includes%2Fblock-template-utils.php&loknya=%2Fvar%2Fwww%2Fvhosts%2Fsipek-instalacije.si%2Fhttpdocs%2Fwp-includes HTTP/1.1" 200 20551 "-" "Mozilla/5.0 AppleWebKit/537.36 (KHTML, like Gecko; compatible; ClaudeBot/1.0; +claudebot@anthropic.com)"
57.141.0.16 - - [28/Jul/2026:07:29:14 +0200] "GET /discoverability/horopteric/62174315375 HTTP/1.1" 200 48647 "-" "Mozilla/5.0 (Macintosh; Intel Mac OS X 10_15_7) AppleWebKit/537.36 (KHTML, like Gecko) Chrome/145.0.0.0 Safari/537.36 (compatible; meta-externalagent/1.1 (+https://developers.facebook.com/docs/sharing/webmasters/crawler))"
66.249.70.110 - - [28/Jul/2026:07:29:15 +0200] "GET /?sonnet/23232968533 HTTP/1.1" 200 8763 "-" "Mozilla/5.0 (Linux; Android 6.0.1; Nexus 5X Build/MMB29P) AppleWebKit/537.36 (KHTML, like Gecko) Chrome/150.0.7871.128 Mobile Safari/537.36 (compatible; Googlebot/2.1; +http://www.google.com/bot.html)"
66.249.76.237 - - [28/Jul/2026:07:29:15 +0200] "GET /?g=f0i2n2i2s9h5e8d6p2r2edicate HTTP/1.1" 200 8764 "-" "Mozilla/5.0 (Linux; Android 6.0.1; Nexus 5X Build/MMB29P) AppleWebKit/537.36 (KHTML, like Gecko) Chrome/150.0.7871.128 Mobile Safari/537.36 (compatible; Googlebot/2.1; +http://www.google.com/bot.html)"
66.249.70.110 - - [28/Jul/2026:07:29:17 +0200] "GET /?g=s7u7p3p2o2s7a6b1l4e5ness HTTP/1.1" 200 8763 "-" "Mozilla/5.0 (Linux; Android 6.0.1; Nexus 5X Build/MMB29P) AppleWebKit/537.36 (KHTML, like Gecko) Chrome/150.0.7871.128 Mobile Safari/537.36 (compatible; Googlebot/2.1; +http://www.google.com/bot.html)"
66.249.70.96 - - [28/Jul/2026:07:29:17 +0200] "GET /?g=u5n3l7i9q6u1o6r3e6d52 HTTP/1.1" 200 8765 "-" "Mozilla/5.0 (Linux; Android 6.0.1; Nexus 5X Build/MMB29P) AppleWebKit/537.36 (KHTML, like Gecko) Chrome/150.0.7871.128 Mobile Safari/537.36 (compatible; Googlebot/2.1; +http://www.google.com/bot.html)"
216.73.217.13 - - [28/Jul/2026:07:29:17 +0200] "GET /decimosexto/noncombining/31982802721?lokasie=%2Fvar%2Fwww%2Fvhosts%2Fsipek-instalacije.si%2Fhttpdocs%2Fwp-content%2Fplugins%2Fakismet%2Fclass.akismet-admin.php&loknya=%2Fvar%2Fwww%2Fvhosts%2Fsipek-instalacije.si%2Fhttpdocs%2Fwp-content%2Fplugins%2Fakismet HTTP/1.1" 200 19938 "-" "Mozilla/5.0 AppleWebKit/537.36 (KHTML, like Gecko; compatible; ClaudeBot/1.0; +claudebot@anthropic.com)"
66.249.76.237 - - [28/Jul/2026:07:29:18 +0200] "GET /online/Essence-Mod-le-Cannabis-Avec-Effet-Lumi-re-Noire-Coupe-vent-808265 HTTP/1.1" 200 100470 "-" "Mozilla/5.0 (Linux; Android 6.0.1; Nexus 5X Build/MMB29P) AppleWebKit/537.36 (KHTML, like Gecko) Chrome/150.0.7871.128 Mobile Safari/537.36 (compatible; Googlebot/2.1; +http://www.google.com/bot.html)"
66.249.76.237 - - [28/Jul/2026:07:29:19 +0200] "GET /?g=r7e4s0o0l8v2a9b6l2e9ness HTTP/1.1" 200 8764 "-" "Mozilla/5.0 (Linux; Android 6.0.1; Nexus 5X Build/MMB29P) AppleWebKit/537.36 (KHTML, like Gecko) Chrome/150.0.7871.128 Mobile Safari/537.36 (compatible; Googlebot/2.1; +http://www.google.com/bot.html)"
66.249.70.96 - - [28/Jul/2026:07:29:20 +0200] "GET /?g=m6a2r7i0t9i1m2a2918 HTTP/1.1" 200 8765 "-" "Mozilla/5.0 (Linux; Android 6.0.1; Nexus 5X Build/MMB29P) AppleWebKit/537.36 (KHTML, like Gecko) Chrome/150.0.7871.128 Mobile Safari/537.36 (compatible; Googlebot/2.1; +http://www.google.com/bot.html)"
66.249.70.96 - - [28/Jul/2026:07:29:20 +0200] "GET /?g=m1e1l2a6n4o7p4e3r6d0i3x HTTP/1.1" 200 8765 "-" "Mozilla/5.0 (Linux; Android 6.0.1; Nexus 5X Build/MMB29P) AppleWebKit/537.36 (KHTML, like Gecko) Chrome/150.0.7871.128 Mobile Safari/537.36 (compatible; Googlebot/2.1; +http://www.google.com/bot.html)"
66.249.76.224 - - [28/Jul/2026:07:29:20 +0200] "GET /?g=m8e2s3m7e9r6i5z0e936 HTTP/1.1" 200 8764 "-" "Mozilla/5.0 (Linux; Android 6.0.1; Nexus 5X Build/MMB29P) AppleWebKit/537.36 (KHTML, like Gecko) Chrome/150.0.7871.128 Mobile Safari/537.36 (compatible; Googlebot/2.1; +http://www.google.com/bot.html)"
216.73.217.13 - - [28/Jul/2026:07:29:20 +0200] "GET /shops/heptastich/m3y2s8i5d9a5e02782?lokasie=%2Fvar%2Fwww%2Fvhosts%2Fsipek-instalacije.si%2Fhttpdocs%2Fwp-includes%2F%2Fblock-editor.php&loknya=%2Fvar%2Fwww%2Fvhosts%2Fsipek-instalacije.si%2Fhttpdocs%2Fwp-includes%2F HTTP/1.1" 200 13931 "-" "Mozilla/5.0 AppleWebKit/537.36 (KHTML, like Gecko; compatible; ClaudeBot/1.0; +claudebot@anthropic.com)"
66.249.76.224 - - [28/Jul/2026:07:29:20 +0200] "GET /?g=c5a3l9c1i7g9e0n0o4u3s8 HTTP/1.1" 200 8764 "-" "Mozilla/5.0 (Linux; Android 6.0.1; Nexus 5X Build/MMB29P) AppleWebKit/537.36 (KHTML, like Gecko) Chrome/150.0.7871.128 Mobile Safari/537.36 (compatible; Googlebot/2.1; +http://www.google.com/bot.html)"
216.73.217.13 - - [28/Jul/2026:07:29:23 +0200] "GET /shops/necessitattion/m3e1p5h8i4t7i2c5a019?lokasie=%2Fvar%2Fwww%2Fvhosts%2Fsipek-instalacije.si%2Fhttpdocs%2Fwp-content%2Fplugins%2Felementor%2Fincludes%2Fapi.php&loknya=%2Fvar%2Fwww%2Fvhosts%2Fsipek-instalacije.si%2Fhttpdocs%2Fwp-content%2Fplugins%2Felementor%2Fincludes HTTP/1.1" 200 8918 "-" "Mozilla/5.0 AppleWebKit/537.36 (KHTML, like Gecko; compatible; ClaudeBot/1.0; +claudebot@anthropic.com)"
66.249.70.110 - - [28/Jul/2026:07:29:25 +0200] "GET /?g=h6e2m7a8t4o947018 HTTP/1.1" 200 8763 "-" "Mozilla/5.0 (Linux; Android 6.0.1; Nexus 5X Build/MMB29P) AppleWebKit/537.36 (KHTML, like Gecko) Chrome/150.0.7871.128 Mobile Safari/537.36 (compatible; Googlebot/2.1; +http://www.google.com/bot.html)"
66.249.70.97 - - [28/Jul/2026:07:29:26 +0200] "GET /?g=f4u8d4g7i0n3g4715 HTTP/1.1" 200 8765 "-" "Mozilla/5.0 (Linux; Android 6.0.1; Nexus 5X Build/MMB29P) AppleWebKit/537.36 (KHTML, like Gecko) Chrome/150.0.7871.128 Mobile Safari/537.36 (compatible; Googlebot/2.1; +http://www.google.com/bot.html)"
216.73.217.13 - - [28/Jul/2026:07:29:26 +0200] "GET /shops/aguilt/c3l2i1t1o8r4i1s4072?lokasie=%2Fvar%2Fwww%2Fvhosts%2Fsipek-instalacije.si%2Fhttpdocs%2Fwp-includes%2F%2Fscript-loader.php&loknya=%2Fvar%2Fwww%2Fvhosts%2Fsipek-instalacije.si%2Fhttpdocs%2Fwp-includes%2F HTTP/1.1" 200 45761 "-" "Mozilla/5.0 AppleWebKit/537.36 (KHTML, like Gecko; compatible; ClaudeBot/1.0; +claudebot@anthropic.com)"
66.249.70.96 - - [28/Jul/2026:07:29:27 +0200] "GET /?g=d7e1a8r1n9l9y87350 HTTP/1.1" 200 8765 "-" "Mozilla/5.0 (Linux; Android 6.0.1; Nexus 5X Build/MMB29P) AppleWebKit/537.36 (KHTML, like Gecko) Chrome/150.0.7871.128 Mobile Safari/537.36 (compatible; Googlebot/2.1; +http://www.google.com/bot.html)"
66.249.70.97 - - [28/Jul/2026:07:29:29 +0200] "GET /?g=z9e2m9n6i9741620 HTTP/1.1" 200 8765 "-" "Mozilla/5.0 (Linux; Android 6.0.1; Nexus 5X Build/MMB29P) AppleWebKit/537.36 (KHTML, like Gecko) Chrome/150.0.7871.128 Mobile Safari/537.36 (compatible; Googlebot/2.1; +http://www.google.com/bot.html)"
216.73.217.13 - - [28/Jul/2026:07:29:29 +0200] "GET /supplementary/g3a1r1b8l6e9d46762?loknya=%2Fvar%2Fwww%2Fvhosts%2Fsipek-instalacije.si%2Fhttpdocs%2Fwp-includes%2F HTTP/1.1" 200 18185 "-" "Mozilla/5.0 AppleWebKit/537.36 (KHTML, like Gecko; compatible; ClaudeBot/1.0; +claudebot@anthropic.com)"
57.141.0.15 - - [28/Jul/2026:07:29:30 +0200] "GET /shops/cannabinum/n2e2w9f2o4u0n8d0l0a5n7d?lokasie=/var/www/vhosts/sipek-instalacije.si/httpdocs/wp-load.php&loknya=/var/www/vhosts/sipek-instalacije.si/httpdocs HTTP/1.1" 200 14135 "-" "Mozilla/5.0 (Macintosh; Intel Mac OS X 10_15_7) AppleWebKit/537.36 (KHTML, like Gecko) Chrome/145.0.0.0 Safari/537.36 (compatible; meta-externalagent/1.1 (+https://developers.facebook.com/docs/sharing/webmasters/crawler))"
