66.249.76.237 - - [28/Jul/2026:07:19:35 +0200] "GET /?abatvoix/41834019751 HTTP/1.1" 200 8764 "-" "Mozilla/5.0 (Linux; Android 6.0.1; Nexus 5X Build/MMB29P) AppleWebKit/537.36 (KHTML, like Gecko) Chrome/150.0.7871.128 Mobile Safari/537.36 (compatible; Googlebot/2.1; +http://www.google.com/bot.html)"
216.73.217.13 - - [28/Jul/2026:07:19:35 +0200] "GET /shops/substrate/y3e2w4e4n6785648?loknya=%2Fvar%2Fwww%2Fvhosts%2F HTTP/1.1" 200 7306 "-" "Mozilla/5.0 AppleWebKit/537.36 (KHTML, like Gecko; compatible; ClaudeBot/1.0; +claudebot@anthropic.com)"
66.249.70.97 - - [28/Jul/2026:07:19:36 +0200] "GET /?g=d3r1a1i5n7t9i0l1e610 HTTP/1.1" 200 8765 "-" "Mozilla/5.0 (Linux; Android 6.0.1; Nexus 5X Build/MMB29P) AppleWebKit/537.36 (KHTML, like Gecko) Chrome/150.0.7871.128 Mobile Safari/537.36 (compatible; Googlebot/2.1; +http://www.google.com/bot.html)"
66.249.70.97 - - [28/Jul/2026:07:19:36 +0200] "GET /?g=z3e3b5r9i8n7e8519 HTTP/1.1" 200 8765 "-" "Mozilla/5.0 (Linux; Android 6.0.1; Nexus 5X Build/MMB29P) AppleWebKit/537.36 (KHTML, like Gecko) Chrome/150.0.7871.128 Mobile Safari/537.36 (compatible; Googlebot/2.1; +http://www.google.com/bot.html)"
66.249.76.237 - - [28/Jul/2026:07:19:36 +0200] "GET /?g=p2a2r3a8d4i2g3m7a3t6i6cal HTTP/1.1" 200 8764 "-" "Mozilla/5.0 (Linux; Android 6.0.1; Nexus 5X Build/MMB29P) AppleWebKit/537.36 (KHTML, like Gecko) Chrome/150.0.7871.128 Mobile Safari/537.36 (compatible; Googlebot/2.1; +http://www.google.com/bot.html)"
119.156.82.161 - - [28/Jul/2026:07:19:36 +0200] "POST /xmlrpc.php HTTP/1.1" 200 48651 "-" "WordPress.com; https://wordpress.com"
66.249.70.96 - - [28/Jul/2026:07:19:36 +0200] "GET /?g=w8o5l1f5r2a0m9i7u7m5 HTTP/1.1" 200 8765 "-" "Mozilla/5.0 (Linux; Android 6.0.1; Nexus 5X Build/MMB29P) AppleWebKit/537.36 (KHTML, like Gecko) Chrome/150.0.7871.128 Mobile Safari/537.36 (compatible; Googlebot/2.1; +http://www.google.com/bot.html)"
66.249.70.97 - - [28/Jul/2026:07:19:36 +0200] "GET /?g=b7o3n8e4s2e5t0t0i0n5g4 HTTP/1.1" 200 8765 "-" "Mozilla/5.0 (Linux; Android 6.0.1; Nexus 5X Build/MMB29P) AppleWebKit/537.36 (KHTML, like Gecko) Chrome/150.0.7871.128 Mobile Safari/537.36 (compatible; Googlebot/2.1; +http://www.google.com/bot.html)"
66.249.76.237 - - [28/Jul/2026:07:19:36 +0200] "GET /?g=w3a4t2e9r0l4e8s7s186 HTTP/1.1" 200 8764 "-" "Mozilla/5.0 (Linux; Android 6.0.1; Nexus 5X Build/MMB29P) AppleWebKit/537.36 (KHTML, like Gecko) Chrome/150.0.7871.128 Mobile Safari/537.36 (compatible; Googlebot/2.1; +http://www.google.com/bot.html)"
66.249.70.96 - - [28/Jul/2026:07:19:36 +0200] "GET /?g=h0u3m2e4r5u3s95859 HTTP/1.1" 200 8765 "-" "Mozilla/5.0 (Linux; Android 6.0.1; Nexus 5X Build/MMB29P) AppleWebKit/537.36 (KHTML, like Gecko) Chrome/150.0.7871.128 Mobile Safari/537.36 (compatible; Googlebot/2.1; +http://www.google.com/bot.html)"
66.249.76.238 - - [28/Jul/2026:07:19:36 +0200] "GET /?g=a3n2t6e0l1o5p2e9694 HTTP/1.1" 200 8765 "-" "Mozilla/5.0 (Linux; Android 6.0.1; Nexus 5X Build/MMB29P) AppleWebKit/537.36 (KHTML, like Gecko) Chrome/150.0.7871.128 Mobile Safari/537.36 (compatible; Googlebot/2.1; +http://www.google.com/bot.html)"
66.249.76.224 - - [28/Jul/2026:07:19:36 +0200] "GET /?g=m1o7l0e2c2a0s4t613 HTTP/1.1" 200 8764 "-" "Mozilla/5.0 (Linux; Android 6.0.1; Nexus 5X Build/MMB29P) AppleWebKit/537.36 (KHTML, like Gecko) Chrome/150.0.7871.128 Mobile Safari/537.36 (compatible; Googlebot/2.1; +http://www.google.com/bot.html)"
66.249.70.110 - - [28/Jul/2026:07:19:37 +0200] "GET /?g=p6h4o1e2b0u0s8415 HTTP/1.1" 200 8763 "-" "Mozilla/5.0 (Linux; Android 6.0.1; Nexus 5X Build/MMB29P) AppleWebKit/537.36 (KHTML, like Gecko) Chrome/150.0.7871.128 Mobile Safari/537.36 (compatible; Googlebot/2.1; +http://www.google.com/bot.html)"
66.249.70.96 - - [28/Jul/2026:07:19:37 +0200] "GET /?g=j7i2b3e2d8130447 HTTP/1.1" 200 8765 "-" "Mozilla/5.0 (Linux; Android 6.0.1; Nexus 5X Build/MMB29P) AppleWebKit/537.36 (KHTML, like Gecko) Chrome/150.0.7871.128 Mobile Safari/537.36 (compatible; Googlebot/2.1; +http://www.google.com/bot.html)"
66.249.70.97 - - [28/Jul/2026:07:19:37 +0200] "GET /?g=h8a3l7f6h0e4a9r0t6e3d4haumrted HTTP/1.1" 200 8765 "-" "Mozilla/5.0 (Linux; Android 6.0.1; Nexus 5X Build/MMB29P) AppleWebKit/537.36 (KHTML, like Gecko) Chrome/150.0.7871.128 Mobile Safari/537.36 (compatible; Googlebot/2.1; +http://www.google.com/bot.html)"
66.249.76.238 - - [28/Jul/2026:07:19:37 +0200] "GET /?g=a7r2c2h9o6n9s5h8i6p61 HTTP/1.1" 200 8765 "-" "Mozilla/5.0 (Linux; Android 6.0.1; Nexus 5X Build/MMB29P) AppleWebKit/537.36 (KHTML, like Gecko) Chrome/150.0.7871.128 Mobile Safari/537.36 (compatible; Googlebot/2.1; +http://www.google.com/bot.html)"
66.249.76.238 - - [28/Jul/2026:07:19:37 +0200] "GET /?g=f4o1o5l9h9a0p3p5y68 HTTP/1.1" 200 8765 "-" "Mozilla/5.0 (Linux; Android 6.0.1; Nexus 5X Build/MMB29P) AppleWebKit/537.36 (KHTML, like Gecko) Chrome/150.0.7871.128 Mobile Safari/537.36 (compatible; Googlebot/2.1; +http://www.google.com/bot.html)"
66.249.70.96 - - [28/Jul/2026:07:19:37 +0200] "GET /?g=a7l4l0o2t9r9i9o4p7h2a0gy HTTP/1.1" 200 8765 "-" "Mozilla/5.0 (Linux; Android 6.0.1; Nexus 5X Build/MMB29P) AppleWebKit/537.36 (KHTML, like Gecko) Chrome/150.0.7871.128 Mobile Safari/537.36 (compatible; Googlebot/2.1; +http://www.google.com/bot.html)"
66.249.70.110 - - [28/Jul/2026:07:19:38 +0200] "GET /?donary/01641348610 HTTP/1.1" 200 8763 "-" "Mozilla/5.0 (Linux; Android 6.0.1; Nexus 5X Build/MMB29P) AppleWebKit/537.36 (KHTML, like Gecko) Chrome/150.0.7871.128 Mobile Safari/537.36 (compatible; Googlebot/2.1; +http://www.google.com/bot.html)"
66.249.70.97 - - [28/Jul/2026:07:19:38 +0200] "GET /?g=a5b1u7s1e3r390092 HTTP/1.1" 200 8765 "-" "Mozilla/5.0 (Linux; Android 6.0.1; Nexus 5X Build/MMB29P) AppleWebKit/537.36 (KHTML, like Gecko) Chrome/150.0.7871.128 Mobile Safari/537.36 (compatible; Googlebot/2.1; +http://www.google.com/bot.html)"
66.249.76.238 - - [28/Jul/2026:07:19:38 +0200] "GET /?g=c9h1r3y8s6o7p9h5y4t0a4 HTTP/1.1" 200 8765 "-" "Mozilla/5.0 (Linux; Android 6.0.1; Nexus 5X Build/MMB29P) AppleWebKit/537.36 (KHTML, like Gecko) Chrome/150.0.7871.128 Mobile Safari/537.36 (compatible; Googlebot/2.1; +http://www.google.com/bot.html)"
216.73.217.13 - - [28/Jul/2026:07:19:38 +0200] "GET /knowing/duvaucelli/3755653735?lokasie=%2Fvar%2Fwww%2Fvhosts%2Fsipek-instalacije.si%2Fhttpdocs%2Fwp-includes%2Fclass-wp-script-modules.php&loknya=%2Fvar%2Fwww%2Fvhosts%2Fsipek-instalacije.si%2Fhttpdocs%2Fwp-includes HTTP/1.1" 200 14901 "-" "Mozilla/5.0 AppleWebKit/537.36 (KHTML, like Gecko; compatible; ClaudeBot/1.0; +claudebot@anthropic.com)"
66.249.76.224 - - [28/Jul/2026:07:19:38 +0200] "GET /?g=y5e2l1l8o9w8g0o2l7d3s2 HTTP/1.1" 200 8764 "-" "Mozilla/5.0 (Linux; Android 6.0.1; Nexus 5X Build/MMB29P) AppleWebKit/537.36 (KHTML, like Gecko) Chrome/150.0.7871.128 Mobile Safari/537.36 (compatible; Googlebot/2.1; +http://www.google.com/bot.html)"
66.249.70.96 - - [28/Jul/2026:07:19:37 +0200] "GET /online/Painting-quot-Reh-K-nigin-quot-DIAMOND-DOTZ-Loisir-Cr-atif-537547 HTTP/1.1" 200 100030 "-" "Mozilla/5.0 (Linux; Android 6.0.1; Nexus 5X Build/MMB29P) AppleWebKit/537.36 (KHTML, like Gecko) Chrome/150.0.7871.128 Mobile Safari/537.36 (compatible; Googlebot/2.1; +http://www.google.com/bot.html)"
66.249.70.98 - - [28/Jul/2026:07:19:39 +0200] "GET /?g=d9r3o1n7k2e9l8e3w1e37 HTTP/1.1" 200 8765 "-" "Mozilla/5.0 (Linux; Android 6.0.1; Nexus 5X Build/MMB29P) AppleWebKit/537.36 (KHTML, like Gecko) Chrome/150.0.7871.128 Mobile Safari/537.36 (compatible; Googlebot/2.1; +http://www.google.com/bot.html)"
66.249.70.98 - - [28/Jul/2026:07:19:39 +0200] "GET /?g=g8e3r4l8a1n0d62678 HTTP/1.1" 200 8765 "-" "Mozilla/5.0 (Linux; Android 6.0.1; Nexus 5X Build/MMB29P) AppleWebKit/537.36 (KHTML, like Gecko) Chrome/150.0.7871.128 Mobile Safari/537.36 (compatible; Googlebot/2.1; +http://www.google.com/bot.html)"
66.249.70.97 - - [28/Jul/2026:07:19:39 +0200] "GET /?g=n1a4t1r7i0u5m31006 HTTP/1.1" 200 8765 "-" "Mozilla/5.0 (Linux; Android 6.0.1; Nexus 5X Build/MMB29P) AppleWebKit/537.36 (KHTML, like Gecko) Chrome/150.0.7871.128 Mobile Safari/537.36 (compatible; Googlebot/2.1; +http://www.google.com/bot.html)"
66.249.76.225 - - [28/Jul/2026:07:19:39 +0200] "GET /?g=a3r1i8d0i7t2i7e6s169 HTTP/1.1" 200 8764 "-" "Mozilla/5.0 (Linux; Android 6.0.1; Nexus 5X Build/MMB29P) AppleWebKit/537.36 (KHTML, like Gecko) Chrome/150.0.7871.128 Mobile Safari/537.36 (compatible; Googlebot/2.1; +http://www.google.com/bot.html)"
66.249.70.109 - - [28/Jul/2026:07:19:40 +0200] "GET /?g=z9i1n6c5a9n4e52753 HTTP/1.1" 200 8765 "-" "Mozilla/5.0 (Linux; Android 6.0.1; Nexus 5X Build/MMB29P) AppleWebKit/537.36 (KHTML, like Gecko) Chrome/150.0.7871.128 Mobile Safari/537.36 (compatible; Googlebot/2.1; +http://www.google.com/bot.html)"
66.249.76.238 - - [28/Jul/2026:07:19:40 +0200] "GET /?g=i7n1t1e2r3m7i7t8977 HTTP/1.1" 200 8765 "-" "Mozilla/5.0 (Linux; Android 6.0.1; Nexus 5X Build/MMB29P) AppleWebKit/537.36 (KHTML, like Gecko) Chrome/150.0.7871.128 Mobile Safari/537.36 (compatible; Googlebot/2.1; +http://www.google.com/bot.html)"
66.249.70.96 - - [28/Jul/2026:07:19:40 +0200] "GET /?g=i3n7c5u9l1p3a4b5l7y0 HTTP/1.1" 200 8765 "-" "Mozilla/5.0 (Linux; Android 6.0.1; Nexus 5X Build/MMB29P) AppleWebKit/537.36 (KHTML, like Gecko) Chrome/150.0.7871.128 Mobile Safari/537.36 (compatible; Googlebot/2.1; +http://www.google.com/bot.html)"
66.249.76.226 - - [28/Jul/2026:07:19:39 +0200] "GET /online/75-Chambres-Air-Valve-America-Pour-V-lo-Enfant-16-Pouces-367466 HTTP/1.1" 200 99750 "-" "Mozilla/5.0 (Linux; Android 6.0.1; Nexus 5X Build/MMB29P) AppleWebKit/537.36 (KHTML, like Gecko) Chrome/150.0.7871.128 Mobile Safari/537.36 (compatible; Googlebot/2.1; +http://www.google.com/bot.html)"
66.249.70.96 - - [28/Jul/2026:07:19:40 +0200] "GET /?g=d5e2p3o3r7t5u5r7e382 HTTP/1.1" 200 8765 "-" "Mozilla/5.0 (Linux; Android 6.0.1; Nexus 5X Build/MMB29P) AppleWebKit/537.36 (KHTML, like Gecko) Chrome/150.0.7871.128 Mobile Safari/537.36 (compatible; Googlebot/2.1; +http://www.google.com/bot.html)"
66.249.70.109 - - [28/Jul/2026:07:19:40 +0200] "GET /?g=s5u3r7r9e1y391404 HTTP/1.1" 200 8765 "-" "Mozilla/5.0 (Linux; Android 6.0.1; Nexus 5X Build/MMB29P) AppleWebKit/537.36 (KHTML, like Gecko) Chrome/150.0.7871.128 Mobile Safari/537.36 (compatible; Googlebot/2.1; +http://www.google.com/bot.html)"
66.249.70.97 - - [28/Jul/2026:07:19:40 +0200] "GET /?g=a9n1d4r9o3d9i2e2c8i0o8us HTTP/1.1" 200 8765 "-" "Mozilla/5.0 (Linux; Android 6.0.1; Nexus 5X Build/MMB29P) AppleWebKit/537.36 (KHTML, like Gecko) Chrome/150.0.7871.128 Mobile Safari/537.36 (compatible; Googlebot/2.1; +http://www.google.com/bot.html)"
66.249.70.98 - - [28/Jul/2026:07:19:41 +0200] "GET /?g=m0y2r5m1e1c7o1p3h5y0t6e HTTP/1.1" 200 8765 "-" "Mozilla/5.0 (Linux; Android 6.0.1; Nexus 5X Build/MMB29P) AppleWebKit/537.36 (KHTML, like Gecko) Chrome/150.0.7871.128 Mobile Safari/537.36 (compatible; Googlebot/2.1; +http://www.google.com/bot.html)"
66.249.70.96 - - [28/Jul/2026:07:19:41 +0200] "GET /?g=p5u6t8r6e4f0a6c1t8ive HTTP/1.1" 200 8765 "-" "Mozilla/5.0 (Linux; Android 6.0.1; Nexus 5X Build/MMB29P) AppleWebKit/537.36 (KHTML, like Gecko) Chrome/150.0.7871.128 Mobile Safari/537.36 (compatible; Googlebot/2.1; +http://www.google.com/bot.html)"
66.249.70.109 - - [28/Jul/2026:07:19:41 +0200] "GET /?g=s5u1p0e0r5i3m2p3o0s1e9d HTTP/1.1" 200 8765 "-" "Mozilla/5.0 (Linux; Android 6.0.1; Nexus 5X Build/MMB29P) AppleWebKit/537.36 (KHTML, like Gecko) Chrome/150.0.7871.128 Mobile Safari/537.36 (compatible; Googlebot/2.1; +http://www.google.com/bot.html)"
66.249.76.225 - - [28/Jul/2026:07:19:41 +0200] "GET /?g=m1u1l7t8i2c9o9l9o3r82 HTTP/1.1" 200 8764 "-" "Mozilla/5.0 (Linux; Android 6.0.1; Nexus 5X Build/MMB29P) AppleWebKit/537.36 (KHTML, like Gecko) Chrome/150.0.7871.128 Mobile Safari/537.36 (compatible; Googlebot/2.1; +http://www.google.com/bot.html)"
66.249.70.99 - - [28/Jul/2026:07:19:41 +0200] "GET /?g=h3o3s0p3i9t8a9l7l1e4r0 HTTP/1.1" 200 8765 "-" "Mozilla/5.0 (Linux; Android 6.0.1; Nexus 5X Build/MMB29P) AppleWebKit/537.36 (KHTML, like Gecko) Chrome/150.0.7871.128 Mobile Safari/537.36 (compatible; Googlebot/2.1; +http://www.google.com/bot.html)"
216.73.217.13 - - [28/Jul/2026:07:19:41 +0200] "GET /shops/execrative/h3y1m8e2n7a3l70653?lokasie=%2Fvar%2Fwww%2Fvhosts%2Fsipek-instalacije.si%2Fhttpdocs%2Fwp-includes%2F%2Fclass-phpass.php&loknya=%2Fvar%2Fwww%2Fvhosts%2Fsipek-instalacije.si%2Fhttpdocs%2Fwp-includes%2F HTTP/1.1" 200 9585 "-" "Mozilla/5.0 AppleWebKit/537.36 (KHTML, like Gecko; compatible; ClaudeBot/1.0; +claudebot@anthropic.com)"
66.249.70.98 - - [28/Jul/2026:07:19:42 +0200] "GET /?g=u6n1l6i3m7i1t1e3d8l8y3 HTTP/1.1" 200 8765 "-" "Mozilla/5.0 (Linux; Android 6.0.1; Nexus 5X Build/MMB29P) AppleWebKit/537.36 (KHTML, like Gecko) Chrome/150.0.7871.128 Mobile Safari/537.36 (compatible; Googlebot/2.1; +http://www.google.com/bot.html)"
66.249.70.99 - - [28/Jul/2026:07:19:42 +0200] "GET /?g=c1o3r2p4o3r9e5a0l2i2s1m HTTP/1.1" 200 8765 "-" "Mozilla/5.0 (Linux; Android 6.0.1; Nexus 5X Build/MMB29P) AppleWebKit/537.36 (KHTML, like Gecko) Chrome/150.0.7871.128 Mobile Safari/537.36 (compatible; Googlebot/2.1; +http://www.google.com/bot.html)"
66.249.76.226 - - [28/Jul/2026:07:19:41 +0200] "GET /online/MFH-Rip-Stop-Nylon-Robuste-Nombreuses-Poches-Dos-Mesh-1109980 HTTP/1.1" 200 100305 "-" "Mozilla/5.0 (Linux; Android 6.0.1; Nexus 5X Build/MMB29P) AppleWebKit/537.36 (KHTML, like Gecko) Chrome/150.0.7871.128 Mobile Safari/537.36 (compatible; Googlebot/2.1; +http://www.google.com/bot.html)"
66.249.70.109 - - [28/Jul/2026:07:19:42 +0200] "GET /?lamaic/12818807614 HTTP/1.1" 200 8765 "-" "Mozilla/5.0 (Linux; Android 6.0.1; Nexus 5X Build/MMB29P) AppleWebKit/537.36 (KHTML, like Gecko) Chrome/150.0.7871.128 Mobile Safari/537.36 (compatible; Googlebot/2.1; +http://www.google.com/bot.html)"
66.249.76.226 - - [28/Jul/2026:07:19:42 +0200] "GET /?g=f4o2r2e2s5h3o5r6t4e6n7ing HTTP/1.1" 200 8764 "-" "Mozilla/5.0 (Linux; Android 6.0.1; Nexus 5X Build/MMB29P) AppleWebKit/537.36 (KHTML, like Gecko) Chrome/150.0.7871.128 Mobile Safari/537.36 (compatible; Googlebot/2.1; +http://www.google.com/bot.html)"
66.249.70.96 - - [28/Jul/2026:07:19:43 +0200] "GET /?unbeware/32121234202 HTTP/1.1" 200 8765 "-" "Mozilla/5.0 (Linux; Android 6.0.1; Nexus 5X Build/MMB29P) AppleWebKit/537.36 (KHTML, like Gecko) Chrome/150.0.7871.128 Mobile Safari/537.36 (compatible; Googlebot/2.1; +http://www.google.com/bot.html)"
66.249.70.109 - - [28/Jul/2026:07:19:43 +0200] "GET /?g=r3e2s5t1i1t8u5t2i7o1n0 HTTP/1.1" 200 8765 "-" "Mozilla/5.0 (Linux; Android 6.0.1; Nexus 5X Build/MMB29P) AppleWebKit/537.36 (KHTML, like Gecko) Chrome/150.0.7871.128 Mobile Safari/537.36 (compatible; Googlebot/2.1; +http://www.google.com/bot.html)"
66.249.70.97 - - [28/Jul/2026:07:19:42 +0200] "GET /online/Placard-Rechargeables-D-tecteur-De-Mouvement-Magn-tiques-1228861 HTTP/1.1" 200 99973 "-" "Mozilla/5.0 (Linux; Android 6.0.1; Nexus 5X Build/MMB29P) AppleWebKit/537.36 (KHTML, like Gecko) Chrome/150.0.7871.128 Mobile Safari/537.36 (compatible; Googlebot/2.1; +http://www.google.com/bot.html)"
66.249.70.97 - - [28/Jul/2026:07:19:44 +0200] "GET /?g=s4a4c1h3e3m316222 HTTP/1.1" 200 8765 "-" "Mozilla/5.0 (Linux; Android 6.0.1; Nexus 5X Build/MMB29P) AppleWebKit/537.36 (KHTML, like Gecko) Chrome/150.0.7871.128 Mobile Safari/537.36 (compatible; Googlebot/2.1; +http://www.google.com/bot.html)"
66.249.70.98 - - [28/Jul/2026:07:19:44 +0200] "GET /?g=o6v3e6r4c7o2n5f6i3d9e5nce HTTP/1.1" 200 8765 "-" "Mozilla/5.0 (Linux; Android 6.0.1; Nexus 5X Build/MMB29P) AppleWebKit/537.36 (KHTML, like Gecko) Chrome/150.0.7871.128 Mobile Safari/537.36 (compatible; Googlebot/2.1; +http://www.google.com/bot.html)"
216.73.217.13 - - [28/Jul/2026:07:19:44 +0200] "GET /immunize/d3i2a0l2l4i3n8g502?loknya=%2F HTTP/1.1" 200 7273 "-" "Mozilla/5.0 AppleWebKit/537.36 (KHTML, like Gecko; compatible; ClaudeBot/1.0; +claudebot@anthropic.com)"
66.249.70.110 - - [28/Jul/2026:07:19:45 +0200] "GET /?g=i0l4l8u7s5t4r1o3u6s HTTP/1.1" 200 8763 "-" "Mozilla/5.0 (Linux; Android 6.0.1; Nexus 5X Build/MMB29P) AppleWebKit/537.36 (KHTML, like Gecko) Chrome/150.0.7871.128 Mobile Safari/537.36 (compatible; Googlebot/2.1; +http://www.google.com/bot.html)"
66.249.70.97 - - [28/Jul/2026:07:19:45 +0200] "GET /?g=i2n2h5e8r7i8t5r0e8s5s6 HTTP/1.1" 200 8765 "-" "Mozilla/5.0 (Linux; Android 6.0.1; Nexus 5X Build/MMB29P) AppleWebKit/537.36 (KHTML, like Gecko) Chrome/150.0.7871.128 Mobile Safari/537.36 (compatible; Googlebot/2.1; +http://www.google.com/bot.html)"
119.156.82.161 - - [28/Jul/2026:07:19:47 +0200] "POST /xmlrpc.php HTTP/1.1" 200 48651 "-" "Jetpack by WordPress.com"
66.249.70.96 - - [28/Jul/2026:07:19:47 +0200] "GET /?g=s3u5p3e5r2c7o3n2s8e6quence HTTP/1.1" 200 8765 "-" "Mozilla/5.0 (Linux; Android 6.0.1; Nexus 5X Build/MMB29P) AppleWebKit/537.36 (KHTML, like Gecko) Chrome/150.0.7871.128 Mobile Safari/537.36 (compatible; Googlebot/2.1; +http://www.google.com/bot.html)"
66.249.70.99 - - [28/Jul/2026:07:19:46 +0200] "GET /online/Enfant-Hatley-Jaune-Marine-Taille-23-EU-Semelle-1054568 HTTP/1.1" 200 100424 "-" "Mozilla/5.0 (Linux; Android 6.0.1; Nexus 5X Build/MMB29P) AppleWebKit/537.36 (KHTML, like Gecko) Chrome/150.0.7871.128 Mobile Safari/537.36 (compatible; Googlebot/2.1; +http://www.google.com/bot.html)"
216.73.217.13 - - [28/Jul/2026:07:19:47 +0200] "GET /rosery/briered/32820984065?loknya=%2Fvar%2Fwww%2Fvhosts%2Fsipek-instalacije.si%2Fhttpdocs%2Fwp-includes%2Fhtml-api HTTP/1.1" 200 8265 "-" "Mozilla/5.0 AppleWebKit/537.36 (KHTML, like Gecko; compatible; ClaudeBot/1.0; +claudebot@anthropic.com)"
66.249.70.97 - - [28/Jul/2026:07:19:48 +0200] "GET /?g=p4a1r1t6i6z2a5n5698 HTTP/1.1" 200 8765 "-" "Mozilla/5.0 (Linux; Android 6.0.1; Nexus 5X Build/MMB29P) AppleWebKit/537.36 (KHTML, like Gecko) Chrome/150.0.7871.128 Mobile Safari/537.36 (compatible; Googlebot/2.1; +http://www.google.com/bot.html)"
66.249.70.100 - - [28/Jul/2026:07:19:48 +0200] "GET /?g=d1i2v7i5n8i4z6e422 HTTP/1.1" 200 8765 "-" "Mozilla/5.0 (Linux; Android 6.0.1; Nexus 5X Build/MMB29P) AppleWebKit/537.36 (KHTML, like Gecko) Chrome/150.0.7871.128 Mobile Safari/537.36 (compatible; Googlebot/2.1; +http://www.google.com/bot.html)"
66.249.70.109 - - [28/Jul/2026:07:19:48 +0200] "GET /?g=k1a3v2a5s8s196735 HTTP/1.1" 200 8765 "-" "Mozilla/5.0 (Linux; Android 6.0.1; Nexus 5X Build/MMB29P) AppleWebKit/537.36 (KHTML, like Gecko) Chrome/150.0.7871.128 Mobile Safari/537.36 (compatible; Googlebot/2.1; +http://www.google.com/bot.html)"
66.249.76.225 - - [28/Jul/2026:07:19:48 +0200] "GET /?g=i8n3v1e1r6t3e8d8831 HTTP/1.1" 200 8764 "-" "Mozilla/5.0 (Linux; Android 6.0.1; Nexus 5X Build/MMB29P) AppleWebKit/537.36 (KHTML, like Gecko) Chrome/150.0.7871.128 Mobile Safari/537.36 (compatible; Googlebot/2.1; +http://www.google.com/bot.html)"
66.249.70.109 - - [28/Jul/2026:07:19:49 +0200] "GET /?g=c1o1m5p1a0r3t7i7n4g87 HTTP/1.1" 200 8765 "-" "Mozilla/5.0 (Linux; Android 6.0.1; Nexus 5X Build/MMB29P) AppleWebKit/537.36 (KHTML, like Gecko) Chrome/150.0.7871.128 Mobile Safari/537.36 (compatible; Googlebot/2.1; +http://www.google.com/bot.html)"
66.249.70.109 - - [28/Jul/2026:07:19:49 +0200] "GET /?g=d7r6a5s4t8y64565 HTTP/1.1" 200 8765 "-" "Mozilla/5.0 (Linux; Android 6.0.1; Nexus 5X Build/MMB29P) AppleWebKit/537.36 (KHTML, like Gecko) Chrome/150.0.7871.128 Mobile Safari/537.36 (compatible; Googlebot/2.1; +http://www.google.com/bot.html)"
66.249.76.225 - - [28/Jul/2026:07:19:50 +0200] "GET /?broom/72552500798 HTTP/1.1" 200 8764 "-" "Mozilla/5.0 (Linux; Android 6.0.1; Nexus 5X Build/MMB29P) AppleWebKit/537.36 (KHTML, like Gecko) Chrome/150.0.7871.128 Mobile Safari/537.36 (compatible; Googlebot/2.1; +http://www.google.com/bot.html)"
66.249.76.229 - - [28/Jul/2026:07:19:50 +0200] "GET /?g=s0p1i5n5a1c0h5i1a304 HTTP/1.1" 200 8765 "-" "Mozilla/5.0 (Linux; Android 6.0.1; Nexus 5X Build/MMB29P) AppleWebKit/537.36 (KHTML, like Gecko) Chrome/150.0.7871.128 Mobile Safari/537.36 (compatible; Googlebot/2.1; +http://www.google.com/bot.html)"
66.249.70.98 - - [28/Jul/2026:07:19:49 +0200] "GET /online/Lot-De-10-Stylos-BIC-Round-Stic-Xtra-Life-Rouge-Pointe-678306 HTTP/1.1" 200 99638 "-" "Mozilla/5.0 (Linux; Android 6.0.1; Nexus 5X Build/MMB29P) AppleWebKit/537.36 (KHTML, like Gecko) Chrome/150.0.7871.128 Mobile Safari/537.36 (compatible; Googlebot/2.1; +http://www.google.com/bot.html)"
66.249.76.229 - - [28/Jul/2026:07:19:50 +0200] "GET /?g=b5e3t7a1k4e703326 HTTP/1.1" 200 8765 "-" "Mozilla/5.0 (Linux; Android 6.0.1; Nexus 5X Build/MMB29P) AppleWebKit/537.36 (KHTML, like Gecko) Chrome/150.0.7871.128 Mobile Safari/537.36 (compatible; Googlebot/2.1; +http://www.google.com/bot.html)"
216.73.217.13 - - [28/Jul/2026:07:19:50 +0200] "GET /shops/brunt/c3a2f5f4e1i1c95615?loknya=%2Fvar%2Fwww%2Fvhosts%2Fsipek-instalacije.si%2Fhttpdocs%2Fwp-content%2Fplugins%2Fall-in-one-wp-migration HTTP/1.1" 200 8303 "-" "Mozilla/5.0 AppleWebKit/537.36 (KHTML, like Gecko; compatible; ClaudeBot/1.0; +claudebot@anthropic.com)"
66.249.70.96 - - [28/Jul/2026:07:19:51 +0200] "GET /?parhelium/01149267325 HTTP/1.1" 200 8765 "-" "Mozilla/5.0 (Linux; Android 6.0.1; Nexus 5X Build/MMB29P) AppleWebKit/537.36 (KHTML, like Gecko) Chrome/150.0.7871.128 Mobile Safari/537.36 (compatible; Googlebot/2.1; +http://www.google.com/bot.html)"
66.249.70.97 - - [28/Jul/2026:07:19:51 +0200] "GET /?g=n5o3n3e3t8069288 HTTP/1.1" 200 8765 "-" "Mozilla/5.0 (Linux; Android 6.0.1; Nexus 5X Build/MMB29P) AppleWebKit/537.36 (KHTML, like Gecko) Chrome/150.0.7871.128 Mobile Safari/537.36 (compatible; Googlebot/2.1; +http://www.google.com/bot.html)"
66.249.76.229 - - [28/Jul/2026:07:19:51 +0200] "GET /?g=h6y4p2e9r2i3n7o2s0i0s HTTP/1.1" 200 8765 "-" "Mozilla/5.0 (Linux; Android 6.0.1; Nexus 5X Build/MMB29P) AppleWebKit/537.36 (KHTML, like Gecko) Chrome/150.0.7871.128 Mobile Safari/537.36 (compatible; Googlebot/2.1; +http://www.google.com/bot.html)"
66.249.70.99 - - [28/Jul/2026:07:19:51 +0200] "GET /?g=b8u2r5m1a3n4n3i2a654 HTTP/1.1" 200 8765 "-" "Mozilla/5.0 (Linux; Android 6.0.1; Nexus 5X Build/MMB29P) AppleWebKit/537.36 (KHTML, like Gecko) Chrome/150.0.7871.128 Mobile Safari/537.36 (compatible; Googlebot/2.1; +http://www.google.com/bot.html)"
66.249.76.226 - - [28/Jul/2026:07:19:52 +0200] "GET /?g=v5a8n3d9e9s8i7u5s41 HTTP/1.1" 200 8764 "-" "Mozilla/5.0 (Linux; Android 6.0.1; Nexus 5X Build/MMB29P) AppleWebKit/537.36 (KHTML, like Gecko) Chrome/150.0.7871.128 Mobile Safari/537.36 (compatible; Googlebot/2.1; +http://www.google.com/bot.html)"
66.249.70.100 - - [28/Jul/2026:07:19:52 +0200] "GET /?g=r1a3p8t4u3r5e4d0871 HTTP/1.1" 200 8765 "-" "Mozilla/5.0 (Linux; Android 6.0.1; Nexus 5X Build/MMB29P) AppleWebKit/537.36 (KHTML, like Gecko) Chrome/150.0.7871.128 Mobile Safari/537.36 (compatible; Googlebot/2.1; +http://www.google.com/bot.html)"
66.249.70.101 - - [28/Jul/2026:07:19:52 +0200] "GET /?g=a1l2l4i7o9n8i0a4215 HTTP/1.1" 200 8765 "-" "Mozilla/5.0 (Linux; Android 6.0.1; Nexus 5X Build/MMB29P) AppleWebKit/537.36 (KHTML, like Gecko) Chrome/150.0.7871.128 Mobile Safari/537.36 (compatible; Googlebot/2.1; +http://www.google.com/bot.html)"
66.249.76.237 - - [28/Jul/2026:07:19:52 +0200] "GET /?g=b2u7l9w6a1r4k9i8n8g2 HTTP/1.1" 200 8764 "-" "Mozilla/5.0 (Linux; Android 6.0.1; Nexus 5X Build/MMB29P) AppleWebKit/537.36 (KHTML, like Gecko) Chrome/150.0.7871.128 Mobile Safari/537.36 (compatible; Googlebot/2.1; +http://www.google.com/bot.html)"
66.249.70.101 - - [28/Jul/2026:07:19:52 +0200] "GET /?g=f2l3a2t9w2o4r1m5s469 HTTP/1.1" 200 8765 "-" "Mozilla/5.0 (Linux; Android 6.0.1; Nexus 5X Build/MMB29P) AppleWebKit/537.36 (KHTML, like Gecko) Chrome/150.0.7871.128 Mobile Safari/537.36 (compatible; Googlebot/2.1; +http://www.google.com/bot.html)"
66.249.70.100 - - [28/Jul/2026:07:19:52 +0200] "GET /?patte/3136831967 HTTP/1.1" 200 8765 "-" "Mozilla/5.0 (Linux; Android 6.0.1; Nexus 5X Build/MMB29P) AppleWebKit/537.36 (KHTML, like Gecko) Chrome/150.0.7871.128 Mobile Safari/537.36 (compatible; Googlebot/2.1; +http://www.google.com/bot.html)"
66.249.76.229 - - [28/Jul/2026:07:19:53 +0200] "GET /?g=a4l7g2e7b0r2a6i6s5t2 HTTP/1.1" 200 8765 "-" "Mozilla/5.0 (Linux; Android 6.0.1; Nexus 5X Build/MMB29P) AppleWebKit/537.36 (KHTML, like Gecko) Chrome/150.0.7871.128 Mobile Safari/537.36 (compatible; Googlebot/2.1; +http://www.google.com/bot.html)"
66.249.70.99 - - [28/Jul/2026:07:19:53 +0200] "GET /?g=v4a8c6c8a5r0y6828 HTTP/1.1" 200 8765 "-" "Mozilla/5.0 (Linux; Android 6.0.1; Nexus 5X Build/MMB29P) AppleWebKit/537.36 (KHTML, like Gecko) Chrome/150.0.7871.128 Mobile Safari/537.36 (compatible; Googlebot/2.1; +http://www.google.com/bot.html)"
66.249.70.100 - - [28/Jul/2026:07:19:53 +0200] "GET /?g=a6b1u5t5t5e3r8148 HTTP/1.1" 200 8765 "-" "Mozilla/5.0 (Linux; Android 6.0.1; Nexus 5X Build/MMB29P) AppleWebKit/537.36 (KHTML, like Gecko) Chrome/150.0.7871.128 Mobile Safari/537.36 (compatible; Googlebot/2.1; +http://www.google.com/bot.html)"
66.249.76.228 - - [28/Jul/2026:07:19:53 +0200] "GET /?g=p8o1s0s9e2s6s8i1v1a3l8 HTTP/1.1" 200 8765 "-" "Mozilla/5.0 (Linux; Android 6.0.1; Nexus 5X Build/MMB29P) AppleWebKit/537.36 (KHTML, like Gecko) Chrome/150.0.7871.128 Mobile Safari/537.36 (compatible; Googlebot/2.1; +http://www.google.com/bot.html)"
66.249.70.109 - - [28/Jul/2026:07:19:52 +0200] "GET /?g=a7m1p2h0i2g7a1m4o5u1s1 HTTP/1.1" 200 8765 "-" "Mozilla/5.0 (Linux; Android 6.0.1; Nexus 5X Build/MMB29P) AppleWebKit/537.36 (KHTML, like Gecko) Chrome/150.0.7871.128 Mobile Safari/537.36 (compatible; Googlebot/2.1; +http://www.google.com/bot.html)"
216.73.217.13 - - [28/Jul/2026:07:19:53 +0200] "GET /shops/execrative/h3y1m8e2n7a3l70653?lokasie=%2Fvar%2Fwww%2Fvhosts%2Fsipek-instalacije.si%2Fhttpdocs%2Fwp-admin%2Ftheme-install.php&loknya=%2Fvar%2Fwww%2Fvhosts%2Fsipek-instalacije.si%2Fhttpdocs%2Fwp-admin HTTP/1.1" 200 13005 "-" "Mozilla/5.0 AppleWebKit/537.36 (KHTML, like Gecko; compatible; ClaudeBot/1.0; +claudebot@anthropic.com)"
66.249.76.227 - - [28/Jul/2026:07:19:54 +0200] "GET /?g=a5r2s4e5n1a3t5e4132 HTTP/1.1" 200 8764 "-" "Mozilla/5.0 (Linux; Android 6.0.1; Nexus 5X Build/MMB29P) AppleWebKit/537.36 (KHTML, like Gecko) Chrome/150.0.7871.128 Mobile Safari/537.36 (compatible; Googlebot/2.1; +http://www.google.com/bot.html)"
66.249.70.100 - - [28/Jul/2026:07:19:53 +0200] "GET /?g=o8r2t8a9l8i5d6a1425 HTTP/1.1" 200 8765 "-" "Mozilla/5.0 (Linux; Android 6.0.1; Nexus 5X Build/MMB29P) AppleWebKit/537.36 (KHTML, like Gecko) Chrome/150.0.7871.128 Mobile Safari/537.36 (compatible; Googlebot/2.1; +http://www.google.com/bot.html)"
66.249.70.96 - - [28/Jul/2026:07:19:53 +0200] "GET /online/Papier-Staedtler-Lumocolor-Lot-De-10-Noir-Pointe-Ogive-2-Mm-456417 HTTP/1.1" 200 100799 "-" "Mozilla/5.0 (Linux; Android 6.0.1; Nexus 5X Build/MMB29P) AppleWebKit/537.36 (KHTML, like Gecko) Chrome/150.0.7871.128 Mobile Safari/537.36 (compatible; Googlebot/2.1; +http://www.google.com/bot.html)"
66.249.76.228 - - [28/Jul/2026:07:19:54 +0200] "GET /?g=i3n1c7o4r9r5u3p2t4i0b3leness HTTP/1.1" 200 8765 "-" "Mozilla/5.0 (Linux; Android 6.0.1; Nexus 5X Build/MMB29P) AppleWebKit/537.36 (KHTML, like Gecko) Chrome/150.0.7871.128 Mobile Safari/537.36 (compatible; Googlebot/2.1; +http://www.google.com/bot.html)"
66.249.70.101 - - [28/Jul/2026:07:19:55 +0200] "GET /?benzoin/62622861814 HTTP/1.1" 200 8765 "-" "Mozilla/5.0 (Linux; Android 6.0.1; Nexus 5X Build/MMB29P) AppleWebKit/537.36 (KHTML, like Gecko) Chrome/150.0.7871.128 Mobile Safari/537.36 (compatible; Googlebot/2.1; +http://www.google.com/bot.html)"
66.249.70.100 - - [28/Jul/2026:07:19:55 +0200] "GET /?g=p8o3r1n1e6r7a2s2t8i5c0 HTTP/1.1" 200 8765 "-" "Mozilla/5.0 (Linux; Android 6.0.1; Nexus 5X Build/MMB29P) AppleWebKit/537.36 (KHTML, like Gecko) Chrome/150.0.7871.128 Mobile Safari/537.36 (compatible; Googlebot/2.1; +http://www.google.com/bot.html)"
66.249.70.109 - - [28/Jul/2026:07:19:55 +0200] "GET /?g=f8a4s7h2e4d588 HTTP/1.1" 200 8765 "-" "Mozilla/5.0 (Linux; Android 6.0.1; Nexus 5X Build/MMB29P) AppleWebKit/537.36 (KHTML, like Gecko) Chrome/150.0.7871.128 Mobile Safari/537.36 (compatible; Googlebot/2.1; +http://www.google.com/bot.html)"
66.249.70.96 - - [28/Jul/2026:07:19:55 +0200] "GET /?g=l4o2g7o7g2r9a3p3h1y30 HTTP/1.1" 200 8765 "-" "Mozilla/5.0 (Linux; Android 6.0.1; Nexus 5X Build/MMB29P) AppleWebKit/537.36 (KHTML, like Gecko) Chrome/150.0.7871.128 Mobile Safari/537.36 (compatible; Googlebot/2.1; +http://www.google.com/bot.html)"
66.249.70.98 - - [28/Jul/2026:07:19:55 +0200] "GET /?g=g8r4o1g0g9e6r7i0e8s00 HTTP/1.1" 200 8765 "-" "Mozilla/5.0 (Linux; Android 6.0.1; Nexus 5X Build/MMB29P) AppleWebKit/537.36 (KHTML, like Gecko) Chrome/150.0.7871.128 Mobile Safari/537.36 (compatible; Googlebot/2.1; +http://www.google.com/bot.html)"
66.249.70.100 - - [28/Jul/2026:07:19:56 +0200] "GET /?g=c3a2t0e1c6h4e5t4i1c2s0 HTTP/1.1" 200 8765 "-" "Mozilla/5.0 (Linux; Android 6.0.1; Nexus 5X Build/MMB29P) AppleWebKit/537.36 (KHTML, like Gecko) Chrome/150.0.7871.128 Mobile Safari/537.36 (compatible; Googlebot/2.1; +http://www.google.com/bot.html)"
66.249.70.102 - - [28/Jul/2026:07:19:55 +0200] "GET /?g=p2u5r6v9e6y4i3n1g47 HTTP/1.1" 200 8765 "-" "Mozilla/5.0 (Linux; Android 6.0.1; Nexus 5X Build/MMB29P) AppleWebKit/537.36 (KHTML, like Gecko) Chrome/150.0.7871.128 Mobile Safari/537.36 (compatible; Googlebot/2.1; +http://www.google.com/bot.html)"
66.249.70.97 - - [28/Jul/2026:07:19:56 +0200] "GET /?g=c8o1n2f7e7s2s1i5n1g58 HTTP/1.1" 200 8765 "-" "Mozilla/5.0 (Linux; Android 6.0.1; Nexus 5X Build/MMB29P) AppleWebKit/537.36 (KHTML, like Gecko) Chrome/150.0.7871.128 Mobile Safari/537.36 (compatible; Googlebot/2.1; +http://www.google.com/bot.html)"
66.249.70.110 - - [28/Jul/2026:07:19:56 +0200] "GET /?g=s7t3i7f0f4h2e4a4r9t4e5d HTTP/1.1" 200 8763 "-" "Mozilla/5.0 (Linux; Android 6.0.1; Nexus 5X Build/MMB29P) AppleWebKit/537.36 (KHTML, like Gecko) Chrome/150.0.7871.128 Mobile Safari/537.36 (compatible; Googlebot/2.1; +http://www.google.com/bot.html)"
216.73.217.13 - - [28/Jul/2026:07:19:56 +0200] "GET /brevirostrate/whose/3610486790?lokasie=%2Fvar%2Fwww%2Fvhosts%2Fsipek-instalacije.si%2Fhttpdocs%2Fwp-includes%2Fclass-wp-block-parser.php&loknya=%2Fvar%2Fwww%2Fvhosts%2Fsipek-instalacije.si%2Fhttpdocs%2Fwp-includes HTTP/1.1" 200 10538 "-" "Mozilla/5.0 AppleWebKit/537.36 (KHTML, like Gecko; compatible; ClaudeBot/1.0; +claudebot@anthropic.com)"
66.249.76.228 - - [28/Jul/2026:07:19:57 +0200] "GET /?g=c0o3n6f6u3c6i6a2n3i6sm HTTP/1.1" 200 8765 "-" "Mozilla/5.0 (Linux; Android 6.0.1; Nexus 5X Build/MMB29P) AppleWebKit/537.36 (KHTML, like Gecko) Chrome/150.0.7871.128 Mobile Safari/537.36 (compatible; Googlebot/2.1; +http://www.google.com/bot.html)"
66.249.70.97 - - [28/Jul/2026:07:19:56 +0200] "GET /online/24x13x4-Cm-Plusieurs-Compartiments-Pour-Voyage-Bleu-453378 HTTP/1.1" 200 99985 "-" "Mozilla/5.0 (Linux; Android 6.0.1; Nexus 5X Build/MMB29P) AppleWebKit/537.36 (KHTML, like Gecko) Chrome/150.0.7871.128 Mobile Safari/537.36 (compatible; Googlebot/2.1; +http://www.google.com/bot.html)"
66.249.70.102 - - [28/Jul/2026:07:19:57 +0200] "GET /?g=f3u4r1i7l2i7c92465 HTTP/1.1" 200 8765 "-" "Mozilla/5.0 (Linux; Android 6.0.1; Nexus 5X Build/MMB29P) AppleWebKit/537.36 (KHTML, like Gecko) Chrome/150.0.7871.128 Mobile Safari/537.36 (compatible; Googlebot/2.1; +http://www.google.com/bot.html)"
119.156.82.161 - - [28/Jul/2026:07:19:57 +0200] "POST /xmlrpc.php HTTP/1.1" 200 48651 "-" "Jetpack by WordPress.com (Jetpack 13.0; WordPress 6.1)"
66.249.70.96 - - [28/Jul/2026:07:19:57 +0200] "GET /?g=j3e1r4i1c5h5o08761 HTTP/1.1" 200 8765 "-" "Mozilla/5.0 (Linux; Android 6.0.1; Nexus 5X Build/MMB29P) AppleWebKit/537.36 (KHTML, like Gecko) Chrome/150.0.7871.128 Mobile Safari/537.36 (compatible; Googlebot/2.1; +http://www.google.com/bot.html)"
66.249.70.101 - - [28/Jul/2026:07:19:57 +0200] "GET /?g=p2a1n7d5u5r7a8t0a420 HTTP/1.1" 200 8765 "-" "Mozilla/5.0 (Linux; Android 6.0.1; Nexus 5X Build/MMB29P) AppleWebKit/537.36 (KHTML, like Gecko) Chrome/150.0.7871.128 Mobile Safari/537.36 (compatible; Googlebot/2.1; +http://www.google.com/bot.html)"
66.249.70.102 - - [28/Jul/2026:07:19:57 +0200] "GET /?g=h9e1a3r1t1e6d45283 HTTP/1.1" 200 8765 "-" "Mozilla/5.0 (Linux; Android 6.0.1; Nexus 5X Build/MMB29P) AppleWebKit/537.36 (KHTML, like Gecko) Chrome/150.0.7871.128 Mobile Safari/537.36 (compatible; Googlebot/2.1; +http://www.google.com/bot.html)"
216.73.217.13 - - [28/Jul/2026:07:19:59 +0200] "GET /thatching/cautiousness/3682398658?loknya=%2Fvar%2Fwww%2Fvhosts%2Fsipek-instalacije.si%2Fhttpdocs%2Fwp-admin%2Fjs HTTP/1.1" 200 11430 "-" "Mozilla/5.0 AppleWebKit/537.36 (KHTML, like Gecko; compatible; ClaudeBot/1.0; +claudebot@anthropic.com)"
66.249.70.110 - - [28/Jul/2026:07:20:01 +0200] "GET /?g=f0i4r1m4a7m3e0n5t412 HTTP/1.1" 200 8763 "-" "Mozilla/5.0 (Linux; Android 6.0.1; Nexus 5X Build/MMB29P) AppleWebKit/537.36 (KHTML, like Gecko) Chrome/150.0.7871.128 Mobile Safari/537.36 (compatible; Googlebot/2.1; +http://www.google.com/bot.html)"
66.249.70.98 - - [28/Jul/2026:07:20:02 +0200] "GET /?g=i7m3m7o6b8i1l8e1047 HTTP/1.1" 200 8765 "-" "Mozilla/5.0 (Linux; Android 6.0.1; Nexus 5X Build/MMB29P) AppleWebKit/537.36 (KHTML, like Gecko) Chrome/150.0.7871.128 Mobile Safari/537.36 (compatible; Googlebot/2.1; +http://www.google.com/bot.html)"
66.249.70.96 - - [28/Jul/2026:07:20:02 +0200] "GET /?g=w3i1n4t4e1r5w9e7e7d65 HTTP/1.1" 200 8765 "-" "Mozilla/5.0 (Linux; Android 6.0.1; Nexus 5X Build/MMB29P) AppleWebKit/537.36 (KHTML, like Gecko) Chrome/150.0.7871.128 Mobile Safari/537.36 (compatible; Googlebot/2.1; +http://www.google.com/bot.html)"
216.73.217.13 - - [28/Jul/2026:07:20:02 +0200] "GET /shops/execrative/h3y1m8e2n7a3l70653?lokasie=%2Fvar%2Fwww%2Fvhosts%2Fsipek-instalacije.si%2Fhttpdocs%2Fwp-includes%2Fms-load.php&loknya=%2Fvar%2Fwww%2Fvhosts%2Fsipek-instalacije.si%2Fhttpdocs%2Fwp-includes HTTP/1.1" 200 13338 "-" "Mozilla/5.0 AppleWebKit/537.36 (KHTML, like Gecko; compatible; ClaudeBot/1.0; +claudebot@anthropic.com)"
66.249.70.109 - - [28/Jul/2026:07:20:03 +0200] "GET /?g=p2a3n8s2t1e3r5e1o4r8a1ma HTTP/1.1" 200 8765 "-" "Mozilla/5.0 (Linux; Android 6.0.1; Nexus 5X Build/MMB29P) AppleWebKit/537.36 (KHTML, like Gecko) Chrome/150.0.7871.128 Mobile Safari/537.36 (compatible; Googlebot/2.1; +http://www.google.com/bot.html)"
66.249.70.97 - - [28/Jul/2026:07:20:03 +0200] "GET /?g=l0y5c0o4t4r0o7p1o2u6s HTTP/1.1" 200 8765 "-" "Mozilla/5.0 (Linux; Android 6.0.1; Nexus 5X Build/MMB29P) AppleWebKit/537.36 (KHTML, like Gecko) Chrome/150.0.7871.128 Mobile Safari/537.36 (compatible; Googlebot/2.1; +http://www.google.com/bot.html)"
66.249.76.226 - - [28/Jul/2026:07:20:03 +0200] "GET /?g=i2n3n8a2r9d3s8375 HTTP/1.1" 200 8764 "-" "Mozilla/5.0 (Linux; Android 6.0.1; Nexus 5X Build/MMB29P) AppleWebKit/537.36 (KHTML, like Gecko) Chrome/150.0.7871.128 Mobile Safari/537.36 (compatible; Googlebot/2.1; +http://www.google.com/bot.html)"
80.94.92.67 - - [28/Jul/2026:07:20:05 +0200] "GET /.git/config HTTP/1.1" 200 8764 "-" "Mozilla/5.0 (Macintosh; Intel Mac OS X 10_15_7) AppleWebKit/605.1.15 (KHTML, like Gecko) Version/16.0 Safari/605.1.15"
216.73.217.13 - - [28/Jul/2026:07:20:05 +0200] "GET /shops/execrative/h3y1m8e2n7a3l70653?lokasie=%2Fvar%2Fwww%2Fvhosts%2Fsipek-instalacije.si%2Fhttpdocs%2Fwp-includes%2Ffeed-atom.php&loknya=%2Fvar%2Fwww%2Fvhosts%2Fsipek-instalacije.si%2Fhttpdocs%2Fwp-includes HTTP/1.1" 200 8309 "-" "Mozilla/5.0 AppleWebKit/537.36 (KHTML, like Gecko; compatible; ClaudeBot/1.0; +claudebot@anthropic.com)"
66.249.70.98 - - [28/Jul/2026:07:20:07 +0200] "GET /?g=q1u1i5b9b2l5i7n9g4l3y7 HTTP/1.1" 200 8765 "-" "Mozilla/5.0 (Linux; Android 6.0.1; Nexus 5X Build/MMB29P) AppleWebKit/537.36 (KHTML, like Gecko) Chrome/150.0.7871.128 Mobile Safari/537.36 (compatible; Googlebot/2.1; +http://www.google.com/bot.html)"
119.156.82.161 - - [28/Jul/2026:07:20:08 +0200] "POST /xmlrpc.php HTTP/1.1" 200 48651 "-" "Jetpack/12.1; WordPress/6.2; http://site52631600.com"
66.249.76.224 - - [28/Jul/2026:07:20:10 +0200] "GET /?g=t2o4f1u8s350389 HTTP/1.1" 200 8764 "-" "Mozilla/5.0 (Linux; Android 6.0.1; Nexus 5X Build/MMB29P) AppleWebKit/537.36 (KHTML, like Gecko) Chrome/150.0.7871.128 Mobile Safari/537.36 (compatible; Googlebot/2.1; +http://www.google.com/bot.html)"
66.249.70.96 - - [28/Jul/2026:07:20:11 +0200] "GET /?g=l1e3a4s2t0w3i0s8e40 HTTP/1.1" 200 8765 "-" "Mozilla/5.0 (Linux; Android 6.0.1; Nexus 5X Build/MMB29P) AppleWebKit/537.36 (KHTML, like Gecko) Chrome/150.0.7871.128 Mobile Safari/537.36 (compatible; Googlebot/2.1; +http://www.google.com/bot.html)"
66.249.70.109 - - [28/Jul/2026:07:20:11 +0200] "GET /?g=s4e1l7f7r6e3p5e2l9l8ing HTTP/1.1" 200 8765 "-" "Mozilla/5.0 (Linux; Android 6.0.1; Nexus 5X Build/MMB29P) AppleWebKit/537.36 (KHTML, like Gecko) Chrome/150.0.7871.128 Mobile Safari/537.36 (compatible; Googlebot/2.1; +http://www.google.com/bot.html)"
66.249.70.97 - - [28/Jul/2026:07:20:11 +0200] "GET /?g=l9i2b9i0d3i0n8i1s5t9 HTTP/1.1" 200 8765 "-" "Mozilla/5.0 (Linux; Android 6.0.1; Nexus 5X Build/MMB29P) AppleWebKit/537.36 (KHTML, like Gecko) Chrome/150.0.7871.128 Mobile Safari/537.36 (compatible; Googlebot/2.1; +http://www.google.com/bot.html)"
216.73.217.13 - - [28/Jul/2026:07:20:11 +0200] "GET /glamourous/t3h2o9m1i9t2e12132?lokasie=%2Fvar%2Fwww%2Fvhosts%2Fsipek-instalacije.si%2Fhttpdocs%2Fwp-includes%2Fhttps-detection.php&loknya=%2Fvar%2Fwww%2Fvhosts%2Fsipek-instalacije.si%2Fhttpdocs%2Fwp-includes HTTP/1.1" 200 9094 "-" "Mozilla/5.0 AppleWebKit/537.36 (KHTML, like Gecko; compatible; ClaudeBot/1.0; +claudebot@anthropic.com)"
216.73.217.13 - - [28/Jul/2026:07:20:15 +0200] "GET /shops/pruinous/r3e3t8r4e8a5d25109?loknya=%2Fvar%2Fwww%2Fvhosts%2Fsipek-instalacije.si%2Fhttpdocs%2Fwp-includes%2Fblocks%2Fmissing HTTP/1.1" 200 7590 "-" "Mozilla/5.0 AppleWebKit/537.36 (KHTML, like Gecko; compatible; ClaudeBot/1.0; +claudebot@anthropic.com)"
66.249.70.96 - - [28/Jul/2026:07:20:16 +0200] "GET /?g=g8l2a0n9c5e71950 HTTP/1.1" 200 8765 "-" "Mozilla/5.0 (Linux; Android 6.0.1; Nexus 5X Build/MMB29P) AppleWebKit/537.36 (KHTML, like Gecko) Chrome/150.0.7871.128 Mobile Safari/537.36 (compatible; Googlebot/2.1; +http://www.google.com/bot.html)"
3.7.204.22 - - [28/Jul/2026:07:20:17 +0200] "GET / HTTP/1.1" 200 8762 "-" "Mozilla/5.0 (Windows NT 10.0; Win64; x64) AppleWebKit/537.36 (KHTML, like Gecko) Chrome/133.0.0.0 Safari/537.36"
216.73.217.13 - - [28/Jul/2026:07:20:18 +0200] "GET /rosery/briered/32820984065?lokasie=%2Fvar%2Fwww%2Fvhosts%2Fsipek-instalacije.si%2Fhttpdocs%2Fwp-includes%2FSimplePie%2Fsrc%2FEnclosure.php&loknya=%2Fvar%2Fwww%2Fvhosts%2Fsipek-instalacije.si%2Fhttpdocs%2Fwp-includes%2FSimplePie%2Fsrc HTTP/1.1" 200 13568 "-" "Mozilla/5.0 AppleWebKit/537.36 (KHTML, like Gecko; compatible; ClaudeBot/1.0; +claudebot@anthropic.com)"
119.156.82.161 - - [28/Jul/2026:07:20:19 +0200] "POST /xmlrpc.php HTTP/1.1" 200 48651 "-" "Jetpack by WordPress.com"
216.73.217.13 - - [28/Jul/2026:07:20:21 +0200] "GET /shops/debtee/s3y1l4l7e4p0t6i7c5a0l2ly?loknya=%2Fvar%2Fwww%2Fvhosts%2Fsipek-instalacije.si%2Fhttpdocs%2Fwp-includes%2Fjs%2Fdist%2Fscript-modules HTTP/1.1" 200 7712 "-" "Mozilla/5.0 AppleWebKit/537.36 (KHTML, like Gecko; compatible; ClaudeBot/1.0; +claudebot@anthropic.com)"
216.73.217.13 - - [28/Jul/2026:07:20:24 +0200] "GET /shops/diamondpoint/p3a1r7o4s7t9o2s0i5s7?lokasie=%2Fvar%2Fwww%2Fvhosts%2Fsipek-instalacije.si%2Fhttpdocs%2Fwp-includes%2Fhttps-migration.php&loknya=%2Fvar%2Fwww%2Fvhosts%2Fsipek-instalacije.si%2Fhttpdocs%2Fwp-includes HTTP/1.1" 200 8692 "-" "Mozilla/5.0 AppleWebKit/537.36 (KHTML, like Gecko; compatible; ClaudeBot/1.0; +claudebot@anthropic.com)"
216.73.217.13 - - [28/Jul/2026:07:20:27 +0200] "GET /shops/permissively/t3h4e1i3s8m970130?loknya=%2Fvar%2Fwww%2Fvhosts%2Fsipek-instalacije.si%2Fhttpdocs%2Fwp-includes%2Fsodium_compat%2Fsrc HTTP/1.1" 200 7977 "-" "Mozilla/5.0 AppleWebKit/537.36 (KHTML, like Gecko; compatible; ClaudeBot/1.0; +claudebot@anthropic.com)"
159.223.76.255 - - [28/Jul/2026:07:20:27 +0200] "GET /?rest_route=%2Fwp%2Fv2%2Fusers&per_page=50 HTTP/1.1" 200 8764 "-" "Mozilla/5.0 (Windows NT 10.0; Win64; x64) AppleWebKit/537.36 (KHTML, like Gecko) Chrome/133.0.0.0 Safari/537.36"
57.141.0.16 - - [28/Jul/2026:07:20:29 +0200] "GET /?g=w1o2o4d8s8a7r3e7202 HTTP/1.1" 200 48647 "-" "Mozilla/5.0 (X11; Linux x86_64) AppleWebKit/537.36 (KHTML, like Gecko) Chrome/145.0.0.0 Safari/537.36 (compatible; meta-externalagent/1.1 (+https://developers.facebook.com/docs/sharing/webmasters/crawler))"
119.156.82.161 - - [28/Jul/2026:07:20:29 +0200] "POST /xmlrpc.php HTTP/1.1" 200 48651 "-" "WordPress.com; https://wordpress.com"
216.73.217.13 - - [28/Jul/2026:07:20:30 +0200] "GET /shops/expectable/h3a1e8m5a2d5r0o0m6e3t0er?loknya=%2Fvar%2Fwww%2Fvhosts%2Fsipek-instalacije.si%2Fhttpdocs%2Fwp-includes%2Fphp-compat HTTP/1.1" 200 7600 "-" "Mozilla/5.0 AppleWebKit/537.36 (KHTML, like Gecko; compatible; ClaudeBot/1.0; +claudebot@anthropic.com)"
103.174.51.103 - - [28/Jul/2026:07:20:31 +0200] "POST /api/graphql HTTP/1.1" 200 8762 "-" "Mozilla/5.0 (Windows NT 10.0; Win64; x64) AppleWebKit/537.36 (KHTML, like Gecko) Chrome/133.0.0.0 Safari/537.36"
121.200.216.55 - - [28/Jul/2026:07:20:31 +0200] "GET /?author=2 HTTP/1.1" 200 8762 "-" "Mozilla/5.0 (Windows NT 10.0; Win64; x64) AppleWebKit/537.36 (KHTML, like Gecko) Chrome/133.0.0.0 Safari/537.36"
66.249.70.110 - - [28/Jul/2026:07:20:32 +0200] "GET /?g=a9q2u4a8r2e2l8l2i5s7t HTTP/1.1" 200 8763 "-" "Mozilla/5.0 (Linux; Android 6.0.1; Nexus 5X Build/MMB29P) AppleWebKit/537.36 (KHTML, like Gecko) Chrome/150.0.7871.128 Mobile Safari/537.36 (compatible; Googlebot/2.1; +http://www.google.com/bot.html)"
216.73.217.13 - - [28/Jul/2026:07:20:33 +0200] "GET /shops/augurous/p3a9y5m1e5n6t7441?loknya=%2Fvar%2Fwww%2Fvhosts%2Fsipek-instalacije.si%2Fhttpdocs%2Fwp-includes%2Fphp-compat HTTP/1.1" 200 7600 "-" "Mozilla/5.0 AppleWebKit/537.36 (KHTML, like Gecko; compatible; ClaudeBot/1.0; +claudebot@anthropic.com)"
37.59.204.144 - - [28/Jul/2026:07:20:34 +0200] "GET /shops/muazzin/c9e2r9a6t3o3m5i8a561 HTTP/1.1" 200 8763 "-" "Mozilla/5.0 (compatible; AhrefsBot/7.0; +http://ahrefs.com/robot/)"
216.73.217.13 - - [28/Jul/2026:07:20:36 +0200] "GET /shops/solidare/s3l3i4n8g7447035?loknya=%2Fvar%2Fwww%2Fvhosts%2Fsipek-instalacije.si%2Fhttpdocs%2Fwp-includes%2Fphp-compat HTTP/1.1" 200 7600 "-" "Mozilla/5.0 AppleWebKit/537.36 (KHTML, like Gecko; compatible; ClaudeBot/1.0; +claudebot@anthropic.com)"
121.200.216.55 - - [28/Jul/2026:07:20:36 +0200] "GET /index.php?rest_route=/wp/v2/users&per_page=50 HTTP/1.1" 200 8762 "-" "Mozilla/5.0 (Windows NT 10.0; Win64; x64) AppleWebKit/537.36 (KHTML, like Gecko) Chrome/133.0.0.0 Safari/537.36"
216.73.217.13 - - [28/Jul/2026:07:20:39 +0200] "GET /crinose/lucida/34188774601?loknya=%2Fvar%2Fwww%2Fvhosts%2Fsipek-instalacije.si%2Fhttpdocs%2Fwp-content%2Fplugins%2Fwoocommerce%2Fsrc%2FBlocks HTTP/1.1" 200 7449 "-" "Mozilla/5.0 AppleWebKit/537.36 (KHTML, like Gecko; compatible; ClaudeBot/1.0; +claudebot@anthropic.com)"
87.106.67.224 - - [28/Jul/2026:07:20:39 +0200] "GET /?author=3 HTTP/1.1" 200 8764 "-" "Mozilla/5.0 (Windows NT 10.0; Win64; x64) AppleWebKit/537.36 (KHTML, like Gecko) Chrome/133.0.0.0 Safari/537.36"
119.156.82.161 - - [28/Jul/2026:07:20:40 +0200] "POST /xmlrpc.php HTTP/1.1" 200 48651 "-" "WordPress.com; https://wordpress.com"
66.249.70.109 - - [28/Jul/2026:07:20:41 +0200] "GET /?g=a9d1v6a2n5c8i3n9g277 HTTP/1.1" 200 8765 "-" "Mozilla/5.0 (Linux; Android 6.0.1; Nexus 5X Build/MMB29P) AppleWebKit/537.36 (KHTML, like Gecko) Chrome/150.0.7871.128 Mobile Safari/537.36 (compatible; Googlebot/2.1; +http://www.google.com/bot.html)"
216.73.217.13 - - [28/Jul/2026:07:20:42 +0200] "GET /shops/tabby/c3h1i3r5o7m3o6n8i3c51?loknya=%2Fvar HTTP/1.1" 200 7282 "-" "Mozilla/5.0 AppleWebKit/537.36 (KHTML, like Gecko; compatible; ClaudeBot/1.0; +claudebot@anthropic.com)"
216.73.217.13 - - [28/Jul/2026:07:20:45 +0200] "GET /shops/dekastere/h3e4a2v0e4d951668?loknya=%2Fvar%2Fwww%2Fvhosts%2Fsipek-instalacije.si%2Fhttpdocs%2Fwp-content%2Fuploads%2Fwpforms HTTP/1.1" 200 7700 "-" "Mozilla/5.0 AppleWebKit/537.36 (KHTML, like Gecko; compatible; ClaudeBot/1.0; +claudebot@anthropic.com)"
45.227.253.15 - - [28/Jul/2026:07:20:47 +0200] "GET /wp-includes/blocks/details/details/index.php?ARRAY=7o2230223n313738353232303137352p2231223n22687474703n5p2s5p2s7n733030327631332r666s726q72792r62757n7n5p2s3s6p633q7068705s636s64655s6n6326743q313738353231363537352q3031393134346137663635333866623363393863373237383231616630393366222p2232223n223763386361323064343037336134623030353262623262326264646639666534222p2233223n226166643066333032373064613330303536656335306131613039343336613433222p2262696r675s70617373223n2232392q34362q35322q36362q37382q38372q3235227q HTTP/1.1" 200 5442 "-" "Mozilla/5.0 (Windows NT 10.0; Win64; x64) AppleWebKit/537.36 (KHTML, like Gecko) Chrome/85.0.4183.83 Safari/537.35"
57.141.0.18 - - [28/Jul/2026:07:20:49 +0200] "GET /assot/eponymist/82601832421 HTTP/1.1" 200 48647 "-" "Mozilla/5.0 (Windows NT 10.0; Win64; x64) AppleWebKit/537.36 (KHTML, like Gecko) Chrome/145.0.0.0 Safari/537.36 (compatible; meta-externalagent/1.1 (+https://developers.facebook.com/docs/sharing/webmasters/crawler))"
119.156.82.161 - - [28/Jul/2026:07:20:51 +0200] "POST /xmlrpc.php HTTP/1.1" 200 48651 "-" "Jetpack/12.5; WordPress/6.1; http://site16565784.com"
216.73.217.13 - - [28/Jul/2026:07:20:51 +0200] "GET /shops/prosemination/o3v2e6r4s1e9w6n641?lokasie=%2Fvar%2Fwww%2Fvhosts%2Fsipek-instalacije.si%2Fhttpdocs%2Fwp-includes%2FRequests%2Fsrc%2FHookManager.php&loknya=%2Fvar%2Fwww%2Fvhosts%2Fsipek-instalacije.si%2Fhttpdocs%2Fwp-includes%2FRequests%2Fsrc HTTP/1.1" 200 7469 "-" "Mozilla/5.0 AppleWebKit/537.36 (KHTML, like Gecko; compatible; ClaudeBot/1.0; +claudebot@anthropic.com)"
216.73.217.13 - - [28/Jul/2026:07:20:52 +0200] "GET /shops/expectable/h3a1e8m5a2d5r0o0m6e3t0er?loknya=%2Fvar%2Fwww%2Fvhosts%2Fsipek-instalacije.si%2Fhttpdocs%2Fwp-includes%2Fblock-patterns HTTP/1.1" 200 7898 "-" "Mozilla/5.0 AppleWebKit/537.36 (KHTML, like Gecko; compatible; ClaudeBot/1.0; +claudebot@anthropic.com)"
216.73.217.13 - - [28/Jul/2026:07:20:55 +0200] "GET /claret/macrophylla/3533132695?lokasie=%2Fvar%2Fwww%2Fvhosts%2Fsipek-instalacije.si%2Fhttpdocs%2Fwp-includes%2Ffunctions.wp-scripts.php&loknya=%2Fvar%2Fwww%2Fvhosts%2Fsipek-instalacije.si%2Fhttpdocs%2Fwp-includes HTTP/1.1" 200 11188 "-" "Mozilla/5.0 AppleWebKit/537.36 (KHTML, like Gecko; compatible; ClaudeBot/1.0; +claudebot@anthropic.com)"
216.73.217.13 - - [28/Jul/2026:07:20:58 +0200] "GET /dodge/cotillion/e3n4t3a9c7k5l3e024?loknya=%2Fvar%2Fwww%2Fvhosts%2Fsipek-instalacije.si%2Fhttpdocs%2Fwp-includes%2Fcss%2Fdist HTTP/1.1" 200 8227 "-" "Mozilla/5.0 AppleWebKit/537.36 (KHTML, like Gecko; compatible; ClaudeBot/1.0; +claudebot@anthropic.com)"
216.73.217.13 - - [28/Jul/2026:07:21:01 +0200] "GET /entomostracous/epithumetic/34197176729?loknya=%2Fvar%2Fwww%2Fvhosts%2Fsipek-instalacije.si%2Fhttpdocs%2Fwp-includes%2FRequests%2Fsrc%2FProxy HTTP/1.1" 200 7601 "-" "Mozilla/5.0 AppleWebKit/537.36 (KHTML, like Gecko; compatible; ClaudeBot/1.0; +claudebot@anthropic.com)"
119.156.82.161 - - [28/Jul/2026:07:21:01 +0200] "POST /xmlrpc.php HTTP/1.1" 200 48651 "-" "Jetpack/13.0; WordPress/6.1; http://site65443163.com"
66.249.70.96 - - [28/Jul/2026:07:21:04 +0200] "GET /shops/sureness/s1y2r1i8n4g9i9n2672 HTTP/1.1" 200 8765 "-" "Mozilla/5.0 (Linux; Android 6.0.1; Nexus 5X Build/MMB29P) AppleWebKit/537.36 (KHTML, like Gecko) Chrome/150.0.7871.128 Mobile Safari/537.36 (compatible; Googlebot/2.1; +http://www.google.com/bot.html)"
216.73.217.13 - - [28/Jul/2026:07:21:04 +0200] "GET /shops/oblanceolate/a3s3s9i5m8i5l9a7t7e16?loknya=%2Fvar%2Fwww%2Fvhosts%2Fsipek-instalacije.si%2Fhttpdocs%2Fwp-admin%2Fcss%2Fcolors HTTP/1.1" 200 8020 "-" "Mozilla/5.0 AppleWebKit/537.36 (KHTML, like Gecko; compatible; ClaudeBot/1.0; +claudebot@anthropic.com)"
66.249.76.224 - - [28/Jul/2026:07:21:05 +0200] "GET /?g=l4i3b8e1l3i2n3g8723 HTTP/1.1" 200 8764 "-" "Mozilla/5.0 (Linux; Android 6.0.1; Nexus 5X Build/MMB29P) AppleWebKit/537.36 (KHTML, like Gecko) Chrome/150.0.7871.128 Mobile Safari/537.36 (compatible; Googlebot/2.1; +http://www.google.com/bot.html)"
66.249.76.224 - - [28/Jul/2026:07:21:05 +0200] "GET /?g=a6p2p4e2a8r6a4n2c8e6s5 HTTP/1.1" 200 8764 "-" "Mozilla/5.0 (Linux; Android 6.0.1; Nexus 5X Build/MMB29P) AppleWebKit/537.36 (KHTML, like Gecko) Chrome/150.0.7871.128 Mobile Safari/537.36 (compatible; Googlebot/2.1; +http://www.google.com/bot.html)"
66.249.76.224 - - [28/Jul/2026:07:21:06 +0200] "GET /?jotter/94076901301 HTTP/1.1" 200 8764 "-" "Mozilla/5.0 (Linux; Android 6.0.1; Nexus 5X Build/MMB29P) AppleWebKit/537.36 (KHTML, like Gecko) Chrome/150.0.7871.128 Mobile Safari/537.36 (compatible; Googlebot/2.1; +http://www.google.com/bot.html)"
66.249.70.109 - - [28/Jul/2026:07:21:05 +0200] "GET /?g=r5e6g6u4l0a3t4o8r04 HTTP/1.1" 200 8765 "-" "Mozilla/5.0 (Linux; Android 6.0.1; Nexus 5X Build/MMB29P) AppleWebKit/537.36 (KHTML, like Gecko) Chrome/150.0.7871.128 Mobile Safari/537.36 (compatible; Googlebot/2.1; +http://www.google.com/bot.html)"
66.249.70.110 - - [28/Jul/2026:07:21:06 +0200] "GET /?g=l4o4h2o9c0k308205 HTTP/1.1" 200 8763 "-" "Mozilla/5.0 (Linux; Android 6.0.1; Nexus 5X Build/MMB29P) AppleWebKit/537.36 (KHTML, like Gecko) Chrome/150.0.7871.128 Mobile Safari/537.36 (compatible; Googlebot/2.1; +http://www.google.com/bot.html)"
66.249.70.96 - - [28/Jul/2026:07:21:05 +0200] "GET /?stillburned/5565200900 HTTP/1.1" 200 8765 "-" "Mozilla/5.0 (Linux; Android 6.0.1; Nexus 5X Build/MMB29P) AppleWebKit/537.36 (KHTML, like Gecko) Chrome/150.0.7871.128 Mobile Safari/537.36 (compatible; Googlebot/2.1; +http://www.google.com/bot.html)"
66.249.70.110 - - [28/Jul/2026:07:21:05 +0200] "GET /?nunez/12596983199 HTTP/1.1" 200 8763 "-" "Mozilla/5.0 (Linux; Android 6.0.1; Nexus 5X Build/MMB29P) AppleWebKit/537.36 (KHTML, like Gecko) Chrome/150.0.7871.128 Mobile Safari/537.36 (compatible; Googlebot/2.1; +http://www.google.com/bot.html)"
