66.249.70.104 - - [28/Jul/2026:06:55:23 +0200] "GET /?tabulae/91017872711 HTTP/1.1" 200 8800 "-" "Mozilla/5.0 (Linux; Android 6.0.1; Nexus 5X Build/MMB29P) AppleWebKit/537.36 (KHTML, like Gecko) Chrome/150.0.7871.128 Mobile Safari/537.36 (compatible; Googlebot/2.1; +http://www.google.com/bot.html)"
66.249.70.98 - - [28/Jul/2026:06:55:22 +0200] "GET /online/1000-Lm-Portable-Avec-Pince-Rotative-360-4000-MAh-544811 HTTP/1.1" 200 100206 "-" "Mozilla/5.0 (Linux; Android 6.0.1; Nexus 5X Build/MMB29P) AppleWebKit/537.36 (KHTML, like Gecko) Chrome/150.0.7871.128 Mobile Safari/537.36 (compatible; Googlebot/2.1; +http://www.google.com/bot.html)"
66.249.70.109 - - [28/Jul/2026:06:55:22 +0200] "GET /online/Femme-Marvel-Venom-Dos-Nageur-Imprim-T-te-Venom-Taille-618933 HTTP/1.1" 200 100271 "-" "Mozilla/5.0 (Linux; Android 6.0.1; Nexus 5X Build/MMB29P) AppleWebKit/537.36 (KHTML, like Gecko) Chrome/150.0.7871.128 Mobile Safari/537.36 (compatible; Googlebot/2.1; +http://www.google.com/bot.html)"
66.249.76.238 - - [28/Jul/2026:06:55:24 +0200] "GET /?g=f4e2r5r1u4g0i0n0e6u5s2 HTTP/1.1" 200 8800 "-" "Mozilla/5.0 (Linux; Android 6.0.1; Nexus 5X Build/MMB29P) AppleWebKit/537.36 (KHTML, like Gecko) Chrome/150.0.7871.128 Mobile Safari/537.36 (compatible; Googlebot/2.1; +http://www.google.com/bot.html)"
216.73.217.13 - - [28/Jul/2026:06:55:24 +0200] "GET /disguise/s3p1e2c8u2l7a91817?lokasie=%2Fvar%2Fwww%2Fvhosts%2Fsipek-instalacije.si%2Fhttpdocs%2Fwp-includes%2Fblock-patterns.php&loknya=%2Fvar%2Fwww%2Fvhosts%2Fsipek-instalacije.si%2Fhttpdocs%2Fwp-includes HTTP/1.1" 200 10235 "-" "Mozilla/5.0 AppleWebKit/537.36 (KHTML, like Gecko; compatible; ClaudeBot/1.0; +claudebot@anthropic.com)"
66.249.70.97 - - [28/Jul/2026:06:55:24 +0200] "GET /?g=b1e3d8s7t0o6c4k153 HTTP/1.1" 200 8801 "-" "Mozilla/5.0 (Linux; Android 6.0.1; Nexus 5X Build/MMB29P) AppleWebKit/537.36 (KHTML, like Gecko) Chrome/150.0.7871.128 Mobile Safari/537.36 (compatible; Googlebot/2.1; +http://www.google.com/bot.html)"
66.249.76.224 - - [28/Jul/2026:06:55:25 +0200] "GET /?g=s8p3i6k9e3n9a7r6d140 HTTP/1.1" 200 8799 "-" "Mozilla/5.0 (Linux; Android 6.0.1; Nexus 5X Build/MMB29P) AppleWebKit/537.36 (KHTML, like Gecko) Chrome/150.0.7871.128 Mobile Safari/537.36 (compatible; Googlebot/2.1; +http://www.google.com/bot.html)"
66.249.70.109 - - [28/Jul/2026:06:55:24 +0200] "GET /online/Femme-Grande-Taille-Col-Rond-Manches-3-4-Coton-Doux-Rose-532648 HTTP/1.1" 200 100257 "-" "Mozilla/5.0 (Linux; Android 6.0.1; Nexus 5X Build/MMB29P) AppleWebKit/537.36 (KHTML, like Gecko) Chrome/150.0.7871.128 Mobile Safari/537.36 (compatible; Googlebot/2.1; +http://www.google.com/bot.html)"
66.249.70.110 - - [28/Jul/2026:06:55:26 +0200] "GET /?g=a4c9c1u2s3t9o3m9a2b5le HTTP/1.1" 200 8799 "-" "Mozilla/5.0 (Linux; Android 6.0.1; Nexus 5X Build/MMB29P) AppleWebKit/537.36 (KHTML, like Gecko) Chrome/150.0.7871.128 Mobile Safari/537.36 (compatible; Googlebot/2.1; +http://www.google.com/bot.html)"
66.249.76.238 - - [28/Jul/2026:06:55:26 +0200] "GET /?g=c1h4a0f2f206155 HTTP/1.1" 200 8800 "-" "Mozilla/5.0 (Linux; Android 6.0.1; Nexus 5X Build/MMB29P) AppleWebKit/537.36 (KHTML, like Gecko) Chrome/150.0.7871.128 Mobile Safari/537.36 (compatible; Googlebot/2.1; +http://www.google.com/bot.html)"
66.249.70.100 - - [28/Jul/2026:06:55:25 +0200] "GET /online/Caca-Sortant-Rose-Taille-S-Gadget-Humoristique-Pour-878004 HTTP/1.1" 200 100566 "-" "Mozilla/5.0 (Linux; Android 6.0.1; Nexus 5X Build/MMB29P) AppleWebKit/537.36 (KHTML, like Gecko) Chrome/150.0.7871.128 Mobile Safari/537.36 (compatible; Googlebot/2.1; +http://www.google.com/bot.html)"
66.249.70.98 - - [28/Jul/2026:06:55:26 +0200] "GET /?corruptress/4357610221 HTTP/1.1" 200 8801 "-" "Mozilla/5.0 (Linux; Android 6.0.1; Nexus 5X Build/MMB29P) AppleWebKit/537.36 (KHTML, like Gecko) Chrome/150.0.7871.128 Mobile Safari/537.36 (compatible; Googlebot/2.1; +http://www.google.com/bot.html)"
66.249.76.237 - - [28/Jul/2026:06:55:26 +0200] "GET /online/3e-G-n-ration-Noir-Installation-Facile-1072405 HTTP/1.1" 200 100266 "-" "Mozilla/5.0 (Linux; Android 6.0.1; Nexus 5X Build/MMB29P) AppleWebKit/537.36 (KHTML, like Gecko) Chrome/150.0.7871.128 Mobile Safari/537.36 (compatible; Googlebot/2.1; +http://www.google.com/bot.html)"
216.73.217.13 - - [28/Jul/2026:06:55:27 +0200] "GET /shops/debtee/s3y1l4l7e4p0t6i7c5a0l2ly?loknya=%2Fvar%2Fwww%2Fvhosts%2Fsipek-instalacije.si%2Fhttpdocs%2Fwp-includes%2Fjs%2Ftinymce HTTP/1.1" 200 8020 "-" "Mozilla/5.0 AppleWebKit/537.36 (KHTML, like Gecko; compatible; ClaudeBot/1.0; +claudebot@anthropic.com)"
66.249.70.110 - - [28/Jul/2026:06:55:27 +0200] "GET /online/Carte-D-039-Anniversaire-Musicale-Licorne-Pour-Enfant-Bentino-617098 HTTP/1.1" 200 100237 "-" "Mozilla/5.0 (Linux; Android 6.0.1; Nexus 5X Build/MMB29P) AppleWebKit/537.36 (KHTML, like Gecko) Chrome/150.0.7871.128 Mobile Safari/537.36 (compatible; Googlebot/2.1; +http://www.google.com/bot.html)"
66.249.70.97 - - [28/Jul/2026:06:55:27 +0200] "GET /online/Pantalon-De-Travail-Homme-Castle-Clothing-Workforce-Cargo-981966 HTTP/1.1" 200 99675 "-" "Mozilla/5.0 (Linux; Android 6.0.1; Nexus 5X Build/MMB29P) AppleWebKit/537.36 (KHTML, like Gecko) Chrome/150.0.7871.128 Mobile Safari/537.36 (compatible; Googlebot/2.1; +http://www.google.com/bot.html)"
66.249.70.102 - - [28/Jul/2026:06:55:28 +0200] "GET /shops/fleshiest/v4i3r9i6d6e1s8c7e1n2t7 HTTP/1.1" 200 8801 "-" "Mozilla/5.0 (Linux; Android 6.0.1; Nexus 5X Build/MMB29P) AppleWebKit/537.36 (KHTML, like Gecko) Chrome/150.0.7871.128 Mobile Safari/537.36 (compatible; Googlebot/2.1; +http://www.google.com/bot.html)"
66.249.70.99 - - [28/Jul/2026:06:55:28 +0200] "GET /?g=i3m1m7u9n9o1g9e8n005 HTTP/1.1" 200 8801 "-" "Mozilla/5.0 (Linux; Android 6.0.1; Nexus 5X Build/MMB29P) AppleWebKit/537.36 (KHTML, like Gecko) Chrome/150.0.7871.128 Mobile Safari/537.36 (compatible; Googlebot/2.1; +http://www.google.com/bot.html)"
66.249.76.238 - - [28/Jul/2026:06:55:29 +0200] "GET /?g=s6n1a4k8e7f6i3s4h988 HTTP/1.1" 200 8800 "-" "Mozilla/5.0 (Linux; Android 6.0.1; Nexus 5X Build/MMB29P) AppleWebKit/537.36 (KHTML, like Gecko) Chrome/150.0.7871.128 Mobile Safari/537.36 (compatible; Googlebot/2.1; +http://www.google.com/bot.html)"
66.249.70.104 - - [28/Jul/2026:06:55:28 +0200] "GET /online/PVC-1-2-quot-QUARKZMAN-2-Pi-ces-Poign-e-En-T-Filetage-659398 HTTP/1.1" 200 100596 "-" "Mozilla/5.0 (Linux; Android 6.0.1; Nexus 5X Build/MMB29P) AppleWebKit/537.36 (KHTML, like Gecko) Chrome/150.0.7871.128 Mobile Safari/537.36 (compatible; Googlebot/2.1; +http://www.google.com/bot.html)"
216.73.217.13 - - [28/Jul/2026:06:55:30 +0200] "GET /shops/worked/c3l8o5y6i2n3g5808?loknya=%2Fvar%2Fwww%2Fvhosts%2Fsipek-instalacije.si%2Fhttpdocs%2Fwp-includes HTTP/1.1" 200 18183 "-" "Mozilla/5.0 AppleWebKit/537.36 (KHTML, like Gecko; compatible; ClaudeBot/1.0; +claudebot@anthropic.com)"
66.249.70.104 - - [28/Jul/2026:06:55:29 +0200] "GET /online/Aluminium-CNC-Rouge-Noir-Pour-Yamaha-R1-R3-R6-R7-R25-R125-1233194 HTTP/1.1" 200 100362 "-" "Mozilla/5.0 (Linux; Android 6.0.1; Nexus 5X Build/MMB29P) AppleWebKit/537.36 (KHTML, like Gecko) Chrome/150.0.7871.128 Mobile Safari/537.36 (compatible; Googlebot/2.1; +http://www.google.com/bot.html)"
66.249.76.231 - - [28/Jul/2026:06:55:30 +0200] "GET /?g=i8n1c0u3m7b0e3n3c3y91 HTTP/1.1" 200 8801 "-" "Mozilla/5.0 (Linux; Android 6.0.1; Nexus 5X Build/MMB29P) AppleWebKit/537.36 (KHTML, like Gecko) Chrome/150.0.7871.128 Mobile Safari/537.36 (compatible; Googlebot/2.1; +http://www.google.com/bot.html)"
66.249.70.99 - - [28/Jul/2026:06:55:30 +0200] "GET /?g=c4e2p8h4a3l6o3m6e5t5ric HTTP/1.1" 200 8801 "-" "Mozilla/5.0 (Linux; Android 6.0.1; Nexus 5X Build/MMB29P) AppleWebKit/537.36 (KHTML, like Gecko) Chrome/150.0.7871.128 Mobile Safari/537.36 (compatible; Googlebot/2.1; +http://www.google.com/bot.html)"
66.249.70.105 - - [28/Jul/2026:06:55:30 +0200] "GET /shops/toonwood/b7i3r0d7c4a2g1e5784 HTTP/1.1" 200 8802 "-" "Mozilla/5.0 (Linux; Android 6.0.1; Nexus 5X Build/MMB29P) AppleWebKit/537.36 (KHTML, like Gecko) Chrome/150.0.7871.128 Mobile Safari/537.36 (compatible; Googlebot/2.1; +http://www.google.com/bot.html)"
66.249.76.224 - - [28/Jul/2026:06:55:32 +0200] "GET /?g=k0i1n0d0l3i8n9e6s0s79 HTTP/1.1" 200 8799 "-" "Mozilla/5.0 (Linux; Android 6.0.1; Nexus 5X Build/MMB29P) AppleWebKit/537.36 (KHTML, like Gecko) Chrome/150.0.7871.128 Mobile Safari/537.36 (compatible; Googlebot/2.1; +http://www.google.com/bot.html)"
66.249.70.99 - - [28/Jul/2026:06:55:32 +0200] "GET /?g=t0i3m0o0n7e5e4r7108 HTTP/1.1" 200 8801 "-" "Mozilla/5.0 (Linux; Android 6.0.1; Nexus 5X Build/MMB29P) AppleWebKit/537.36 (KHTML, like Gecko) Chrome/150.0.7871.128 Mobile Safari/537.36 (compatible; Googlebot/2.1; +http://www.google.com/bot.html)"
66.249.70.106 - - [28/Jul/2026:06:55:32 +0200] "GET /?g=q4u1a6r2t4a9n2e9543 HTTP/1.1" 200 8801 "-" "Mozilla/5.0 (Linux; Android 6.0.1; Nexus 5X Build/MMB29P) AppleWebKit/537.36 (KHTML, like Gecko) Chrome/150.0.7871.128 Mobile Safari/537.36 (compatible; Googlebot/2.1; +http://www.google.com/bot.html)"
66.249.70.98 - - [28/Jul/2026:06:55:32 +0200] "GET /online/Sanrio-My-Melody-Format-B6-D-bute-Octobre-2025-Papeterie-535069 HTTP/1.1" 200 100541 "-" "Mozilla/5.0 (Linux; Android 6.0.1; Nexus 5X Build/MMB29P) AppleWebKit/537.36 (KHTML, like Gecko) Chrome/150.0.7871.128 Mobile Safari/537.36 (compatible; Googlebot/2.1; +http://www.google.com/bot.html)"
66.249.76.225 - - [28/Jul/2026:06:55:32 +0200] "GET /online/WiFi-Ext-rieur-IP44-Commande-Vocale-Alexa-Google-497439 HTTP/1.1" 200 99767 "-" "Mozilla/5.0 (Linux; Android 6.0.1; Nexus 5X Build/MMB29P) AppleWebKit/537.36 (KHTML, like Gecko) Chrome/150.0.7871.128 Mobile Safari/537.36 (compatible; Googlebot/2.1; +http://www.google.com/bot.html)"
66.249.70.109 - - [28/Jul/2026:06:55:34 +0200] "GET /?g=d0e4m1i6s7a0b5l0e173 HTTP/1.1" 200 8801 "-" "Mozilla/5.0 (Linux; Android 6.0.1; Nexus 5X Build/MMB29P) AppleWebKit/537.36 (KHTML, like Gecko) Chrome/150.0.7871.128 Mobile Safari/537.36 (compatible; Googlebot/2.1; +http://www.google.com/bot.html)"
66.249.70.100 - - [28/Jul/2026:06:55:33 +0200] "GET /?g=h6a2r5p7i5e4s17765 HTTP/1.1" 200 8801 "-" "Mozilla/5.0 (Linux; Android 6.0.1; Nexus 5X Build/MMB29P) AppleWebKit/537.36 (KHTML, like Gecko) Chrome/150.0.7871.128 Mobile Safari/537.36 (compatible; Googlebot/2.1; +http://www.google.com/bot.html)"
66.249.70.108 - - [28/Jul/2026:06:55:32 +0200] "GET /online/De-Protection-Renforc-Pour-Surface-Go-2-Surface-Go-Noir-591624 HTTP/1.1" 200 100034 "-" "Mozilla/5.0 (Linux; Android 6.0.1; Nexus 5X Build/MMB29P) AppleWebKit/537.36 (KHTML, like Gecko) Chrome/150.0.7871.128 Mobile Safari/537.36 (compatible; Googlebot/2.1; +http://www.google.com/bot.html)"
66.249.70.99 - - [28/Jul/2026:06:55:34 +0200] "GET /?g=d3e2t1r4a5c2t3e4r295 HTTP/1.1" 200 8801 "-" "Mozilla/5.0 (Linux; Android 6.0.1; Nexus 5X Build/MMB29P) AppleWebKit/537.36 (KHTML, like Gecko) Chrome/150.0.7871.128 Mobile Safari/537.36 (compatible; Googlebot/2.1; +http://www.google.com/bot.html)"
216.73.217.13 - - [28/Jul/2026:06:55:33 +0200] "GET /pulpitically/a3v1a3r2a8m900557?lokasie=%2Fvar%2Fwww%2Fvhosts%2Fsipek-instalacije.si%2Fhttpdocs%2Fwp-includes%2Fregistration-functions.php&loknya=%2Fvar%2Fwww%2Fvhosts%2Fsipek-instalacije.si%2Fhttpdocs%2Fwp-includes HTTP/1.1" 200 7233 "-" "Mozilla/5.0 AppleWebKit/537.36 (KHTML, like Gecko; compatible; ClaudeBot/1.0; +claudebot@anthropic.com)"
66.249.70.98 - - [28/Jul/2026:06:55:35 +0200] "GET /?g=b6u8i1l0d2e4r1s081 HTTP/1.1" 200 8801 "-" "Mozilla/5.0 (Linux; Android 6.0.1; Nexus 5X Build/MMB29P) AppleWebKit/537.36 (KHTML, like Gecko) Chrome/150.0.7871.128 Mobile Safari/537.36 (compatible; Googlebot/2.1; +http://www.google.com/bot.html)"
66.249.70.97 - - [28/Jul/2026:06:55:34 +0200] "GET /?g=c5o2m3f1o7r1t4l2e4s0s2 HTTP/1.1" 200 8801 "-" "Mozilla/5.0 (Linux; Android 6.0.1; Nexus 5X Build/MMB29P) AppleWebKit/537.36 (KHTML, like Gecko) Chrome/150.0.7871.128 Mobile Safari/537.36 (compatible; Googlebot/2.1; +http://www.google.com/bot.html)"
66.249.70.104 - - [28/Jul/2026:06:55:35 +0200] "GET /?g=m1a2r1c0h2m0a1n3621 HTTP/1.1" 200 8800 "-" "Mozilla/5.0 (Linux; Android 6.0.1; Nexus 5X Build/MMB29P) AppleWebKit/537.36 (KHTML, like Gecko) Chrome/150.0.7871.128 Mobile Safari/537.36 (compatible; Googlebot/2.1; +http://www.google.com/bot.html)"
66.249.70.107 - - [28/Jul/2026:06:55:36 +0200] "GET /?platometer/62994694744 HTTP/1.1" 200 8802 "-" "Mozilla/5.0 (Linux; Android 6.0.1; Nexus 5X Build/MMB29P) AppleWebKit/537.36 (KHTML, like Gecko) Chrome/150.0.7871.128 Mobile Safari/537.36 (compatible; Googlebot/2.1; +http://www.google.com/bot.html)"
66.249.76.230 - - [28/Jul/2026:06:55:35 +0200] "GET /online/le-WiFi-Vocal-Alexa-Google-Minuterie-Et-Mode-Absence-Type-512017 HTTP/1.1" 200 100309 "-" "Mozilla/5.0 (Linux; Android 6.0.1; Nexus 5X Build/MMB29P) AppleWebKit/537.36 (KHTML, like Gecko) Chrome/150.0.7871.128 Mobile Safari/537.36 (compatible; Googlebot/2.1; +http://www.google.com/bot.html)"
66.249.76.231 - - [28/Jul/2026:06:55:34 +0200] "GET /online/Jean-HUGO-Elyah-b-Femme-Coupe-Droite-10270465-1113059 HTTP/1.1" 200 100237 "-" "Mozilla/5.0 (Linux; Android 6.0.1; Nexus 5X Build/MMB29P) AppleWebKit/537.36 (KHTML, like Gecko) Chrome/150.0.7871.128 Mobile Safari/537.36 (compatible; Googlebot/2.1; +http://www.google.com/bot.html)"
66.249.76.226 - - [28/Jul/2026:06:55:36 +0200] "GET /?g=f6u3c3h7s3160221 HTTP/1.1" 200 8800 "-" "Mozilla/5.0 (Linux; Android 6.0.1; Nexus 5X Build/MMB29P) AppleWebKit/537.36 (KHTML, like Gecko) Chrome/150.0.7871.128 Mobile Safari/537.36 (compatible; Googlebot/2.1; +http://www.google.com/bot.html)"
66.249.70.96 - - [28/Jul/2026:06:55:36 +0200] "GET /online/es-Stance-CLOAKED-CREW-D-lav-es-Noir-Taille-L-43-47-1235179 HTTP/1.1" 200 100672 "-" "Mozilla/5.0 (Linux; Android 6.0.1; Nexus 5X Build/MMB29P) AppleWebKit/537.36 (KHTML, like Gecko) Chrome/150.0.7871.128 Mobile Safari/537.36 (compatible; Googlebot/2.1; +http://www.google.com/bot.html)"
216.73.217.13 - - [28/Jul/2026:06:55:36 +0200] "GET /pygopodes/m3e2r1g7e2158062?lokasie=%2Fvar%2Fwww%2Fvhosts%2Fsipek-instalacije.si%2Fhttpdocs%2Fwp-admin%2Fcomment.php&loknya=%2Fvar%2Fwww%2Fvhosts%2Fsipek-instalacije.si%2Fhttpdocs%2Fwp-admin HTTP/1.1" 200 10424 "-" "Mozilla/5.0 AppleWebKit/537.36 (KHTML, like Gecko; compatible; ClaudeBot/1.0; +claudebot@anthropic.com)"
216.73.217.13 - - [28/Jul/2026:06:55:39 +0200] "GET /shops/hardfeatured/d3a3n1d5y8907159?lokasie=%2Fvar%2Fwww%2Fvhosts%2Fsipek-instalacije.si%2Fhttpdocs%2Fwp-includes%2Fblocks%2Fquery-pagination.php&loknya=%2Fvar%2Fwww%2Fvhosts%2Fsipek-instalacije.si%2Fhttpdocs%2Fwp-includes%2Fblocks HTTP/1.1" 200 7641 "-" "Mozilla/5.0 AppleWebKit/537.36 (KHTML, like Gecko; compatible; ClaudeBot/1.0; +claudebot@anthropic.com)"
57.141.0.52 - - [28/Jul/2026:06:55:39 +0200] "GET /shops/fettered/r6e4t0a4i9l1e4d1658 HTTP/1.1" 200 50120 "-" "Mozilla/5.0 (Windows NT 10.0; Win64; x64) AppleWebKit/537.36 (KHTML, like Gecko) Chrome/145.0.0.0 Safari/537.36 (compatible; meta-externalagent/1.1 (+https://developers.facebook.com/docs/sharing/webmasters/crawler))"
216.73.217.13 - - [28/Jul/2026:06:55:42 +0200] "GET /shops/electioneer/w3o2o7d8w6a5l5e1845?lokasie=%2Fvar%2Fwww%2Fvhosts%2Fsipek-instalacije.si%2Fhttpdocs%2Fwp-admin%2Fwidgets-form.php&loknya=%2Fvar%2Fwww%2Fvhosts%2Fsipek-instalacije.si%2Fhttpdocs%2Fwp-admin HTTP/1.1" 200 13055 "-" "Mozilla/5.0 AppleWebKit/537.36 (KHTML, like Gecko; compatible; ClaudeBot/1.0; +claudebot@anthropic.com)"
66.249.76.224 - - [28/Jul/2026:06:55:42 +0200] "GET /?g=e1x3p8r4e7s8s1i1o0n52 HTTP/1.1" 200 8799 "-" "Mozilla/5.0 (Linux; Android 6.0.1; Nexus 5X Build/MMB29P) AppleWebKit/537.36 (KHTML, like Gecko) Chrome/150.0.7871.128 Mobile Safari/537.36 (compatible; Googlebot/2.1; +http://www.google.com/bot.html)"
66.249.70.105 - - [28/Jul/2026:06:55:45 +0200] "GET /?g=h2e2u6c2h7e3r8a2680 HTTP/1.1" 200 8802 "-" "Mozilla/5.0 (Linux; Android 6.0.1; Nexus 5X Build/MMB29P) AppleWebKit/537.36 (KHTML, like Gecko) Chrome/150.0.7871.128 Mobile Safari/537.36 (compatible; Googlebot/2.1; +http://www.google.com/bot.html)"
57.141.0.51 - - [28/Jul/2026:06:55:46 +0200] "GET /?g=v7a4l1l4a3551625 HTTP/1.1" 200 8799 "-" "Mozilla/5.0 (Windows NT 10.0; Win64; x64) AppleWebKit/537.36 (KHTML, like Gecko) Chrome/145.0.0.0 Safari/537.36 (compatible; meta-externalagent/1.1 (+https://developers.facebook.com/docs/sharing/webmasters/crawler))"
216.73.217.13 - - [28/Jul/2026:06:55:48 +0200] "GET /shops/frenchmen/a3l5g5a1e760030?loknya=%2Fvar%2Fwww%2Fvhosts%2Fsipek-instalacije.si%2Fhttpdocs%2Fwp-content%2Fuploads HTTP/1.1" 200 29035 "-" "Mozilla/5.0 AppleWebKit/537.36 (KHTML, like Gecko; compatible; ClaudeBot/1.0; +claudebot@anthropic.com)"
216.73.217.13 - - [28/Jul/2026:06:55:51 +0200] "GET /shops/brunt/c3a2f5f4e1i1c95615?lokasie=%2Fvar%2Fwww%2Fvhosts%2Fsipek-instalacije.si%2Fhttpdocs%2Fwp-includes%2Fblocks%2F%2Flegacy-widget.php&loknya=%2Fvar%2Fwww%2Fvhosts%2Fsipek-instalacije.si%2Fhttpdocs%2Fwp-includes%2Fblocks%2F HTTP/1.1" 200 8680 "-" "Mozilla/5.0 AppleWebKit/537.36 (KHTML, like Gecko; compatible; ClaudeBot/1.0; +claudebot@anthropic.com)"
57.141.0.63 - - [28/Jul/2026:06:55:52 +0200] "GET /shops/brunswick/k7o3u7l9a7n239907 HTTP/1.1" 200 50120 "-" "Mozilla/5.0 (Macintosh; Intel Mac OS X 10_15_7) AppleWebKit/537.36 (KHTML, like Gecko) Chrome/145.0.0.0 Safari/537.36 (compatible; meta-externalagent/1.1 (+https://developers.facebook.com/docs/sharing/webmasters/crawler))"
216.73.217.13 - - [28/Jul/2026:06:55:54 +0200] "GET /polyedron/p3t2e5r2o8b8r1a1n8c3h2ia?lokasie=%2Fvar%2Fwww%2Fvhosts%2Fsipek-instalacije.si%2Fhttpdocs%2Fwp-includes%2Ftheme-compat%2Fembed-content.php&loknya=%2Fvar%2Fwww%2Fvhosts%2Fsipek-instalacije.si%2Fhttpdocs%2Fwp-includes%2Ftheme-compat HTTP/1.1" 200 8237 "-" "Mozilla/5.0 AppleWebKit/537.36 (KHTML, like Gecko; compatible; ClaudeBot/1.0; +claudebot@anthropic.com)"
66.249.76.236 - - [28/Jul/2026:06:55:55 +0200] "GET /?g=c5a2r5b0o1r4u7n0d7u9m4 HTTP/1.1" 200 8800 "-" "Mozilla/5.0 (Linux; Android 6.0.1; Nexus 5X Build/MMB29P) AppleWebKit/537.36 (KHTML, like Gecko) Chrome/150.0.7871.128 Mobile Safari/537.36 (compatible; Googlebot/2.1; +http://www.google.com/bot.html)"
51.68.247.215 - - [28/Jul/2026:06:55:56 +0200] "GET /unwearied/ingroup/9363127063 HTTP/1.1" 200 8803 "-" "Mozilla/5.0 (compatible; AhrefsBot/7.0; +http://ahrefs.com/robot/)"
216.73.217.13 - - [28/Jul/2026:06:55:57 +0200] "GET /declaratory/c3l6a6r8i5f1y672?lokasie=%2Fvar%2Fwww%2Fvhosts%2Fsipek-instalacije.si%2Fhttpdocs%2Fwp-includes%2Fclass-requests.php&loknya=%2Fvar%2Fwww%2Fvhosts%2Fsipek-instalacije.si%2Fhttpdocs%2Fwp-includes HTTP/1.1" 200 7954 "-" "Mozilla/5.0 AppleWebKit/537.36 (KHTML, like Gecko; compatible; ClaudeBot/1.0; +claudebot@anthropic.com)"
216.73.217.13 - - [28/Jul/2026:06:56:00 +0200] "GET /contusing/c3y3r6e7n9a9i7c5u9s57?loknya=%2Fvar%2Fwww%2Fvhosts%2Fsipek-instalacije.si%2Fhttpdocs%2Fwp-includes%2Fsodium_compat%2Flib HTTP/1.1" 200 7975 "-" "Mozilla/5.0 AppleWebKit/537.36 (KHTML, like Gecko; compatible; ClaudeBot/1.0; +claudebot@anthropic.com)"
216.73.217.13 - - [28/Jul/2026:06:56:03 +0200] "GET /kobellite/symphytism/31258537879?lokasie=%2Fvar%2Fwww%2Fvhosts%2Fsipek-instalacije.si%2Fhttpdocs%2Fwp-admin%2Fload-scripts.php&loknya=%2Fvar%2Fwww%2Fvhosts%2Fsipek-instalacije.si%2Fhttpdocs%2Fwp-admin HTTP/1.1" 200 8097 "-" "Mozilla/5.0 AppleWebKit/537.36 (KHTML, like Gecko; compatible; ClaudeBot/1.0; +claudebot@anthropic.com)"
216.73.217.13 - - [28/Jul/2026:06:56:06 +0200] "GET /shops/hardfeatured/d3a3n1d5y8907159?lokasie=%2Fvar%2Fwww%2Fvhosts%2Fsipek-instalacije.si%2Fhttpdocs%2Fwp-admin%2Fmenu.php&loknya=%2Fvar%2Fwww%2Fvhosts%2Fsipek-instalacije.si%2Fhttpdocs%2Fwp-admin HTTP/1.1" 200 11726 "-" "Mozilla/5.0 AppleWebKit/537.36 (KHTML, like Gecko; compatible; ClaudeBot/1.0; +claudebot@anthropic.com)"
66.249.76.238 - - [28/Jul/2026:06:56:08 +0200] "GET /online/Contr-le-Tactile-WiFi-BSEED-Avec-Passerelle-Zigbee-Tuya-Et-485205 HTTP/1.1" 200 100013 "-" "Mozilla/5.0 (Linux; Android 6.0.1; Nexus 5X Build/MMB29P) AppleWebKit/537.36 (KHTML, like Gecko) Chrome/150.0.7871.128 Mobile Safari/537.36 (compatible; Googlebot/2.1; +http://www.google.com/bot.html)"
216.73.217.13 - - [28/Jul/2026:06:56:09 +0200] "GET /paradise/inductometer/32447997731?loknya=%2Fvar%2Fwww%2Fvhosts HTTP/1.1" 200 7304 "-" "Mozilla/5.0 AppleWebKit/537.36 (KHTML, like Gecko; compatible; ClaudeBot/1.0; +claudebot@anthropic.com)"
57.141.0.1 - - [28/Jul/2026:06:56:08 +0200] "GET /?g=c7o1r2a2l6s688334 HTTP/1.1" 200 50119 "-" "Mozilla/5.0 (X11; Linux x86_64) AppleWebKit/537.36 (KHTML, like Gecko) Chrome/145.0.0.0 Safari/537.36 (compatible; meta-externalagent/1.1 (+https://developers.facebook.com/docs/sharing/webmasters/crawler))"
66.249.70.107 - - [28/Jul/2026:06:56:11 +0200] "GET /?g=c3o3m4m0e9n1t2e7d14 HTTP/1.1" 200 8802 "-" "Mozilla/5.0 (Linux; Android 6.0.1; Nexus 5X Build/MMB29P) AppleWebKit/537.36 (KHTML, like Gecko) Chrome/150.0.7871.128 Mobile Safari/537.36 (compatible; Googlebot/2.1; +http://www.google.com/bot.html)"
216.73.217.13 - - [28/Jul/2026:06:56:12 +0200] "GET /shops/mischosen/w3a5t2e7r8i1n6g082?loknya=%2Fvar%2Fwww%2Fvhosts%2Fsipek-instalacije.si%2Fhttpdocs%2Fwp-includes%2FRequests%2Fsrc HTTP/1.1" 200 8545 "-" "Mozilla/5.0 AppleWebKit/537.36 (KHTML, like Gecko; compatible; ClaudeBot/1.0; +claudebot@anthropic.com)"
216.73.217.13 - - [28/Jul/2026:06:56:15 +0200] "GET /shops/estopping/c3o3n1c8u0r4r0e7n3c9e1?lokasie=%2Fvar%2Fwww%2Fvhosts%2Fsipek-instalacije.si%2Fhttpdocs%2Fwp-includes%2Ffunctions.wp-scripts.php&loknya=%2Fvar%2Fwww%2Fvhosts%2Fsipek-instalacije.si%2Fhttpdocs%2Fwp-includes HTTP/1.1" 200 11188 "-" "Mozilla/5.0 AppleWebKit/537.36 (KHTML, like Gecko; compatible; ClaudeBot/1.0; +claudebot@anthropic.com)"
80.97.160.132 - - [28/Jul/2026:06:56:15 +0200] "GET /inputs.php HTTP/1.1" 200 8800 "https://sipek-instalacije.si/inputs.php" "Mozilla/5.0 (Windows NT 10.0; Win64; x64) AppleWebKit/537.36 (KHTML, like Gecko) Chrome/58.0.3029.110 Safari/537.3"
66.249.70.98 - - [28/Jul/2026:06:56:18 +0200] "GET /?florida/51988936345 HTTP/1.1" 200 8801 "-" "Mozilla/5.0 (Linux; Android 6.0.1; Nexus 5X Build/MMB29P) AppleWebKit/537.36 (KHTML, like Gecko) Chrome/150.0.7871.128 Mobile Safari/537.36 (compatible; Googlebot/2.1; +http://www.google.com/bot.html)"
216.73.217.13 - - [28/Jul/2026:06:56:18 +0200] "GET /shops/alignment/b3e1n7n2e3223568?lokasie=%2Fvar%2Fwww%2Fvhosts%2Fsipek-instalacije.si%2Fhttpdocs%2Fwp-admin%2Fadmin-footer.php&loknya=%2Fvar%2Fwww%2Fvhosts%2Fsipek-instalacije.si%2Fhttpdocs%2Fwp-admin HTTP/1.1" 200 8200 "-" "Mozilla/5.0 AppleWebKit/537.36 (KHTML, like Gecko; compatible; ClaudeBot/1.0; +claudebot@anthropic.com)"
216.73.217.13 - - [28/Jul/2026:06:56:21 +0200] "GET /shops/cereale/e3x1u3b2e1r3a8n7t479?loknya=%2Fvar%2Fwww%2Fvhosts%2Fsipek-instalacije.si%2Fhttpdocs%2Fwp-includes%2FSimplePie%2Fsrc HTTP/1.1" 200 8655 "-" "Mozilla/5.0 AppleWebKit/537.36 (KHTML, like Gecko; compatible; ClaudeBot/1.0; +claudebot@anthropic.com)"
80.97.160.132 - - [28/Jul/2026:06:56:24 +0200] "POST /inputs.php HTTP/1.1" 200 8862 "https://sipek-instalacije.si/inputs.php" "Mozilla/5.0 (Windows NT 10.0; Win64; x64) AppleWebKit/537.36 (KHTML, like Gecko) Chrome/58.0.3029.110 Safari/537.3"
216.73.217.13 - - [28/Jul/2026:06:56:24 +0200] "GET /anthochaera/d3e4c1e0a3s1e57512?lokasie=%2Fvar%2Fwww%2Fvhosts%2Fsipek-instalacije.si%2Fhttpdocs%2Fwp-includes%2Fblock-bindings.php&loknya=%2Fvar%2Fwww%2Fvhosts%2Fsipek-instalacije.si%2Fhttpdocs%2Fwp-includes HTTP/1.1" 200 9203 "-" "Mozilla/5.0 AppleWebKit/537.36 (KHTML, like Gecko; compatible; ClaudeBot/1.0; +claudebot@anthropic.com)"
80.97.160.132 - - [28/Jul/2026:06:56:26 +0200] "POST /inputs.php HTTP/1.1" 200 8860 "https://sipek-instalacije.si/inputs.php" "Mozilla/5.0 (Windows NT 10.0; Win64; x64) AppleWebKit/537.36 (KHTML, like Gecko) Chrome/58.0.3029.110 Safari/537.3"
66.249.70.99 - - [28/Jul/2026:06:56:26 +0200] "GET /?g=r0e7a6s4o4n1i7n4g49 HTTP/1.1" 200 8833 "-" "Mozilla/5.0 (Linux; Android 6.0.1; Nexus 5X Build/MMB29P) AppleWebKit/537.36 (KHTML, like Gecko) Chrome/150.0.7871.128 Mobile Safari/537.36 (compatible; Googlebot/2.1; +http://www.google.com/bot.html)"
216.73.217.13 - - [28/Jul/2026:06:56:27 +0200] "GET /knowing/duvaucelli/3755653735?lokasie=%2Fvar%2Fwww%2Fvhosts%2Fsipek-instalacije.si%2Fhttpdocs%2Fwp-includes%2Fjs%2Fcomment-reply.js&loknya=%2Fvar%2Fwww%2Fvhosts%2Fsipek-instalacije.si%2Fhttpdocs%2Fwp-includes%2Fjs HTTP/1.1" 200 10847 "-" "Mozilla/5.0 AppleWebKit/537.36 (KHTML, like Gecko; compatible; ClaudeBot/1.0; +claudebot@anthropic.com)"
80.97.160.132 - - [28/Jul/2026:06:56:27 +0200] "GET /ex.php HTTP/1.1" 200 5442 "https://sipek-instalacije.si/ex.php" "Mozilla/5.0 (Windows NT 10.0; Win64; x64) AppleWebKit/537.36 (KHTML, like Gecko) Chrome/58.0.3029.110 Safari/537.3"
66.249.70.100 - - [28/Jul/2026:06:56:27 +0200] "GET /?g=t4a2l6i1n5u8m73367 HTTP/1.1" 200 8800 "-" "Mozilla/5.0 (Linux; Android 6.0.1; Nexus 5X Build/MMB29P) AppleWebKit/537.36 (KHTML, like Gecko) Chrome/150.0.7871.128 Mobile Safari/537.36 (compatible; Googlebot/2.1; +http://www.google.com/bot.html)"
80.97.160.132 - - [28/Jul/2026:06:56:28 +0200] "POST /inputs.php HTTP/1.1" 200 8861 "https://sipek-instalacije.si/inputs.php" "Mozilla/5.0 (Windows NT 10.0; Win64; x64) AppleWebKit/537.36 (KHTML, like Gecko) Chrome/58.0.3029.110 Safari/537.3"
216.73.217.13 - - [28/Jul/2026:06:56:30 +0200] "GET /abderian/s3p2i6l9e4566092?loknya=%2Fvar%2Fwww%2Fvhosts HTTP/1.1" 200 7304 "-" "Mozilla/5.0 AppleWebKit/537.36 (KHTML, like Gecko; compatible; ClaudeBot/1.0; +claudebot@anthropic.com)"
80.97.160.132 - - [28/Jul/2026:06:56:31 +0200] "GET /radio.php HTTP/1.1" 200 5442 "https://sipek-instalacije.si/radio.php" "Mozilla/5.0 (Windows NT 10.0; Win64; x64) AppleWebKit/537.36 (KHTML, like Gecko) Chrome/58.0.3029.110 Safari/537.3"
80.97.160.132 - - [28/Jul/2026:06:56:32 +0200] "POST /inputs.php HTTP/1.1" 200 8861 "https://sipek-instalacije.si/inputs.php" "Mozilla/5.0 (Windows NT 10.0; Win64; x64) AppleWebKit/537.36 (KHTML, like Gecko) Chrome/58.0.3029.110 Safari/537.3"
216.73.217.13 - - [28/Jul/2026:06:56:34 +0200] "GET /beguiler/c3o7l2l3o4g1u8e502?lokasie=%2Fvar%2Fwww%2Fvhosts%2Fsipek-instalacije.si%2Fhttpdocs%2Fwp-includes%2Fpost-formats.php&loknya=%2Fvar%2Fwww%2Fvhosts%2Fsipek-instalacije.si%2Fhttpdocs%2Fwp-includes HTTP/1.1" 200 9028 "-" "Mozilla/5.0 AppleWebKit/537.36 (KHTML, like Gecko; compatible; ClaudeBot/1.0; +claudebot@anthropic.com)"
80.97.160.132 - - [28/Jul/2026:06:56:34 +0200] "GET /inputs.php HTTP/1.1" 200 5442 "https://sipek-instalacije.si/inputs.php" "Mozilla/5.0 (Windows NT 10.0; Win64; x64) AppleWebKit/537.36 (KHTML, like Gecko) Chrome/58.0.3029.110 Safari/537.3"
57.141.0.8 - - [28/Jul/2026:06:56:34 +0200] "GET /shops/ankle/s3u1n7d4e8r6i4n1g401?loknya=/var HTTP/1.1" 200 7282 "-" "Mozilla/5.0 (Macintosh; Intel Mac OS X 10_15_7) AppleWebKit/537.36 (KHTML, like Gecko) Chrome/145.0.0.0 Safari/537.36 (compatible; meta-externalagent/1.1 (+https://developers.facebook.com/docs/sharing/webmasters/crawler))"
80.97.160.132 - - [28/Jul/2026:06:56:36 +0200] "POST /inputs.php HTTP/1.1" 200 8864 "https://sipek-instalacije.si/inputs.php" "Mozilla/5.0 (Windows NT 10.0; Win64; x64) AppleWebKit/537.36 (KHTML, like Gecko) Chrome/58.0.3029.110 Safari/537.3"
216.73.217.13 - - [28/Jul/2026:06:56:37 +0200] "GET /scindens/p3e2p8l5o7i4d1e5s137?lokasie=%2Fvar%2Fwww%2Fvhosts%2Fsipek-instalacije.si%2Fhttpdocs%2Fwp-admin%2Fincludes%2Fcontinents-cities.php&loknya=%2Fvar%2Fwww%2Fvhosts%2Fsipek-instalacije.si%2Fhttpdocs%2Fwp-admin%2Fincludes HTTP/1.1" 200 10545 "-" "Mozilla/5.0 AppleWebKit/537.36 (KHTML, like Gecko; compatible; ClaudeBot/1.0; +claudebot@anthropic.com)"
80.97.160.132 - - [28/Jul/2026:06:56:38 +0200] "GET /about.php HTTP/1.1" 200 5442 "https://sipek-instalacije.si/about.php" "Mozilla/5.0 (Windows NT 10.0; Win64; x64) AppleWebKit/537.36 (KHTML, like Gecko) Chrome/58.0.3029.110 Safari/537.3"
157.55.39.59 - - [28/Jul/2026:06:56:37 +0200] "GET /online/Remplacement-24-Cm-Fixation-5-6-Mm-Finition-Satin-e-Mat-1093688 HTTP/1.1" 200 99740 "-" "Mozilla/5.0 AppleWebKit/537.36 (KHTML, like Gecko; compatible; bingbot/2.0; +http://www.bing.com/bingbot.htm) Chrome/116.0.1938.76 Safari/537.36"
80.97.160.132 - - [28/Jul/2026:06:56:39 +0200] "POST /inputs.php HTTP/1.1" 200 8862 "https://sipek-instalacije.si/inputs.php" "Mozilla/5.0 (Windows NT 10.0; Win64; x64) AppleWebKit/537.36 (KHTML, like Gecko) Chrome/58.0.3029.110 Safari/537.3"
157.55.39.59 - - [28/Jul/2026:06:56:40 +0200] "GET /online/10-Gants-De-Toilette-Zollner-100-Coton-16x21-Cm-Doux-Et-651446 HTTP/1.1" 200 99988 "-" "Mozilla/5.0 AppleWebKit/537.36 (KHTML, like Gecko; compatible; bingbot/2.0; +http://www.bing.com/bingbot.htm) Chrome/116.0.1938.76 Safari/537.36"
216.73.217.13 - - [28/Jul/2026:06:56:40 +0200] "GET /shops/biggin/r3e9c9u1m6b2e6n7c4e7?loknya=%2Fvar%2Fwww%2Fvhosts%2Fsipek-instalacije.si%2Fhttpdocs HTTP/1.1" 200 8837 "-" "Mozilla/5.0 AppleWebKit/537.36 (KHTML, like Gecko; compatible; ClaudeBot/1.0; +claudebot@anthropic.com)"
80.97.160.132 - - [28/Jul/2026:06:56:41 +0200] "GET /pages.php HTTP/1.1" 200 5442 "https://sipek-instalacije.si/pages.php" "Mozilla/5.0 (Windows NT 10.0; Win64; x64) AppleWebKit/537.36 (KHTML, like Gecko) Chrome/58.0.3029.110 Safari/537.3"
66.249.76.226 - - [28/Jul/2026:06:56:42 +0200] "GET /shops/doall/p8y4r7a5m6i4d8e5s37?lokasie=/var/www/vhosts/sipek-instalacije.si/httpdocs/license.txt&loknya=/var/www/vhosts/sipek-instalacije.si/httpdocs HTTP/1.1" 200 14482 "-" "Mozilla/5.0 (Linux; Android 6.0.1; Nexus 5X Build/MMB29P) AppleWebKit/537.36 (KHTML, like Gecko) Chrome/150.0.7871.128 Mobile Safari/537.36 (compatible; Googlebot/2.1; +http://www.google.com/bot.html)"
216.73.217.13 - - [28/Jul/2026:06:56:43 +0200] "GET /shops/hardfeatured/d3a3n1d5y8907159?lokasie=%2Fvar%2Fwww%2Fvhosts%2Fsipek-instalacije.si%2Fhttpdocs%2Fwp-includes%2Fblocks%2Fgroup%2Ftheme-rtl.min.css&loknya=%2Fvar%2Fwww%2Fvhosts%2Fsipek-instalacije.si%2Fhttpdocs%2Fwp-includes%2Fblocks%2Fgroup HTTP/1.1" 200 7166 "-" "Mozilla/5.0 AppleWebKit/537.36 (KHTML, like Gecko; compatible; ClaudeBot/1.0; +claudebot@anthropic.com)"
80.97.160.132 - - [28/Jul/2026:06:56:43 +0200] "POST /inputs.php HTTP/1.1" 200 8872 "https://sipek-instalacije.si/inputs.php" "Mozilla/5.0 (Windows NT 10.0; Win64; x64) AppleWebKit/537.36 (KHTML, like Gecko) Chrome/58.0.3029.110 Safari/537.3"
80.97.160.132 - - [28/Jul/2026:06:56:45 +0200] "GET /wp-login.php HTTP/1.1" 200 5442 "https://sipek-instalacije.si/wp-login.php" "Mozilla/5.0 (Windows NT 10.0; Win64; x64) AppleWebKit/537.36 (KHTML, like Gecko) Chrome/58.0.3029.110 Safari/537.3"
66.249.76.227 - - [28/Jul/2026:06:56:45 +0200] "GET /?g=b8a2k1e3r2i921360 HTTP/1.1" 200 8764 "-" "Mozilla/5.0 (Linux; Android 6.0.1; Nexus 5X Build/MMB29P) AppleWebKit/537.36 (KHTML, like Gecko) Chrome/150.0.7871.128 Mobile Safari/537.36 (compatible; Googlebot/2.1; +http://www.google.com/bot.html)"
216.73.217.13 - - [28/Jul/2026:06:56:46 +0200] "GET /shops/plutus/p3l1a1t0e1n523833?lokasie=%2Fvar%2Fwww%2Fvhosts%2Fsipek-instalacije.si%2Fhttpdocs%2Fwp-admin%2Fcss%2Fcustomize-widgets.min.css&loknya=%2Fvar%2Fwww%2Fvhosts%2Fsipek-instalacije.si%2Fhttpdocs%2Fwp-admin%2Fcss HTTP/1.1" 200 9295 "-" "Mozilla/5.0 AppleWebKit/537.36 (KHTML, like Gecko; compatible; ClaudeBot/1.0; +claudebot@anthropic.com)"
66.249.70.110 - - [28/Jul/2026:06:56:48 +0200] "GET /?g=p7i7p7e7r3i2c1609 HTTP/1.1" 200 8763 "-" "Mozilla/5.0 (Linux; Android 6.0.1; Nexus 5X Build/MMB29P) AppleWebKit/537.36 (KHTML, like Gecko) Chrome/150.0.7871.128 Mobile Safari/537.36 (compatible; Googlebot/2.1; +http://www.google.com/bot.html)"
66.249.76.225 - - [28/Jul/2026:06:56:48 +0200] "GET /shops/dilogical/d0i5s1q8u0a0l1i7f8y6ing HTTP/1.1" 200 8764 "-" "Mozilla/5.0 (Linux; Android 6.0.1; Nexus 5X Build/MMB29P) AppleWebKit/537.36 (KHTML, like Gecko) Chrome/150.0.7871.128 Mobile Safari/537.36 (compatible; Googlebot/2.1; +http://www.google.com/bot.html)"
66.249.76.238 - - [28/Jul/2026:06:56:48 +0200] "GET /?g=l6e1g9p3u7l7l4i1n7g8 HTTP/1.1" 200 8765 "-" "Mozilla/5.0 (Linux; Android 6.0.1; Nexus 5X Build/MMB29P) AppleWebKit/537.36 (KHTML, like Gecko) Chrome/150.0.7871.128 Mobile Safari/537.36 (compatible; Googlebot/2.1; +http://www.google.com/bot.html)"
216.73.217.13 - - [28/Jul/2026:06:56:49 +0200] "GET /lickerish/piper/32391016751?lokasie=%2Fvar%2Fwww%2Fvhosts%2Fsipek-instalacije.si%2Fhttpdocs%2Fwp-admin%2Fincludes%2Fclass-ftp.php&loknya=%2Fvar%2Fwww%2Fvhosts%2Fsipek-instalacije.si%2Fhttpdocs%2Fwp-admin%2Fincludes HTTP/1.1" 200 13895 "-" "Mozilla/5.0 AppleWebKit/537.36 (KHTML, like Gecko; compatible; ClaudeBot/1.0; +claudebot@anthropic.com)"
66.249.70.110 - - [28/Jul/2026:06:56:49 +0200] "GET /?pendulate/91663645171 HTTP/1.1" 200 8763 "-" "Mozilla/5.0 (Linux; Android 6.0.1; Nexus 5X Build/MMB29P) AppleWebKit/537.36 (KHTML, like Gecko) Chrome/150.0.7871.128 Mobile Safari/537.36 (compatible; Googlebot/2.1; +http://www.google.com/bot.html)"
66.249.70.110 - - [28/Jul/2026:06:56:48 +0200] "GET /?g=m6i3s7a9r6r8a3n5g4i9n2g HTTP/1.1" 200 8763 "-" "Mozilla/5.0 (Linux; Android 6.0.1; Nexus 5X Build/MMB29P) AppleWebKit/537.36 (KHTML, like Gecko) Chrome/150.0.7871.128 Mobile Safari/537.36 (compatible; Googlebot/2.1; +http://www.google.com/bot.html)"
66.249.70.98 - - [28/Jul/2026:06:56:48 +0200] "GET /?g=o7v4e1r4b8o9i6l829 HTTP/1.1" 200 8765 "-" "Mozilla/5.0 (Linux; Android 6.0.1; Nexus 5X Build/MMB29P) AppleWebKit/537.36 (KHTML, like Gecko) Chrome/150.0.7871.128 Mobile Safari/537.36 (compatible; Googlebot/2.1; +http://www.google.com/bot.html)"
66.249.70.98 - - [28/Jul/2026:06:56:49 +0200] "GET /?plagiograph/71713442978 HTTP/1.1" 200 8765 "-" "Mozilla/5.0 (Linux; Android 6.0.1; Nexus 5X Build/MMB29P) AppleWebKit/537.36 (KHTML, like Gecko) Chrome/150.0.7871.128 Mobile Safari/537.36 (compatible; Googlebot/2.1; +http://www.google.com/bot.html)"
66.249.70.97 - - [28/Jul/2026:06:56:50 +0200] "GET /?g=s3e1r4i6n5e147904 HTTP/1.1" 200 8765 "-" "Mozilla/5.0 (Linux; Android 6.0.1; Nexus 5X Build/MMB29P) AppleWebKit/537.36 (KHTML, like Gecko) Chrome/150.0.7871.128 Mobile Safari/537.36 (compatible; Googlebot/2.1; +http://www.google.com/bot.html)"
66.249.76.238 - - [28/Jul/2026:06:56:50 +0200] "GET /?g=l5a8u0g9h8i8n9g47 HTTP/1.1" 200 8765 "-" "Mozilla/5.0 (Linux; Android 6.0.1; Nexus 5X Build/MMB29P) AppleWebKit/537.36 (KHTML, like Gecko) Chrome/150.0.7871.128 Mobile Safari/537.36 (compatible; Googlebot/2.1; +http://www.google.com/bot.html)"
66.249.70.96 - - [28/Jul/2026:06:56:49 +0200] "GET /?g=d6i1s0j9o0i8n1t5e6d11 HTTP/1.1" 200 8765 "-" "Mozilla/5.0 (Linux; Android 6.0.1; Nexus 5X Build/MMB29P) AppleWebKit/537.36 (KHTML, like Gecko) Chrome/150.0.7871.128 Mobile Safari/537.36 (compatible; Googlebot/2.1; +http://www.google.com/bot.html)"
66.249.70.110 - - [28/Jul/2026:06:56:50 +0200] "GET /?g=d7i3s8t3u5r6b2i8n4g16 HTTP/1.1" 200 8763 "-" "Mozilla/5.0 (Linux; Android 6.0.1; Nexus 5X Build/MMB29P) AppleWebKit/537.36 (KHTML, like Gecko) Chrome/150.0.7871.128 Mobile Safari/537.36 (compatible; Googlebot/2.1; +http://www.google.com/bot.html)"
66.249.70.97 - - [28/Jul/2026:06:56:50 +0200] "GET /?g=f2o1o6t1h1a3l1t487 HTTP/1.1" 200 8765 "-" "Mozilla/5.0 (Linux; Android 6.0.1; Nexus 5X Build/MMB29P) AppleWebKit/537.36 (KHTML, like Gecko) Chrome/150.0.7871.128 Mobile Safari/537.36 (compatible; Googlebot/2.1; +http://www.google.com/bot.html)"
66.249.76.237 - - [28/Jul/2026:06:56:51 +0200] "GET /?g=r5e3e7l7e8c1t0i6o8n08 HTTP/1.1" 200 8764 "-" "Mozilla/5.0 (Linux; Android 6.0.1; Nexus 5X Build/MMB29P) AppleWebKit/537.36 (KHTML, like Gecko) Chrome/150.0.7871.128 Mobile Safari/537.36 (compatible; Googlebot/2.1; +http://www.google.com/bot.html)"
66.249.76.225 - - [28/Jul/2026:06:56:51 +0200] "GET /?g=s4y2n2e9c3h0i5a8377 HTTP/1.1" 200 8764 "-" "Mozilla/5.0 (Linux; Android 6.0.1; Nexus 5X Build/MMB29P) AppleWebKit/537.36 (KHTML, like Gecko) Chrome/150.0.7871.128 Mobile Safari/537.36 (compatible; Googlebot/2.1; +http://www.google.com/bot.html)"
66.249.70.110 - - [28/Jul/2026:06:56:50 +0200] "GET /online/30-Stylos-Bille-TOMA-Superfine-Pointe-0-5-Mm-Encre-Bleue-586477 HTTP/1.1" 200 100204 "-" "Mozilla/5.0 (Linux; Android 6.0.1; Nexus 5X Build/MMB29P) AppleWebKit/537.36 (KHTML, like Gecko) Chrome/150.0.7871.128 Mobile Safari/537.36 (compatible; Googlebot/2.1; +http://www.google.com/bot.html)"
66.249.76.224 - - [28/Jul/2026:06:56:51 +0200] "GET /online/Tapis-De-Cuisine-Antid-rapant-Et-Lavable-LaVelahome-Design-857594 HTTP/1.1" 200 100704 "-" "Mozilla/5.0 (Linux; Android 6.0.1; Nexus 5X Build/MMB29P) AppleWebKit/537.36 (KHTML, like Gecko) Chrome/150.0.7871.128 Mobile Safari/537.36 (compatible; Googlebot/2.1; +http://www.google.com/bot.html)"
66.249.70.110 - - [28/Jul/2026:06:56:52 +0200] "GET /?siderographical/32077013912 HTTP/1.1" 200 8763 "-" "Mozilla/5.0 (Linux; Android 6.0.1; Nexus 5X Build/MMB29P) AppleWebKit/537.36 (KHTML, like Gecko) Chrome/150.0.7871.128 Mobile Safari/537.36 (compatible; Googlebot/2.1; +http://www.google.com/bot.html)"
66.249.70.97 - - [28/Jul/2026:06:56:52 +0200] "GET /online/Femme-Tendance-Confortables-Style-Quotidien-Mod-le-5-783192 HTTP/1.1" 200 99459 "-" "Mozilla/5.0 (Linux; Android 6.0.1; Nexus 5X Build/MMB29P) AppleWebKit/537.36 (KHTML, like Gecko) Chrome/150.0.7871.128 Mobile Safari/537.36 (compatible; Googlebot/2.1; +http://www.google.com/bot.html)"
216.73.217.13 - - [28/Jul/2026:06:56:52 +0200] "GET /shops/oblanceolate/a3s3s9i5m8i5l9a7t7e16?lokasie=%2Fvar%2Fwww%2Fvhosts%2Fsipek-instalacije.si%2Fhttpdocs%2Fwp-admin%2Fedit.php&loknya=%2Fvar%2Fwww%2Fvhosts%2Fsipek-instalacije.si%2Fhttpdocs%2Fwp-admin HTTP/1.1" 200 12764 "-" "Mozilla/5.0 AppleWebKit/537.36 (KHTML, like Gecko; compatible; ClaudeBot/1.0; +claudebot@anthropic.com)"
66.249.70.96 - - [28/Jul/2026:06:56:51 +0200] "GET /?g=e6x4p0u3l7s3i5o8n811 HTTP/1.1" 200 8765 "-" "Mozilla/5.0 (Linux; Android 6.0.1; Nexus 5X Build/MMB29P) AppleWebKit/537.36 (KHTML, like Gecko) Chrome/150.0.7871.128 Mobile Safari/537.36 (compatible; Googlebot/2.1; +http://www.google.com/bot.html)"
66.249.70.110 - - [28/Jul/2026:06:56:53 +0200] "GET /?g=v5e6r8t8e3b0r2e68 HTTP/1.1" 200 8763 "-" "Mozilla/5.0 (Linux; Android 6.0.1; Nexus 5X Build/MMB29P) AppleWebKit/537.36 (KHTML, like Gecko) Chrome/150.0.7871.128 Mobile Safari/537.36 (compatible; Googlebot/2.1; +http://www.google.com/bot.html)"
66.249.70.96 - - [28/Jul/2026:06:56:53 +0200] "GET /?senatusconsult/91630453256 HTTP/1.1" 200 8765 "-" "Mozilla/5.0 (Linux; Android 6.0.1; Nexus 5X Build/MMB29P) AppleWebKit/537.36 (KHTML, like Gecko) Chrome/150.0.7871.128 Mobile Safari/537.36 (compatible; Googlebot/2.1; +http://www.google.com/bot.html)"
66.249.70.96 - - [28/Jul/2026:06:56:54 +0200] "GET /?dreul/63659178739 HTTP/1.1" 200 8765 "-" "Mozilla/5.0 (Linux; Android 6.0.1; Nexus 5X Build/MMB29P) AppleWebKit/537.36 (KHTML, like Gecko) Chrome/150.0.7871.128 Mobile Safari/537.36 (compatible; Googlebot/2.1; +http://www.google.com/bot.html)"
66.249.70.96 - - [28/Jul/2026:06:56:54 +0200] "GET /?g=d0i2s2q4u3i0e2t4o7u4s3 HTTP/1.1" 200 8765 "-" "Mozilla/5.0 (Linux; Android 6.0.1; Nexus 5X Build/MMB29P) AppleWebKit/537.36 (KHTML, like Gecko) Chrome/150.0.7871.128 Mobile Safari/537.36 (compatible; Googlebot/2.1; +http://www.google.com/bot.html)"
216.73.217.13 - - [28/Jul/2026:06:56:55 +0200] "GET /subconcave/s3p6a2r7b1l5e52?lokasie=%2Fvar%2Fwww%2Fvhosts%2Fsipek-instalacije.si%2Fhttpdocs%2Fwp-admin%2Fupdate.php&loknya=%2Fvar%2Fwww%2Fvhosts%2Fsipek-instalacije.si%2Fhttpdocs%2Fwp-admin HTTP/1.1" 200 9811 "-" "Mozilla/5.0 AppleWebKit/537.36 (KHTML, like Gecko; compatible; ClaudeBot/1.0; +claudebot@anthropic.com)"
66.249.70.110 - - [28/Jul/2026:06:56:54 +0200] "GET /online/Bo-te-De-Rangement-Naber-SELECTAkit-1-2-Litres-Ou-2-7-Litres-573418 HTTP/1.1" 200 100626 "-" "Mozilla/5.0 (Linux; Android 6.0.1; Nexus 5X Build/MMB29P) AppleWebKit/537.36 (KHTML, like Gecko) Chrome/150.0.7871.128 Mobile Safari/537.36 (compatible; Googlebot/2.1; +http://www.google.com/bot.html)"
66.249.70.109 - - [28/Jul/2026:06:56:53 +0200] "GET /online/Carte-De-V-ux-Vierge-Avec-Po-me-De-Robert-Burns-cosse-1106122 HTTP/1.1" 200 100815 "-" "Mozilla/5.0 (Linux; Android 6.0.1; Nexus 5X Build/MMB29P) AppleWebKit/537.36 (KHTML, like Gecko) Chrome/150.0.7871.128 Mobile Safari/537.36 (compatible; Googlebot/2.1; +http://www.google.com/bot.html)"
66.249.76.224 - - [28/Jul/2026:06:56:55 +0200] "GET /?g=m8a6l4i7c2i3o5u6s41 HTTP/1.1" 200 8764 "-" "Mozilla/5.0 (Linux; Android 6.0.1; Nexus 5X Build/MMB29P) AppleWebKit/537.36 (KHTML, like Gecko) Chrome/150.0.7871.128 Mobile Safari/537.36 (compatible; Googlebot/2.1; +http://www.google.com/bot.html)"
66.249.70.96 - - [28/Jul/2026:06:56:56 +0200] "GET /?g=p6h4i1l7o2p9o9l0e6m4i2c HTTP/1.1" 200 8765 "-" "Mozilla/5.0 (Linux; Android 6.0.1; Nexus 5X Build/MMB29P) AppleWebKit/537.36 (KHTML, like Gecko) Chrome/150.0.7871.128 Mobile Safari/537.36 (compatible; Googlebot/2.1; +http://www.google.com/bot.html)"
66.249.70.97 - - [28/Jul/2026:06:56:53 +0200] "GET /?g=c7a4r8b7o3n5a7r8o4 HTTP/1.1" 200 8765 "-" "Mozilla/5.0 (Linux; Android 6.0.1; Nexus 5X Build/MMB29P) AppleWebKit/537.36 (KHTML, like Gecko) Chrome/150.0.7871.128 Mobile Safari/537.36 (compatible; Googlebot/2.1; +http://www.google.com/bot.html)"
66.249.76.225 - - [28/Jul/2026:06:56:56 +0200] "GET /?g=h2u3f0f2i4n7g6l2y929 HTTP/1.1" 200 8764 "-" "Mozilla/5.0 (Linux; Android 6.0.1; Nexus 5X Build/MMB29P) AppleWebKit/537.36 (KHTML, like Gecko) Chrome/150.0.7871.128 Mobile Safari/537.36 (compatible; Googlebot/2.1; +http://www.google.com/bot.html)"
66.249.70.96 - - [28/Jul/2026:06:56:56 +0200] "GET /?g=p6l3a5t6i0t2u1d3i2n1a2rian HTTP/1.1" 200 8765 "-" "Mozilla/5.0 (Linux; Android 6.0.1; Nexus 5X Build/MMB29P) AppleWebKit/537.36 (KHTML, like Gecko) Chrome/150.0.7871.128 Mobile Safari/537.36 (compatible; Googlebot/2.1; +http://www.google.com/bot.html)"
66.249.76.238 - - [28/Jul/2026:06:56:55 +0200] "GET /online/Chaussures-De-Danse-Jazz-Femme-Bloch-Essential-Cuir-Souple-404484 HTTP/1.1" 200 100522 "-" "Mozilla/5.0 (Linux; Android 6.0.1; Nexus 5X Build/MMB29P) AppleWebKit/537.36 (KHTML, like Gecko) Chrome/150.0.7871.128 Mobile Safari/537.36 (compatible; Googlebot/2.1; +http://www.google.com/bot.html)"
66.249.70.109 - - [28/Jul/2026:06:56:57 +0200] "GET /?g=m6o2n8i3t6i4o5n8382 HTTP/1.1" 200 8765 "-" "Mozilla/5.0 (Linux; Android 6.0.1; Nexus 5X Build/MMB29P) AppleWebKit/537.36 (KHTML, like Gecko) Chrome/150.0.7871.128 Mobile Safari/537.36 (compatible; Googlebot/2.1; +http://www.google.com/bot.html)"
66.249.76.238 - - [28/Jul/2026:06:56:58 +0200] "GET /?g=t3i1n4e8t8227771 HTTP/1.1" 200 8765 "-" "Mozilla/5.0 (Linux; Android 6.0.1; Nexus 5X Build/MMB29P) AppleWebKit/537.36 (KHTML, like Gecko) Chrome/150.0.7871.128 Mobile Safari/537.36 (compatible; Googlebot/2.1; +http://www.google.com/bot.html)"
66.249.76.238 - - [28/Jul/2026:06:56:57 +0200] "GET /online/T-shirt-Manches-Longues-GILDAN-Pour-Homme-100-Coton-Violet-679266 HTTP/1.1" 200 100909 "-" "Mozilla/5.0 (Linux; Android 6.0.1; Nexus 5X Build/MMB29P) AppleWebKit/537.36 (KHTML, like Gecko) Chrome/150.0.7871.128 Mobile Safari/537.36 (compatible; Googlebot/2.1; +http://www.google.com/bot.html)"
66.249.70.96 - - [28/Jul/2026:06:56:57 +0200] "GET /online/T-shirt-Homme-Candymix-Croatie-Drapeau-Griffonn-100-995442 HTTP/1.1" 200 100068 "-" "Mozilla/5.0 (Linux; Android 6.0.1; Nexus 5X Build/MMB29P) AppleWebKit/537.36 (KHTML, like Gecko) Chrome/150.0.7871.128 Mobile Safari/537.36 (compatible; Googlebot/2.1; +http://www.google.com/bot.html)"
66.249.70.110 - - [28/Jul/2026:06:56:56 +0200] "GET /online/2-3-X-1-9-M-Antid-rapant-Facile-D-039-entretien-838658 HTTP/1.1" 200 99948 "-" "Mozilla/5.0 (Linux; Android 6.0.1; Nexus 5X Build/MMB29P) AppleWebKit/537.36 (KHTML, like Gecko) Chrome/150.0.7871.128 Mobile Safari/537.36 (compatible; Googlebot/2.1; +http://www.google.com/bot.html)"
66.249.70.109 - - [28/Jul/2026:06:56:58 +0200] "GET /?snider/63944590174 HTTP/1.1" 200 8765 "-" "Mozilla/5.0 (Linux; Android 6.0.1; Nexus 5X Build/MMB29P) AppleWebKit/537.36 (KHTML, like Gecko) Chrome/150.0.7871.128 Mobile Safari/537.36 (compatible; Googlebot/2.1; +http://www.google.com/bot.html)"
66.249.70.109 - - [28/Jul/2026:06:56:59 +0200] "GET /?adoptable/02902368160 HTTP/1.1" 200 8765 "-" "Mozilla/5.0 (Linux; Android 6.0.1; Nexus 5X Build/MMB29P) AppleWebKit/537.36 (KHTML, like Gecko) Chrome/150.0.7871.128 Mobile Safari/537.36 (compatible; Googlebot/2.1; +http://www.google.com/bot.html)"
216.73.217.13 - - [28/Jul/2026:06:56:58 +0200] "GET /shops/overstayed/d3i3s0l5i4k7e6n0074?lokasie=%2Fvar%2Fwww%2Fvhosts%2Fsipek-instalacije.si%2Fhttpdocs%2Fwp-includes%2F%2Ffeed-rss.php&loknya=%2Fvar%2Fwww%2Fvhosts%2Fsipek-instalacije.si%2Fhttpdocs%2Fwp-includes%2F HTTP/1.1" 200 7714 "-" "Mozilla/5.0 AppleWebKit/537.36 (KHTML, like Gecko; compatible; ClaudeBot/1.0; +claudebot@anthropic.com)"
66.249.76.224 - - [28/Jul/2026:06:56:59 +0200] "GET /?g=s4a2p6o8n7a3r8i1a404 HTTP/1.1" 200 8764 "-" "Mozilla/5.0 (Linux; Android 6.0.1; Nexus 5X Build/MMB29P) AppleWebKit/537.36 (KHTML, like Gecko) Chrome/150.0.7871.128 Mobile Safari/537.36 (compatible; Googlebot/2.1; +http://www.google.com/bot.html)"
66.249.70.109 - - [28/Jul/2026:06:56:59 +0200] "GET /?g=c7e3p7h1a7l8o5p6o2d09 HTTP/1.1" 200 8765 "-" "Mozilla/5.0 (Linux; Android 6.0.1; Nexus 5X Build/MMB29P) AppleWebKit/537.36 (KHTML, like Gecko) Chrome/150.0.7871.128 Mobile Safari/537.36 (compatible; Googlebot/2.1; +http://www.google.com/bot.html)"
66.249.70.110 - - [28/Jul/2026:06:56:59 +0200] "GET /?g=c8u2r1r2y0i2n0g3194 HTTP/1.1" 200 8763 "-" "Mozilla/5.0 (Linux; Android 6.0.1; Nexus 5X Build/MMB29P) AppleWebKit/537.36 (KHTML, like Gecko) Chrome/150.0.7871.128 Mobile Safari/537.36 (compatible; Googlebot/2.1; +http://www.google.com/bot.html)"
66.249.76.237 - - [28/Jul/2026:06:56:59 +0200] "GET /online/Yaegirs-Warhammer-40k-3e-dition-2024-34-Cartes-R-gles-887843 HTTP/1.1" 200 100643 "-" "Mozilla/5.0 (Linux; Android 6.0.1; Nexus 5X Build/MMB29P) AppleWebKit/537.36 (KHTML, like Gecko) Chrome/150.0.7871.128 Mobile Safari/537.36 (compatible; Googlebot/2.1; +http://www.google.com/bot.html)"
66.249.70.96 - - [28/Jul/2026:06:56:59 +0200] "GET /?g=d0r6a7w2e3r43004 HTTP/1.1" 200 8765 "-" "Mozilla/5.0 (Linux; Android 6.0.1; Nexus 5X Build/MMB29P) AppleWebKit/537.36 (KHTML, like Gecko) Chrome/150.0.7871.128 Mobile Safari/537.36 (compatible; Googlebot/2.1; +http://www.google.com/bot.html)"
66.249.70.109 - - [28/Jul/2026:06:57:00 +0200] "GET /?g=s6i3s1a7l8a3n2a8653 HTTP/1.1" 200 8765 "-" "Mozilla/5.0 (Linux; Android 6.0.1; Nexus 5X Build/MMB29P) AppleWebKit/537.36 (KHTML, like Gecko) Chrome/150.0.7871.128 Mobile Safari/537.36 (compatible; Googlebot/2.1; +http://www.google.com/bot.html)"
66.249.76.224 - - [28/Jul/2026:06:57:00 +0200] "GET /?g=p5e3a6l0i8n5g53182 HTTP/1.1" 200 8764 "-" "Mozilla/5.0 (Linux; Android 6.0.1; Nexus 5X Build/MMB29P) AppleWebKit/537.36 (KHTML, like Gecko) Chrome/150.0.7871.128 Mobile Safari/537.36 (compatible; Googlebot/2.1; +http://www.google.com/bot.html)"
216.73.217.13 - - [28/Jul/2026:06:57:01 +0200] "GET /shops/molesting/k3a2i2n0s7i377035?lokasie=%2Fvar%2Fwww%2Fvhosts%2Fsipek-instalacije.si%2Fhttpdocs%2Fwp-admin%2Fprofile.php&loknya=%2Fvar%2Fwww%2Fvhosts%2Fsipek-instalacije.si%2Fhttpdocs%2Fwp-admin HTTP/1.1" 200 7271 "-" "Mozilla/5.0 AppleWebKit/537.36 (KHTML, like Gecko; compatible; ClaudeBot/1.0; +claudebot@anthropic.com)"
66.249.76.224 - - [28/Jul/2026:06:57:00 +0200] "GET /online/Gen-1-90-Tungst-ne-Longueur-52-Mm-Diam-tre-6-85-Mm-1067457 HTTP/1.1" 200 99434 "-" "Mozilla/5.0 (Linux; Android 6.0.1; Nexus 5X Build/MMB29P) AppleWebKit/537.36 (KHTML, like Gecko) Chrome/150.0.7871.128 Mobile Safari/537.36 (compatible; Googlebot/2.1; +http://www.google.com/bot.html)"
66.249.70.96 - - [28/Jul/2026:06:57:00 +0200] "GET /online/Pour-Brother-AX-310-Lot-De-5-Pi-ces-Compatible-Ruban-D-771922 HTTP/1.1" 200 99624 "-" "Mozilla/5.0 (Linux; Android 6.0.1; Nexus 5X Build/MMB29P) AppleWebKit/537.36 (KHTML, like Gecko) Chrome/150.0.7871.128 Mobile Safari/537.36 (compatible; Googlebot/2.1; +http://www.google.com/bot.html)"
66.249.70.109 - - [28/Jul/2026:06:57:02 +0200] "GET /?g=a7u1r6i5p4a1r4u1s771 HTTP/1.1" 200 8765 "-" "Mozilla/5.0 (Linux; Android 6.0.1; Nexus 5X Build/MMB29P) AppleWebKit/537.36 (KHTML, like Gecko) Chrome/150.0.7871.128 Mobile Safari/537.36 (compatible; Googlebot/2.1; +http://www.google.com/bot.html)"
66.249.76.237 - - [28/Jul/2026:06:57:01 +0200] "GET /?g=p6n6e9u0m0a5t4o8m2e3ter HTTP/1.1" 200 8764 "-" "Mozilla/5.0 (Linux; Android 6.0.1; Nexus 5X Build/MMB29P) AppleWebKit/537.36 (KHTML, like Gecko) Chrome/150.0.7871.128 Mobile Safari/537.36 (compatible; Googlebot/2.1; +http://www.google.com/bot.html)"
66.249.76.237 - - [28/Jul/2026:06:57:01 +0200] "GET /online/Moto-Argent-Brillant-Moto-Avec-Pilote-8-X-12-Mm-Argent-365656 HTTP/1.1" 200 99946 "-" "Mozilla/5.0 (Linux; Android 6.0.1; Nexus 5X Build/MMB29P) AppleWebKit/537.36 (KHTML, like Gecko) Chrome/150.0.7871.128 Mobile Safari/537.36 (compatible; Googlebot/2.1; +http://www.google.com/bot.html)"
66.249.70.110 - - [28/Jul/2026:06:57:02 +0200] "GET /?capraea/64051324964 HTTP/1.1" 200 8763 "-" "Mozilla/5.0 (Linux; Android 6.0.1; Nexus 5X Build/MMB29P) AppleWebKit/537.36 (KHTML, like Gecko) Chrome/150.0.7871.128 Mobile Safari/537.36 (compatible; Googlebot/2.1; +http://www.google.com/bot.html)"
66.249.70.109 - - [28/Jul/2026:06:57:02 +0200] "GET /?g=s9e2x5t0a4r6y25365 HTTP/1.1" 200 8765 "-" "Mozilla/5.0 (Linux; Android 6.0.1; Nexus 5X Build/MMB29P) AppleWebKit/537.36 (KHTML, like Gecko) Chrome/150.0.7871.128 Mobile Safari/537.36 (compatible; Googlebot/2.1; +http://www.google.com/bot.html)"
66.249.76.238 - - [28/Jul/2026:06:57:03 +0200] "GET /?g=s1a1c4k2e9r825555 HTTP/1.1" 200 8765 "-" "Mozilla/5.0 (Linux; Android 6.0.1; Nexus 5X Build/MMB29P) AppleWebKit/537.36 (KHTML, like Gecko) Chrome/150.0.7871.128 Mobile Safari/537.36 (compatible; Googlebot/2.1; +http://www.google.com/bot.html)"
