66.249.76.237 - - [28/Jul/2026:07:02:11 +0200] "GET /?g=c7o1n8v2e6y372535 HTTP/1.1" 200 8764 "-" "Mozilla/5.0 (Linux; Android 6.0.1; Nexus 5X Build/MMB29P) AppleWebKit/537.36 (KHTML, like Gecko) Chrome/150.0.7871.128 Mobile Safari/537.36 (compatible; Googlebot/2.1; +http://www.google.com/bot.html)"
66.249.70.96 - - [28/Jul/2026:07:02:11 +0200] "GET /?g=m1o1r0t7i5f4i4e2d9n5e0ss HTTP/1.1" 200 8765 "-" "Mozilla/5.0 (Linux; Android 6.0.1; Nexus 5X Build/MMB29P) AppleWebKit/537.36 (KHTML, like Gecko) Chrome/150.0.7871.128 Mobile Safari/537.36 (compatible; Googlebot/2.1; +http://www.google.com/bot.html)"
66.249.76.226 - - [28/Jul/2026:07:02:12 +0200] "GET /?g=h3e2l8m5i7n5t2h5o3i3d6 HTTP/1.1" 200 8764 "-" "Mozilla/5.0 (Linux; Android 6.0.1; Nexus 5X Build/MMB29P) AppleWebKit/537.36 (KHTML, like Gecko) Chrome/150.0.7871.128 Mobile Safari/537.36 (compatible; Googlebot/2.1; +http://www.google.com/bot.html)"
66.249.76.237 - - [28/Jul/2026:07:02:12 +0200] "GET /?g=r1e3a1r7m7o1s5t0786 HTTP/1.1" 200 8764 "-" "Mozilla/5.0 (Linux; Android 6.0.1; Nexus 5X Build/MMB29P) AppleWebKit/537.36 (KHTML, like Gecko) Chrome/150.0.7871.128 Mobile Safari/537.36 (compatible; Googlebot/2.1; +http://www.google.com/bot.html)"
66.249.70.97 - - [28/Jul/2026:07:02:11 +0200] "GET /online/18V-1-7-J-2-Batteries-5-0-Ah-Coffret-MAKPAC-392691 HTTP/1.1" 200 100265 "-" "Mozilla/5.0 (Linux; Android 6.0.1; Nexus 5X Build/MMB29P) AppleWebKit/537.36 (KHTML, like Gecko) Chrome/150.0.7871.128 Mobile Safari/537.36 (compatible; Googlebot/2.1; +http://www.google.com/bot.html)"
66.249.70.96 - - [28/Jul/2026:07:02:12 +0200] "GET /online/Strass-Mod-le-Gland-Et-Cha-ne-Alliage-Poli-8-3-Cm-1048277 HTTP/1.1" 200 99842 "-" "Mozilla/5.0 (Linux; Android 6.0.1; Nexus 5X Build/MMB29P) AppleWebKit/537.36 (KHTML, like Gecko) Chrome/150.0.7871.128 Mobile Safari/537.36 (compatible; Googlebot/2.1; +http://www.google.com/bot.html)"
66.249.70.109 - - [28/Jul/2026:07:02:13 +0200] "GET /?g=t8h4r0a6s5h8e5r1361 HTTP/1.1" 200 8765 "-" "Mozilla/5.0 (Linux; Android 6.0.1; Nexus 5X Build/MMB29P) AppleWebKit/537.36 (KHTML, like Gecko) Chrome/150.0.7871.128 Mobile Safari/537.36 (compatible; Googlebot/2.1; +http://www.google.com/bot.html)"
66.249.76.224 - - [28/Jul/2026:07:02:13 +0200] "GET /?g=c8o1w8a2r5d4i8s7h196 HTTP/1.1" 200 8764 "-" "Mozilla/5.0 (Linux; Android 6.0.1; Nexus 5X Build/MMB29P) AppleWebKit/537.36 (KHTML, like Gecko) Chrome/150.0.7871.128 Mobile Safari/537.36 (compatible; Googlebot/2.1; +http://www.google.com/bot.html)"
216.73.217.13 - - [28/Jul/2026:07:02:13 +0200] "GET /anthochaera/d3e4c1e0a3s1e57512?lokasie=%2Fvar%2Fwww%2Fvhosts%2Fsipek-instalacije.si%2Fhttpdocs%2Fwp-includes%2Fjs%2Fdist%2Fnux.js&loknya=%2Fvar%2Fwww%2Fvhosts%2Fsipek-instalacije.si%2Fhttpdocs%2Fwp-includes%2Fjs%2Fdist HTTP/1.1" 200 9812 "-" "Mozilla/5.0 AppleWebKit/537.36 (KHTML, like Gecko; compatible; ClaudeBot/1.0; +claudebot@anthropic.com)"
66.249.70.98 - - [28/Jul/2026:07:02:12 +0200] "GET /online/Enfants-gar-ons-filles-Semelle-Li-ge-Souple-Antid-549305 HTTP/1.1" 200 100225 "-" "Mozilla/5.0 (Linux; Android 6.0.1; Nexus 5X Build/MMB29P) AppleWebKit/537.36 (KHTML, like Gecko) Chrome/150.0.7871.128 Mobile Safari/537.36 (compatible; Googlebot/2.1; +http://www.google.com/bot.html)"
66.249.70.98 - - [28/Jul/2026:07:02:13 +0200] "GET /?incumbrancer/1765827259 HTTP/1.1" 200 8765 "-" "Mozilla/5.0 (Linux; Android 6.0.1; Nexus 5X Build/MMB29P) AppleWebKit/537.36 (KHTML, like Gecko) Chrome/150.0.7871.128 Mobile Safari/537.36 (compatible; Googlebot/2.1; +http://www.google.com/bot.html)"
66.249.76.237 - - [28/Jul/2026:07:02:14 +0200] "GET /?desultoriness/53866078340 HTTP/1.1" 200 8764 "-" "Mozilla/5.0 (Linux; Android 6.0.1; Nexus 5X Build/MMB29P) AppleWebKit/537.36 (KHTML, like Gecko) Chrome/150.0.7871.128 Mobile Safari/537.36 (compatible; Googlebot/2.1; +http://www.google.com/bot.html)"
66.249.70.97 - - [28/Jul/2026:07:02:14 +0200] "GET /?g=p3a1y1e4n2889881 HTTP/1.1" 200 8765 "-" "Mozilla/5.0 (Linux; Android 6.0.1; Nexus 5X Build/MMB29P) AppleWebKit/537.36 (KHTML, like Gecko) Chrome/150.0.7871.128 Mobile Safari/537.36 (compatible; Googlebot/2.1; +http://www.google.com/bot.html)"
66.249.76.226 - - [28/Jul/2026:07:02:14 +0200] "GET /?g=r0e1l1i6e2v3e2d7237 HTTP/1.1" 200 8764 "-" "Mozilla/5.0 (Linux; Android 6.0.1; Nexus 5X Build/MMB29P) AppleWebKit/537.36 (KHTML, like Gecko) Chrome/150.0.7871.128 Mobile Safari/537.36 (compatible; Googlebot/2.1; +http://www.google.com/bot.html)"
66.249.70.110 - - [28/Jul/2026:07:02:15 +0200] "GET /?g=p6r2o6t6o4s3i9l5i9c4a2te HTTP/1.1" 200 8763 "-" "Mozilla/5.0 (Linux; Android 6.0.1; Nexus 5X Build/MMB29P) AppleWebKit/537.36 (KHTML, like Gecko) Chrome/150.0.7871.128 Mobile Safari/537.36 (compatible; Googlebot/2.1; +http://www.google.com/bot.html)"
66.249.76.224 - - [28/Jul/2026:07:02:14 +0200] "GET /online/Sandales-Enfant-Levi-039-s-Kids-Cadys-L-g-res-Et-548260 HTTP/1.1" 200 101028 "-" "Mozilla/5.0 (Linux; Android 6.0.1; Nexus 5X Build/MMB29P) AppleWebKit/537.36 (KHTML, like Gecko) Chrome/150.0.7871.128 Mobile Safari/537.36 (compatible; Googlebot/2.1; +http://www.google.com/bot.html)"
66.249.76.225 - - [28/Jul/2026:07:02:14 +0200] "GET /online/Boucles-D-039-oreilles-Rosefield-Mod-le-MSSES-J214-M-tal-886210 HTTP/1.1" 200 100149 "-" "Mozilla/5.0 (Linux; Android 6.0.1; Nexus 5X Build/MMB29P) AppleWebKit/537.36 (KHTML, like Gecko) Chrome/150.0.7871.128 Mobile Safari/537.36 (compatible; Googlebot/2.1; +http://www.google.com/bot.html)"
66.249.70.109 - - [28/Jul/2026:07:02:15 +0200] "GET /?g=s2h2e4l7t0e3r1y1410 HTTP/1.1" 200 8765 "-" "Mozilla/5.0 (Linux; Android 6.0.1; Nexus 5X Build/MMB29P) AppleWebKit/537.36 (KHTML, like Gecko) Chrome/150.0.7871.128 Mobile Safari/537.36 (compatible; Googlebot/2.1; +http://www.google.com/bot.html)"
66.249.76.226 - - [28/Jul/2026:07:02:13 +0200] "GET /online/T-te-De-Mort-Cuir-Et-Acier-Inoxydable-Fermoir-Magn-tique-698632 HTTP/1.1" 200 99979 "-" "Mozilla/5.0 (Linux; Android 6.0.1; Nexus 5X Build/MMB29P) AppleWebKit/537.36 (KHTML, like Gecko) Chrome/150.0.7871.128 Mobile Safari/537.36 (compatible; Googlebot/2.1; +http://www.google.com/bot.html)"
66.249.70.109 - - [28/Jul/2026:07:02:16 +0200] "GET /?g=r6e1v8e4l4a9t5e0123 HTTP/1.1" 200 8765 "-" "Mozilla/5.0 (Linux; Android 6.0.1; Nexus 5X Build/MMB29P) AppleWebKit/537.36 (KHTML, like Gecko) Chrome/150.0.7871.128 Mobile Safari/537.36 (compatible; Googlebot/2.1; +http://www.google.com/bot.html)"
216.73.217.13 - - [28/Jul/2026:07:02:16 +0200] "GET /votress/chevachie/32256837895?lokasie=%2Fvar%2Fwww%2Fvhosts%2Fsipek-instalacije.si%2Fhttpdocs%2Fwp-includes%2F%2Ftheme.php&loknya=%2Fvar%2Fwww%2Fvhosts%2Fsipek-instalacije.si%2Fhttpdocs%2Fwp-includes%2F HTTP/1.1" 200 38295 "-" "Mozilla/5.0 AppleWebKit/537.36 (KHTML, like Gecko; compatible; ClaudeBot/1.0; +claudebot@anthropic.com)"
66.249.70.99 - - [28/Jul/2026:07:02:16 +0200] "GET /?g=s3p4i0r3i7t8u6a6l6i3z0er HTTP/1.1" 200 8765 "-" "Mozilla/5.0 (Linux; Android 6.0.1; Nexus 5X Build/MMB29P) AppleWebKit/537.36 (KHTML, like Gecko) Chrome/150.0.7871.128 Mobile Safari/537.36 (compatible; Googlebot/2.1; +http://www.google.com/bot.html)"
66.249.76.226 - - [28/Jul/2026:07:02:16 +0200] "GET /online/EVA-R-glables-Motifs-Color-s-Int-rieur-ext-rieur-536939 HTTP/1.1" 200 100857 "-" "Mozilla/5.0 (Linux; Android 6.0.1; Nexus 5X Build/MMB29P) AppleWebKit/537.36 (KHTML, like Gecko) Chrome/150.0.7871.128 Mobile Safari/537.36 (compatible; Googlebot/2.1; +http://www.google.com/bot.html)"
66.249.70.110 - - [28/Jul/2026:07:02:16 +0200] "GET /online/Unisexe-Taille-XXL-100-Coton-150-G-m-Taille-lastiqu-e-850495 HTTP/1.1" 200 99884 "-" "Mozilla/5.0 (Linux; Android 6.0.1; Nexus 5X Build/MMB29P) AppleWebKit/537.36 (KHTML, like Gecko) Chrome/150.0.7871.128 Mobile Safari/537.36 (compatible; Googlebot/2.1; +http://www.google.com/bot.html)"
66.249.70.100 - - [28/Jul/2026:07:02:16 +0200] "GET /?g=t6h2r7i2d2d0e9d3810 HTTP/1.1" 200 8765 "-" "Mozilla/5.0 (Linux; Android 6.0.1; Nexus 5X Build/MMB29P) AppleWebKit/537.36 (KHTML, like Gecko) Chrome/150.0.7871.128 Mobile Safari/537.36 (compatible; Googlebot/2.1; +http://www.google.com/bot.html)"
66.249.70.109 - - [28/Jul/2026:07:02:16 +0200] "GET /online/Pour-Femme-Maille-Semi-transparente-Ray-e-Coupe-Ample-874441 HTTP/1.1" 200 99742 "-" "Mozilla/5.0 (Linux; Android 6.0.1; Nexus 5X Build/MMB29P) AppleWebKit/537.36 (KHTML, like Gecko) Chrome/150.0.7871.128 Mobile Safari/537.36 (compatible; Googlebot/2.1; +http://www.google.com/bot.html)"
66.249.70.96 - - [28/Jul/2026:07:02:17 +0200] "GET /?g=p0h2y9l8a8e447571 HTTP/1.1" 200 8765 "-" "Mozilla/5.0 (Linux; Android 6.0.1; Nexus 5X Build/MMB29P) AppleWebKit/537.36 (KHTML, like Gecko) Chrome/150.0.7871.128 Mobile Safari/537.36 (compatible; Googlebot/2.1; +http://www.google.com/bot.html)"
66.249.70.99 - - [28/Jul/2026:07:02:18 +0200] "GET /?g=v2i2r4g4i8n2s181 HTTP/1.1" 200 8765 "-" "Mozilla/5.0 (Linux; Android 6.0.1; Nexus 5X Build/MMB29P) AppleWebKit/537.36 (KHTML, like Gecko) Chrome/150.0.7871.128 Mobile Safari/537.36 (compatible; Googlebot/2.1; +http://www.google.com/bot.html)"
66.249.70.109 - - [28/Jul/2026:07:02:18 +0200] "GET /?g=i3s8a4t1y1d7e2323 HTTP/1.1" 200 8765 "-" "Mozilla/5.0 (Linux; Android 6.0.1; Nexus 5X Build/MMB29P) AppleWebKit/537.36 (KHTML, like Gecko) Chrome/150.0.7871.128 Mobile Safari/537.36 (compatible; Googlebot/2.1; +http://www.google.com/bot.html)"
66.249.70.100 - - [28/Jul/2026:07:02:17 +0200] "GET /online/California-Motorbike-Slim-Fit-Homme-849360 HTTP/1.1" 200 100052 "-" "Mozilla/5.0 (Linux; Android 6.0.1; Nexus 5X Build/MMB29P) AppleWebKit/537.36 (KHTML, like Gecko) Chrome/150.0.7871.128 Mobile Safari/537.36 (compatible; Googlebot/2.1; +http://www.google.com/bot.html)"
119.156.82.161 - - [28/Jul/2026:07:02:19 +0200] "POST /xmlrpc.php HTTP/1.1" 200 48651 "-" "Jetpack by WordPress.com"
66.249.70.99 - - [28/Jul/2026:07:02:18 +0200] "GET /online/En-1-Avec-T-te-En-T-R-glable-Gabarit-Pour-Trous-Pr-cis-679648 HTTP/1.1" 200 100399 "-" "Mozilla/5.0 (Linux; Android 6.0.1; Nexus 5X Build/MMB29P) AppleWebKit/537.36 (KHTML, like Gecko) Chrome/150.0.7871.128 Mobile Safari/537.36 (compatible; Googlebot/2.1; +http://www.google.com/bot.html)"
66.249.70.98 - - [28/Jul/2026:07:02:19 +0200] "GET /?g=m1o8s3c9h8a1t4a631 HTTP/1.1" 200 8765 "-" "Mozilla/5.0 (Linux; Android 6.0.1; Nexus 5X Build/MMB29P) AppleWebKit/537.36 (KHTML, like Gecko) Chrome/150.0.7871.128 Mobile Safari/537.36 (compatible; Googlebot/2.1; +http://www.google.com/bot.html)"
216.73.217.13 - - [28/Jul/2026:07:02:19 +0200] "GET /votress/chevachie/32256837895?lokasie=%2Fvar%2Fwww%2Fvhosts%2Fsipek-instalacije.si%2Fhttpdocs%2Fwp-includes%2F%2Fms-default-constants.php&loknya=%2Fvar%2Fwww%2Fvhosts%2Fsipek-instalacije.si%2Fhttpdocs%2Fwp-includes%2F HTTP/1.1" 200 8726 "-" "Mozilla/5.0 AppleWebKit/537.36 (KHTML, like Gecko; compatible; ClaudeBot/1.0; +claudebot@anthropic.com)"
66.249.70.98 - - [28/Jul/2026:07:02:17 +0200] "GET /online/tre-15-Mm-Pour-Boucher-Trous-Et-N-uds-Dans-Le-Bois-788331 HTTP/1.1" 200 100364 "-" "Mozilla/5.0 (Linux; Android 6.0.1; Nexus 5X Build/MMB29P) AppleWebKit/537.36 (KHTML, like Gecko) Chrome/150.0.7871.128 Mobile Safari/537.36 (compatible; Googlebot/2.1; +http://www.google.com/bot.html)"
66.249.70.96 - - [28/Jul/2026:07:02:19 +0200] "GET /?sulphureousness/6152599684 HTTP/1.1" 200 8765 "-" "Mozilla/5.0 (Linux; Android 6.0.1; Nexus 5X Build/MMB29P) AppleWebKit/537.36 (KHTML, like Gecko) Chrome/150.0.7871.128 Mobile Safari/537.36 (compatible; Googlebot/2.1; +http://www.google.com/bot.html)"
66.249.70.96 - - [28/Jul/2026:07:02:19 +0200] "GET /?damselfly/73100267923 HTTP/1.1" 200 8765 "-" "Mozilla/5.0 (Linux; Android 6.0.1; Nexus 5X Build/MMB29P) AppleWebKit/537.36 (KHTML, like Gecko) Chrome/150.0.7871.128 Mobile Safari/537.36 (compatible; Googlebot/2.1; +http://www.google.com/bot.html)"
66.249.70.96 - - [28/Jul/2026:07:02:20 +0200] "GET /?g=e5n3d6e6a9v5o5r2i1n2g8 HTTP/1.1" 200 8765 "-" "Mozilla/5.0 (Linux; Android 6.0.1; Nexus 5X Build/MMB29P) AppleWebKit/537.36 (KHTML, like Gecko) Chrome/150.0.7871.128 Mobile Safari/537.36 (compatible; Googlebot/2.1; +http://www.google.com/bot.html)"
66.249.70.97 - - [28/Jul/2026:07:02:20 +0200] "GET /?spicer/2427622738 HTTP/1.1" 200 8765 "-" "Mozilla/5.0 (Linux; Android 6.0.1; Nexus 5X Build/MMB29P) AppleWebKit/537.36 (KHTML, like Gecko) Chrome/150.0.7871.128 Mobile Safari/537.36 (compatible; Googlebot/2.1; +http://www.google.com/bot.html)"
66.249.70.97 - - [28/Jul/2026:07:02:19 +0200] "GET /online/Plaque-Arri-re-De-Football-Schutt-AiR-Maxx-Protection-Impact-1054042 HTTP/1.1" 200 100043 "-" "Mozilla/5.0 (Linux; Android 6.0.1; Nexus 5X Build/MMB29P) AppleWebKit/537.36 (KHTML, like Gecko) Chrome/150.0.7871.128 Mobile Safari/537.36 (compatible; Googlebot/2.1; +http://www.google.com/bot.html)"
66.249.70.109 - - [28/Jul/2026:07:02:20 +0200] "GET /?g=d9a3n4d6i2f3i0e3d593 HTTP/1.1" 200 8765 "-" "Mozilla/5.0 (Linux; Android 6.0.1; Nexus 5X Build/MMB29P) AppleWebKit/537.36 (KHTML, like Gecko) Chrome/150.0.7871.128 Mobile Safari/537.36 (compatible; Googlebot/2.1; +http://www.google.com/bot.html)"
66.249.70.97 - - [28/Jul/2026:07:02:21 +0200] "GET /?g=p5e1g0a0s6o5i4d4067 HTTP/1.1" 200 8765 "-" "Mozilla/5.0 (Linux; Android 6.0.1; Nexus 5X Build/MMB29P) AppleWebKit/537.36 (KHTML, like Gecko) Chrome/150.0.7871.128 Mobile Safari/537.36 (compatible; Googlebot/2.1; +http://www.google.com/bot.html)"
66.249.76.226 - - [28/Jul/2026:07:02:21 +0200] "GET /?g=t2o3b8i6a5n6u5s7217 HTTP/1.1" 200 8764 "-" "Mozilla/5.0 (Linux; Android 6.0.1; Nexus 5X Build/MMB29P) AppleWebKit/537.36 (KHTML, like Gecko) Chrome/150.0.7871.128 Mobile Safari/537.36 (compatible; Googlebot/2.1; +http://www.google.com/bot.html)"
66.249.70.110 - - [28/Jul/2026:07:02:21 +0200] "GET /?g=c3e3n3t0r5o6b1a2r9i2c9 HTTP/1.1" 200 8763 "-" "Mozilla/5.0 (Linux; Android 6.0.1; Nexus 5X Build/MMB29P) AppleWebKit/537.36 (KHTML, like Gecko) Chrome/150.0.7871.128 Mobile Safari/537.36 (compatible; Googlebot/2.1; +http://www.google.com/bot.html)"
66.249.70.97 - - [28/Jul/2026:07:02:20 +0200] "GET /online/V-ux-Anniversaire-Vierge-Motif-Planche-Roulettes-Coucher-970417 HTTP/1.1" 200 100408 "-" "Mozilla/5.0 (Linux; Android 6.0.1; Nexus 5X Build/MMB29P) AppleWebKit/537.36 (KHTML, like Gecko) Chrome/150.0.7871.128 Mobile Safari/537.36 (compatible; Googlebot/2.1; +http://www.google.com/bot.html)"
216.73.217.13 - - [28/Jul/2026:07:02:22 +0200] "GET /votress/chevachie/32256837895?lokasie=%2Fvar%2Fwww%2Fvhosts%2Fsipek-instalacije.si%2Fhttpdocs%2Fwp-includes%2F%2Fclass-wp-block-template.php&loknya=%2Fvar%2Fwww%2Fvhosts%2Fsipek-instalacije.si%2Fhttpdocs%2Fwp-includes%2F HTTP/1.1" 200 7707 "-" "Mozilla/5.0 AppleWebKit/537.36 (KHTML, like Gecko; compatible; ClaudeBot/1.0; +claudebot@anthropic.com)"
66.249.76.230 - - [28/Jul/2026:07:02:21 +0200] "GET /online/De-Golf-R-glage-Multi-Angle-Noir-Taille-Unique-445121 HTTP/1.1" 200 100501 "-" "Mozilla/5.0 (Linux; Android 6.0.1; Nexus 5X Build/MMB29P) AppleWebKit/537.36 (KHTML, like Gecko) Chrome/150.0.7871.128 Mobile Safari/537.36 (compatible; Googlebot/2.1; +http://www.google.com/bot.html)"
66.249.76.225 - - [28/Jul/2026:07:02:21 +0200] "GET /online/HYCOPROT-Manches-Longues-Homme-Respirant-S-chage-Rapide-471617 HTTP/1.1" 200 99627 "-" "Mozilla/5.0 (Linux; Android 6.0.1; Nexus 5X Build/MMB29P) AppleWebKit/537.36 (KHTML, like Gecko) Chrome/150.0.7871.128 Mobile Safari/537.36 (compatible; Googlebot/2.1; +http://www.google.com/bot.html)"
66.249.70.110 - - [28/Jul/2026:07:02:21 +0200] "GET /online/Impression-l-phant-Coton-100-Style-Goa-D-contract-928379 HTTP/1.1" 200 100602 "-" "Mozilla/5.0 (Linux; Android 6.0.1; Nexus 5X Build/MMB29P) AppleWebKit/537.36 (KHTML, like Gecko) Chrome/150.0.7871.128 Mobile Safari/537.36 (compatible; Googlebot/2.1; +http://www.google.com/bot.html)"
66.249.70.100 - - [28/Jul/2026:07:02:22 +0200] "GET /?rating/73271780318 HTTP/1.1" 200 8765 "-" "Mozilla/5.0 (Linux; Android 6.0.1; Nexus 5X Build/MMB29P) AppleWebKit/537.36 (KHTML, like Gecko) Chrome/150.0.7871.128 Mobile Safari/537.36 (compatible; Googlebot/2.1; +http://www.google.com/bot.html)"
66.249.70.96 - - [28/Jul/2026:07:02:23 +0200] "GET /?g=c3a2p9i9t3u0l3a4t2i0o5n HTTP/1.1" 200 8765 "-" "Mozilla/5.0 (Linux; Android 6.0.1; Nexus 5X Build/MMB29P) AppleWebKit/537.36 (KHTML, like Gecko) Chrome/150.0.7871.128 Mobile Safari/537.36 (compatible; Googlebot/2.1; +http://www.google.com/bot.html)"
66.249.70.110 - - [28/Jul/2026:07:02:23 +0200] "GET /?g=c6o3r5v0o6r6a8n5t151 HTTP/1.1" 200 8763 "-" "Mozilla/5.0 (Linux; Android 6.0.1; Nexus 5X Build/MMB29P) AppleWebKit/537.36 (KHTML, like Gecko) Chrome/150.0.7871.128 Mobile Safari/537.36 (compatible; Googlebot/2.1; +http://www.google.com/bot.html)"
66.249.76.229 - - [28/Jul/2026:07:02:23 +0200] "GET /online/lav-Coton-Bio-Certifi-GOTS-Coupe-Moderne-Et-Confortable-471606 HTTP/1.1" 200 99619 "-" "Mozilla/5.0 (Linux; Android 6.0.1; Nexus 5X Build/MMB29P) AppleWebKit/537.36 (KHTML, like Gecko) Chrome/150.0.7871.128 Mobile Safari/537.36 (compatible; Googlebot/2.1; +http://www.google.com/bot.html)"
66.249.70.102 - - [28/Jul/2026:07:02:24 +0200] "GET /?g=m2a4c1r1o8p3o2d3a0l17 HTTP/1.1" 200 8765 "-" "Mozilla/5.0 (Linux; Android 6.0.1; Nexus 5X Build/MMB29P) AppleWebKit/537.36 (KHTML, like Gecko) Chrome/150.0.7871.128 Mobile Safari/537.36 (compatible; Googlebot/2.1; +http://www.google.com/bot.html)"
66.249.76.228 - - [28/Jul/2026:07:02:23 +0200] "GET /online/Femme-Liebeskind-Berlin-Chudy-Taille-L-Couleur-Grigio-gris-891126 HTTP/1.1" 200 100153 "-" "Mozilla/5.0 (Linux; Android 6.0.1; Nexus 5X Build/MMB29P) AppleWebKit/537.36 (KHTML, like Gecko) Chrome/150.0.7871.128 Mobile Safari/537.36 (compatible; Googlebot/2.1; +http://www.google.com/bot.html)"
66.249.70.102 - - [28/Jul/2026:07:02:24 +0200] "GET /online/Fusibles-70-AMP-Bornes-Et-Gaines-Pour-Auto-Marine-Audio-813573 HTTP/1.1" 200 101098 "-" "Mozilla/5.0 (Linux; Android 6.0.1; Nexus 5X Build/MMB29P) AppleWebKit/537.36 (KHTML, like Gecko) Chrome/150.0.7871.128 Mobile Safari/537.36 (compatible; Googlebot/2.1; +http://www.google.com/bot.html)"
66.249.70.109 - - [28/Jul/2026:07:02:24 +0200] "GET /online/Grille-De-Calandre-Avant-Pour-Tesla-Model-Y-2020-2023-ABS-724906 HTTP/1.1" 200 100012 "-" "Mozilla/5.0 (Linux; Android 6.0.1; Nexus 5X Build/MMB29P) AppleWebKit/537.36 (KHTML, like Gecko) Chrome/150.0.7871.128 Mobile Safari/537.36 (compatible; Googlebot/2.1; +http://www.google.com/bot.html)"
66.249.70.101 - - [28/Jul/2026:07:02:25 +0200] "GET /?g=w8o3n7d4e5r847763 HTTP/1.1" 200 8765 "-" "Mozilla/5.0 (Linux; Android 6.0.1; Nexus 5X Build/MMB29P) AppleWebKit/537.36 (KHTML, like Gecko) Chrome/150.0.7871.128 Mobile Safari/537.36 (compatible; Googlebot/2.1; +http://www.google.com/bot.html)"
216.73.217.13 - - [28/Jul/2026:07:02:25 +0200] "GET /scindens/p3e2p8l5o7i4d1e5s137?lokasie=%2Fvar%2Fwww%2Fvhosts%2Fsipek-instalacije.si%2Fhttpdocs%2Fwp-content%2Fmaintenance%2F%2Ftemplate.phtml&loknya=%2Fvar%2Fwww%2Fvhosts%2Fsipek-instalacije.si%2Fhttpdocs%2Fwp-content%2Fmaintenance%2F HTTP/1.1" 200 7914 "-" "Mozilla/5.0 AppleWebKit/537.36 (KHTML, like Gecko; compatible; ClaudeBot/1.0; +claudebot@anthropic.com)"
66.249.70.99 - - [28/Jul/2026:07:02:25 +0200] "GET /online/pages-M-tal-Pompon-Motifs-Van-Gogh-Design-Creux-Dor-997933 HTTP/1.1" 200 100156 "-" "Mozilla/5.0 (Linux; Android 6.0.1; Nexus 5X Build/MMB29P) AppleWebKit/537.36 (KHTML, like Gecko) Chrome/150.0.7871.128 Mobile Safari/537.36 (compatible; Googlebot/2.1; +http://www.google.com/bot.html)"
66.249.70.102 - - [28/Jul/2026:07:02:26 +0200] "GET /?g=b8o3u7r7s3e552268 HTTP/1.1" 200 8765 "-" "Mozilla/5.0 (Linux; Android 6.0.1; Nexus 5X Build/MMB29P) AppleWebKit/537.36 (KHTML, like Gecko) Chrome/150.0.7871.128 Mobile Safari/537.36 (compatible; Googlebot/2.1; +http://www.google.com/bot.html)"
66.249.70.109 - - [28/Jul/2026:07:02:26 +0200] "GET /?g=p5u1r2p7a0r5t42818 HTTP/1.1" 200 8765 "-" "Mozilla/5.0 (Linux; Android 6.0.1; Nexus 5X Build/MMB29P) AppleWebKit/537.36 (KHTML, like Gecko) Chrome/150.0.7871.128 Mobile Safari/537.36 (compatible; Googlebot/2.1; +http://www.google.com/bot.html)"
66.249.70.105 - - [28/Jul/2026:07:02:27 +0200] "GET /?g=c7a3r2c2i7n3o9g2e3n5i6city HTTP/1.1" 200 8764 "-" "Mozilla/5.0 (Linux; Android 6.0.1; Nexus 5X Build/MMB29P) AppleWebKit/537.36 (KHTML, like Gecko) Chrome/150.0.7871.128 Mobile Safari/537.36 (compatible; Googlebot/2.1; +http://www.google.com/bot.html)"
66.249.70.102 - - [28/Jul/2026:07:02:27 +0200] "GET /?g=r8e3c1a7n4t5i1n2g955 HTTP/1.1" 200 8765 "-" "Mozilla/5.0 (Linux; Android 6.0.1; Nexus 5X Build/MMB29P) AppleWebKit/537.36 (KHTML, like Gecko) Chrome/150.0.7871.128 Mobile Safari/537.36 (compatible; Googlebot/2.1; +http://www.google.com/bot.html)"
66.249.70.105 - - [28/Jul/2026:07:02:26 +0200] "GET /online/Textur-Vert-Pastel-Coupe-Moderne-Taille-XS-588044 HTTP/1.1" 200 100331 "-" "Mozilla/5.0 (Linux; Android 6.0.1; Nexus 5X Build/MMB29P) AppleWebKit/537.36 (KHTML, like Gecko) Chrome/150.0.7871.128 Mobile Safari/537.36 (compatible; Googlebot/2.1; +http://www.google.com/bot.html)"
216.73.217.13 - - [28/Jul/2026:07:02:28 +0200] "GET /shops/ruridecanal/a3b3b0r8e6v6i4a9t9e8d1?lokasie=%2Fvar%2Fwww%2Fvhosts%2Fsipek-instalacije.si%2Fhttpdocs%2Fwp-includes%2Fregistration-functions.php&loknya=%2Fvar%2Fwww%2Fvhosts%2Fsipek-instalacije.si%2Fhttpdocs%2Fwp-includes HTTP/1.1" 200 7233 "-" "Mozilla/5.0 AppleWebKit/537.36 (KHTML, like Gecko; compatible; ClaudeBot/1.0; +claudebot@anthropic.com)"
66.249.76.227 - - [28/Jul/2026:07:02:27 +0200] "GET /online/Patriot-Homme-Semelle-Flexible-Confort-Marche-Style-693211 HTTP/1.1" 200 99898 "-" "Mozilla/5.0 (Linux; Android 6.0.1; Nexus 5X Build/MMB29P) AppleWebKit/537.36 (KHTML, like Gecko) Chrome/150.0.7871.128 Mobile Safari/537.36 (compatible; Googlebot/2.1; +http://www.google.com/bot.html)"
66.249.70.103 - - [28/Jul/2026:07:02:26 +0200] "GET /online/Jouets-M-cher-Wildfang-Pour-Chiot-Saveur-Fromage-1149267 HTTP/1.1" 200 100873 "-" "Mozilla/5.0 (Linux; Android 6.0.1; Nexus 5X Build/MMB29P) AppleWebKit/537.36 (KHTML, like Gecko) Chrome/150.0.7871.128 Mobile Safari/537.36 (compatible; Googlebot/2.1; +http://www.google.com/bot.html)"
57.141.0.45 - - [28/Jul/2026:07:02:27 +0200] "GET /?g=s9e2l9f4w8i9n5d6i9n7g8 HTTP/1.1" 200 48647 "-" "Mozilla/5.0 (Windows NT 10.0; Win64; x64) AppleWebKit/537.36 (KHTML, like Gecko) Chrome/145.0.0.0 Safari/537.36 (compatible; meta-externalagent/1.1 (+https://developers.facebook.com/docs/sharing/webmasters/crawler))"
66.249.76.233 - - [28/Jul/2026:07:02:28 +0200] "GET /online/Gaufr-145x210-Cm-Fabriqu-En-Allemagne-Vert-For-t-380063 HTTP/1.1" 200 100046 "-" "Mozilla/5.0 (Linux; Android 6.0.1; Nexus 5X Build/MMB29P) AppleWebKit/537.36 (KHTML, like Gecko) Chrome/150.0.7871.128 Mobile Safari/537.36 (compatible; Googlebot/2.1; +http://www.google.com/bot.html)"
119.156.82.161 - - [28/Jul/2026:07:02:29 +0200] "POST /xmlrpc.php HTTP/1.1" 200 48651 "-" "WordPress.com; https://wordpress.com"
66.249.70.104 - - [28/Jul/2026:07:02:30 +0200] "GET /?composedness/51288298940 HTTP/1.1" 200 8764 "-" "Mozilla/5.0 (Linux; Android 6.0.1; Nexus 5X Build/MMB29P) AppleWebKit/537.36 (KHTML, like Gecko) Chrome/150.0.7871.128 Mobile Safari/537.36 (compatible; Googlebot/2.1; +http://www.google.com/bot.html)"
216.73.217.13 - - [28/Jul/2026:07:02:31 +0200] "GET /votress/chevachie/32256837895?lokasie=%2Fvar%2Fwww%2Fvhosts%2Fsipek-instalacije.si%2Fhttpdocs%2Fwp-includes%2F%2Fatomlib.php&loknya=%2Fvar%2Fwww%2Fvhosts%2Fsipek-instalacije.si%2Fhttpdocs%2Fwp-includes%2F HTTP/1.1" 200 10464 "-" "Mozilla/5.0 AppleWebKit/537.36 (KHTML, like Gecko; compatible; ClaudeBot/1.0; +claudebot@anthropic.com)"
66.249.76.232 - - [28/Jul/2026:07:02:31 +0200] "GET /?g=p4r1o3l5i1f6e3r3a35 HTTP/1.1" 200 8765 "-" "Mozilla/5.0 (Linux; Android 6.0.1; Nexus 5X Build/MMB29P) AppleWebKit/537.36 (KHTML, like Gecko) Chrome/150.0.7871.128 Mobile Safari/537.36 (compatible; Googlebot/2.1; +http://www.google.com/bot.html)"
216.73.217.13 - - [28/Jul/2026:07:02:34 +0200] "GET /shops/ruridecanal/a3b3b0r8e6v6i4a9t9e8d1?lokasie=%2Fvar%2Fwww%2Fvhosts%2Fsipek-instalacije.si%2Fhttpdocs%2Fwp-includes%2Fnav-menu.php&loknya=%2Fvar%2Fwww%2Fvhosts%2Fsipek-instalacije.si%2Fhttpdocs%2Fwp-includes HTTP/1.1" 200 16980 "-" "Mozilla/5.0 AppleWebKit/537.36 (KHTML, like Gecko; compatible; ClaudeBot/1.0; +claudebot@anthropic.com)"
216.73.217.13 - - [28/Jul/2026:07:02:37 +0200] "GET /teneral/amatorian/33875969143?loknya=%2Fvar%2Fwww%2Fvhosts%2Fsipek-instalacije.si%2Fhttpdocs%2Fwp-admin%2Fcss%2Fcolors%2Focean HTTP/1.1" 200 7782 "-" "Mozilla/5.0 AppleWebKit/537.36 (KHTML, like Gecko; compatible; ClaudeBot/1.0; +claudebot@anthropic.com)"
216.73.217.13 - - [28/Jul/2026:07:02:40 +0200] "GET /shops/dialogistical/a3g1r0o9n9o0m9i9c6s35?lokasie=%2Fvar%2Fwww%2Fvhosts%2Fsipek-instalacije.si%2Fhttpdocs%2Fwp-admin%2Fnetwork%2Fsites.php&loknya=%2Fvar%2Fwww%2Fvhosts%2Fsipek-instalacije.si%2Fhttpdocs%2Fwp-admin%2Fnetwork HTTP/1.1" 200 11309 "-" "Mozilla/5.0 AppleWebKit/537.36 (KHTML, like Gecko; compatible; ClaudeBot/1.0; +claudebot@anthropic.com)"
119.156.82.161 - - [28/Jul/2026:07:02:40 +0200] "POST /xmlrpc.php HTTP/1.1" 200 48651 "-" "WordPress.com; https://wordpress.com"
216.73.217.13 - - [28/Jul/2026:07:02:43 +0200] "GET /votress/chevachie/32256837895?lokasie=%2Fvar%2Fwww%2Fvhosts%2Fsipek-instalacije.si%2Fhttpdocs%2Fwp-includes%2F%2Fversion.php&loknya=%2Fvar%2Fwww%2Fvhosts%2Fsipek-instalacije.si%2Fhttpdocs%2Fwp-includes%2F HTTP/1.1" 200 7558 "-" "Mozilla/5.0 AppleWebKit/537.36 (KHTML, like Gecko; compatible; ClaudeBot/1.0; +claudebot@anthropic.com)"
66.249.70.106 - - [28/Jul/2026:07:02:43 +0200] "GET /?g=a5m2e0n0t6a2c8e6o8u4s2 HTTP/1.1" 200 8765 "-" "Mozilla/5.0 (Linux; Android 6.0.1; Nexus 5X Build/MMB29P) AppleWebKit/537.36 (KHTML, like Gecko) Chrome/150.0.7871.128 Mobile Safari/537.36 (compatible; Googlebot/2.1; +http://www.google.com/bot.html)"
216.73.217.13 - - [28/Jul/2026:07:02:46 +0200] "GET /shops/molted/w3h2a4d1d1i6e05563?lokasie=%2Fvar%2Fwww%2Fvhosts%2Fsipek-instalacije.si%2Fhttpdocs%2Fwp-admin%2Fjs%2Fpostbox.min.js&loknya=%2Fvar%2Fwww%2Fvhosts%2Fsipek-instalacije.si%2Fhttpdocs%2Fwp-admin%2Fjs HTTP/1.1" 200 9444 "-" "Mozilla/5.0 AppleWebKit/537.36 (KHTML, like Gecko; compatible; ClaudeBot/1.0; +claudebot@anthropic.com)"
57.141.0.39 - - [28/Jul/2026:07:02:47 +0200] "GET /?g=a2f2f7i1r7m6e0d5151 HTTP/1.1" 200 48647 "-" "Mozilla/5.0 (Windows NT 10.0; Win64; x64) AppleWebKit/537.36 (KHTML, like Gecko) Chrome/145.0.0.0 Safari/537.36 (compatible; meta-externalagent/1.1 (+https://developers.facebook.com/docs/sharing/webmasters/crawler))"
216.73.217.13 - - [28/Jul/2026:07:02:49 +0200] "GET /thrashing/liposcelis/31235702689?lokasie=%2Fvar%2Fwww%2Fvhosts%2Fsipek-instalacije.si%2Fhttpdocs%2Fwp-includes%2Fjs%2Fmedia-models.js&loknya=%2Fvar%2Fwww%2Fvhosts%2Fsipek-instalacije.si%2Fhttpdocs%2Fwp-includes%2Fjs HTTP/1.1" 200 18019 "-" "Mozilla/5.0 AppleWebKit/537.36 (KHTML, like Gecko; compatible; ClaudeBot/1.0; +claudebot@anthropic.com)"
119.156.82.161 - - [28/Jul/2026:07:02:51 +0200] "POST /xmlrpc.php HTTP/1.1" 200 48651 "-" "Jetpack/12.5; WordPress/6.1; http://site93319492.com"
66.249.70.109 - - [28/Jul/2026:07:02:51 +0200] "GET /?g=b5r2a7s4i9e7r56671 HTTP/1.1" 200 8765 "-" "Mozilla/5.0 (Linux; Android 6.0.1; Nexus 5X Build/MMB29P) AppleWebKit/537.36 (KHTML, like Gecko) Chrome/150.0.7871.128 Mobile Safari/537.36 (compatible; Googlebot/2.1; +http://www.google.com/bot.html)"
216.73.217.13 - - [28/Jul/2026:07:02:52 +0200] "GET /anthochaera/d3e4c1e0a3s1e57512?lokasie=%2Fvar%2Fwww%2Fvhosts%2Fsipek-instalacije.si%2Fhttpdocs%2Fwp-includes%2Fjs%2Fdist%2Fis-shallow-equal.min.js&loknya=%2Fvar%2Fwww%2Fvhosts%2Fsipek-instalacije.si%2Fhttpdocs%2Fwp-includes%2Fjs%2Fdist HTTP/1.1" 200 7679 "-" "Mozilla/5.0 AppleWebKit/537.36 (KHTML, like Gecko; compatible; ClaudeBot/1.0; +claudebot@anthropic.com)"
216.73.217.13 - - [28/Jul/2026:07:02:55 +0200] "GET /shops/ramming/a3t9o2n7i4n5g5706?lokasie=%2Fvar%2Fwww%2Fvhosts%2Fsipek-instalacije.si%2Fhttpdocs%2Fwp-includes%2Fjs%2F%2Fwp-embed.min.js&loknya=%2Fvar%2Fwww%2Fvhosts%2Fsipek-instalacije.si%2Fhttpdocs%2Fwp-includes%2Fjs%2F HTTP/1.1" 200 7840 "-" "Mozilla/5.0 AppleWebKit/537.36 (KHTML, like Gecko; compatible; ClaudeBot/1.0; +claudebot@anthropic.com)"
216.73.217.13 - - [28/Jul/2026:07:02:58 +0200] "GET /shops/ruridecanal/a3b3b0r8e6v6i4a9t9e8d1?lokasie=%2Fvar%2Fwww%2Fvhosts%2Fsipek-instalacije.si%2Fhttpdocs%2Fwp-includes%2Fblocks.php&loknya=%2Fvar%2Fwww%2Fvhosts%2Fsipek-instalacije.si%2Fhttpdocs%2Fwp-includes HTTP/1.1" 200 30818 "-" "Mozilla/5.0 AppleWebKit/537.36 (KHTML, like Gecko; compatible; ClaudeBot/1.0; +claudebot@anthropic.com)"
216.73.217.13 - - [28/Jul/2026:07:03:01 +0200] "GET /shops/counterforce/f3a1r7c5e8220074?lokasie=%2Fvar%2Fwww%2Fvhosts%2Fsipek-instalacije.si%2Fhttpdocs%2Fwp-content%2Findex.php&loknya=%2Fvar%2Fwww%2Fvhosts%2Fsipek-instalacije.si%2Fhttpdocs%2Fwp-content HTTP/1.1" 200 7117 "-" "Mozilla/5.0 AppleWebKit/537.36 (KHTML, like Gecko; compatible; ClaudeBot/1.0; +claudebot@anthropic.com)"
119.156.82.161 - - [28/Jul/2026:07:03:01 +0200] "POST /xmlrpc.php HTTP/1.1" 200 48651 "-" "Jetpack/12.1; WordPress/6.2; http://site33884723.com"
66.249.76.229 - - [28/Jul/2026:07:03:03 +0200] "GET /shops/attemper/p4a3t7h3o2l9o0g9i1s2t5 HTTP/1.1" 200 8765 "-" "Mozilla/5.0 (Linux; Android 6.0.1; Nexus 5X Build/MMB29P) AppleWebKit/537.36 (KHTML, like Gecko) Chrome/150.0.7871.128 Mobile Safari/537.36 (compatible; Googlebot/2.1; +http://www.google.com/bot.html)"
216.73.217.13 - - [28/Jul/2026:07:03:04 +0200] "GET /shops/ruridecanal/a3b3b0r8e6v6i4a9t9e8d1?lokasie=%2Fvar%2Fwww%2Fvhosts%2Fsipek-instalacije.si%2Fhttpdocs%2Fwp-includes%2Fms-deprecated.php&loknya=%2Fvar%2Fwww%2Fvhosts%2Fsipek-instalacije.si%2Fhttpdocs%2Fwp-includes HTTP/1.1" 200 13444 "-" "Mozilla/5.0 AppleWebKit/537.36 (KHTML, like Gecko; compatible; ClaudeBot/1.0; +claudebot@anthropic.com)"
216.73.217.13 - - [28/Jul/2026:07:03:07 +0200] "GET /votress/chevachie/32256837895?lokasie=%2Fvar%2Fwww%2Fvhosts%2Fsipek-instalacije.si%2Fhttpdocs%2Fwp-includes%2F%2Fclass-wp-http-cookie.php&loknya=%2Fvar%2Fwww%2Fvhosts%2Fsipek-instalacije.si%2Fhttpdocs%2Fwp-includes%2F HTTP/1.1" 200 9621 "-" "Mozilla/5.0 AppleWebKit/537.36 (KHTML, like Gecko; compatible; ClaudeBot/1.0; +claudebot@anthropic.com)"
216.73.217.13 - - [28/Jul/2026:07:03:10 +0200] "GET /votress/chevachie/32256837895?lokasie=%2Fvar%2Fwww%2Fvhosts%2Fsipek-instalacije.si%2Fhttpdocs%2Fwp-includes%2F%2Fuser.php&loknya=%2Fvar%2Fwww%2Fvhosts%2Fsipek-instalacije.si%2Fhttpdocs%2Fwp-includes%2F HTTP/1.1" 200 44958 "-" "Mozilla/5.0 AppleWebKit/537.36 (KHTML, like Gecko; compatible; ClaudeBot/1.0; +claudebot@anthropic.com)"
119.156.82.161 - - [28/Jul/2026:07:03:12 +0200] "POST /xmlrpc.php HTTP/1.1" 200 48651 "-" "Jetpack by WordPress.com"
216.73.217.13 - - [28/Jul/2026:07:03:13 +0200] "GET /shops/ruridecanal/a3b3b0r8e6v6i4a9t9e8d1?lokasie=%2Fvar%2Fwww%2Fvhosts%2Fsipek-instalacije.si%2Fhttpdocs%2Fwp-includes%2Ftheme-previews.php&loknya=%2Fvar%2Fwww%2Fvhosts%2Fsipek-instalacije.si%2Fhttpdocs%2Fwp-includes HTTP/1.1" 200 8272 "-" "Mozilla/5.0 AppleWebKit/537.36 (KHTML, like Gecko; compatible; ClaudeBot/1.0; +claudebot@anthropic.com)"
66.249.76.238 - - [28/Jul/2026:07:03:15 +0200] "GET /?g=d8e2t1e4r7m2i3n7a3b5l4eness HTTP/1.1" 200 8765 "-" "Mozilla/5.0 (Linux; Android 6.0.1; Nexus 5X Build/MMB29P) AppleWebKit/537.36 (KHTML, like Gecko) Chrome/150.0.7871.128 Mobile Safari/537.36 (compatible; Googlebot/2.1; +http://www.google.com/bot.html)"
216.73.217.13 - - [28/Jul/2026:07:03:16 +0200] "GET /shops/renovelance/f3r3a7n2c1t0i3r4e7u2r1?loknya=%2Fvar%2Fwww%2Fvhosts%2Fsipek-instalacije.si%2Fhttpdocs%2Ftmp HTTP/1.1" 200 7574 "-" "Mozilla/5.0 AppleWebKit/537.36 (KHTML, like Gecko; compatible; ClaudeBot/1.0; +claudebot@anthropic.com)"
66.249.70.101 - - [28/Jul/2026:07:03:16 +0200] "GET /?g=n5e2a1t3h5o7u2s0e648 HTTP/1.1" 200 8765 "-" "Mozilla/5.0 (Linux; Android 6.0.1; Nexus 5X Build/MMB29P) AppleWebKit/537.36 (KHTML, like Gecko) Chrome/150.0.7871.128 Mobile Safari/537.36 (compatible; Googlebot/2.1; +http://www.google.com/bot.html)"
66.249.76.228 - - [28/Jul/2026:07:03:16 +0200] "GET /?g=l7u3c4k2i0l6y17656 HTTP/1.1" 200 8765 "-" "Mozilla/5.0 (Linux; Android 6.0.1; Nexus 5X Build/MMB29P) AppleWebKit/537.36 (KHTML, like Gecko) Chrome/150.0.7871.128 Mobile Safari/537.36 (compatible; Googlebot/2.1; +http://www.google.com/bot.html)"
66.249.70.102 - - [28/Jul/2026:07:03:16 +0200] "GET /?g=d6e4v6o3t1e0d9l4y82 HTTP/1.1" 200 8765 "-" "Mozilla/5.0 (Linux; Android 6.0.1; Nexus 5X Build/MMB29P) AppleWebKit/537.36 (KHTML, like Gecko) Chrome/150.0.7871.128 Mobile Safari/537.36 (compatible; Googlebot/2.1; +http://www.google.com/bot.html)"
216.73.217.13 - - [28/Jul/2026:07:03:19 +0200] "GET /votress/chevachie/32256837895?lokasie=%2Fvar%2Fwww%2Fvhosts%2Fsipek-instalacije.si%2Fhttpdocs%2Fwp-includes%2F%2Fms-load.php&loknya=%2Fvar%2Fwww%2Fvhosts%2Fsipek-instalacije.si%2Fhttpdocs%2Fwp-includes%2F HTTP/1.1" 200 13339 "-" "Mozilla/5.0 AppleWebKit/537.36 (KHTML, like Gecko; compatible; ClaudeBot/1.0; +claudebot@anthropic.com)"
216.73.217.13 - - [28/Jul/2026:07:03:22 +0200] "GET /votress/chevachie/32256837895?lokasie=%2Fvar%2Fwww%2Fvhosts%2Fsipek-instalacije.si%2Fhttpdocs%2Fwp-includes%2F%2Fsession.php&loknya=%2Fvar%2Fwww%2Fvhosts%2Fsipek-instalacije.si%2Fhttpdocs%2Fwp-includes%2F HTTP/1.1" 200 7239 "-" "Mozilla/5.0 AppleWebKit/537.36 (KHTML, like Gecko; compatible; ClaudeBot/1.0; +claudebot@anthropic.com)"
66.249.70.97 - - [28/Jul/2026:07:03:23 +0200] "GET /?g=s6u3b0s7e2r7v6e1d527 HTTP/1.1" 200 8765 "-" "Mozilla/5.0 (Linux; Android 6.0.1; Nexus 5X Build/MMB29P) AppleWebKit/537.36 (KHTML, like Gecko) Chrome/150.0.7871.128 Mobile Safari/537.36 (compatible; Googlebot/2.1; +http://www.google.com/bot.html)"
119.156.82.161 - - [28/Jul/2026:07:03:23 +0200] "POST /xmlrpc.php HTTP/1.1" 200 48651 "-" "WordPress.com; https://wordpress.com"
66.249.70.110 - - [28/Jul/2026:07:03:24 +0200] "GET /?g=h6e2d1d7l5e079846 HTTP/1.1" 200 8763 "-" "Mozilla/5.0 (Linux; Android 6.0.1; Nexus 5X Build/MMB29P) AppleWebKit/537.36 (KHTML, like Gecko) Chrome/150.0.7871.128 Mobile Safari/537.36 (compatible; Googlebot/2.1; +http://www.google.com/bot.html)"
207.46.13.111 - - [28/Jul/2026:07:03:23 +0200] "GET /online/Pour-Femme-Rose-gris-blanc-140x140-Cm-50-Coton-50-Viscose-528770 HTTP/1.1" 200 100222 "-" "Mozilla/5.0 AppleWebKit/537.36 (KHTML, like Gecko; compatible; bingbot/2.0; +http://www.bing.com/bingbot.htm) Chrome/116.0.1938.76 Safari/537.36"
66.249.70.96 - - [28/Jul/2026:07:03:25 +0200] "GET /?g=g4a4l1v4a7n0o2m2e7t0r9y HTTP/1.1" 200 8765 "-" "Mozilla/5.0 (Linux; Android 6.0.1; Nexus 5X Build/MMB29P) AppleWebKit/537.36 (KHTML, like Gecko) Chrome/150.0.7871.128 Mobile Safari/537.36 (compatible; Googlebot/2.1; +http://www.google.com/bot.html)"
216.73.217.13 - - [28/Jul/2026:07:03:25 +0200] "GET /votress/chevachie/32256837895?lokasie=%2Fvar%2Fwww%2Fvhosts%2Fsipek-instalacije.si%2Fhttpdocs%2Fwp-includes%2F%2Fupdate.php&loknya=%2Fvar%2Fwww%2Fvhosts%2Fsipek-instalacije.si%2Fhttpdocs%2Fwp-includes%2F HTTP/1.1" 200 15913 "-" "Mozilla/5.0 AppleWebKit/537.36 (KHTML, like Gecko; compatible; ClaudeBot/1.0; +claudebot@anthropic.com)"
66.249.76.226 - - [28/Jul/2026:07:03:25 +0200] "GET /?g=p7u8r1d3i8c5a8n1u8s0 HTTP/1.1" 200 8764 "-" "Mozilla/5.0 (Linux; Android 6.0.1; Nexus 5X Build/MMB29P) AppleWebKit/537.36 (KHTML, like Gecko) Chrome/150.0.7871.128 Mobile Safari/537.36 (compatible; Googlebot/2.1; +http://www.google.com/bot.html)"
66.249.76.238 - - [28/Jul/2026:07:03:24 +0200] "GET /?g=s9h4o1r2t6h5a8n1d0e2d2 HTTP/1.1" 200 8765 "-" "Mozilla/5.0 (Linux; Android 6.0.1; Nexus 5X Build/MMB29P) AppleWebKit/537.36 (KHTML, like Gecko) Chrome/150.0.7871.128 Mobile Safari/537.36 (compatible; Googlebot/2.1; +http://www.google.com/bot.html)"
66.249.76.238 - - [28/Jul/2026:07:03:26 +0200] "GET /?g=e3l5a2s4m7o1g1n9a8t3hus HTTP/1.1" 200 8765 "-" "Mozilla/5.0 (Linux; Android 6.0.1; Nexus 5X Build/MMB29P) AppleWebKit/537.36 (KHTML, like Gecko) Chrome/150.0.7871.128 Mobile Safari/537.36 (compatible; Googlebot/2.1; +http://www.google.com/bot.html)"
66.249.76.237 - - [28/Jul/2026:07:03:25 +0200] "GET /?g=b9u1l3l7d4o6z2e9680 HTTP/1.1" 200 8764 "-" "Mozilla/5.0 (Linux; Android 6.0.1; Nexus 5X Build/MMB29P) AppleWebKit/537.36 (KHTML, like Gecko) Chrome/150.0.7871.128 Mobile Safari/537.36 (compatible; Googlebot/2.1; +http://www.google.com/bot.html)"
66.249.70.110 - - [28/Jul/2026:07:03:26 +0200] "GET /?g=a4r1c6h3o2n7t0a5t3e42 HTTP/1.1" 200 8763 "-" "Mozilla/5.0 (Linux; Android 6.0.1; Nexus 5X Build/MMB29P) AppleWebKit/537.36 (KHTML, like Gecko) Chrome/150.0.7871.128 Mobile Safari/537.36 (compatible; Googlebot/2.1; +http://www.google.com/bot.html)"
66.249.70.99 - - [28/Jul/2026:07:03:26 +0200] "GET /?g=o6n1o1m0a6t2o3l4o7g5i5st HTTP/1.1" 200 8765 "-" "Mozilla/5.0 (Linux; Android 6.0.1; Nexus 5X Build/MMB29P) AppleWebKit/537.36 (KHTML, like Gecko) Chrome/150.0.7871.128 Mobile Safari/537.36 (compatible; Googlebot/2.1; +http://www.google.com/bot.html)"
66.249.70.100 - - [28/Jul/2026:07:03:25 +0200] "GET /online/Moulin-Poivre-Acrylique-Transparent-Bisetti-8410-12-Cm-1219386 HTTP/1.1" 200 100680 "-" "Mozilla/5.0 (Linux; Android 6.0.1; Nexus 5X Build/MMB29P) AppleWebKit/537.36 (KHTML, like Gecko) Chrome/150.0.7871.128 Mobile Safari/537.36 (compatible; Googlebot/2.1; +http://www.google.com/bot.html)"
66.249.70.109 - - [28/Jul/2026:07:03:27 +0200] "GET /online/sible-Levi-039-s-Pour-Enfant-10-16-Ans-Couleur-Cavern-Oc-an-634355 HTTP/1.1" 200 100414 "-" "Mozilla/5.0 (Linux; Android 6.0.1; Nexus 5X Build/MMB29P) AppleWebKit/537.36 (KHTML, like Gecko) Chrome/150.0.7871.128 Mobile Safari/537.36 (compatible; Googlebot/2.1; +http://www.google.com/bot.html)"
207.46.13.111 - - [28/Jul/2026:07:03:26 +0200] "GET /online/Iridea-Pour-Femme-Taille-41-Cuir-Talon-4-5-Cm-Semelle-423349 HTTP/1.1" 200 100519 "-" "Mozilla/5.0 AppleWebKit/537.36 (KHTML, like Gecko; compatible; bingbot/2.0; +http://www.bing.com/bingbot.htm) Chrome/116.0.1938.76 Safari/537.36"
66.249.76.225 - - [28/Jul/2026:07:03:27 +0200] "GET /online/Emiif-Longueur-Fil-123-Cm-Compatible-20-25-Cm-De-Diam-tre-1141433 HTTP/1.1" 200 100082 "-" "Mozilla/5.0 (Linux; Android 6.0.1; Nexus 5X Build/MMB29P) AppleWebKit/537.36 (KHTML, like Gecko) Chrome/150.0.7871.128 Mobile Safari/537.36 (compatible; Googlebot/2.1; +http://www.google.com/bot.html)"
66.249.70.97 - - [28/Jul/2026:07:03:30 +0200] "GET /online/Microverb-3-830-MA-Adaptateur-Secteur-Silencieux-1036338 HTTP/1.1" 200 100105 "-" "Mozilla/5.0 (Linux; Android 6.0.1; Nexus 5X Build/MMB29P) AppleWebKit/537.36 (KHTML, like Gecko) Chrome/150.0.7871.128 Mobile Safari/537.36 (compatible; Googlebot/2.1; +http://www.google.com/bot.html)"
66.249.70.98 - - [28/Jul/2026:07:03:26 +0200] "GET /?g=g0l2o9v8e9r4i4074 HTTP/1.1" 200 8765 "-" "Mozilla/5.0 (Linux; Android 6.0.1; Nexus 5X Build/MMB29P) AppleWebKit/537.36 (KHTML, like Gecko) Chrome/150.0.7871.128 Mobile Safari/537.36 (compatible; Googlebot/2.1; +http://www.google.com/bot.html)"
66.249.70.96 - - [28/Jul/2026:07:03:27 +0200] "GET /?g=l8e1p5i0d9o3m8e4l6a3n9e HTTP/1.1" 200 8765 "-" "Mozilla/5.0 (Linux; Android 6.0.1; Nexus 5X Build/MMB29P) AppleWebKit/537.36 (KHTML, like Gecko) Chrome/150.0.7871.128 Mobile Safari/537.36 (compatible; Googlebot/2.1; +http://www.google.com/bot.html)"
66.249.70.109 - - [28/Jul/2026:07:03:32 +0200] "GET /?g=e3m9p2l7e4c2t8o0n5 HTTP/1.1" 200 8765 "-" "Mozilla/5.0 (Linux; Android 6.0.1; Nexus 5X Build/MMB29P) AppleWebKit/537.36 (KHTML, like Gecko) Chrome/150.0.7871.128 Mobile Safari/537.36 (compatible; Googlebot/2.1; +http://www.google.com/bot.html)"
57.141.0.25 - - [28/Jul/2026:07:03:30 +0200] "GET /bookmark/warrioress/93261194984 HTTP/1.1" 200 48647 "-" "Mozilla/5.0 (Windows NT 10.0; Win64; x64) AppleWebKit/537.36 (KHTML, like Gecko) Chrome/145.0.0.0 Safari/537.36 Edg/145.0.0.0 (compatible; meta-externalagent/1.1 (+https://developers.facebook.com/docs/sharing/webmasters/crawler))"
66.249.70.97 - - [28/Jul/2026:07:03:29 +0200] "GET /?g=d8i2l8o1g0y191884 HTTP/1.1" 200 8765 "-" "Mozilla/5.0 (Linux; Android 6.0.1; Nexus 5X Build/MMB29P) AppleWebKit/537.36 (KHTML, like Gecko) Chrome/150.0.7871.128 Mobile Safari/537.36 (compatible; Googlebot/2.1; +http://www.google.com/bot.html)"
66.249.70.110 - - [28/Jul/2026:07:03:32 +0200] "GET /?g=t5u2r8f3i8t1e01007 HTTP/1.1" 200 8763 "-" "Mozilla/5.0 (Linux; Android 6.0.1; Nexus 5X Build/MMB29P) AppleWebKit/537.36 (KHTML, like Gecko) Chrome/150.0.7871.128 Mobile Safari/537.36 (compatible; Googlebot/2.1; +http://www.google.com/bot.html)"
216.73.217.13 - - [28/Jul/2026:07:03:28 +0200] "GET /shops/renovelance/f3r3a7n2c1t0i3r4e7u2r1?loknya=%2Fvar%2Fwww%2Fvhosts%2Fsipek-instalacije.si%2Fhttpdocs%2Fwp-includes HTTP/1.1" 200 18208 "-" "Mozilla/5.0 AppleWebKit/537.36 (KHTML, like Gecko; compatible; ClaudeBot/1.0; +claudebot@anthropic.com)"
66.249.76.238 - - [28/Jul/2026:07:03:32 +0200] "GET /?g=j2e3o6p2a9r5d1e9r775 HTTP/1.1" 200 8765 "-" "Mozilla/5.0 (Linux; Android 6.0.1; Nexus 5X Build/MMB29P) AppleWebKit/537.36 (KHTML, like Gecko) Chrome/150.0.7871.128 Mobile Safari/537.36 (compatible; Googlebot/2.1; +http://www.google.com/bot.html)"
66.249.76.238 - - [28/Jul/2026:07:03:33 +0200] "GET /?g=u9n3a8l7m5s1e9d5227 HTTP/1.1" 200 8765 "-" "Mozilla/5.0 (Linux; Android 6.0.1; Nexus 5X Build/MMB29P) AppleWebKit/537.36 (KHTML, like Gecko) Chrome/150.0.7871.128 Mobile Safari/537.36 (compatible; Googlebot/2.1; +http://www.google.com/bot.html)"
66.249.70.109 - - [28/Jul/2026:07:03:33 +0200] "GET /?g=r4e3m0e7m6b1e4r9a0ble HTTP/1.1" 200 8765 "-" "Mozilla/5.0 (Linux; Android 6.0.1; Nexus 5X Build/MMB29P) AppleWebKit/537.36 (KHTML, like Gecko) Chrome/150.0.7871.128 Mobile Safari/537.36 (compatible; Googlebot/2.1; +http://www.google.com/bot.html)"
119.156.82.161 - - [28/Jul/2026:07:03:33 +0200] "POST /xmlrpc.php HTTP/1.1" 200 48651 "-" "Jetpack/12.5; WordPress/6.1; http://site24127619.com"
66.249.76.224 - - [28/Jul/2026:07:03:33 +0200] "GET /?g=e2r2o3t2i9c7i9s6m06 HTTP/1.1" 200 8764 "-" "Mozilla/5.0 (Linux; Android 6.0.1; Nexus 5X Build/MMB29P) AppleWebKit/537.36 (KHTML, like Gecko) Chrome/150.0.7871.128 Mobile Safari/537.36 (compatible; Googlebot/2.1; +http://www.google.com/bot.html)"
66.249.76.237 - - [28/Jul/2026:07:03:33 +0200] "GET /?g=a1c1a0n0t2h9i9s3622 HTTP/1.1" 200 8764 "-" "Mozilla/5.0 (Linux; Android 6.0.1; Nexus 5X Build/MMB29P) AppleWebKit/537.36 (KHTML, like Gecko) Chrome/150.0.7871.128 Mobile Safari/537.36 (compatible; Googlebot/2.1; +http://www.google.com/bot.html)"
66.249.70.97 - - [28/Jul/2026:07:03:34 +0200] "GET /?g=b3u4l0l4e9t9p0r6o1o6f1 HTTP/1.1" 200 8765 "-" "Mozilla/5.0 (Linux; Android 6.0.1; Nexus 5X Build/MMB29P) AppleWebKit/537.36 (KHTML, like Gecko) Chrome/150.0.7871.128 Mobile Safari/537.36 (compatible; Googlebot/2.1; +http://www.google.com/bot.html)"
216.73.217.13 - - [28/Jul/2026:07:03:34 +0200] "GET /shops/rattlepated/b3u3i7l9d3i7n0g6988?lokasie=%2Fvar%2Fwww%2Fvhosts%2Fsipek-instalacije.si%2Fhttpdocs%2Fwp-includes%2Fcss%2Fbuttons-rtl.css&loknya=%2Fvar%2Fwww%2Fvhosts%2Fsipek-instalacije.si%2Fhttpdocs%2Fwp-includes%2Fcss HTTP/1.1" 200 9581 "-" "Mozilla/5.0 AppleWebKit/537.36 (KHTML, like Gecko; compatible; ClaudeBot/1.0; +claudebot@anthropic.com)"
66.249.70.97 - - [28/Jul/2026:07:03:34 +0200] "GET /?lightroom/02723469490 HTTP/1.1" 200 8765 "-" "Mozilla/5.0 (Linux; Android 6.0.1; Nexus 5X Build/MMB29P) AppleWebKit/537.36 (KHTML, like Gecko) Chrome/150.0.7871.128 Mobile Safari/537.36 (compatible; Googlebot/2.1; +http://www.google.com/bot.html)"
66.249.70.110 - - [28/Jul/2026:07:03:34 +0200] "GET /?g=b0e1a6r3d5l8e1s5s9n3e2ss HTTP/1.1" 200 8763 "-" "Mozilla/5.0 (Linux; Android 6.0.1; Nexus 5X Build/MMB29P) AppleWebKit/537.36 (KHTML, like Gecko) Chrome/150.0.7871.128 Mobile Safari/537.36 (compatible; Googlebot/2.1; +http://www.google.com/bot.html)"
66.249.70.109 - - [28/Jul/2026:07:03:33 +0200] "GET /online/Paquet-De-50-Cartons-Fluos-Agipa-Assortis-Jaune-Orange-Rose-436358 HTTP/1.1" 200 100046 "-" "Mozilla/5.0 (Linux; Android 6.0.1; Nexus 5X Build/MMB29P) AppleWebKit/537.36 (KHTML, like Gecko) Chrome/150.0.7871.128 Mobile Safari/537.36 (compatible; Googlebot/2.1; +http://www.google.com/bot.html)"
207.46.13.111 - - [28/Jul/2026:07:03:33 +0200] "GET /online/RolloTron-Classic-Pour-Volets-Roulants-Smart-Home-Encastrable-1154681 HTTP/1.1" 200 100265 "-" "Mozilla/5.0 AppleWebKit/537.36 (KHTML, like Gecko; compatible; bingbot/2.0; +http://www.bing.com/bingbot.htm) Chrome/116.0.1938.76 Safari/537.36"
66.249.70.109 - - [28/Jul/2026:07:03:34 +0200] "GET /online/Uloveido-Plaqu-Platine-Oxyde-De-Zirconium-C-ur-Avec-790393 HTTP/1.1" 200 99850 "-" "Mozilla/5.0 (Linux; Android 6.0.1; Nexus 5X Build/MMB29P) AppleWebKit/537.36 (KHTML, like Gecko) Chrome/150.0.7871.128 Mobile Safari/537.36 (compatible; Googlebot/2.1; +http://www.google.com/bot.html)"
66.249.70.109 - - [28/Jul/2026:07:03:35 +0200] "GET /?g=f3i4n7e4d8r4a9w0i3n4g HTTP/1.1" 200 8765 "-" "Mozilla/5.0 (Linux; Android 6.0.1; Nexus 5X Build/MMB29P) AppleWebKit/537.36 (KHTML, like Gecko) Chrome/150.0.7871.128 Mobile Safari/537.36 (compatible; Googlebot/2.1; +http://www.google.com/bot.html)"
66.249.70.96 - - [28/Jul/2026:07:03:35 +0200] "GET /?g=p5a4c1h4y0d1e7r0m774 HTTP/1.1" 200 8765 "-" "Mozilla/5.0 (Linux; Android 6.0.1; Nexus 5X Build/MMB29P) AppleWebKit/537.36 (KHTML, like Gecko) Chrome/150.0.7871.128 Mobile Safari/537.36 (compatible; Googlebot/2.1; +http://www.google.com/bot.html)"
66.249.70.109 - - [28/Jul/2026:07:03:35 +0200] "GET /?g=p4r2e7c3o7n2i9z5a5t9i5on HTTP/1.1" 200 8765 "-" "Mozilla/5.0 (Linux; Android 6.0.1; Nexus 5X Build/MMB29P) AppleWebKit/537.36 (KHTML, like Gecko) Chrome/150.0.7871.128 Mobile Safari/537.36 (compatible; Googlebot/2.1; +http://www.google.com/bot.html)"
66.249.70.96 - - [28/Jul/2026:07:03:35 +0200] "GET /online/Ferrure-De-Porte-Circulaire-ABUS-12245-Avec-Protection-De-671580 HTTP/1.1" 200 99994 "-" "Mozilla/5.0 (Linux; Android 6.0.1; Nexus 5X Build/MMB29P) AppleWebKit/537.36 (KHTML, like Gecko) Chrome/150.0.7871.128 Mobile Safari/537.36 (compatible; Googlebot/2.1; +http://www.google.com/bot.html)"
66.249.70.97 - - [28/Jul/2026:07:03:36 +0200] "GET /?g=p9e5r5e6r0r0a6t6i6o0n HTTP/1.1" 200 8765 "-" "Mozilla/5.0 (Linux; Android 6.0.1; Nexus 5X Build/MMB29P) AppleWebKit/537.36 (KHTML, like Gecko) Chrome/150.0.7871.128 Mobile Safari/537.36 (compatible; Googlebot/2.1; +http://www.google.com/bot.html)"
66.249.70.96 - - [28/Jul/2026:07:03:36 +0200] "GET /?yerba/71088669373 HTTP/1.1" 200 8765 "-" "Mozilla/5.0 (Linux; Android 6.0.1; Nexus 5X Build/MMB29P) AppleWebKit/537.36 (KHTML, like Gecko) Chrome/150.0.7871.128 Mobile Safari/537.36 (compatible; Googlebot/2.1; +http://www.google.com/bot.html)"
66.249.76.224 - - [28/Jul/2026:07:03:35 +0200] "GET /online/Sac-De-Cabine-SEAFEW-40x30x20-Cm-Pour-Ryanair-Wizz-Sac-649890 HTTP/1.1" 200 99828 "-" "Mozilla/5.0 (Linux; Android 6.0.1; Nexus 5X Build/MMB29P) AppleWebKit/537.36 (KHTML, like Gecko) Chrome/150.0.7871.128 Mobile Safari/537.36 (compatible; Googlebot/2.1; +http://www.google.com/bot.html)"
66.249.76.224 - - [28/Jul/2026:07:03:36 +0200] "GET /online/ramique-Pour-Huiles-Essentielles-Bougies-Design-Compact-751178 HTTP/1.1" 200 99860 "-" "Mozilla/5.0 (Linux; Android 6.0.1; Nexus 5X Build/MMB29P) AppleWebKit/537.36 (KHTML, like Gecko) Chrome/150.0.7871.128 Mobile Safari/537.36 (compatible; Googlebot/2.1; +http://www.google.com/bot.html)"
66.249.76.238 - - [28/Jul/2026:07:03:37 +0200] "GET /?g=p4a3c4k3e9t4e0d4802 HTTP/1.1" 200 8765 "-" "Mozilla/5.0 (Linux; Android 6.0.1; Nexus 5X Build/MMB29P) AppleWebKit/537.36 (KHTML, like Gecko) Chrome/150.0.7871.128 Mobile Safari/537.36 (compatible; Googlebot/2.1; +http://www.google.com/bot.html)"
216.73.217.13 - - [28/Jul/2026:07:03:37 +0200] "GET /dewworm/enthuse/i3r4r1u9p5t9e6d4630?lokasie=%2Fvar%2Fwww%2Fvhosts%2Fsipek-instalacije.si%2Fhttpdocs%2Fwp-includes%2Fblocks%2Fnextpage%2Feditor-rtl.css&loknya=%2Fvar%2Fwww%2Fvhosts%2Fsipek-instalacije.si%2Fhttpdocs%2Fwp-includes%2Fblocks%2Fnextpage HTTP/1.1" 200 7509 "-" "Mozilla/5.0 AppleWebKit/537.36 (KHTML, like Gecko; compatible; ClaudeBot/1.0; +claudebot@anthropic.com)"
66.249.76.237 - - [28/Jul/2026:07:03:37 +0200] "GET /?g=e3f2f5l1u3x8i6o9n553 HTTP/1.1" 200 8764 "-" "Mozilla/5.0 (Linux; Android 6.0.1; Nexus 5X Build/MMB29P) AppleWebKit/537.36 (KHTML, like Gecko) Chrome/150.0.7871.128 Mobile Safari/537.36 (compatible; Googlebot/2.1; +http://www.google.com/bot.html)"
66.249.76.238 - - [28/Jul/2026:07:03:36 +0200] "GET /online/Rectangulaire-MTC5084-Pour-Land-Rover-Defender-90-110-130-1153223 HTTP/1.1" 200 100145 "-" "Mozilla/5.0 (Linux; Android 6.0.1; Nexus 5X Build/MMB29P) AppleWebKit/537.36 (KHTML, like Gecko) Chrome/150.0.7871.128 Mobile Safari/537.36 (compatible; Googlebot/2.1; +http://www.google.com/bot.html)"
66.249.76.238 - - [28/Jul/2026:07:03:38 +0200] "GET /?g=a0c3e9t4a8t6e26708 HTTP/1.1" 200 8765 "-" "Mozilla/5.0 (Linux; Android 6.0.1; Nexus 5X Build/MMB29P) AppleWebKit/537.36 (KHTML, like Gecko) Chrome/150.0.7871.128 Mobile Safari/537.36 (compatible; Googlebot/2.1; +http://www.google.com/bot.html)"
66.249.70.110 - - [28/Jul/2026:07:03:37 +0200] "GET /online/Unisexe-Protection-UV-50-S-chage-Rapide-Mati-re-Dryton-367187 HTTP/1.1" 200 99996 "-" "Mozilla/5.0 (Linux; Android 6.0.1; Nexus 5X Build/MMB29P) AppleWebKit/537.36 (KHTML, like Gecko) Chrome/150.0.7871.128 Mobile Safari/537.36 (compatible; Googlebot/2.1; +http://www.google.com/bot.html)"
66.249.70.96 - - [28/Jul/2026:07:03:38 +0200] "GET /?g=c4h2e8l0y7d5r2a6778 HTTP/1.1" 200 8765 "-" "Mozilla/5.0 (Linux; Android 6.0.1; Nexus 5X Build/MMB29P) AppleWebKit/537.36 (KHTML, like Gecko) Chrome/150.0.7871.128 Mobile Safari/537.36 (compatible; Googlebot/2.1; +http://www.google.com/bot.html)"
52.167.144.219 - - [28/Jul/2026:07:03:37 +0200] "GET /online/liore-Jeu-De-Jambes-Et-R-flexes-quipement-Boxe-Maison-MMA-894269 HTTP/1.1" 200 100151 "-" "Mozilla/5.0 AppleWebKit/537.36 (KHTML, like Gecko; compatible; bingbot/2.0; +http://www.bing.com/bingbot.htm) Chrome/116.0.1938.76 Safari/537.36"
