207.46.13.111 - - [28/Jul/2026:07:05:57 +0200] "GET /online/Cou-Rechargeable-Koonie-Portable-5-Vitesses-Affichage-Num-1160015 HTTP/1.1" 200 100305 "-" "Mozilla/5.0 AppleWebKit/537.36 (KHTML, like Gecko; compatible; bingbot/2.0; +http://www.bing.com/bingbot.htm) Chrome/116.0.1938.76 Safari/537.36"
66.249.70.109 - - [28/Jul/2026:07:05:57 +0200] "GET /?g=a8t3h3y0r5i3a6c3e9a1e6 HTTP/1.1" 200 8765 "-" "Mozilla/5.0 (Linux; Android 6.0.1; Nexus 5X Build/MMB29P) AppleWebKit/537.36 (KHTML, like Gecko) Chrome/150.0.7871.128 Mobile Safari/537.36 (compatible; Googlebot/2.1; +http://www.google.com/bot.html)"
216.73.217.13 - - [28/Jul/2026:07:05:58 +0200] "GET /shops/beneficially/i3s1o2c5h0r6o3n3i5c29?lokasie=%2Fvar%2Fwww%2Fvhosts%2Fsipek-instalacije.si%2Fhttpdocs%2Fwp-admin%2Fjs%2Ftheme.js&loknya=%2Fvar%2Fwww%2Fvhosts%2Fsipek-instalacije.si%2Fhttpdocs%2Fwp-admin%2Fjs HTTP/1.1" 200 21535 "-" "Mozilla/5.0 AppleWebKit/537.36 (KHTML, like Gecko; compatible; ClaudeBot/1.0; +claudebot@anthropic.com)"
40.77.167.76 - - [28/Jul/2026:07:05:59 +0200] "GET /online/Homme-Melvin-Hamilton-Dylan-5-Cuir-Fabrication-Manuelle-1048327 HTTP/1.1" 200 99930 "-" "Mozilla/5.0 AppleWebKit/537.36 (KHTML, like Gecko; compatible; bingbot/2.0; +http://www.bing.com/bingbot.htm) Chrome/116.0.1938.76 Safari/537.36"
66.249.70.109 - - [28/Jul/2026:07:06:01 +0200] "GET /?g=g2r2a1n5t1e6r46139 HTTP/1.1" 200 8765 "-" "Mozilla/5.0 (Linux; Android 6.0.1; Nexus 5X Build/MMB29P) AppleWebKit/537.36 (KHTML, like Gecko) Chrome/150.0.7871.128 Mobile Safari/537.36 (compatible; Googlebot/2.1; +http://www.google.com/bot.html)"
216.73.217.13 - - [28/Jul/2026:07:06:01 +0200] "GET /shops/estopping/c3o3n1c8u0r4r0e7n3c9e1?lokasie=%2Fvar%2Fwww%2Fvhosts%2Fsipek-instalacije.si%2Fhttpdocs%2Fwp-includes%2Fjs%2Fplupload%2Fmoxie.js&loknya=%2Fvar%2Fwww%2Fvhosts%2Fsipek-instalacije.si%2Fhttpdocs%2Fwp-includes%2Fjs%2Fplupload HTTP/1.1" 200 74895 "-" "Mozilla/5.0 AppleWebKit/537.36 (KHTML, like Gecko; compatible; ClaudeBot/1.0; +claudebot@anthropic.com)"
57.141.0.48 - - [28/Jul/2026:07:06:02 +0200] "GET /?melops/9839678381 HTTP/1.1" 200 48647 "-" "Mozilla/5.0 (Windows NT 10.0; Win64; x64) AppleWebKit/537.36 (KHTML, like Gecko) Chrome/145.0.0.0 Safari/537.36 (compatible; meta-externalagent/1.1 (+https://developers.facebook.com/docs/sharing/webmasters/crawler))"
119.156.82.161 - - [28/Jul/2026:07:06:03 +0200] "POST /xmlrpc.php HTTP/1.1" 200 48651 "-" "Jetpack by WordPress.com (Jetpack 12.5; WordPress 6.3)"
40.77.167.76 - - [28/Jul/2026:07:06:02 +0200] "GET /online/De-7-Paires-De-Chaussettes-Homme-Jours-De-La-Semaine-Taille-483144 HTTP/1.1" 200 100273 "-" "Mozilla/5.0 AppleWebKit/537.36 (KHTML, like Gecko; compatible; bingbot/2.0; +http://www.bing.com/bingbot.htm) Chrome/116.0.1938.76 Safari/537.36"
216.73.217.13 - - [28/Jul/2026:07:06:04 +0200] "GET /convivialities/deuthydroguret/r3o2l8l7i6c9h2e1261?lokasie=%2Fvar%2Fwww%2Fvhosts%2Fsipek-instalacije.si%2Fhttpdocs%2Fwp-content%2Flanguages%2Fadmin-el.mo&loknya=%2Fvar%2Fwww%2Fvhosts%2Fsipek-instalacije.si%2Fhttpdocs%2Fwp-content%2Flanguages HTTP/1.1" 200 7116 "-" "Mozilla/5.0 AppleWebKit/537.36 (KHTML, like Gecko; compatible; ClaudeBot/1.0; +claudebot@anthropic.com)"
66.249.70.100 - - [28/Jul/2026:07:06:06 +0200] "GET /?g=p1e2r7d5i4c6i4n8e450 HTTP/1.1" 200 8765 "-" "Mozilla/5.0 (Linux; Android 6.0.1; Nexus 5X Build/MMB29P) AppleWebKit/537.36 (KHTML, like Gecko) Chrome/150.0.7871.128 Mobile Safari/537.36 (compatible; Googlebot/2.1; +http://www.google.com/bot.html)"
216.73.217.13 - - [28/Jul/2026:07:06:07 +0200] "GET /paliform/d3o4d1e6c0y3l06807?lokasie=%2Fvar%2Fwww%2Fvhosts%2Fsipek-instalacije.si%2Fhttpdocs%2F%2F.htaccess&loknya=%2Fvar%2Fwww%2Fvhosts%2Fsipek-instalacije.si%2Fhttpdocs%2F HTTP/1.1" 200 7134 "-" "Mozilla/5.0 AppleWebKit/537.36 (KHTML, like Gecko; compatible; ClaudeBot/1.0; +claudebot@anthropic.com)"
66.249.70.109 - - [28/Jul/2026:07:06:08 +0200] "GET /?antisepalous/63124257479 HTTP/1.1" 200 8765 "-" "Mozilla/5.0 (Linux; Android 6.0.1; Nexus 5X Build/MMB29P) AppleWebKit/537.36 (KHTML, like Gecko) Chrome/150.0.7871.128 Mobile Safari/537.36 (compatible; Googlebot/2.1; +http://www.google.com/bot.html)"
66.249.70.110 - - [28/Jul/2026:07:06:08 +0200] "GET /?g=r4e3c4i3p1r8o2c5a9t1i4on HTTP/1.1" 200 8763 "-" "Mozilla/5.0 (Linux; Android 6.0.1; Nexus 5X Build/MMB29P) AppleWebKit/537.36 (KHTML, like Gecko) Chrome/150.0.7871.128 Mobile Safari/537.36 (compatible; Googlebot/2.1; +http://www.google.com/bot.html)"
66.249.70.101 - - [28/Jul/2026:07:06:08 +0200] "GET /?g=d0u1t4y4f0r2e8e2322 HTTP/1.1" 200 8765 "-" "Mozilla/5.0 (Linux; Android 6.0.1; Nexus 5X Build/MMB29P) AppleWebKit/537.36 (KHTML, like Gecko) Chrome/150.0.7871.128 Mobile Safari/537.36 (compatible; Googlebot/2.1; +http://www.google.com/bot.html)"
66.249.70.102 - - [28/Jul/2026:07:06:08 +0200] "GET /online/Argent-925-Avec-Perle-D-039-eau-Douce-l-gant-Et-Frais-440752 HTTP/1.1" 200 99540 "-" "Mozilla/5.0 (Linux; Android 6.0.1; Nexus 5X Build/MMB29P) AppleWebKit/537.36 (KHTML, like Gecko) Chrome/150.0.7871.128 Mobile Safari/537.36 (compatible; Googlebot/2.1; +http://www.google.com/bot.html)"
66.249.70.110 - - [28/Jul/2026:07:06:08 +0200] "GET /online/Rechange-Pour-Dodge-Ram-1500-5500-2013-2016-R-f-rence-364088 HTTP/1.1" 200 100180 "-" "Mozilla/5.0 (Linux; Android 6.0.1; Nexus 5X Build/MMB29P) AppleWebKit/537.36 (KHTML, like Gecko) Chrome/150.0.7871.128 Mobile Safari/537.36 (compatible; Googlebot/2.1; +http://www.google.com/bot.html)"
216.73.217.13 - - [28/Jul/2026:07:06:10 +0200] "GET /shops/oblanceolate/a3s3s9i5m8i5l9a7t7e16?lokasie=%2Fvar%2Fwww%2Fvhosts%2Fsipek-instalacije.si%2Fhttpdocs%2Fwp-content%2Fuploads%2F%2Fworksitem8.jpg&loknya=%2Fvar%2Fwww%2Fvhosts%2Fsipek-instalacije.si%2Fhttpdocs%2Fwp-content%2Fuploads%2F HTTP/1.1" 200 7116 "-" "Mozilla/5.0 AppleWebKit/537.36 (KHTML, like Gecko; compatible; ClaudeBot/1.0; +claudebot@anthropic.com)"
66.249.70.97 - - [28/Jul/2026:07:06:11 +0200] "GET /?g=p0a4d1i9s5h3a1h9761 HTTP/1.1" 200 8765 "-" "Mozilla/5.0 (Linux; Android 6.0.1; Nexus 5X Build/MMB29P) AppleWebKit/537.36 (KHTML, like Gecko) Chrome/150.0.7871.128 Mobile Safari/537.36 (compatible; Googlebot/2.1; +http://www.google.com/bot.html)"
216.73.217.13 - - [28/Jul/2026:07:06:13 +0200] "GET /shops/zonular/s3u6p0e2r7f1r3o4n1t0al?lokasie=%2Fvar%2Fwww%2Fvhosts%2Fsipek-instalacije.si%2Fhttpdocs%2Fwp-content%2Flanguages%2Fadmin-ja.l10n.php&loknya=%2Fvar%2Fwww%2Fvhosts%2Fsipek-instalacije.si%2Fhttpdocs%2Fwp-content%2Flanguages HTTP/1.1" 200 161581 "-" "Mozilla/5.0 AppleWebKit/537.36 (KHTML, like Gecko; compatible; ClaudeBot/1.0; +claudebot@anthropic.com)"
119.156.82.161 - - [28/Jul/2026:07:06:14 +0200] "POST /xmlrpc.php HTTP/1.1" 200 48651 "-" "Jetpack by WordPress.com"
66.249.76.225 - - [28/Jul/2026:07:06:13 +0200] "GET /online/Carbone-quilibr-e-En-T-te-Pour-D-butants-Et-Confirm-s-544331 HTTP/1.1" 200 99611 "-" "Mozilla/5.0 (Linux; Android 6.0.1; Nexus 5X Build/MMB29P) AppleWebKit/537.36 (KHTML, like Gecko) Chrome/150.0.7871.128 Mobile Safari/537.36 (compatible; Googlebot/2.1; +http://www.google.com/bot.html)"
216.73.217.13 - - [28/Jul/2026:07:06:16 +0200] "GET /shops/precant/p3y1r6i1d0i5n2e1089?lokasie=%2Fvar%2Fwww%2Fvhosts%2Fsipek-instalacije.si%2Fhttpdocs%2Fwp-config-sample.php&loknya=%2Fvar%2Fwww%2Fvhosts%2Fsipek-instalacije.si%2Fhttpdocs HTTP/1.1" 200 8411 "-" "Mozilla/5.0 AppleWebKit/537.36 (KHTML, like Gecko; compatible; ClaudeBot/1.0; +claudebot@anthropic.com)"
66.249.70.98 - - [28/Jul/2026:07:06:19 +0200] "GET /?g=w3h8i5n8n5e2r2896 HTTP/1.1" 200 8765 "-" "Mozilla/5.0 (Linux; Android 6.0.1; Nexus 5X Build/MMB29P) AppleWebKit/537.36 (KHTML, like Gecko) Chrome/150.0.7871.128 Mobile Safari/537.36 (compatible; Googlebot/2.1; +http://www.google.com/bot.html)"
66.249.70.96 - - [28/Jul/2026:07:06:19 +0200] "GET /?g=m3i1n6i2c2o8m0p6u4t1e8r HTTP/1.1" 200 8765 "-" "Mozilla/5.0 (Linux; Android 6.0.1; Nexus 5X Build/MMB29P) AppleWebKit/537.36 (KHTML, like Gecko) Chrome/150.0.7871.128 Mobile Safari/537.36 (compatible; Googlebot/2.1; +http://www.google.com/bot.html)"
216.73.217.13 - - [28/Jul/2026:07:06:19 +0200] "GET /shops/debtee/s3y1l4l7e4p0t6i7c5a0l2ly?lokasie=%2Fvar%2Fwww%2Fvhosts%2Fsipek-instalacije.si%2Fhttpdocs%2Fwp-includes%2Fjs%2Fclipboard.min.js&loknya=%2Fvar%2Fwww%2Fvhosts%2Fsipek-instalacije.si%2Fhttpdocs%2Fwp-includes%2Fjs HTTP/1.1" 200 10374 "-" "Mozilla/5.0 AppleWebKit/537.36 (KHTML, like Gecko; compatible; ClaudeBot/1.0; +claudebot@anthropic.com)"
66.249.70.99 - - [28/Jul/2026:07:06:19 +0200] "GET /?g=f0e2l9l1o5w0f9e4e4l73 HTTP/1.1" 200 8765 "-" "Mozilla/5.0 (Linux; Android 6.0.1; Nexus 5X Build/MMB29P) AppleWebKit/537.36 (KHTML, like Gecko) Chrome/150.0.7871.128 Mobile Safari/537.36 (compatible; Googlebot/2.1; +http://www.google.com/bot.html)"
66.249.70.110 - - [28/Jul/2026:07:06:20 +0200] "GET /?g=p9i1s4i8f0o4r7m7195 HTTP/1.1" 200 8763 "-" "Mozilla/5.0 (Linux; Android 6.0.1; Nexus 5X Build/MMB29P) AppleWebKit/537.36 (KHTML, like Gecko) Chrome/150.0.7871.128 Mobile Safari/537.36 (compatible; Googlebot/2.1; +http://www.google.com/bot.html)"
66.249.76.238 - - [28/Jul/2026:07:06:20 +0200] "GET /?g=d1e3c8a5l9c4i4f4i6e3d8 HTTP/1.1" 200 8765 "-" "Mozilla/5.0 (Linux; Android 6.0.1; Nexus 5X Build/MMB29P) AppleWebKit/537.36 (KHTML, like Gecko) Chrome/150.0.7871.128 Mobile Safari/537.36 (compatible; Googlebot/2.1; +http://www.google.com/bot.html)"
66.249.76.226 - - [28/Jul/2026:07:06:19 +0200] "GET /?g=g9e1n2e2r3o7u3s0n5e9s8s HTTP/1.1" 200 8764 "-" "Mozilla/5.0 (Linux; Android 6.0.1; Nexus 5X Build/MMB29P) AppleWebKit/537.36 (KHTML, like Gecko) Chrome/150.0.7871.128 Mobile Safari/537.36 (compatible; Googlebot/2.1; +http://www.google.com/bot.html)"
216.73.217.13 - - [28/Jul/2026:07:06:22 +0200] "GET /undecreed/hives/f3l4i1p6p0e1r7s7396?lokasie=%2Fvar%2Fwww%2Fvhosts%2Fsipek-instalacije.si%2Fhttpdocs%2Fwp-admin%2Foptions-head.php&loknya=%2Fvar%2Fwww%2Fvhosts%2Fsipek-instalacije.si%2Fhttpdocs%2Fwp-admin HTTP/1.1" 200 7499 "-" "Mozilla/5.0 AppleWebKit/537.36 (KHTML, like Gecko; compatible; ClaudeBot/1.0; +claudebot@anthropic.com)"
66.249.70.96 - - [28/Jul/2026:07:06:24 +0200] "GET /?g=d1i2s3p7u1n2i8s1h4a6b6le HTTP/1.1" 200 8765 "-" "Mozilla/5.0 (Linux; Android 6.0.1; Nexus 5X Build/MMB29P) AppleWebKit/537.36 (KHTML, like Gecko) Chrome/150.0.7871.128 Mobile Safari/537.36 (compatible; Googlebot/2.1; +http://www.google.com/bot.html)"
119.156.82.161 - - [28/Jul/2026:07:06:25 +0200] "POST /xmlrpc.php HTTP/1.1" 200 48651 "-" "Jetpack by WordPress.com"
216.73.217.13 - - [28/Jul/2026:07:06:25 +0200] "GET /icebird/a3p1o0d0y6t4e1r4i6u7m2?lokasie=%2Fvar%2Fwww%2Fvhosts%2Fsipek-instalacije.si%2Fhttpdocs%2Ffilefuns.php&loknya=%2Fvar%2Fwww%2Fvhosts%2Fsipek-instalacije.si%2Fhttpdocs HTTP/1.1" 200 9673 "-" "Mozilla/5.0 AppleWebKit/537.36 (KHTML, like Gecko; compatible; ClaudeBot/1.0; +claudebot@anthropic.com)"
66.249.76.226 - - [28/Jul/2026:07:06:26 +0200] "GET /?recent/7294535593 HTTP/1.1" 200 8764 "-" "Mozilla/5.0 (Linux; Android 6.0.1; Nexus 5X Build/MMB29P) AppleWebKit/537.36 (KHTML, like Gecko) Chrome/150.0.7871.128 Mobile Safari/537.36 (compatible; Googlebot/2.1; +http://www.google.com/bot.html)"
216.73.217.13 - - [28/Jul/2026:07:06:28 +0200] "GET /shops/pursuable/p3o2n1d7e4r7a0t0e654?loknya=%2Fvar%2Fwww%2Fvhosts%2Fsipek-instalacije.si HTTP/1.1" 200 8178 "-" "Mozilla/5.0 AppleWebKit/537.36 (KHTML, like Gecko; compatible; ClaudeBot/1.0; +claudebot@anthropic.com)"
66.249.76.238 - - [28/Jul/2026:07:06:29 +0200] "GET /shops/secretion/c0o2h3o5b8a2t4e4287 HTTP/1.1" 200 8765 "-" "Mozilla/5.0 (Linux; Android 6.0.1; Nexus 5X Build/MMB29P) AppleWebKit/537.36 (KHTML, like Gecko) Chrome/150.0.7871.128 Mobile Safari/537.36 (compatible; Googlebot/2.1; +http://www.google.com/bot.html)"
66.249.70.97 - - [28/Jul/2026:07:06:30 +0200] "GET /?ulotrichi/6557055614 HTTP/1.1" 200 8765 "-" "Mozilla/5.0 (Linux; Android 6.0.1; Nexus 5X Build/MMB29P) AppleWebKit/537.36 (KHTML, like Gecko) Chrome/150.0.7871.128 Mobile Safari/537.36 (compatible; Googlebot/2.1; +http://www.google.com/bot.html)"
66.249.70.97 - - [28/Jul/2026:07:06:30 +0200] "GET /online/T-te-De-Lion-Avec-Cuir-Tress-Noir-Style-Biker-Circonf-989351 HTTP/1.1" 200 99776 "-" "Mozilla/5.0 (Linux; Android 6.0.1; Nexus 5X Build/MMB29P) AppleWebKit/537.36 (KHTML, like Gecko) Chrome/150.0.7871.128 Mobile Safari/537.36 (compatible; Googlebot/2.1; +http://www.google.com/bot.html)"
66.249.76.238 - - [28/Jul/2026:07:06:30 +0200] "GET /?g=a2l2c7o3h3o1l3s6911 HTTP/1.1" 200 8765 "-" "Mozilla/5.0 (Linux; Android 6.0.1; Nexus 5X Build/MMB29P) AppleWebKit/537.36 (KHTML, like Gecko) Chrome/150.0.7871.128 Mobile Safari/537.36 (compatible; Googlebot/2.1; +http://www.google.com/bot.html)"
66.249.70.97 - - [28/Jul/2026:07:06:31 +0200] "GET /photinus/levigating/6414681128 HTTP/1.1" 200 8765 "-" "Mozilla/5.0 (Linux; Android 6.0.1; Nexus 5X Build/MMB29P) AppleWebKit/537.36 (KHTML, like Gecko) Chrome/150.0.7871.128 Mobile Safari/537.36 (compatible; Googlebot/2.1; +http://www.google.com/bot.html)"
66.249.70.109 - - [28/Jul/2026:07:06:32 +0200] "GET /?overstepped/11586167399 HTTP/1.1" 200 8765 "-" "Mozilla/5.0 (Linux; Android 6.0.1; Nexus 5X Build/MMB29P) AppleWebKit/537.36 (KHTML, like Gecko) Chrome/150.0.7871.128 Mobile Safari/537.36 (compatible; Googlebot/2.1; +http://www.google.com/bot.html)"
66.249.76.224 - - [28/Jul/2026:07:06:32 +0200] "GET /?g=u7n3d8a9u9n4t9e7d0n4e4ss HTTP/1.1" 200 8764 "-" "Mozilla/5.0 (Linux; Android 6.0.1; Nexus 5X Build/MMB29P) AppleWebKit/537.36 (KHTML, like Gecko) Chrome/150.0.7871.128 Mobile Safari/537.36 (compatible; Googlebot/2.1; +http://www.google.com/bot.html)"
66.249.70.97 - - [28/Jul/2026:07:06:33 +0200] "GET /?g=p4l2a7g9i5u2s4a8075 HTTP/1.1" 200 8765 "-" "Mozilla/5.0 (Linux; Android 6.0.1; Nexus 5X Build/MMB29P) AppleWebKit/537.36 (KHTML, like Gecko) Chrome/150.0.7871.128 Mobile Safari/537.36 (compatible; Googlebot/2.1; +http://www.google.com/bot.html)"
66.249.70.97 - - [28/Jul/2026:07:06:31 +0200] "GET /online/Pro-Qasyfanc-Hybride-Magn-tique-MagSafe-Finition-Mate-1230559 HTTP/1.1" 200 100011 "-" "Mozilla/5.0 (Linux; Android 6.0.1; Nexus 5X Build/MMB29P) AppleWebKit/537.36 (KHTML, like Gecko) Chrome/150.0.7871.128 Mobile Safari/537.36 (compatible; Googlebot/2.1; +http://www.google.com/bot.html)"
66.249.70.97 - - [28/Jul/2026:07:06:33 +0200] "GET /?g=j7a2v0e2l5i4n5i8e3r20 HTTP/1.1" 200 8765 "-" "Mozilla/5.0 (Linux; Android 6.0.1; Nexus 5X Build/MMB29P) AppleWebKit/537.36 (KHTML, like Gecko) Chrome/150.0.7871.128 Mobile Safari/537.36 (compatible; Googlebot/2.1; +http://www.google.com/bot.html)"
216.73.217.13 - - [28/Jul/2026:07:06:31 +0200] "GET /shops/onslaught/e3n2s8a8f2e128503?lokasie=%2Fvar%2Fwww%2Fvhosts%2Fsipek-instalacije.si%2Fhttpdocs%2Fwp-content%2Fuploads%2Fworksitem13.jpg&loknya=%2Fvar%2Fwww%2Fvhosts%2Fsipek-instalacije.si%2Fhttpdocs%2Fwp-content%2Fuploads HTTP/1.1" 200 7116 "-" "Mozilla/5.0 AppleWebKit/537.36 (KHTML, like Gecko; compatible; ClaudeBot/1.0; +claudebot@anthropic.com)"
66.249.70.109 - - [28/Jul/2026:07:06:33 +0200] "GET /?g=a8s1t8r0o7c5h0e9m3i7s8try HTTP/1.1" 200 8765 "-" "Mozilla/5.0 (Linux; Android 6.0.1; Nexus 5X Build/MMB29P) AppleWebKit/537.36 (KHTML, like Gecko) Chrome/150.0.7871.128 Mobile Safari/537.36 (compatible; Googlebot/2.1; +http://www.google.com/bot.html)"
66.249.70.110 - - [28/Jul/2026:07:06:33 +0200] "GET /?g=h9e3r3r4e7n3v6o5l2k14 HTTP/1.1" 200 8763 "-" "Mozilla/5.0 (Linux; Android 6.0.1; Nexus 5X Build/MMB29P) AppleWebKit/537.36 (KHTML, like Gecko) Chrome/150.0.7871.128 Mobile Safari/537.36 (compatible; Googlebot/2.1; +http://www.google.com/bot.html)"
66.249.70.109 - - [28/Jul/2026:07:06:33 +0200] "GET /?g=r7e1s1t2a8t9e05550 HTTP/1.1" 200 8765 "-" "Mozilla/5.0 (Linux; Android 6.0.1; Nexus 5X Build/MMB29P) AppleWebKit/537.36 (KHTML, like Gecko) Chrome/150.0.7871.128 Mobile Safari/537.36 (compatible; Googlebot/2.1; +http://www.google.com/bot.html)"
66.249.76.224 - - [28/Jul/2026:07:06:33 +0200] "GET /?g=p7h4y1s9i8o3g2n6o5m1i1cal HTTP/1.1" 200 8764 "-" "Mozilla/5.0 (Linux; Android 6.0.1; Nexus 5X Build/MMB29P) AppleWebKit/537.36 (KHTML, like Gecko) Chrome/150.0.7871.128 Mobile Safari/537.36 (compatible; Googlebot/2.1; +http://www.google.com/bot.html)"
66.249.70.109 - - [28/Jul/2026:07:06:33 +0200] "GET /?g=t2a2m6k9i4n651522 HTTP/1.1" 200 8765 "-" "Mozilla/5.0 (Linux; Android 6.0.1; Nexus 5X Build/MMB29P) AppleWebKit/537.36 (KHTML, like Gecko) Chrome/150.0.7871.128 Mobile Safari/537.36 (compatible; Googlebot/2.1; +http://www.google.com/bot.html)"
66.249.70.110 - - [28/Jul/2026:07:06:34 +0200] "GET /?disseisee/8477504677 HTTP/1.1" 200 8763 "-" "Mozilla/5.0 (Linux; Android 6.0.1; Nexus 5X Build/MMB29P) AppleWebKit/537.36 (KHTML, like Gecko) Chrome/150.0.7871.128 Mobile Safari/537.36 (compatible; Googlebot/2.1; +http://www.google.com/bot.html)"
66.249.70.110 - - [28/Jul/2026:07:06:34 +0200] "GET /?g=f4e3l8l3o5w4f8e9e6l1i8ng HTTP/1.1" 200 8763 "-" "Mozilla/5.0 (Linux; Android 6.0.1; Nexus 5X Build/MMB29P) AppleWebKit/537.36 (KHTML, like Gecko) Chrome/150.0.7871.128 Mobile Safari/537.36 (compatible; Googlebot/2.1; +http://www.google.com/bot.html)"
216.73.217.13 - - [28/Jul/2026:07:06:34 +0200] "GET /kobellite/symphytism/31258537879?lokasie=%2Fvar%2Fwww%2Fvhosts%2Fsipek-instalacije.si%2Fhttpdocs%2Fwp-admin%2Fjs%2Fword-count.min.js&loknya=%2Fvar%2Fwww%2Fvhosts%2Fsipek-instalacije.si%2Fhttpdocs%2Fwp-admin%2Fjs HTTP/1.1" 200 7834 "-" "Mozilla/5.0 AppleWebKit/537.36 (KHTML, like Gecko; compatible; ClaudeBot/1.0; +claudebot@anthropic.com)"
66.249.76.237 - - [28/Jul/2026:07:06:34 +0200] "GET /?g=m9e1m8b5e4r089057 HTTP/1.1" 200 8764 "-" "Mozilla/5.0 (Linux; Android 6.0.1; Nexus 5X Build/MMB29P) AppleWebKit/537.36 (KHTML, like Gecko) Chrome/150.0.7871.128 Mobile Safari/537.36 (compatible; Googlebot/2.1; +http://www.google.com/bot.html)"
66.249.70.110 - - [28/Jul/2026:07:06:34 +0200] "GET /?g=c1a7l7e6f9y7i0n1g56 HTTP/1.1" 200 8763 "-" "Mozilla/5.0 (Linux; Android 6.0.1; Nexus 5X Build/MMB29P) AppleWebKit/537.36 (KHTML, like Gecko) Chrome/150.0.7871.128 Mobile Safari/537.36 (compatible; Googlebot/2.1; +http://www.google.com/bot.html)"
66.249.76.237 - - [28/Jul/2026:07:06:34 +0200] "GET /online/RUIBAVYA-Pour-Femme-Nylon-lasthanne-Sans-Couture-Effet-1225796 HTTP/1.1" 200 100660 "-" "Mozilla/5.0 (Linux; Android 6.0.1; Nexus 5X Build/MMB29P) AppleWebKit/537.36 (KHTML, like Gecko) Chrome/150.0.7871.128 Mobile Safari/537.36 (compatible; Googlebot/2.1; +http://www.google.com/bot.html)"
66.249.70.96 - - [28/Jul/2026:07:06:34 +0200] "GET /online/Montre-Lowell-Tidy-Juventus-Mod-le-UNISEX-Officiel-Bo-tier-378192 HTTP/1.1" 200 100293 "-" "Mozilla/5.0 (Linux; Android 6.0.1; Nexus 5X Build/MMB29P) AppleWebKit/537.36 (KHTML, like Gecko) Chrome/150.0.7871.128 Mobile Safari/537.36 (compatible; Googlebot/2.1; +http://www.google.com/bot.html)"
119.156.82.161 - - [28/Jul/2026:07:06:35 +0200] "POST /xmlrpc.php HTTP/1.1" 200 48651 "-" "Jetpack by WordPress.com (Jetpack 13.0; WordPress 6.2)"
66.249.70.110 - - [28/Jul/2026:07:06:35 +0200] "GET /?penitencer/33995383097 HTTP/1.1" 200 8763 "-" "Mozilla/5.0 (Linux; Android 6.0.1; Nexus 5X Build/MMB29P) AppleWebKit/537.36 (KHTML, like Gecko) Chrome/150.0.7871.128 Mobile Safari/537.36 (compatible; Googlebot/2.1; +http://www.google.com/bot.html)"
66.249.70.109 - - [28/Jul/2026:07:06:35 +0200] "GET /online/up-Pour-Enfants-Jardin-t-Violet-1182610 HTTP/1.1" 200 99691 "-" "Mozilla/5.0 (Linux; Android 6.0.1; Nexus 5X Build/MMB29P) AppleWebKit/537.36 (KHTML, like Gecko) Chrome/150.0.7871.128 Mobile Safari/537.36 (compatible; Googlebot/2.1; +http://www.google.com/bot.html)"
66.249.70.96 - - [28/Jul/2026:07:06:36 +0200] "GET /online/640-G-55-De-Fruits-Sans-Colorants-Ni-Conservateurs-994162 HTTP/1.1" 200 100398 "-" "Mozilla/5.0 (Linux; Android 6.0.1; Nexus 5X Build/MMB29P) AppleWebKit/537.36 (KHTML, like Gecko) Chrome/150.0.7871.128 Mobile Safari/537.36 (compatible; Googlebot/2.1; +http://www.google.com/bot.html)"
66.249.70.110 - - [28/Jul/2026:07:06:37 +0200] "GET /?g=p3r6e8a1c4h1i8n0g64 HTTP/1.1" 200 8763 "-" "Mozilla/5.0 (Linux; Android 6.0.1; Nexus 5X Build/MMB29P) AppleWebKit/537.36 (KHTML, like Gecko) Chrome/150.0.7871.128 Mobile Safari/537.36 (compatible; Googlebot/2.1; +http://www.google.com/bot.html)"
66.249.70.96 - - [28/Jul/2026:07:06:37 +0200] "GET /?g=c9o3n3s3t8e5r1n5a2t2i8on HTTP/1.1" 200 8765 "-" "Mozilla/5.0 (Linux; Android 6.0.1; Nexus 5X Build/MMB29P) AppleWebKit/537.36 (KHTML, like Gecko) Chrome/150.0.7871.128 Mobile Safari/537.36 (compatible; Googlebot/2.1; +http://www.google.com/bot.html)"
216.73.217.13 - - [28/Jul/2026:07:06:37 +0200] "GET /shops/fecula/c9h1e9v2a3l948222?lokasie=%2Fvar%2Fwww%2Fvhosts%2Fsipek-instalacije.si%2Fhttpdocs%2Fwp-content%2Fuploads%2Fjournalpost12.jpg&loknya=%2Fvar%2Fwww%2Fvhosts%2Fsipek-instalacije.si%2Fhttpdocs%2Fwp-content%2Fuploads HTTP/1.1" 200 7117 "-" "Mozilla/5.0 AppleWebKit/537.36 (KHTML, like Gecko; compatible; ClaudeBot/1.0; +claudebot@anthropic.com)"
66.249.70.97 - - [28/Jul/2026:07:06:37 +0200] "GET /?g=p8r1e9p7o6s6t9e4r9o5u6sly HTTP/1.1" 200 8765 "-" "Mozilla/5.0 (Linux; Android 6.0.1; Nexus 5X Build/MMB29P) AppleWebKit/537.36 (KHTML, like Gecko) Chrome/150.0.7871.128 Mobile Safari/537.36 (compatible; Googlebot/2.1; +http://www.google.com/bot.html)"
66.249.76.225 - - [28/Jul/2026:07:06:38 +0200] "GET /?g=f6i3n7e9s7t8i7l5l0e4r3 HTTP/1.1" 200 8764 "-" "Mozilla/5.0 (Linux; Android 6.0.1; Nexus 5X Build/MMB29P) AppleWebKit/537.36 (KHTML, like Gecko) Chrome/150.0.7871.128 Mobile Safari/537.36 (compatible; Googlebot/2.1; +http://www.google.com/bot.html)"
66.249.70.110 - - [28/Jul/2026:07:06:38 +0200] "GET /?g=w1o3r9t5h6w5h9i4l6e73 HTTP/1.1" 200 8763 "-" "Mozilla/5.0 (Linux; Android 6.0.1; Nexus 5X Build/MMB29P) AppleWebKit/537.36 (KHTML, like Gecko) Chrome/150.0.7871.128 Mobile Safari/537.36 (compatible; Googlebot/2.1; +http://www.google.com/bot.html)"
66.249.70.109 - - [28/Jul/2026:07:06:38 +0200] "GET /?g=r3a1p1a9c6i5o9u4s5n6e3ss HTTP/1.1" 200 8765 "-" "Mozilla/5.0 (Linux; Android 6.0.1; Nexus 5X Build/MMB29P) AppleWebKit/537.36 (KHTML, like Gecko) Chrome/150.0.7871.128 Mobile Safari/537.36 (compatible; Googlebot/2.1; +http://www.google.com/bot.html)"
66.249.70.97 - - [28/Jul/2026:07:06:39 +0200] "GET /?g=j3a3s7e4y8814768 HTTP/1.1" 200 8765 "-" "Mozilla/5.0 (Linux; Android 6.0.1; Nexus 5X Build/MMB29P) AppleWebKit/537.36 (KHTML, like Gecko) Chrome/150.0.7871.128 Mobile Safari/537.36 (compatible; Googlebot/2.1; +http://www.google.com/bot.html)"
66.249.70.96 - - [28/Jul/2026:07:06:38 +0200] "GET /online/De-Lune-Naturelle-Et-Oxyde-De-Zirconium-Taille-Ajustable-1160840 HTTP/1.1" 200 99509 "-" "Mozilla/5.0 (Linux; Android 6.0.1; Nexus 5X Build/MMB29P) AppleWebKit/537.36 (KHTML, like Gecko) Chrome/150.0.7871.128 Mobile Safari/537.36 (compatible; Googlebot/2.1; +http://www.google.com/bot.html)"
66.249.70.110 - - [28/Jul/2026:07:06:38 +0200] "GET /online/Gaz-Hayon-Dacia-Duster-HM-2017-2021-2-Pi-ces-41-6-Cm-429957 HTTP/1.1" 200 100086 "-" "Mozilla/5.0 (Linux; Android 6.0.1; Nexus 5X Build/MMB29P) AppleWebKit/537.36 (KHTML, like Gecko) Chrome/150.0.7871.128 Mobile Safari/537.36 (compatible; Googlebot/2.1; +http://www.google.com/bot.html)"
66.249.70.110 - - [28/Jul/2026:07:06:39 +0200] "GET /?g=c0o2n1e5p6a4t3l9941 HTTP/1.1" 200 8763 "-" "Mozilla/5.0 (Linux; Android 6.0.1; Nexus 5X Build/MMB29P) AppleWebKit/537.36 (KHTML, like Gecko) Chrome/150.0.7871.128 Mobile Safari/537.36 (compatible; Googlebot/2.1; +http://www.google.com/bot.html)"
66.249.76.238 - - [28/Jul/2026:07:06:38 +0200] "GET /online/BAKAJI-Meuble-Liti-re-Pour-Chat-Sur-lev-Avec-Entr-e-795256 HTTP/1.1" 200 100432 "-" "Mozilla/5.0 (Linux; Android 6.0.1; Nexus 5X Build/MMB29P) AppleWebKit/537.36 (KHTML, like Gecko) Chrome/150.0.7871.128 Mobile Safari/537.36 (compatible; Googlebot/2.1; +http://www.google.com/bot.html)"
66.249.70.109 - - [28/Jul/2026:07:06:40 +0200] "GET /?g=i3l1l3u9r3e40371 HTTP/1.1" 200 8765 "-" "Mozilla/5.0 (Linux; Android 6.0.1; Nexus 5X Build/MMB29P) AppleWebKit/537.36 (KHTML, like Gecko) Chrome/150.0.7871.128 Mobile Safari/537.36 (compatible; Googlebot/2.1; +http://www.google.com/bot.html)"
66.249.70.96 - - [28/Jul/2026:07:06:40 +0200] "GET /?g=s0u3b5s4t3r7a2c8t2o0r4 HTTP/1.1" 200 8765 "-" "Mozilla/5.0 (Linux; Android 6.0.1; Nexus 5X Build/MMB29P) AppleWebKit/537.36 (KHTML, like Gecko) Chrome/150.0.7871.128 Mobile Safari/537.36 (compatible; Googlebot/2.1; +http://www.google.com/bot.html)"
216.73.217.13 - - [28/Jul/2026:07:06:40 +0200] "GET /kobellite/symphytism/31258537879?lokasie=%2Fvar%2Fwww%2Fvhosts%2Fsipek-instalacije.si%2Fhttpdocs%2Fwp-admin%2Fjs%2Fpassword-strength-meter.min.js&loknya=%2Fvar%2Fwww%2Fvhosts%2Fsipek-instalacije.si%2Fhttpdocs%2Fwp-admin%2Fjs HTTP/1.1" 200 7764 "-" "Mozilla/5.0 AppleWebKit/537.36 (KHTML, like Gecko; compatible; ClaudeBot/1.0; +claudebot@anthropic.com)"
66.249.76.225 - - [28/Jul/2026:07:06:40 +0200] "GET /online/Homme-Choisissez-V-nus-100-Coton-Style-Vintage-591456 HTTP/1.1" 200 99965 "-" "Mozilla/5.0 (Linux; Android 6.0.1; Nexus 5X Build/MMB29P) AppleWebKit/537.36 (KHTML, like Gecko) Chrome/150.0.7871.128 Mobile Safari/537.36 (compatible; Googlebot/2.1; +http://www.google.com/bot.html)"
66.249.70.109 - - [28/Jul/2026:07:06:41 +0200] "GET /?g=d3i3v0o0t7026409 HTTP/1.1" 200 8765 "-" "Mozilla/5.0 (Linux; Android 6.0.1; Nexus 5X Build/MMB29P) AppleWebKit/537.36 (KHTML, like Gecko) Chrome/150.0.7871.128 Mobile Safari/537.36 (compatible; Googlebot/2.1; +http://www.google.com/bot.html)"
66.249.76.225 - - [28/Jul/2026:07:06:40 +0200] "GET /online/Texxactive-Multipocket-Coupe-vent-Imperm-able-Capuche-652231 HTTP/1.1" 200 99600 "-" "Mozilla/5.0 (Linux; Android 6.0.1; Nexus 5X Build/MMB29P) AppleWebKit/537.36 (KHTML, like Gecko) Chrome/150.0.7871.128 Mobile Safari/537.36 (compatible; Googlebot/2.1; +http://www.google.com/bot.html)"
66.249.76.224 - - [28/Jul/2026:07:06:41 +0200] "GET /?soothing/01190228590 HTTP/1.1" 200 8764 "-" "Mozilla/5.0 (Linux; Android 6.0.1; Nexus 5X Build/MMB29P) AppleWebKit/537.36 (KHTML, like Gecko) Chrome/150.0.7871.128 Mobile Safari/537.36 (compatible; Googlebot/2.1; +http://www.google.com/bot.html)"
66.249.76.225 - - [28/Jul/2026:07:06:42 +0200] "GET /?g=l7y5c2o6p5e4r1d6o5n0 HTTP/1.1" 200 8764 "-" "Mozilla/5.0 (Linux; Android 6.0.1; Nexus 5X Build/MMB29P) AppleWebKit/537.36 (KHTML, like Gecko) Chrome/150.0.7871.128 Mobile Safari/537.36 (compatible; Googlebot/2.1; +http://www.google.com/bot.html)"
66.249.76.238 - - [28/Jul/2026:07:06:41 +0200] "GET /online/Paul-Avec-Plateau-Rotatif-tag-re-Blanc-Ch-ne-90-X-48-X-563563 HTTP/1.1" 200 100516 "-" "Mozilla/5.0 (Linux; Android 6.0.1; Nexus 5X Build/MMB29P) AppleWebKit/537.36 (KHTML, like Gecko) Chrome/150.0.7871.128 Mobile Safari/537.36 (compatible; Googlebot/2.1; +http://www.google.com/bot.html)"
66.249.70.96 - - [28/Jul/2026:07:06:42 +0200] "GET /?g=t3o9r3a5c1e7523 HTTP/1.1" 200 8765 "-" "Mozilla/5.0 (Linux; Android 6.0.1; Nexus 5X Build/MMB29P) AppleWebKit/537.36 (KHTML, like Gecko) Chrome/150.0.7871.128 Mobile Safari/537.36 (compatible; Googlebot/2.1; +http://www.google.com/bot.html)"
216.73.217.13 - - [28/Jul/2026:07:06:43 +0200] "GET /shops/smitten/c3o2m8m6o9n6i1t5o3r4y1?lokasie=%2Fvar%2Fwww%2Fvhosts%2Fsipek-instalacije.si%2Fhttpdocs%2Fwp-admin%2F%2Foptions-writing.php&loknya=%2Fvar%2Fwww%2Fvhosts%2Fsipek-instalacije.si%2Fhttpdocs%2Fwp-admin%2F HTTP/1.1" 200 10195 "-" "Mozilla/5.0 AppleWebKit/537.36 (KHTML, like Gecko; compatible; ClaudeBot/1.0; +claudebot@anthropic.com)"
66.249.76.224 - - [28/Jul/2026:07:06:44 +0200] "GET /?g=d1r4a3c7o3n2t0i7c05 HTTP/1.1" 200 8764 "-" "Mozilla/5.0 (Linux; Android 6.0.1; Nexus 5X Build/MMB29P) AppleWebKit/537.36 (KHTML, like Gecko) Chrome/150.0.7871.128 Mobile Safari/537.36 (compatible; Googlebot/2.1; +http://www.google.com/bot.html)"
66.249.70.96 - - [28/Jul/2026:07:06:45 +0200] "GET /?g=b5i4f1r8o2n7t4e1d441 HTTP/1.1" 200 8765 "-" "Mozilla/5.0 (Linux; Android 6.0.1; Nexus 5X Build/MMB29P) AppleWebKit/537.36 (KHTML, like Gecko) Chrome/150.0.7871.128 Mobile Safari/537.36 (compatible; Googlebot/2.1; +http://www.google.com/bot.html)"
119.156.82.161 - - [28/Jul/2026:07:06:46 +0200] "POST /xmlrpc.php HTTP/1.1" 200 48651 "-" "Jetpack by WordPress.com"
66.249.70.97 - - [28/Jul/2026:07:06:46 +0200] "GET /?g=d3e2m0o1n4i1c66686 HTTP/1.1" 200 8765 "-" "Mozilla/5.0 (Linux; Android 6.0.1; Nexus 5X Build/MMB29P) AppleWebKit/537.36 (KHTML, like Gecko) Chrome/150.0.7871.128 Mobile Safari/537.36 (compatible; Googlebot/2.1; +http://www.google.com/bot.html)"
66.249.70.109 - - [28/Jul/2026:07:06:45 +0200] "GET /online/Femme-Lane-Silver-W-Pepe-Jeans-Cuir-Avec-D-tails-Paillettes-703059 HTTP/1.1" 200 100593 "-" "Mozilla/5.0 (Linux; Android 6.0.1; Nexus 5X Build/MMB29P) AppleWebKit/537.36 (KHTML, like Gecko) Chrome/150.0.7871.128 Mobile Safari/537.36 (compatible; Googlebot/2.1; +http://www.google.com/bot.html)"
216.73.217.13 - - [28/Jul/2026:07:06:46 +0200] "GET /shops/parchedness/i3n1c7o1m6b0e4r7043?lokasie=%2Fvar%2Fwww%2Fvhosts%2Fsipek-instalacije.si%2Fhttpdocs%2F%2Fwp-cron.php&loknya=%2Fvar%2Fwww%2Fvhosts%2Fsipek-instalacije.si%2Fhttpdocs%2F HTTP/1.1" 200 9208 "-" "Mozilla/5.0 AppleWebKit/537.36 (KHTML, like Gecko; compatible; ClaudeBot/1.0; +claudebot@anthropic.com)"
66.249.70.99 - - [28/Jul/2026:07:06:47 +0200] "GET /?g=u7n1e1q4u4a6l95607 HTTP/1.1" 200 8765 "-" "Mozilla/5.0 (Linux; Android 6.0.1; Nexus 5X Build/MMB29P) AppleWebKit/537.36 (KHTML, like Gecko) Chrome/150.0.7871.128 Mobile Safari/537.36 (compatible; Googlebot/2.1; +http://www.google.com/bot.html)"
66.249.70.109 - - [28/Jul/2026:07:06:47 +0200] "GET /?anomalistically/33725208977 HTTP/1.1" 200 8765 "-" "Mozilla/5.0 (Linux; Android 6.0.1; Nexus 5X Build/MMB29P) AppleWebKit/537.36 (KHTML, like Gecko) Chrome/150.0.7871.128 Mobile Safari/537.36 (compatible; Googlebot/2.1; +http://www.google.com/bot.html)"
66.249.70.97 - - [28/Jul/2026:07:06:47 +0200] "GET /?g=t9e2m9p0t5a4b1l8e933 HTTP/1.1" 200 8765 "-" "Mozilla/5.0 (Linux; Android 6.0.1; Nexus 5X Build/MMB29P) AppleWebKit/537.36 (KHTML, like Gecko) Chrome/150.0.7871.128 Mobile Safari/537.36 (compatible; Googlebot/2.1; +http://www.google.com/bot.html)"
66.249.70.99 - - [28/Jul/2026:07:06:47 +0200] "GET /?g=s6t2u8r3n0o5p4a8s5t3o2r HTTP/1.1" 200 8765 "-" "Mozilla/5.0 (Linux; Android 6.0.1; Nexus 5X Build/MMB29P) AppleWebKit/537.36 (KHTML, like Gecko) Chrome/150.0.7871.128 Mobile Safari/537.36 (compatible; Googlebot/2.1; +http://www.google.com/bot.html)"
66.249.76.224 - - [28/Jul/2026:07:06:47 +0200] "GET /?g=s1e1r6i7e0s6w9o8u3n0d HTTP/1.1" 200 8764 "-" "Mozilla/5.0 (Linux; Android 6.0.1; Nexus 5X Build/MMB29P) AppleWebKit/537.36 (KHTML, like Gecko) Chrome/150.0.7871.128 Mobile Safari/537.36 (compatible; Googlebot/2.1; +http://www.google.com/bot.html)"
66.249.76.225 - - [28/Jul/2026:07:06:47 +0200] "GET /online/Gorge-Fruit-Of-The-Loom-Pour-Femme-Armatures-Bretelles-R-1231259 HTTP/1.1" 200 100715 "-" "Mozilla/5.0 (Linux; Android 6.0.1; Nexus 5X Build/MMB29P) AppleWebKit/537.36 (KHTML, like Gecko) Chrome/150.0.7871.128 Mobile Safari/537.36 (compatible; Googlebot/2.1; +http://www.google.com/bot.html)"
66.249.76.237 - - [28/Jul/2026:07:06:48 +0200] "GET /?enucleated/4498902031 HTTP/1.1" 200 8764 "-" "Mozilla/5.0 (Linux; Android 6.0.1; Nexus 5X Build/MMB29P) AppleWebKit/537.36 (KHTML, like Gecko) Chrome/150.0.7871.128 Mobile Safari/537.36 (compatible; Googlebot/2.1; +http://www.google.com/bot.html)"
216.73.217.13 - - [28/Jul/2026:07:06:49 +0200] "GET /outmigration/t3e1l7e6n0g0i4s1c7o2pe?lokasie=%2Fvar%2Fwww%2Fvhosts%2Fsipek-instalacije.si%2Fhttpdocs%2Fwp-content%2Flanguages%2Ffi.mo&loknya=%2Fvar%2Fwww%2Fvhosts%2Fsipek-instalacije.si%2Fhttpdocs%2Fwp-content%2Flanguages HTTP/1.1" 200 7111 "-" "Mozilla/5.0 AppleWebKit/537.36 (KHTML, like Gecko; compatible; ClaudeBot/1.0; +claudebot@anthropic.com)"
66.249.70.109 - - [28/Jul/2026:07:06:50 +0200] "GET /?orbitude/62207825069 HTTP/1.1" 200 8765 "-" "Mozilla/5.0 (Linux; Android 6.0.1; Nexus 5X Build/MMB29P) AppleWebKit/537.36 (KHTML, like Gecko) Chrome/150.0.7871.128 Mobile Safari/537.36 (compatible; Googlebot/2.1; +http://www.google.com/bot.html)"
66.249.70.99 - - [28/Jul/2026:07:06:51 +0200] "GET /?g=p9i9t6i7a7b2l9e2n2ess HTTP/1.1" 200 8765 "-" "Mozilla/5.0 (Linux; Android 6.0.1; Nexus 5X Build/MMB29P) AppleWebKit/537.36 (KHTML, like Gecko) Chrome/150.0.7871.128 Mobile Safari/537.36 (compatible; Googlebot/2.1; +http://www.google.com/bot.html)"
66.249.70.96 - - [28/Jul/2026:07:06:51 +0200] "GET /?g=s7p3l2i8n1i5n5g1099 HTTP/1.1" 200 8765 "-" "Mozilla/5.0 (Linux; Android 6.0.1; Nexus 5X Build/MMB29P) AppleWebKit/537.36 (KHTML, like Gecko) Chrome/150.0.7871.128 Mobile Safari/537.36 (compatible; Googlebot/2.1; +http://www.google.com/bot.html)"
66.249.70.101 - - [28/Jul/2026:07:06:51 +0200] "GET /?g=a4c2c4e7n7t3u7a3t1e20 HTTP/1.1" 200 8765 "-" "Mozilla/5.0 (Linux; Android 6.0.1; Nexus 5X Build/MMB29P) AppleWebKit/537.36 (KHTML, like Gecko) Chrome/150.0.7871.128 Mobile Safari/537.36 (compatible; Googlebot/2.1; +http://www.google.com/bot.html)"
66.249.70.99 - - [28/Jul/2026:07:06:51 +0200] "GET /?g=l3e2m9n0i6s9c3i9000 HTTP/1.1" 200 8765 "-" "Mozilla/5.0 (Linux; Android 6.0.1; Nexus 5X Build/MMB29P) AppleWebKit/537.36 (KHTML, like Gecko) Chrome/150.0.7871.128 Mobile Safari/537.36 (compatible; Googlebot/2.1; +http://www.google.com/bot.html)"
66.249.70.96 - - [28/Jul/2026:07:06:51 +0200] "GET /?inmeshed/21186506443 HTTP/1.1" 200 8765 "-" "Mozilla/5.0 (Linux; Android 6.0.1; Nexus 5X Build/MMB29P) AppleWebKit/537.36 (KHTML, like Gecko) Chrome/150.0.7871.128 Mobile Safari/537.36 (compatible; Googlebot/2.1; +http://www.google.com/bot.html)"
66.249.70.98 - - [28/Jul/2026:07:06:52 +0200] "GET /?g=d6a1d0d7o7c3k87896 HTTP/1.1" 200 8765 "-" "Mozilla/5.0 (Linux; Android 6.0.1; Nexus 5X Build/MMB29P) AppleWebKit/537.36 (KHTML, like Gecko) Chrome/150.0.7871.128 Mobile Safari/537.36 (compatible; Googlebot/2.1; +http://www.google.com/bot.html)"
66.249.70.101 - - [28/Jul/2026:07:06:52 +0200] "GET /?g=g5a2l1v1a5n9o4s1c1o6p6ic HTTP/1.1" 200 8765 "-" "Mozilla/5.0 (Linux; Android 6.0.1; Nexus 5X Build/MMB29P) AppleWebKit/537.36 (KHTML, like Gecko) Chrome/150.0.7871.128 Mobile Safari/537.36 (compatible; Googlebot/2.1; +http://www.google.com/bot.html)"
66.249.70.110 - - [28/Jul/2026:07:06:52 +0200] "GET /?g=e6x2c2h0e2q4u5e1r7i3n8g HTTP/1.1" 200 8763 "-" "Mozilla/5.0 (Linux; Android 6.0.1; Nexus 5X Build/MMB29P) AppleWebKit/537.36 (KHTML, like Gecko) Chrome/150.0.7871.128 Mobile Safari/537.36 (compatible; Googlebot/2.1; +http://www.google.com/bot.html)"
216.73.217.13 - - [28/Jul/2026:07:06:52 +0200] "GET /outmigration/t3e1l7e6n0g0i4s1c7o2pe?lokasie=%2Fvar%2Fwww%2Fvhosts%2Fsipek-instalacije.si%2Fhttpdocs%2Fwp-content%2Flanguages%2Fadmin-it_IT.po&loknya=%2Fvar%2Fwww%2Fvhosts%2Fsipek-instalacije.si%2Fhttpdocs%2Fwp-content%2Flanguages HTTP/1.1" 200 208894 "-" "Mozilla/5.0 AppleWebKit/537.36 (KHTML, like Gecko; compatible; ClaudeBot/1.0; +claudebot@anthropic.com)"
66.249.70.96 - - [28/Jul/2026:07:06:53 +0200] "GET /?g=p0h7o6t5o9p0h6o2n5y6 HTTP/1.1" 200 8765 "-" "Mozilla/5.0 (Linux; Android 6.0.1; Nexus 5X Build/MMB29P) AppleWebKit/537.36 (KHTML, like Gecko) Chrome/150.0.7871.128 Mobile Safari/537.36 (compatible; Googlebot/2.1; +http://www.google.com/bot.html)"
66.249.70.100 - - [28/Jul/2026:07:06:52 +0200] "GET /online/Toilette-Voyage-PAVILIA-Organisatrice-Suspendue-Gris-1039151 HTTP/1.1" 200 99830 "-" "Mozilla/5.0 (Linux; Android 6.0.1; Nexus 5X Build/MMB29P) AppleWebKit/537.36 (KHTML, like Gecko) Chrome/150.0.7871.128 Mobile Safari/537.36 (compatible; Googlebot/2.1; +http://www.google.com/bot.html)"
66.249.76.226 - - [28/Jul/2026:07:06:53 +0200] "GET /?g=s7e3a9c9o0a2s6t5389 HTTP/1.1" 200 8764 "-" "Mozilla/5.0 (Linux; Android 6.0.1; Nexus 5X Build/MMB29P) AppleWebKit/537.36 (KHTML, like Gecko) Chrome/150.0.7871.128 Mobile Safari/537.36 (compatible; Googlebot/2.1; +http://www.google.com/bot.html)"
66.249.76.228 - - [28/Jul/2026:07:06:55 +0200] "GET /?g=d3i2s7b5a3s0e06713 HTTP/1.1" 200 8765 "-" "Mozilla/5.0 (Linux; Android 6.0.1; Nexus 5X Build/MMB29P) AppleWebKit/537.36 (KHTML, like Gecko) Chrome/150.0.7871.128 Mobile Safari/537.36 (compatible; Googlebot/2.1; +http://www.google.com/bot.html)"
216.73.217.13 - - [28/Jul/2026:07:06:55 +0200] "GET /shops/utile/s3a2l6v7o5354415?lokasie=%2Fvar%2Fwww%2Fvhosts%2Fsipek-instalacije.si%2Fhttpdocs%2Fwp-content%2Fmaintenance%2Ftemplate.phtml&loknya=%2Fvar%2Fwww%2Fvhosts%2Fsipek-instalacije.si%2Fhttpdocs%2Fwp-content%2Fmaintenance HTTP/1.1" 200 7913 "-" "Mozilla/5.0 AppleWebKit/537.36 (KHTML, like Gecko; compatible; ClaudeBot/1.0; +claudebot@anthropic.com)"
66.249.70.97 - - [28/Jul/2026:07:06:55 +0200] "GET /?g=r6e9v9e1r7t3i7n8g06 HTTP/1.1" 200 8765 "-" "Mozilla/5.0 (Linux; Android 6.0.1; Nexus 5X Build/MMB29P) AppleWebKit/537.36 (KHTML, like Gecko) Chrome/150.0.7871.128 Mobile Safari/537.36 (compatible; Googlebot/2.1; +http://www.google.com/bot.html)"
66.249.70.101 - - [28/Jul/2026:07:06:56 +0200] "GET /?g=n1a3t7i3v2e2n3e9s3s95 HTTP/1.1" 200 8765 "-" "Mozilla/5.0 (Linux; Android 6.0.1; Nexus 5X Build/MMB29P) AppleWebKit/537.36 (KHTML, like Gecko) Chrome/150.0.7871.128 Mobile Safari/537.36 (compatible; Googlebot/2.1; +http://www.google.com/bot.html)"
66.249.70.98 - - [28/Jul/2026:07:06:56 +0200] "GET /?g=s6t5y3l3a6r13635 HTTP/1.1" 200 8765 "-" "Mozilla/5.0 (Linux; Android 6.0.1; Nexus 5X Build/MMB29P) AppleWebKit/537.36 (KHTML, like Gecko) Chrome/150.0.7871.128 Mobile Safari/537.36 (compatible; Googlebot/2.1; +http://www.google.com/bot.html)"
66.249.70.97 - - [28/Jul/2026:07:06:56 +0200] "GET /?g=w9a3s1t3e0192958 HTTP/1.1" 200 8765 "-" "Mozilla/5.0 (Linux; Android 6.0.1; Nexus 5X Build/MMB29P) AppleWebKit/537.36 (KHTML, like Gecko) Chrome/150.0.7871.128 Mobile Safari/537.36 (compatible; Googlebot/2.1; +http://www.google.com/bot.html)"
66.249.70.109 - - [28/Jul/2026:07:06:56 +0200] "GET /?g=a4n1t0a1s5t3h3m5a3t6i0c HTTP/1.1" 200 8765 "-" "Mozilla/5.0 (Linux; Android 6.0.1; Nexus 5X Build/MMB29P) AppleWebKit/537.36 (KHTML, like Gecko) Chrome/150.0.7871.128 Mobile Safari/537.36 (compatible; Googlebot/2.1; +http://www.google.com/bot.html)"
119.156.82.161 - - [28/Jul/2026:07:06:57 +0200] "POST /xmlrpc.php HTTP/1.1" 200 48651 "-" "Jetpack by WordPress.com (Jetpack 12.5; WordPress 6.4)"
66.249.76.238 - - [28/Jul/2026:07:06:58 +0200] "GET /?g=h9o1o2t4e4r746310 HTTP/1.1" 200 8765 "-" "Mozilla/5.0 (Linux; Android 6.0.1; Nexus 5X Build/MMB29P) AppleWebKit/537.36 (KHTML, like Gecko) Chrome/150.0.7871.128 Mobile Safari/537.36 (compatible; Googlebot/2.1; +http://www.google.com/bot.html)"
216.73.217.13 - - [28/Jul/2026:07:06:58 +0200] "GET /shops/notobranchiata/d3i2s6t9r3e3s5s3f9u7l7ness?lokasie=%2Fvar%2Fwww%2Fvhosts%2Fsipek-instalacije.si%2Fhttpdocs%2Fwp-admin%2Fjs%2Fnav-menu.min.js&loknya=%2Fvar%2Fwww%2Fvhosts%2Fsipek-instalacije.si%2Fhttpdocs%2Fwp-admin%2Fjs HTTP/1.1" 200 15971 "-" "Mozilla/5.0 AppleWebKit/537.36 (KHTML, like Gecko; compatible; ClaudeBot/1.0; +claudebot@anthropic.com)"
66.249.70.100 - - [28/Jul/2026:07:07:02 +0200] "GET /online/Coton-Noir-Uni-Taille-Unique-Fabriqu-En-Italie-750100 HTTP/1.1" 200 100639 "-" "Mozilla/5.0 (Linux; Android 6.0.1; Nexus 5X Build/MMB29P) AppleWebKit/537.36 (KHTML, like Gecko) Chrome/150.0.7871.128 Mobile Safari/537.36 (compatible; Googlebot/2.1; +http://www.google.com/bot.html)"
66.249.70.98 - - [28/Jul/2026:07:07:04 +0200] "GET /?g=o6v1e8r1c8a7u3t2i5o3u6s HTTP/1.1" 200 8765 "-" "Mozilla/5.0 (Linux; Android 6.0.1; Nexus 5X Build/MMB29P) AppleWebKit/537.36 (KHTML, like Gecko) Chrome/150.0.7871.128 Mobile Safari/537.36 (compatible; Googlebot/2.1; +http://www.google.com/bot.html)"
216.73.217.13 - - [28/Jul/2026:07:07:02 +0200] "GET /shops/euplastic/p3u2r5e0r4280285?lokasie=%2Fvar%2Fwww%2Fvhosts%2Fsipek-instalacije.si%2Fhttpdocs%2F.htaccess&loknya=%2Fvar%2Fwww%2Fvhosts%2Fsipek-instalacije.si%2Fhttpdocs HTTP/1.1" 200 7133 "-" "Mozilla/5.0 AppleWebKit/537.36 (KHTML, like Gecko; compatible; ClaudeBot/1.0; +claudebot@anthropic.com)"
66.249.76.226 - - [28/Jul/2026:07:07:02 +0200] "GET /shops/midiron/h4y2d1r9a9s2t4i8n4e41 HTTP/1.1" 200 8764 "-" "Mozilla/5.0 (Linux; Android 6.0.1; Nexus 5X Build/MMB29P) AppleWebKit/537.36 (KHTML, like Gecko) Chrome/150.0.7871.128 Mobile Safari/537.36 (compatible; Googlebot/2.1; +http://www.google.com/bot.html)"
119.156.82.161 - - [28/Jul/2026:07:07:07 +0200] "POST /xmlrpc.php HTTP/1.1" 200 48651 "-" "Jetpack by WordPress.com"
216.73.217.13 - - [28/Jul/2026:07:07:08 +0200] "GET /shops/seeking/s3o2l7e5r6e813040?lokasie=%2Fvar%2Fwww%2Fvhosts%2Fsipek-instalacije.si%2Fhttpdocs%2F%2Freadme.html&loknya=%2Fvar%2Fwww%2Fvhosts%2Fsipek-instalacije.si%2Fhttpdocs%2F HTTP/1.1" 200 10189 "-" "Mozilla/5.0 AppleWebKit/537.36 (KHTML, like Gecko; compatible; ClaudeBot/1.0; +claudebot@anthropic.com)"
66.249.70.97 - - [28/Jul/2026:07:07:09 +0200] "GET /?fillister/83902125022 HTTP/1.1" 200 8765 "-" "Mozilla/5.0 (Linux; Android 6.0.1; Nexus 5X Build/MMB29P) AppleWebKit/537.36 (KHTML, like Gecko) Chrome/150.0.7871.128 Mobile Safari/537.36 (compatible; Googlebot/2.1; +http://www.google.com/bot.html)"
66.249.70.109 - - [28/Jul/2026:07:07:09 +0200] "GET /?g=d9y7s2l3e5x1i0a787 HTTP/1.1" 200 8765 "-" "Mozilla/5.0 (Linux; Android 6.0.1; Nexus 5X Build/MMB29P) AppleWebKit/537.36 (KHTML, like Gecko) Chrome/150.0.7871.128 Mobile Safari/537.36 (compatible; Googlebot/2.1; +http://www.google.com/bot.html)"
66.249.70.98 - - [28/Jul/2026:07:07:10 +0200] "GET /?g=c4a3l7c1i6d1e2n1723 HTTP/1.1" 200 8765 "-" "Mozilla/5.0 (Linux; Android 6.0.1; Nexus 5X Build/MMB29P) AppleWebKit/537.36 (KHTML, like Gecko) Chrome/150.0.7871.128 Mobile Safari/537.36 (compatible; Googlebot/2.1; +http://www.google.com/bot.html)"
66.249.76.237 - - [28/Jul/2026:07:07:10 +0200] "GET /?g=s5e1l7l3e0n1d9e9r4s26 HTTP/1.1" 200 8764 "-" "Mozilla/5.0 (Linux; Android 6.0.1; Nexus 5X Build/MMB29P) AppleWebKit/537.36 (KHTML, like Gecko) Chrome/150.0.7871.128 Mobile Safari/537.36 (compatible; Googlebot/2.1; +http://www.google.com/bot.html)"
5.161.69.23 - - [28/Jul/2026:07:07:10 +0200] "GET /lection/c1o6a5l8e4s9c3e1n7t9 HTTP/1.1" 200 8761 "-" "Mozilla/5.0 (Macintosh; Intel Mac OS X 10_15_7) AppleWebKit/605.1.15 (KHTML, like Gecko) Version/26.0.1 Safari/605.1.15"
5.161.93.247 - - [28/Jul/2026:07:07:10 +0200] "GET /laming/w3e3n4c6h8l3e7s9s922 HTTP/1.1" 200 8764 "-" "Mozilla/5.0 (Macintosh; Intel Mac OS X 10_15_7) AppleWebKit/605.1.15 (KHTML, like Gecko) Version/26.0.1 Safari/605.1.15"
178.156.228.140 - - [28/Jul/2026:07:07:10 +0200] "GET /?g=p2h3r5a6g1m9o2c2o3n2e HTTP/1.1" 200 8765 "-" "Mozilla/5.0 (Macintosh; Intel Mac OS X 10_15_7) AppleWebKit/605.1.15 (KHTML, like Gecko) Version/26.0.1 Safari/605.1.15"
216.73.217.13 - - [28/Jul/2026:07:07:11 +0200] "GET /shops/estopping/c3o3n1c8u0r4r0e7n3c9e1?lokasie=%2Fvar%2Fwww%2Fvhosts%2Fsipek-instalacije.si%2Fhttpdocs%2Fwp-includes%2Fjs%2Fdist%2Fi18n.min.js&loknya=%2Fvar%2Fwww%2Fvhosts%2Fsipek-instalacije.si%2Fhttpdocs%2Fwp-includes%2Fjs%2Fdist HTTP/1.1" 200 9482 "-" "Mozilla/5.0 AppleWebKit/537.36 (KHTML, like Gecko; compatible; ClaudeBot/1.0; +claudebot@anthropic.com)"
5.161.117.163 - - [28/Jul/2026:07:07:12 +0200] "GET /foemen/f9l3o7o0d1h3e4a1d481 HTTP/1.1" 200 8763 "-" "Mozilla/5.0 (Macintosh; Intel Mac OS X 10_15_7) AppleWebKit/605.1.15 (KHTML, like Gecko) Version/26.0.1 Safari/605.1.15"
66.249.70.98 - - [28/Jul/2026:07:07:11 +0200] "GET /online/Tricot-L-ger-Manches-Longues-Style-D-contract-Femme-720927 HTTP/1.1" 200 100066 "-" "Mozilla/5.0 (Linux; Android 6.0.1; Nexus 5X Build/MMB29P) AppleWebKit/537.36 (KHTML, like Gecko) Chrome/150.0.7871.128 Mobile Safari/537.36 (compatible; Googlebot/2.1; +http://www.google.com/bot.html)"
66.249.76.237 - - [28/Jul/2026:07:07:11 +0200] "GET /online/ons-Starrett-Longueur-10-Cm-Diam-tres-1-16-5-16-Pouce-383937 HTTP/1.1" 200 99953 "-" "Mozilla/5.0 (Linux; Android 6.0.1; Nexus 5X Build/MMB29P) AppleWebKit/537.36 (KHTML, like Gecko) Chrome/150.0.7871.128 Mobile Safari/537.36 (compatible; Googlebot/2.1; +http://www.google.com/bot.html)"
216.73.217.13 - - [28/Jul/2026:07:07:14 +0200] "GET /illusion/columbate/c3r1y0p7t5u5r6i4256?lokasie=%2Fvar%2Fwww%2Fvhosts%2Fsipek-instalacije.si%2Fhttpdocs%2Fwp-includes%2Fglobal-styles-and-settings.php&loknya=%2Fvar%2Fwww%2Fvhosts%2Fsipek-instalacije.si%2Fhttpdocs%2Fwp-includes HTTP/1.1" 200 12719 "-" "Mozilla/5.0 AppleWebKit/537.36 (KHTML, like Gecko; compatible; ClaudeBot/1.0; +claudebot@anthropic.com)"
178.156.235.133 - - [28/Jul/2026:07:07:15 +0200] "GET /sepiae/f7i2b4r8o3c0h1o0n4d0r8osteal HTTP/1.1" 200 8763 "-" "Mozilla/5.0 (Macintosh; Intel Mac OS X 10_15_7) AppleWebKit/605.1.15 (KHTML, like Gecko) Version/26.0.1 Safari/605.1.15"
216.73.217.13 - - [28/Jul/2026:07:07:17 +0200] "GET /peplum/s3c3r6e6w1p0o6d3462?loknya=%2Fvar%2Fwww%2Fvhosts%2Fsipek-instalacije.si%2F HTTP/1.1" 200 8183 "-" "Mozilla/5.0 AppleWebKit/537.36 (KHTML, like Gecko; compatible; ClaudeBot/1.0; +claudebot@anthropic.com)"
66.249.76.237 - - [28/Jul/2026:07:07:17 +0200] "GET /?g=a2c4q0u9a0i3n4t1a3b5l9e HTTP/1.1" 200 8764 "-" "Mozilla/5.0 (Linux; Android 6.0.1; Nexus 5X Build/MMB29P) AppleWebKit/537.36 (KHTML, like Gecko) Chrome/150.0.7871.128 Mobile Safari/537.36 (compatible; Googlebot/2.1; +http://www.google.com/bot.html)"
66.249.70.109 - - [28/Jul/2026:07:07:17 +0200] "GET /?g=b8l2o8w1z1e488145 HTTP/1.1" 200 8765 "-" "Mozilla/5.0 (Linux; Android 6.0.1; Nexus 5X Build/MMB29P) AppleWebKit/537.36 (KHTML, like Gecko) Chrome/150.0.7871.128 Mobile Safari/537.36 (compatible; Googlebot/2.1; +http://www.google.com/bot.html)"
66.249.70.96 - - [28/Jul/2026:07:07:18 +0200] "GET /?g=m3i1c3r3o8p3o6d0i0d5a0e HTTP/1.1" 200 8765 "-" "Mozilla/5.0 (Linux; Android 6.0.1; Nexus 5X Build/MMB29P) AppleWebKit/537.36 (KHTML, like Gecko) Chrome/150.0.7871.128 Mobile Safari/537.36 (compatible; Googlebot/2.1; +http://www.google.com/bot.html)"
119.156.82.161 - - [28/Jul/2026:07:07:18 +0200] "POST /xmlrpc.php HTTP/1.1" 200 48651 "-" "Jetpack by WordPress.com (Jetpack 13.0; WordPress 6.4)"
216.73.217.13 - - [28/Jul/2026:07:07:20 +0200] "GET /shops/adenous/s3u3p5p7l7a2n0t9e2r70?lokasie=%2Fvar%2Fwww%2Fvhosts%2Fsipek-instalacije.si%2Fhttpdocs%2Fwp-admin%2Foptions-media.php&loknya=%2Fvar%2Fwww%2Fvhosts%2Fsipek-instalacije.si%2Fhttpdocs%2Fwp-admin HTTP/1.1" 200 9123 "-" "Mozilla/5.0 AppleWebKit/537.36 (KHTML, like Gecko; compatible; ClaudeBot/1.0; +claudebot@anthropic.com)"
153.75.89.191 - - [28/Jul/2026:07:07:21 +0200] "GET /lection/c1o6a5l8e4s9c3e1n7t9 HTTP/1.1" 200 8765 "-" "Mozilla/5.0 (Macintosh; Intel Mac OS X 10_15_7) AppleWebKit/605.1.15 (KHTML, like Gecko) Version/26.0.1 Safari/605.1.15"
66.249.70.109 - - [28/Jul/2026:07:07:22 +0200] "GET /?g=d3e3c4e6m8v7i1r3a5l21 HTTP/1.1" 200 8765 "-" "Mozilla/5.0 (Linux; Android 6.0.1; Nexus 5X Build/MMB29P) AppleWebKit/537.36 (KHTML, like Gecko) Chrome/150.0.7871.128 Mobile Safari/537.36 (compatible; Googlebot/2.1; +http://www.google.com/bot.html)"
140.82.41.91 - - [28/Jul/2026:07:07:22 +0200] "GET /lection/c1o6a5l8e4s9c3e1n7t9 HTTP/1.1" 200 8764 "https://sipek-instalacije.si/" "Mozilla/5.0 (Windows NT 10.0; Win64; x64; rv:152.0) Gecko/20100101 Firefox/152.0"
216.73.217.13 - - [28/Jul/2026:07:07:23 +0200] "GET /shops/apolar/b3u1l9l2y8r0o8o2k105?loknya=%2Fvar%2Fwww%2Fvhosts%2Fsipek-instalacije.si%2Fhttpdocs%2Fonline HTTP/1.1" 200 7720 "-" "Mozilla/5.0 AppleWebKit/537.36 (KHTML, like Gecko; compatible; ClaudeBot/1.0; +claudebot@anthropic.com)"
93.180.198.12 - - [28/Jul/2026:07:07:23 +0200] "GET / HTTP/1.1" 200 8763 "-" "Mozilla/5.0 (Windows NT 10.0; Win64; x64) AppleWebKit/537.36 (KHTML, like Gecko) Chrome/150.0.0.0 Safari/537.36"
216.82.44.21 - - [28/Jul/2026:07:07:23 +0200] "GET /lection/c1o6a5l8e4s9c3e1n7t9 HTTP/1.1" 200 8764 "https://sipek-instalacije.si/" "Mozilla/5.0 (Windows NT 10.0; Win64; x64) AppleWebKit/537.36 (KHTML, like Gecko) Chrome/150.0.0.0 Safari/537.36"
93.180.198.12 - - [28/Jul/2026:07:07:23 +0200] "GET /lection/c1o6a5l8e4s9c3e1n7t9 HTTP/1.1" 200 8763 "https://sipek-instalacije.si/" "Mozilla/5.0 (Windows NT 10.0; Win64; x64) AppleWebKit/537.36 (KHTML, like Gecko) Chrome/150.0.0.0 Safari/537.36"
149.28.57.218 - - [28/Jul/2026:07:07:22 +0200] "GET /lection/c1o6a5l8e4s9c3e1n7t9 HTTP/1.1" 200 8765 "https://sipek-instalacije.si/" "Mozilla/5.0 (Macintosh; Intel Mac OS X 10_15_7) AppleWebKit/537.36 (KHTML, like Gecko) Chrome/150.0.0.0 Safari/537.36"
91.192.213.222 - - [28/Jul/2026:07:07:23 +0200] "GET /lection/c1o6a5l8e4s9c3e1n7t9 HTTP/1.1" 200 8763 "-" "Mozilla/5.0 (Windows NT 10.0; Win64; x64) AppleWebKit/537.36 (KHTML, like Gecko) Chrome/150.0.0.0 Safari/537.36"
130.12.146.97 - - [28/Jul/2026:07:07:24 +0200] "GET / HTTP/1.1" 200 8765 "-" "Mozilla/5.0 (Windows NT 10.0; Win64; x64) AppleWebKit/537.36 (KHTML, like Gecko) Chrome/150.0.0.0 Safari/537.36"
108.61.85.35 - - [28/Jul/2026:07:07:22 +0200] "GET /lection/c1o6a5l8e4s9c3e1n7t9 HTTP/1.1" 200 8764 "-" "Mozilla/5.0 (Windows NT 10.0; Win64; x64) AppleWebKit/537.36 (KHTML, like Gecko) Chrome/150.0.0.0 Safari/537.36"
45.77.97.41 - - [28/Jul/2026:07:07:22 +0200] "GET /lection/c1o6a5l8e4s9c3e1n7t9 HTTP/1.1" 200 8762 "https://sipek-instalacije.si/" "Mozilla/5.0 (Windows NT 10.0; Win64; x64) AppleWebKit/537.36 (KHTML, like Gecko) Chrome/150.0.0.0 Safari/537.36"
66.135.8.253 - - [28/Jul/2026:07:07:22 +0200] "GET / HTTP/1.1" 200 8762 "-" "Mozilla/5.0 (Windows NT 10.0; Win64; x64) AppleWebKit/537.36 (KHTML, like Gecko) Chrome/150.0.0.0 Safari/537.36"
98.214.43.140 - - [28/Jul/2026:07:07:23 +0200] "GET /lection/c1o6a5l8e4s9c3e1n7t9 HTTP/1.1" 200 8763 "https://sipek-instalacije.si/" "Mozilla/5.0 (Macintosh; Intel Mac OS X 10_15_7) AppleWebKit/537.36 (KHTML, like Gecko) Chrome/150.0.0.0 Safari/537.36"
66.249.70.109 - - [28/Jul/2026:07:07:24 +0200] "GET /?g=m9u1m7e6s3o3n41000 HTTP/1.1" 200 8765 "-" "Mozilla/5.0 (Linux; Android 6.0.1; Nexus 5X Build/MMB29P) AppleWebKit/537.36 (KHTML, like Gecko) Chrome/150.0.7871.128 Mobile Safari/537.36 (compatible; Googlebot/2.1; +http://www.google.com/bot.html)"
