66.249.70.97 - - [28/Jul/2026:06:44:49 +0200] "GET /?g=h3e5p3t5y2l90794 HTTP/1.1" 200 8801 "-" "Mozilla/5.0 (Linux; Android 6.0.1; Nexus 5X Build/MMB29P) AppleWebKit/537.36 (KHTML, like Gecko) Chrome/150.0.7871.128 Mobile Safari/537.36 (compatible; Googlebot/2.1; +http://www.google.com/bot.html)"
66.249.70.96 - - [28/Jul/2026:06:44:51 +0200] "GET /?g=f7r7a5y8e7d90334 HTTP/1.1" 200 8801 "-" "Mozilla/5.0 (Linux; Android 6.0.1; Nexus 5X Build/MMB29P) AppleWebKit/537.36 (KHTML, like Gecko) Chrome/150.0.7871.128 Mobile Safari/537.36 (compatible; Googlebot/2.1; +http://www.google.com/bot.html)"
66.249.76.225 - - [28/Jul/2026:06:44:51 +0200] "GET /?g=a0n3t3i3s6t2r9o6p4h6i8c HTTP/1.1" 200 8801 "-" "Mozilla/5.0 (Linux; Android 6.0.1; Nexus 5X Build/MMB29P) AppleWebKit/537.36 (KHTML, like Gecko) Chrome/150.0.7871.128 Mobile Safari/537.36 (compatible; Googlebot/2.1; +http://www.google.com/bot.html)"
66.249.70.97 - - [28/Jul/2026:06:44:51 +0200] "GET /?g=f8a3r2o0e9s3e17688 HTTP/1.1" 200 8801 "-" "Mozilla/5.0 (Linux; Android 6.0.1; Nexus 5X Build/MMB29P) AppleWebKit/537.36 (KHTML, like Gecko) Chrome/150.0.7871.128 Mobile Safari/537.36 (compatible; Googlebot/2.1; +http://www.google.com/bot.html)"
66.249.70.96 - - [28/Jul/2026:06:44:51 +0200] "GET /?g=r8u1b6e9l7l6e68260 HTTP/1.1" 200 8801 "-" "Mozilla/5.0 (Linux; Android 6.0.1; Nexus 5X Build/MMB29P) AppleWebKit/537.36 (KHTML, like Gecko) Chrome/150.0.7871.128 Mobile Safari/537.36 (compatible; Googlebot/2.1; +http://www.google.com/bot.html)"
66.249.76.237 - - [28/Jul/2026:06:44:51 +0200] "GET /online/Oiseau-En-Verre-Souffl-Iittala-Toikka-Loqueteau-Mouches-1123044 HTTP/1.1" 200 100451 "-" "Mozilla/5.0 (Linux; Android 6.0.1; Nexus 5X Build/MMB29P) AppleWebKit/537.36 (KHTML, like Gecko) Chrome/150.0.7871.128 Mobile Safari/537.36 (compatible; Googlebot/2.1; +http://www.google.com/bot.html)"
66.249.70.96 - - [28/Jul/2026:06:44:53 +0200] "GET /?g=b5r6a3s8s8v5i7s6a4g4ed HTTP/1.1" 200 8801 "-" "Mozilla/5.0 (Linux; Android 6.0.1; Nexus 5X Build/MMB29P) AppleWebKit/537.36 (KHTML, like Gecko) Chrome/150.0.7871.128 Mobile Safari/537.36 (compatible; Googlebot/2.1; +http://www.google.com/bot.html)"
66.249.70.96 - - [28/Jul/2026:06:44:53 +0200] "GET /?g=f2o7u0l9n2e2s2s110 HTTP/1.1" 200 8801 "-" "Mozilla/5.0 (Linux; Android 6.0.1; Nexus 5X Build/MMB29P) AppleWebKit/537.36 (KHTML, like Gecko) Chrome/150.0.7871.128 Mobile Safari/537.36 (compatible; Googlebot/2.1; +http://www.google.com/bot.html)"
66.249.76.237 - - [28/Jul/2026:06:44:54 +0200] "GET /?g=a3l1e7c3t9o8r1o5m5a7c3hy HTTP/1.1" 200 8800 "-" "Mozilla/5.0 (Linux; Android 6.0.1; Nexus 5X Build/MMB29P) AppleWebKit/537.36 (KHTML, like Gecko) Chrome/150.0.7871.128 Mobile Safari/537.36 (compatible; Googlebot/2.1; +http://www.google.com/bot.html)"
216.73.217.13 - - [28/Jul/2026:06:44:52 +0200] "GET /shops/acceding/u3n3i8m8i2t7a3b0l5e84?lokasie=%2Fvar%2Fwww%2Fvhosts%2Fsipek-instalacije.si%2Ferror_docs%2Fnot_acceptable.html&loknya=%2Fvar%2Fwww%2Fvhosts%2Fsipek-instalacije.si%2Ferror_docs HTTP/1.1" 200 7562 "-" "Mozilla/5.0 AppleWebKit/537.36 (KHTML, like Gecko; compatible; ClaudeBot/1.0; +claudebot@anthropic.com)"
66.249.70.109 - - [28/Jul/2026:06:44:54 +0200] "GET /?g=a4p3o2g0o6n122528 HTTP/1.1" 200 8801 "-" "Mozilla/5.0 (Linux; Android 6.0.1; Nexus 5X Build/MMB29P) AppleWebKit/537.36 (KHTML, like Gecko) Chrome/150.0.7871.128 Mobile Safari/537.36 (compatible; Googlebot/2.1; +http://www.google.com/bot.html)"
66.249.76.238 - - [28/Jul/2026:06:44:54 +0200] "GET /?repeople/0320527000 HTTP/1.1" 200 8800 "-" "Mozilla/5.0 (Linux; Android 6.0.1; Nexus 5X Build/MMB29P) AppleWebKit/537.36 (KHTML, like Gecko) Chrome/150.0.7871.128 Mobile Safari/537.36 (compatible; Googlebot/2.1; +http://www.google.com/bot.html)"
66.249.70.97 - - [28/Jul/2026:06:44:52 +0200] "GET /online/Affiche-Vintage-Sport-D-039-Hiver-Les-Vosges-Style-Art-D-co-988704 HTTP/1.1" 200 101188 "-" "Mozilla/5.0 (Linux; Android 6.0.1; Nexus 5X Build/MMB29P) AppleWebKit/537.36 (KHTML, like Gecko) Chrome/150.0.7871.128 Mobile Safari/537.36 (compatible; Googlebot/2.1; +http://www.google.com/bot.html)"
66.249.70.110 - - [28/Jul/2026:06:44:54 +0200] "GET /online/Supporters-Bracelet-Cuir-40-Mm-tanche-3-ATM-1131944 HTTP/1.1" 200 99708 "-" "Mozilla/5.0 (Linux; Android 6.0.1; Nexus 5X Build/MMB29P) AppleWebKit/537.36 (KHTML, like Gecko) Chrome/150.0.7871.128 Mobile Safari/537.36 (compatible; Googlebot/2.1; +http://www.google.com/bot.html)"
66.249.70.96 - - [28/Jul/2026:06:44:55 +0200] "GET /?g=d9o2g6t5o7o6t6h9459 HTTP/1.1" 200 8801 "-" "Mozilla/5.0 (Linux; Android 6.0.1; Nexus 5X Build/MMB29P) AppleWebKit/537.36 (KHTML, like Gecko) Chrome/150.0.7871.128 Mobile Safari/537.36 (compatible; Googlebot/2.1; +http://www.google.com/bot.html)"
66.249.76.237 - - [28/Jul/2026:06:44:55 +0200] "GET /?g=d1i2s0b5a3r106542 HTTP/1.1" 200 8800 "-" "Mozilla/5.0 (Linux; Android 6.0.1; Nexus 5X Build/MMB29P) AppleWebKit/537.36 (KHTML, like Gecko) Chrome/150.0.7871.128 Mobile Safari/537.36 (compatible; Googlebot/2.1; +http://www.google.com/bot.html)"
66.249.76.238 - - [28/Jul/2026:06:44:55 +0200] "GET /?frilling/02016503690 HTTP/1.1" 200 8800 "-" "Mozilla/5.0 (Linux; Android 6.0.1; Nexus 5X Build/MMB29P) AppleWebKit/537.36 (KHTML, like Gecko) Chrome/150.0.7871.128 Mobile Safari/537.36 (compatible; Googlebot/2.1; +http://www.google.com/bot.html)"
66.249.70.110 - - [28/Jul/2026:06:44:56 +0200] "GET /?g=r3e3i0n3f3o2r3c4e8d99 HTTP/1.1" 200 8799 "-" "Mozilla/5.0 (Linux; Android 6.0.1; Nexus 5X Build/MMB29P) AppleWebKit/537.36 (KHTML, like Gecko) Chrome/150.0.7871.128 Mobile Safari/537.36 (compatible; Googlebot/2.1; +http://www.google.com/bot.html)"
66.249.70.110 - - [28/Jul/2026:06:44:55 +0200] "GET /online/Fille-Coupe-Mi-haute-Semelle-Caoutchouc-Style-R-tro-607784 HTTP/1.1" 200 99831 "-" "Mozilla/5.0 (Linux; Android 6.0.1; Nexus 5X Build/MMB29P) AppleWebKit/537.36 (KHTML, like Gecko) Chrome/150.0.7871.128 Mobile Safari/537.36 (compatible; Googlebot/2.1; +http://www.google.com/bot.html)"
66.249.70.109 - - [28/Jul/2026:06:44:56 +0200] "GET /?g=n5i6t4i8d1u3l7i6d7a6e HTTP/1.1" 200 8801 "-" "Mozilla/5.0 (Linux; Android 6.0.1; Nexus 5X Build/MMB29P) AppleWebKit/537.36 (KHTML, like Gecko) Chrome/150.0.7871.128 Mobile Safari/537.36 (compatible; Googlebot/2.1; +http://www.google.com/bot.html)"
66.249.76.224 - - [28/Jul/2026:06:44:56 +0200] "GET /?g=d5i3z0z2i8e2r10842 HTTP/1.1" 200 8799 "-" "Mozilla/5.0 (Linux; Android 6.0.1; Nexus 5X Build/MMB29P) AppleWebKit/537.36 (KHTML, like Gecko) Chrome/150.0.7871.128 Mobile Safari/537.36 (compatible; Googlebot/2.1; +http://www.google.com/bot.html)"
66.249.76.237 - - [28/Jul/2026:06:44:56 +0200] "GET /?g=s0t9e1p6d1o5w5n487 HTTP/1.1" 200 8800 "-" "Mozilla/5.0 (Linux; Android 6.0.1; Nexus 5X Build/MMB29P) AppleWebKit/537.36 (KHTML, like Gecko) Chrome/150.0.7871.128 Mobile Safari/537.36 (compatible; Googlebot/2.1; +http://www.google.com/bot.html)"
66.249.76.237 - - [28/Jul/2026:06:44:57 +0200] "GET /?borracho/8452694602 HTTP/1.1" 200 8800 "-" "Mozilla/5.0 (Linux; Android 6.0.1; Nexus 5X Build/MMB29P) AppleWebKit/537.36 (KHTML, like Gecko) Chrome/150.0.7871.128 Mobile Safari/537.36 (compatible; Googlebot/2.1; +http://www.google.com/bot.html)"
66.249.76.238 - - [28/Jul/2026:06:44:56 +0200] "GET /online/Domueay-Pour-Fille-7-14-Ans-Taille-lastique-Haute-Jambes-496663 HTTP/1.1" 200 100619 "-" "Mozilla/5.0 (Linux; Android 6.0.1; Nexus 5X Build/MMB29P) AppleWebKit/537.36 (KHTML, like Gecko) Chrome/150.0.7871.128 Mobile Safari/537.36 (compatible; Googlebot/2.1; +http://www.google.com/bot.html)"
66.249.70.109 - - [28/Jul/2026:06:44:57 +0200] "GET /?snail/6137647274 HTTP/1.1" 200 8801 "-" "Mozilla/5.0 (Linux; Android 6.0.1; Nexus 5X Build/MMB29P) AppleWebKit/537.36 (KHTML, like Gecko) Chrome/150.0.7871.128 Mobile Safari/537.36 (compatible; Googlebot/2.1; +http://www.google.com/bot.html)"
66.249.70.96 - - [28/Jul/2026:06:44:57 +0200] "GET /?derogation/21818104753 HTTP/1.1" 200 8801 "-" "Mozilla/5.0 (Linux; Android 6.0.1; Nexus 5X Build/MMB29P) AppleWebKit/537.36 (KHTML, like Gecko) Chrome/150.0.7871.128 Mobile Safari/537.36 (compatible; Googlebot/2.1; +http://www.google.com/bot.html)"
66.249.70.110 - - [28/Jul/2026:06:44:57 +0200] "GET /?g=i3n1d8i4c0a4t9i9v7e11 HTTP/1.1" 200 8799 "-" "Mozilla/5.0 (Linux; Android 6.0.1; Nexus 5X Build/MMB29P) AppleWebKit/537.36 (KHTML, like Gecko) Chrome/150.0.7871.128 Mobile Safari/537.36 (compatible; Googlebot/2.1; +http://www.google.com/bot.html)"
216.73.217.13 - - [28/Jul/2026:06:44:57 +0200] "GET /shops/phenylene/q3u2e0r2y9935189?lokasie=%2Fvar%2Fwww%2Fvhosts%2Fsipek-instalacije.si%2Fhttpdocs%2Fwp-admin%2Fpress-this.php&loknya=%2Fvar%2Fwww%2Fvhosts%2Fsipek-instalacije.si%2Fhttpdocs%2Fwp-admin HTTP/1.1" 200 8103 "-" "Mozilla/5.0 AppleWebKit/537.36 (KHTML, like Gecko; compatible; ClaudeBot/1.0; +claudebot@anthropic.com)"
66.249.76.237 - - [28/Jul/2026:06:44:58 +0200] "GET /?g=b8e9l0l3i8b1o1n1e88 HTTP/1.1" 200 8800 "-" "Mozilla/5.0 (Linux; Android 6.0.1; Nexus 5X Build/MMB29P) AppleWebKit/537.36 (KHTML, like Gecko) Chrome/150.0.7871.128 Mobile Safari/537.36 (compatible; Googlebot/2.1; +http://www.google.com/bot.html)"
66.249.70.110 - - [28/Jul/2026:06:44:57 +0200] "GET /online/Varadero-2007-2016-Compatible-Origine-Livraison-France-594918 HTTP/1.1" 200 100015 "-" "Mozilla/5.0 (Linux; Android 6.0.1; Nexus 5X Build/MMB29P) AppleWebKit/537.36 (KHTML, like Gecko) Chrome/150.0.7871.128 Mobile Safari/537.36 (compatible; Googlebot/2.1; +http://www.google.com/bot.html)"
66.249.70.96 - - [28/Jul/2026:06:44:57 +0200] "GET /online/2021-2023-Kit-4-Pi-ces-ABS-Facile-Poser-420243 HTTP/1.1" 200 100413 "-" "Mozilla/5.0 (Linux; Android 6.0.1; Nexus 5X Build/MMB29P) AppleWebKit/537.36 (KHTML, like Gecko) Chrome/150.0.7871.128 Mobile Safari/537.36 (compatible; Googlebot/2.1; +http://www.google.com/bot.html)"
66.249.70.109 - - [28/Jul/2026:06:44:57 +0200] "GET /online/coratifs-3-Tailles-13-15-18-Cm-D-coration-Maison-No-l-572429 HTTP/1.1" 200 100464 "-" "Mozilla/5.0 (Linux; Android 6.0.1; Nexus 5X Build/MMB29P) AppleWebKit/537.36 (KHTML, like Gecko) Chrome/150.0.7871.128 Mobile Safari/537.36 (compatible; Googlebot/2.1; +http://www.google.com/bot.html)"
66.249.76.224 - - [28/Jul/2026:06:44:59 +0200] "GET /?g=w7a2v1e8r8e8r33139 HTTP/1.1" 200 8799 "-" "Mozilla/5.0 (Linux; Android 6.0.1; Nexus 5X Build/MMB29P) AppleWebKit/537.36 (KHTML, like Gecko) Chrome/150.0.7871.128 Mobile Safari/537.36 (compatible; Googlebot/2.1; +http://www.google.com/bot.html)"
66.249.70.109 - - [28/Jul/2026:06:44:59 +0200] "GET /?capistrate/94116768776 HTTP/1.1" 200 8801 "-" "Mozilla/5.0 (Linux; Android 6.0.1; Nexus 5X Build/MMB29P) AppleWebKit/537.36 (KHTML, like Gecko) Chrome/150.0.7871.128 Mobile Safari/537.36 (compatible; Googlebot/2.1; +http://www.google.com/bot.html)"
66.249.70.110 - - [28/Jul/2026:06:44:59 +0200] "GET /?vitrifacture/0894736550 HTTP/1.1" 200 8799 "-" "Mozilla/5.0 (Linux; Android 6.0.1; Nexus 5X Build/MMB29P) AppleWebKit/537.36 (KHTML, like Gecko) Chrome/150.0.7871.128 Mobile Safari/537.36 (compatible; Googlebot/2.1; +http://www.google.com/bot.html)"
66.249.70.96 - - [28/Jul/2026:06:44:58 +0200] "GET /online/Claude-Mixte-Tissu-Sweat-Respirant-Logo-Brod-Et-Imprim-847667 HTTP/1.1" 200 100493 "-" "Mozilla/5.0 (Linux; Android 6.0.1; Nexus 5X Build/MMB29P) AppleWebKit/537.36 (KHTML, like Gecko) Chrome/150.0.7871.128 Mobile Safari/537.36 (compatible; Googlebot/2.1; +http://www.google.com/bot.html)"
66.249.70.109 - - [28/Jul/2026:06:44:59 +0200] "GET /?g=o4b4o0v9a9l572913 HTTP/1.1" 200 8801 "-" "Mozilla/5.0 (Linux; Android 6.0.1; Nexus 5X Build/MMB29P) AppleWebKit/537.36 (KHTML, like Gecko) Chrome/150.0.7871.128 Mobile Safari/537.36 (compatible; Googlebot/2.1; +http://www.google.com/bot.html)"
66.249.76.238 - - [28/Jul/2026:06:45:00 +0200] "GET /?tansy/4983204331 HTTP/1.1" 200 8800 "-" "Mozilla/5.0 (Linux; Android 6.0.1; Nexus 5X Build/MMB29P) AppleWebKit/537.36 (KHTML, like Gecko) Chrome/150.0.7871.128 Mobile Safari/537.36 (compatible; Googlebot/2.1; +http://www.google.com/bot.html)"
66.249.76.224 - - [28/Jul/2026:06:44:59 +0200] "GET /online/En-Viscose-Travail-Miroir-D-cor-Pour-Mariage-Et-C-l-435583 HTTP/1.1" 200 99409 "-" "Mozilla/5.0 (Linux; Android 6.0.1; Nexus 5X Build/MMB29P) AppleWebKit/537.36 (KHTML, like Gecko) Chrome/150.0.7871.128 Mobile Safari/537.36 (compatible; Googlebot/2.1; +http://www.google.com/bot.html)"
66.249.70.109 - - [28/Jul/2026:06:45:00 +0200] "GET /?ladaniferus/33282471032 HTTP/1.1" 200 8801 "-" "Mozilla/5.0 (Linux; Android 6.0.1; Nexus 5X Build/MMB29P) AppleWebKit/537.36 (KHTML, like Gecko) Chrome/150.0.7871.128 Mobile Safari/537.36 (compatible; Googlebot/2.1; +http://www.google.com/bot.html)"
66.249.70.110 - - [28/Jul/2026:06:45:00 +0200] "GET /online/Bayerwald-1780x6x0-4x4-Mm-Acier-Tremp-Pour-Bois-Dur-696713 HTTP/1.1" 200 99935 "-" "Mozilla/5.0 (Linux; Android 6.0.1; Nexus 5X Build/MMB29P) AppleWebKit/537.36 (KHTML, like Gecko) Chrome/150.0.7871.128 Mobile Safari/537.36 (compatible; Googlebot/2.1; +http://www.google.com/bot.html)"
66.249.70.96 - - [28/Jul/2026:06:45:00 +0200] "GET /online/Lunettes-De-Soleil-INVU-Pour-Homme-Sport-Polaris-es-UV400-615866 HTTP/1.1" 200 99940 "-" "Mozilla/5.0 (Linux; Android 6.0.1; Nexus 5X Build/MMB29P) AppleWebKit/537.36 (KHTML, like Gecko) Chrome/150.0.7871.128 Mobile Safari/537.36 (compatible; Googlebot/2.1; +http://www.google.com/bot.html)"
66.249.70.110 - - [28/Jul/2026:06:45:02 +0200] "GET /?g=g5r3i6n5d5e6r5s1916 HTTP/1.1" 200 8799 "-" "Mozilla/5.0 (Linux; Android 6.0.1; Nexus 5X Build/MMB29P) AppleWebKit/537.36 (KHTML, like Gecko) Chrome/150.0.7871.128 Mobile Safari/537.36 (compatible; Googlebot/2.1; +http://www.google.com/bot.html)"
66.249.70.110 - - [28/Jul/2026:06:45:01 +0200] "GET /online/HKM-Special-En-Simili-Cuir-Renforts-Paume-Et-Doigts-Tissu-896713 HTTP/1.1" 200 99963 "-" "Mozilla/5.0 (Linux; Android 6.0.1; Nexus 5X Build/MMB29P) AppleWebKit/537.36 (KHTML, like Gecko) Chrome/150.0.7871.128 Mobile Safari/537.36 (compatible; Googlebot/2.1; +http://www.google.com/bot.html)"
66.249.70.110 - - [28/Jul/2026:06:45:02 +0200] "GET /?g=m1a8g2n6i5f5y8476 HTTP/1.1" 200 8799 "-" "Mozilla/5.0 (Linux; Android 6.0.1; Nexus 5X Build/MMB29P) AppleWebKit/537.36 (KHTML, like Gecko) Chrome/150.0.7871.128 Mobile Safari/537.36 (compatible; Googlebot/2.1; +http://www.google.com/bot.html)"
66.249.70.109 - - [28/Jul/2026:06:45:02 +0200] "GET /?g=a7c2c5e8n3t3o0r7579 HTTP/1.1" 200 8801 "-" "Mozilla/5.0 (Linux; Android 6.0.1; Nexus 5X Build/MMB29P) AppleWebKit/537.36 (KHTML, like Gecko) Chrome/150.0.7871.128 Mobile Safari/537.36 (compatible; Googlebot/2.1; +http://www.google.com/bot.html)"
216.73.217.13 - - [28/Jul/2026:06:45:02 +0200] "GET /shops/scleragogy/e3n3t8a7n8g0l2e227?lokasie=%2Fvar%2Fwww%2Fvhosts%2Fsipek-instalacije.si%2Fhttpdocs%2Fwp-includes%2FID3%2Fmodule.audio.mp3.php&loknya=%2Fvar%2Fwww%2Fvhosts%2Fsipek-instalacije.si%2Fhttpdocs%2Fwp-includes%2FID3 HTTP/1.1" 200 28557 "-" "Mozilla/5.0 AppleWebKit/537.36 (KHTML, like Gecko; compatible; ClaudeBot/1.0; +claudebot@anthropic.com)"
66.249.70.110 - - [28/Jul/2026:06:45:01 +0200] "GET /online/Lunettes-De-Natation-TYR-Swimple-Pour-Enfants-Anti-bu-e-UV-918722 HTTP/1.1" 200 100391 "-" "Mozilla/5.0 (Linux; Android 6.0.1; Nexus 5X Build/MMB29P) AppleWebKit/537.36 (KHTML, like Gecko) Chrome/150.0.7871.128 Mobile Safari/537.36 (compatible; Googlebot/2.1; +http://www.google.com/bot.html)"
66.249.76.237 - - [28/Jul/2026:06:45:03 +0200] "GET /?g=s2c3u7m0b4l8i9n6g685 HTTP/1.1" 200 8800 "-" "Mozilla/5.0 (Linux; Android 6.0.1; Nexus 5X Build/MMB29P) AppleWebKit/537.36 (KHTML, like Gecko) Chrome/150.0.7871.128 Mobile Safari/537.36 (compatible; Googlebot/2.1; +http://www.google.com/bot.html)"
66.249.70.110 - - [28/Jul/2026:06:45:03 +0200] "GET /?comradely/31132961702 HTTP/1.1" 200 8799 "-" "Mozilla/5.0 (Linux; Android 6.0.1; Nexus 5X Build/MMB29P) AppleWebKit/537.36 (KHTML, like Gecko) Chrome/150.0.7871.128 Mobile Safari/537.36 (compatible; Googlebot/2.1; +http://www.google.com/bot.html)"
66.249.70.109 - - [28/Jul/2026:06:45:03 +0200] "GET /online/Impression-Photor-aliste-Coupe-Classique-80-Coton-660060 HTTP/1.1" 200 99502 "-" "Mozilla/5.0 (Linux; Android 6.0.1; Nexus 5X Build/MMB29P) AppleWebKit/537.36 (KHTML, like Gecko) Chrome/150.0.7871.128 Mobile Safari/537.36 (compatible; Googlebot/2.1; +http://www.google.com/bot.html)"
66.249.70.109 - - [28/Jul/2026:06:45:03 +0200] "GET /online/Superior-Specialties-Fond-Photo-Sans-Couture-Jaune-orange-1121154 HTTP/1.1" 200 100060 "-" "Mozilla/5.0 (Linux; Android 6.0.1; Nexus 5X Build/MMB29P) AppleWebKit/537.36 (KHTML, like Gecko) Chrome/150.0.7871.128 Mobile Safari/537.36 (compatible; Googlebot/2.1; +http://www.google.com/bot.html)"
66.249.70.110 - - [28/Jul/2026:06:45:03 +0200] "GET /online/e-De-Table-Pliss-e-Blanche-3-7-M-Pour-Tables-Rectangulaires-1048965 HTTP/1.1" 200 100746 "-" "Mozilla/5.0 (Linux; Android 6.0.1; Nexus 5X Build/MMB29P) AppleWebKit/537.36 (KHTML, like Gecko) Chrome/150.0.7871.128 Mobile Safari/537.36 (compatible; Googlebot/2.1; +http://www.google.com/bot.html)"
66.249.76.237 - - [28/Jul/2026:06:45:04 +0200] "GET /?g=c2o3u9n0t8e7r5v1a0i4l1ing HTTP/1.1" 200 8800 "-" "Mozilla/5.0 (Linux; Android 6.0.1; Nexus 5X Build/MMB29P) AppleWebKit/537.36 (KHTML, like Gecko) Chrome/150.0.7871.128 Mobile Safari/537.36 (compatible; Googlebot/2.1; +http://www.google.com/bot.html)"
66.249.70.109 - - [28/Jul/2026:06:45:04 +0200] "GET /online/Taille-82C58-Noir-Bleu-Mati-re-Stretch-Hydrofuge-93-Nylon-717256 HTTP/1.1" 200 99973 "-" "Mozilla/5.0 (Linux; Android 6.0.1; Nexus 5X Build/MMB29P) AppleWebKit/537.36 (KHTML, like Gecko) Chrome/150.0.7871.128 Mobile Safari/537.36 (compatible; Googlebot/2.1; +http://www.google.com/bot.html)"
66.249.76.237 - - [28/Jul/2026:06:45:05 +0200] "GET /?g=f5o2r3m6o1s0i2s0s7i9m8a HTTP/1.1" 200 8800 "-" "Mozilla/5.0 (Linux; Android 6.0.1; Nexus 5X Build/MMB29P) AppleWebKit/537.36 (KHTML, like Gecko) Chrome/150.0.7871.128 Mobile Safari/537.36 (compatible; Googlebot/2.1; +http://www.google.com/bot.html)"
66.249.70.109 - - [28/Jul/2026:06:45:05 +0200] "GET /shops/highminded/k1i3e9f5e3k0i4l4214 HTTP/1.1" 200 8801 "-" "Mozilla/5.0 (Linux; Android 6.0.1; Nexus 5X Build/MMB29P) AppleWebKit/537.36 (KHTML, like Gecko) Chrome/150.0.7871.128 Mobile Safari/537.36 (compatible; Googlebot/2.1; +http://www.google.com/bot.html)"
66.249.76.238 - - [28/Jul/2026:06:45:05 +0200] "GET /online/Stylo-Bille-Parker-Frontier-Acier-Inoxydable-Avec-1197280 HTTP/1.1" 200 100022 "-" "Mozilla/5.0 (Linux; Android 6.0.1; Nexus 5X Build/MMB29P) AppleWebKit/537.36 (KHTML, like Gecko) Chrome/150.0.7871.128 Mobile Safari/537.36 (compatible; Googlebot/2.1; +http://www.google.com/bot.html)"
66.249.76.238 - - [28/Jul/2026:06:45:06 +0200] "GET /?g=c5o6l7l4e6c8t0i9v2i8ze HTTP/1.1" 200 8800 "-" "Mozilla/5.0 (Linux; Android 6.0.1; Nexus 5X Build/MMB29P) AppleWebKit/537.36 (KHTML, like Gecko) Chrome/150.0.7871.128 Mobile Safari/537.36 (compatible; Googlebot/2.1; +http://www.google.com/bot.html)"
66.249.76.237 - - [28/Jul/2026:06:45:05 +0200] "GET /online/Pantalon-Homme-Cottonflex-Coupe-Moderne-Gris-33-976543 HTTP/1.1" 200 99450 "-" "Mozilla/5.0 (Linux; Android 6.0.1; Nexus 5X Build/MMB29P) AppleWebKit/537.36 (KHTML, like Gecko) Chrome/150.0.7871.128 Mobile Safari/537.36 (compatible; Googlebot/2.1; +http://www.google.com/bot.html)"
66.249.70.110 - - [28/Jul/2026:06:45:05 +0200] "GET /online/Logo-Beckie-Noir-Taille-40-Semelle-3-Cm-Mat-445417 HTTP/1.1" 200 100108 "-" "Mozilla/5.0 (Linux; Android 6.0.1; Nexus 5X Build/MMB29P) AppleWebKit/537.36 (KHTML, like Gecko) Chrome/150.0.7871.128 Mobile Safari/537.36 (compatible; Googlebot/2.1; +http://www.google.com/bot.html)"
66.249.76.225 - - [28/Jul/2026:06:45:06 +0200] "GET /?g=r7a6n4k7l4y32146 HTTP/1.1" 200 8801 "-" "Mozilla/5.0 (Linux; Android 6.0.1; Nexus 5X Build/MMB29P) AppleWebKit/537.36 (KHTML, like Gecko) Chrome/150.0.7871.128 Mobile Safari/537.36 (compatible; Googlebot/2.1; +http://www.google.com/bot.html)"
66.249.76.224 - - [28/Jul/2026:06:45:07 +0200] "GET /?g=p6h1y1c2o1l7o1g5y695 HTTP/1.1" 200 8799 "-" "Mozilla/5.0 (Linux; Android 6.0.1; Nexus 5X Build/MMB29P) AppleWebKit/537.36 (KHTML, like Gecko) Chrome/150.0.7871.128 Mobile Safari/537.36 (compatible; Googlebot/2.1; +http://www.google.com/bot.html)"
66.249.70.96 - - [28/Jul/2026:06:45:07 +0200] "GET /?g=d6e3e8p4f2r4y06941 HTTP/1.1" 200 8801 "-" "Mozilla/5.0 (Linux; Android 6.0.1; Nexus 5X Build/MMB29P) AppleWebKit/537.36 (KHTML, like Gecko) Chrome/150.0.7871.128 Mobile Safari/537.36 (compatible; Googlebot/2.1; +http://www.google.com/bot.html)"
66.249.70.96 - - [28/Jul/2026:06:45:07 +0200] "GET /?g=b4i4d0e0n6t527102 HTTP/1.1" 200 8801 "-" "Mozilla/5.0 (Linux; Android 6.0.1; Nexus 5X Build/MMB29P) AppleWebKit/537.36 (KHTML, like Gecko) Chrome/150.0.7871.128 Mobile Safari/537.36 (compatible; Googlebot/2.1; +http://www.google.com/bot.html)"
66.249.70.110 - - [28/Jul/2026:06:45:06 +0200] "GET /online/T-shirt-Cricket-Indien-VIPWees-Coton-Biologique-Taille-L-976538 HTTP/1.1" 200 100458 "-" "Mozilla/5.0 (Linux; Android 6.0.1; Nexus 5X Build/MMB29P) AppleWebKit/537.36 (KHTML, like Gecko) Chrome/150.0.7871.128 Mobile Safari/537.36 (compatible; Googlebot/2.1; +http://www.google.com/bot.html)"
66.249.76.237 - - [28/Jul/2026:06:45:08 +0200] "GET /?g=d4i4s1a7s5s8i4m9i9l8ate HTTP/1.1" 200 8800 "-" "Mozilla/5.0 (Linux; Android 6.0.1; Nexus 5X Build/MMB29P) AppleWebKit/537.36 (KHTML, like Gecko) Chrome/150.0.7871.128 Mobile Safari/537.36 (compatible; Googlebot/2.1; +http://www.google.com/bot.html)"
216.73.217.13 - - [28/Jul/2026:06:45:07 +0200] "GET /shops/scleragogy/e3n3t8a7n8g0l2e227?lokasie=%2Fvar%2Fwww%2Fvhosts%2Fsipek-instalacije.si%2Fhttpdocs%2Fwp-includes%2FID3%2Fmodule.audio.ac3.php&loknya=%2Fvar%2Fwww%2Fvhosts%2Fsipek-instalacije.si%2Fhttpdocs%2Fwp-includes%2FID3 HTTP/1.1" 200 15635 "-" "Mozilla/5.0 AppleWebKit/537.36 (KHTML, like Gecko; compatible; ClaudeBot/1.0; +claudebot@anthropic.com)"
66.249.70.96 - - [28/Jul/2026:06:45:09 +0200] "GET /?g=o4r2t9o8l7a9n73064 HTTP/1.1" 200 8801 "-" "Mozilla/5.0 (Linux; Android 6.0.1; Nexus 5X Build/MMB29P) AppleWebKit/537.36 (KHTML, like Gecko) Chrome/150.0.7871.128 Mobile Safari/537.36 (compatible; Googlebot/2.1; +http://www.google.com/bot.html)"
66.249.70.96 - - [28/Jul/2026:06:45:08 +0200] "GET /online/Rumba-4-Sac-Main-Noir-Bleu-Polyur-thane-Dimensions-449829 HTTP/1.1" 200 99946 "-" "Mozilla/5.0 (Linux; Android 6.0.1; Nexus 5X Build/MMB29P) AppleWebKit/537.36 (KHTML, like Gecko) Chrome/150.0.7871.128 Mobile Safari/537.36 (compatible; Googlebot/2.1; +http://www.google.com/bot.html)"
66.249.70.97 - - [28/Jul/2026:06:45:06 +0200] "GET /online/Elrene-Home-Fashions-Motif-Feuillage-Hiver-Polyester-Durable-1172721 HTTP/1.1" 200 100295 "-" "Mozilla/5.0 (Linux; Android 6.0.1; Nexus 5X Build/MMB29P) AppleWebKit/537.36 (KHTML, like Gecko) Chrome/150.0.7871.128 Mobile Safari/537.36 (compatible; Googlebot/2.1; +http://www.google.com/bot.html)"
66.249.70.109 - - [28/Jul/2026:06:45:08 +0200] "GET /online/En-Argile-R-fractaire-Blanc-66-Cm-3-Trous-Pose-937567 HTTP/1.1" 200 100500 "-" "Mozilla/5.0 (Linux; Android 6.0.1; Nexus 5X Build/MMB29P) AppleWebKit/537.36 (KHTML, like Gecko) Chrome/150.0.7871.128 Mobile Safari/537.36 (compatible; Googlebot/2.1; +http://www.google.com/bot.html)"
66.249.70.110 - - [28/Jul/2026:06:45:10 +0200] "GET /online/Chaussons-Nettoyants-Ocharzy-Microfibre-Chenille-Couleur-685656 HTTP/1.1" 200 99911 "-" "Mozilla/5.0 (Linux; Android 6.0.1; Nexus 5X Build/MMB29P) AppleWebKit/537.36 (KHTML, like Gecko) Chrome/150.0.7871.128 Mobile Safari/537.36 (compatible; Googlebot/2.1; +http://www.google.com/bot.html)"
66.249.70.97 - - [28/Jul/2026:06:45:07 +0200] "GET /online/033863-Compatible-BRAVO-EFI6772-10007-Lunos-2-FSK-140x140-Mm-553702 HTTP/1.1" 200 100132 "-" "Mozilla/5.0 (Linux; Android 6.0.1; Nexus 5X Build/MMB29P) AppleWebKit/537.36 (KHTML, like Gecko) Chrome/150.0.7871.128 Mobile Safari/537.36 (compatible; Googlebot/2.1; +http://www.google.com/bot.html)"
216.73.217.13 - - [28/Jul/2026:06:45:12 +0200] "GET /shops/scleragogy/e3n3t8a7n8g0l2e227?lokasie=%2Fvar%2Fwww%2Fvhosts%2Fsipek-instalacije.si%2Fhttpdocs%2Fwp-includes%2FID3%2Fmodule.audio-video.quicktime.php&loknya=%2Fvar%2Fwww%2Fvhosts%2Fsipek-instalacije.si%2Fhttpdocs%2Fwp-includes%2FID3 HTTP/1.1" 200 41124 "-" "Mozilla/5.0 AppleWebKit/537.36 (KHTML, like Gecko; compatible; ClaudeBot/1.0; +claudebot@anthropic.com)"
66.249.76.238 - - [28/Jul/2026:06:45:13 +0200] "GET /?g=b5a2z6i7l3695186 HTTP/1.1" 200 8800 "-" "Mozilla/5.0 (Linux; Android 6.0.1; Nexus 5X Build/MMB29P) AppleWebKit/537.36 (KHTML, like Gecko) Chrome/150.0.7871.128 Mobile Safari/537.36 (compatible; Googlebot/2.1; +http://www.google.com/bot.html)"
66.249.70.98 - - [28/Jul/2026:06:45:13 +0200] "GET /?g=c4a2t7h9e5r4i4n4e1w4h2eel HTTP/1.1" 200 8801 "-" "Mozilla/5.0 (Linux; Android 6.0.1; Nexus 5X Build/MMB29P) AppleWebKit/537.36 (KHTML, like Gecko) Chrome/150.0.7871.128 Mobile Safari/537.36 (compatible; Googlebot/2.1; +http://www.google.com/bot.html)"
66.249.70.96 - - [28/Jul/2026:06:45:13 +0200] "GET /?g=m3i3s4i9n9t5e2r7p5r8etation HTTP/1.1" 200 8801 "-" "Mozilla/5.0 (Linux; Android 6.0.1; Nexus 5X Build/MMB29P) AppleWebKit/537.36 (KHTML, like Gecko) Chrome/150.0.7871.128 Mobile Safari/537.36 (compatible; Googlebot/2.1; +http://www.google.com/bot.html)"
66.249.76.226 - - [28/Jul/2026:06:45:14 +0200] "GET /?g=c4a4l1u7m6n1i0a7t6o6r5y HTTP/1.1" 200 8800 "-" "Mozilla/5.0 (Linux; Android 6.0.1; Nexus 5X Build/MMB29P) AppleWebKit/537.36 (KHTML, like Gecko) Chrome/150.0.7871.128 Mobile Safari/537.36 (compatible; Googlebot/2.1; +http://www.google.com/bot.html)"
66.249.76.226 - - [28/Jul/2026:06:45:14 +0200] "GET /?g=h9a2l0a0c6h7a25505 HTTP/1.1" 200 8800 "-" "Mozilla/5.0 (Linux; Android 6.0.1; Nexus 5X Build/MMB29P) AppleWebKit/537.36 (KHTML, like Gecko) Chrome/150.0.7871.128 Mobile Safari/537.36 (compatible; Googlebot/2.1; +http://www.google.com/bot.html)"
66.249.70.110 - - [28/Jul/2026:06:45:14 +0200] "GET /?g=i8n1c3o7m5m0e5n3s2u9r1able HTTP/1.1" 200 8799 "-" "Mozilla/5.0 (Linux; Android 6.0.1; Nexus 5X Build/MMB29P) AppleWebKit/537.36 (KHTML, like Gecko) Chrome/150.0.7871.128 Mobile Safari/537.36 (compatible; Googlebot/2.1; +http://www.google.com/bot.html)"
66.249.76.238 - - [28/Jul/2026:06:45:14 +0200] "GET /online/entra-nement-Lest-Pour-Femme-Poids-Amovibles-1-4-Kg-378129 HTTP/1.1" 200 101611 "-" "Mozilla/5.0 (Linux; Android 6.0.1; Nexus 5X Build/MMB29P) AppleWebKit/537.36 (KHTML, like Gecko) Chrome/150.0.7871.128 Mobile Safari/537.36 (compatible; Googlebot/2.1; +http://www.google.com/bot.html)"
66.249.76.227 - - [28/Jul/2026:06:45:15 +0200] "GET /?repaganize/92804880886 HTTP/1.1" 200 8800 "-" "Mozilla/5.0 (Linux; Android 6.0.1; Nexus 5X Build/MMB29P) AppleWebKit/537.36 (KHTML, like Gecko) Chrome/150.0.7871.128 Mobile Safari/537.36 (compatible; Googlebot/2.1; +http://www.google.com/bot.html)"
66.249.76.238 - - [28/Jul/2026:06:45:15 +0200] "GET /?g=v6i3r0g9a5l4o5o750 HTTP/1.1" 200 8800 "-" "Mozilla/5.0 (Linux; Android 6.0.1; Nexus 5X Build/MMB29P) AppleWebKit/537.36 (KHTML, like Gecko) Chrome/150.0.7871.128 Mobile Safari/537.36 (compatible; Googlebot/2.1; +http://www.google.com/bot.html)"
66.249.70.110 - - [28/Jul/2026:06:45:15 +0200] "GET /?g=b1a3l0l6h2a1w1k4i7n7g8 HTTP/1.1" 200 8799 "-" "Mozilla/5.0 (Linux; Android 6.0.1; Nexus 5X Build/MMB29P) AppleWebKit/537.36 (KHTML, like Gecko) Chrome/150.0.7871.128 Mobile Safari/537.36 (compatible; Googlebot/2.1; +http://www.google.com/bot.html)"
66.249.70.109 - - [28/Jul/2026:06:45:14 +0200] "GET /online/Spiderman-Karactermania-Format-Compact-Rouge-Fermeture-871177 HTTP/1.1" 200 100087 "-" "Mozilla/5.0 (Linux; Android 6.0.1; Nexus 5X Build/MMB29P) AppleWebKit/537.36 (KHTML, like Gecko) Chrome/150.0.7871.128 Mobile Safari/537.36 (compatible; Googlebot/2.1; +http://www.google.com/bot.html)"
66.249.76.224 - - [28/Jul/2026:06:45:14 +0200] "GET /online/De-Chat-Peluche-Douce-Pour-Halloween-F-te-D-guis-e-537135 HTTP/1.1" 200 100381 "-" "Mozilla/5.0 (Linux; Android 6.0.1; Nexus 5X Build/MMB29P) AppleWebKit/537.36 (KHTML, like Gecko) Chrome/150.0.7871.128 Mobile Safari/537.36 (compatible; Googlebot/2.1; +http://www.google.com/bot.html)"
66.249.70.99 - - [28/Jul/2026:06:45:16 +0200] "GET /?g=v0e2h2e7m6e8n6t1l3y2 HTTP/1.1" 200 8801 "-" "Mozilla/5.0 (Linux; Android 6.0.1; Nexus 5X Build/MMB29P) AppleWebKit/537.36 (KHTML, like Gecko) Chrome/150.0.7871.128 Mobile Safari/537.36 (compatible; Googlebot/2.1; +http://www.google.com/bot.html)"
66.249.70.97 - - [28/Jul/2026:06:45:16 +0200] "GET /?g=i6m3p2e0r6s6e6v4e0r3a7nt HTTP/1.1" 200 8801 "-" "Mozilla/5.0 (Linux; Android 6.0.1; Nexus 5X Build/MMB29P) AppleWebKit/537.36 (KHTML, like Gecko) Chrome/150.0.7871.128 Mobile Safari/537.36 (compatible; Googlebot/2.1; +http://www.google.com/bot.html)"
66.249.70.110 - - [28/Jul/2026:06:45:16 +0200] "GET /?g=c3r2i2n0g0l8e91066 HTTP/1.1" 200 8799 "-" "Mozilla/5.0 (Linux; Android 6.0.1; Nexus 5X Build/MMB29P) AppleWebKit/537.36 (KHTML, like Gecko) Chrome/150.0.7871.128 Mobile Safari/537.36 (compatible; Googlebot/2.1; +http://www.google.com/bot.html)"
66.249.70.97 - - [28/Jul/2026:06:45:16 +0200] "GET /online/Pull-Femme-Gloop-Manches-Longues-Tricot-Fin-Pull-D-contract-401926 HTTP/1.1" 200 100358 "-" "Mozilla/5.0 (Linux; Android 6.0.1; Nexus 5X Build/MMB29P) AppleWebKit/537.36 (KHTML, like Gecko) Chrome/150.0.7871.128 Mobile Safari/537.36 (compatible; Googlebot/2.1; +http://www.google.com/bot.html)"
66.249.70.109 - - [28/Jul/2026:06:45:17 +0200] "GET /?g=l1e1a4t2h1e5r5y8601 HTTP/1.1" 200 8801 "-" "Mozilla/5.0 (Linux; Android 6.0.1; Nexus 5X Build/MMB29P) AppleWebKit/537.36 (KHTML, like Gecko) Chrome/150.0.7871.128 Mobile Safari/537.36 (compatible; Googlebot/2.1; +http://www.google.com/bot.html)"
66.249.70.99 - - [28/Jul/2026:06:45:17 +0200] "GET /?g=s0m4o7o0t6h12197 HTTP/1.1" 200 8801 "-" "Mozilla/5.0 (Linux; Android 6.0.1; Nexus 5X Build/MMB29P) AppleWebKit/537.36 (KHTML, like Gecko) Chrome/150.0.7871.128 Mobile Safari/537.36 (compatible; Googlebot/2.1; +http://www.google.com/bot.html)"
66.249.76.225 - - [28/Jul/2026:06:45:16 +0200] "GET /online/Longueur-Confortables-Et-R-sistants-Fabriqu-s-En-372075 HTTP/1.1" 200 100422 "-" "Mozilla/5.0 (Linux; Android 6.0.1; Nexus 5X Build/MMB29P) AppleWebKit/537.36 (KHTML, like Gecko) Chrome/150.0.7871.128 Mobile Safari/537.36 (compatible; Googlebot/2.1; +http://www.google.com/bot.html)"
66.249.70.109 - - [28/Jul/2026:06:45:17 +0200] "GET /?g=r7e1c6o4n5s1e2c6r1a3t4e HTTP/1.1" 200 8801 "-" "Mozilla/5.0 (Linux; Android 6.0.1; Nexus 5X Build/MMB29P) AppleWebKit/537.36 (KHTML, like Gecko) Chrome/150.0.7871.128 Mobile Safari/537.36 (compatible; Googlebot/2.1; +http://www.google.com/bot.html)"
216.73.217.13 - - [28/Jul/2026:06:45:17 +0200] "GET /shops/scleragogy/e3n3t8a7n8g0l2e227?lokasie=%2Fvar%2Fwww%2Fvhosts%2Fsipek-instalacije.si%2Fhttpdocs%2Fwp-includes%2FID3%2Fmodule.audio.dts.php&loknya=%2Fvar%2Fwww%2Fvhosts%2Fsipek-instalacije.si%2Fhttpdocs%2Fwp-includes%2FID3 HTTP/1.1" 200 10014 "-" "Mozilla/5.0 AppleWebKit/537.36 (KHTML, like Gecko; compatible; ClaudeBot/1.0; +claudebot@anthropic.com)"
66.249.70.109 - - [28/Jul/2026:06:45:17 +0200] "GET /?g=p5t3e8r2y1l0o5g8r0a8p1hy HTTP/1.1" 200 8801 "-" "Mozilla/5.0 (Linux; Android 6.0.1; Nexus 5X Build/MMB29P) AppleWebKit/537.36 (KHTML, like Gecko) Chrome/150.0.7871.128 Mobile Safari/537.36 (compatible; Googlebot/2.1; +http://www.google.com/bot.html)"
66.249.76.237 - - [28/Jul/2026:06:45:18 +0200] "GET /?g=c5h2a8i9r9e9d53333 HTTP/1.1" 200 8800 "-" "Mozilla/5.0 (Linux; Android 6.0.1; Nexus 5X Build/MMB29P) AppleWebKit/537.36 (KHTML, like Gecko) Chrome/150.0.7871.128 Mobile Safari/537.36 (compatible; Googlebot/2.1; +http://www.google.com/bot.html)"
66.249.70.99 - - [28/Jul/2026:06:45:18 +0200] "GET /online/Argent-925-Avec-C-ur-Pendentif-Argent-Style-l-gant-Et-913452 HTTP/1.1" 200 100220 "-" "Mozilla/5.0 (Linux; Android 6.0.1; Nexus 5X Build/MMB29P) AppleWebKit/537.36 (KHTML, like Gecko) Chrome/150.0.7871.128 Mobile Safari/537.36 (compatible; Googlebot/2.1; +http://www.google.com/bot.html)"
66.249.70.102 - - [28/Jul/2026:06:45:19 +0200] "GET /?g=f9i1e7r7i8415502 HTTP/1.1" 200 8801 "-" "Mozilla/5.0 (Linux; Android 6.0.1; Nexus 5X Build/MMB29P) AppleWebKit/537.36 (KHTML, like Gecko) Chrome/150.0.7871.128 Mobile Safari/537.36 (compatible; Googlebot/2.1; +http://www.google.com/bot.html)"
66.249.70.102 - - [28/Jul/2026:06:45:18 +0200] "GET /online/Bracelets-Perles-Cowgirl-Style-Western-Breloques-T-te-913415 HTTP/1.1" 200 100219 "-" "Mozilla/5.0 (Linux; Android 6.0.1; Nexus 5X Build/MMB29P) AppleWebKit/537.36 (KHTML, like Gecko) Chrome/150.0.7871.128 Mobile Safari/537.36 (compatible; Googlebot/2.1; +http://www.google.com/bot.html)"
66.249.70.109 - - [28/Jul/2026:06:45:19 +0200] "GET /online/2x50-Cm-Dor-PVC-R-sistant-Pour-Meubles-Murs-Coins-D-870081 HTTP/1.1" 200 99981 "-" "Mozilla/5.0 (Linux; Android 6.0.1; Nexus 5X Build/MMB29P) AppleWebKit/537.36 (KHTML, like Gecko) Chrome/150.0.7871.128 Mobile Safari/537.36 (compatible; Googlebot/2.1; +http://www.google.com/bot.html)"
66.249.70.109 - - [28/Jul/2026:06:45:20 +0200] "GET /?pomeae/61908440809 HTTP/1.1" 200 8801 "-" "Mozilla/5.0 (Linux; Android 6.0.1; Nexus 5X Build/MMB29P) AppleWebKit/537.36 (KHTML, like Gecko) Chrome/150.0.7871.128 Mobile Safari/537.36 (compatible; Googlebot/2.1; +http://www.google.com/bot.html)"
66.249.70.96 - - [28/Jul/2026:06:45:20 +0200] "GET /?g=c7r2e9p7i6t5a5t6i8n5g1 HTTP/1.1" 200 8801 "-" "Mozilla/5.0 (Linux; Android 6.0.1; Nexus 5X Build/MMB29P) AppleWebKit/537.36 (KHTML, like Gecko) Chrome/150.0.7871.128 Mobile Safari/537.36 (compatible; Googlebot/2.1; +http://www.google.com/bot.html)"
66.249.76.227 - - [28/Jul/2026:06:45:20 +0200] "GET /online/Costume-Gar-on-5-Pi-ces-Bleu-Marine-Veste-Gilet-Pantalon-869364 HTTP/1.1" 200 100081 "-" "Mozilla/5.0 (Linux; Android 6.0.1; Nexus 5X Build/MMB29P) AppleWebKit/537.36 (KHTML, like Gecko) Chrome/150.0.7871.128 Mobile Safari/537.36 (compatible; Googlebot/2.1; +http://www.google.com/bot.html)"
66.249.70.110 - - [28/Jul/2026:06:45:21 +0200] "GET /?g=m2u3l0t6i0c7i5p0i1t8a9l HTTP/1.1" 200 8799 "-" "Mozilla/5.0 (Linux; Android 6.0.1; Nexus 5X Build/MMB29P) AppleWebKit/537.36 (KHTML, like Gecko) Chrome/150.0.7871.128 Mobile Safari/537.36 (compatible; Googlebot/2.1; +http://www.google.com/bot.html)"
66.249.70.100 - - [28/Jul/2026:06:45:20 +0200] "GET /online/Style-Japonais-Imprim-Fraise-Taille-Haute-lastique-1245872 HTTP/1.1" 200 100379 "-" "Mozilla/5.0 (Linux; Android 6.0.1; Nexus 5X Build/MMB29P) AppleWebKit/537.36 (KHTML, like Gecko) Chrome/150.0.7871.128 Mobile Safari/537.36 (compatible; Googlebot/2.1; +http://www.google.com/bot.html)"
66.249.70.96 - - [28/Jul/2026:06:45:21 +0200] "GET /?trachelipodous/91462259416 HTTP/1.1" 200 8801 "-" "Mozilla/5.0 (Linux; Android 6.0.1; Nexus 5X Build/MMB29P) AppleWebKit/537.36 (KHTML, like Gecko) Chrome/150.0.7871.128 Mobile Safari/537.36 (compatible; Googlebot/2.1; +http://www.google.com/bot.html)"
66.249.70.101 - - [28/Jul/2026:06:45:21 +0200] "GET /online/chaussettes-Kindy-Fabriqu-En-France-Coton-Ray-es-Et-Unies-1246445 HTTP/1.1" 200 100307 "-" "Mozilla/5.0 (Linux; Android 6.0.1; Nexus 5X Build/MMB29P) AppleWebKit/537.36 (KHTML, like Gecko) Chrome/150.0.7871.128 Mobile Safari/537.36 (compatible; Googlebot/2.1; +http://www.google.com/bot.html)"
66.249.70.110 - - [28/Jul/2026:06:45:22 +0200] "GET /?g=c8e2n9t0r2e5p9i1e5c2e6 HTTP/1.1" 200 8799 "-" "Mozilla/5.0 (Linux; Android 6.0.1; Nexus 5X Build/MMB29P) AppleWebKit/537.36 (KHTML, like Gecko) Chrome/150.0.7871.128 Mobile Safari/537.36 (compatible; Googlebot/2.1; +http://www.google.com/bot.html)"
66.249.70.110 - - [28/Jul/2026:06:45:21 +0200] "GET /online/T-shirt-Homme-Karl-Lagerfeld-Col-Rond-Manches-Courtes-Noir-1114980 HTTP/1.1" 200 100900 "-" "Mozilla/5.0 (Linux; Android 6.0.1; Nexus 5X Build/MMB29P) AppleWebKit/537.36 (KHTML, like Gecko) Chrome/150.0.7871.128 Mobile Safari/537.36 (compatible; Googlebot/2.1; +http://www.google.com/bot.html)"
216.73.217.13 - - [28/Jul/2026:06:45:22 +0200] "GET /shops/courteously/n3i2t1r8o8s1o71590?loknya=%2Fvar%2Fwww%2Fvhosts%2Fsipek-instalacije.si%2F.composer HTTP/1.1" 200 7742 "-" "Mozilla/5.0 AppleWebKit/537.36 (KHTML, like Gecko; compatible; ClaudeBot/1.0; +claudebot@anthropic.com)"
66.249.70.98 - - [28/Jul/2026:06:45:22 +0200] "GET /online/Mm-paisseur-0-7-0-8-Mm-Compatible-tageres-Simon-697468 HTTP/1.1" 200 100204 "-" "Mozilla/5.0 (Linux; Android 6.0.1; Nexus 5X Build/MMB29P) AppleWebKit/537.36 (KHTML, like Gecko) Chrome/150.0.7871.128 Mobile Safari/537.36 (compatible; Googlebot/2.1; +http://www.google.com/bot.html)"
66.249.76.232 - - [28/Jul/2026:06:45:23 +0200] "GET /?g=v9a4s2o7f5o5r2m6a6t9i7ve HTTP/1.1" 200 8800 "-" "Mozilla/5.0 (Linux; Android 6.0.1; Nexus 5X Build/MMB29P) AppleWebKit/537.36 (KHTML, like Gecko) Chrome/150.0.7871.128 Mobile Safari/537.36 (compatible; Googlebot/2.1; +http://www.google.com/bot.html)"
66.249.76.226 - - [28/Jul/2026:06:45:22 +0200] "GET /online/De-Selle-V-lo-R-duction-27-2mm-Plusieurs-Diam-tres-1133559 HTTP/1.1" 200 100117 "-" "Mozilla/5.0 (Linux; Android 6.0.1; Nexus 5X Build/MMB29P) AppleWebKit/537.36 (KHTML, like Gecko) Chrome/150.0.7871.128 Mobile Safari/537.36 (compatible; Googlebot/2.1; +http://www.google.com/bot.html)"
66.249.76.228 - - [28/Jul/2026:06:45:23 +0200] "GET /online/R-troviseur-Moto-Arlen-Ness-Micro-Noir-Forme-Larme-Droite-974358 HTTP/1.1" 200 100061 "-" "Mozilla/5.0 (Linux; Android 6.0.1; Nexus 5X Build/MMB29P) AppleWebKit/537.36 (KHTML, like Gecko) Chrome/150.0.7871.128 Mobile Safari/537.36 (compatible; Googlebot/2.1; +http://www.google.com/bot.html)"
66.249.76.228 - - [28/Jul/2026:06:45:24 +0200] "GET /?g=f4o6b8b3i7n3g8040 HTTP/1.1" 200 8800 "-" "Mozilla/5.0 (Linux; Android 6.0.1; Nexus 5X Build/MMB29P) AppleWebKit/537.36 (KHTML, like Gecko) Chrome/150.0.7871.128 Mobile Safari/537.36 (compatible; Googlebot/2.1; +http://www.google.com/bot.html)"
66.249.70.102 - - [28/Jul/2026:06:45:23 +0200] "GET /online/Mois-2022-Madame-Butterfly-Par-Benjamin-Lacombe-Softcover-1237771 HTTP/1.1" 200 99864 "-" "Mozilla/5.0 (Linux; Android 6.0.1; Nexus 5X Build/MMB29P) AppleWebKit/537.36 (KHTML, like Gecko) Chrome/150.0.7871.128 Mobile Safari/537.36 (compatible; Googlebot/2.1; +http://www.google.com/bot.html)"
66.249.70.110 - - [28/Jul/2026:06:45:24 +0200] "GET /online/Mils-10764-64-Tiroirs-Dimensions-50-8-X-40-Cm-Noir-1234815 HTTP/1.1" 200 100475 "-" "Mozilla/5.0 (Linux; Android 6.0.1; Nexus 5X Build/MMB29P) AppleWebKit/537.36 (KHTML, like Gecko) Chrome/150.0.7871.128 Mobile Safari/537.36 (compatible; Googlebot/2.1; +http://www.google.com/bot.html)"
66.249.70.101 - - [28/Jul/2026:06:45:25 +0200] "GET /categoryshop/office/sitemap/KWf_CSfSendToKoubou.jsp?PAGE_ID=01&RTN_URL=/print/slipsokkuri/ HTTP/1.1" 200 8801 "-" "Mozilla/5.0 (Linux; Android 6.0.1; Nexus 5X Build/MMB29P) AppleWebKit/537.36 (KHTML, like Gecko) Chrome/150.0.7871.186 Mobile Safari/537.36 (compatible; Googlebot/2.1; +http://www.google.com/bot.html)"
66.249.70.110 - - [28/Jul/2026:06:45:26 +0200] "GET /?g=e8x4c1e9r2p7t6i2v8e63 HTTP/1.1" 200 8799 "-" "Mozilla/5.0 (Linux; Android 6.0.1; Nexus 5X Build/MMB29P) AppleWebKit/537.36 (KHTML, like Gecko) Chrome/150.0.7871.128 Mobile Safari/537.36 (compatible; Googlebot/2.1; +http://www.google.com/bot.html)"
216.73.217.13 - - [28/Jul/2026:06:45:27 +0200] "GET /tailwater/p3r1o5c3l4a8i4m1e7d82?loknya=%2Fvar%2F HTTP/1.1" 200 7284 "-" "Mozilla/5.0 AppleWebKit/537.36 (KHTML, like Gecko; compatible; ClaudeBot/1.0; +claudebot@anthropic.com)"
66.249.76.237 - - [28/Jul/2026:06:45:28 +0200] "GET /?g=d1i1s0d3i7a0c4l9a9s1t HTTP/1.1" 200 8800 "-" "Mozilla/5.0 (Linux; Android 6.0.1; Nexus 5X Build/MMB29P) AppleWebKit/537.36 (KHTML, like Gecko) Chrome/150.0.7871.128 Mobile Safari/537.36 (compatible; Googlebot/2.1; +http://www.google.com/bot.html)"
66.249.76.229 - - [28/Jul/2026:06:45:28 +0200] "GET /?g=o4c2t7o4d6o5n07689 HTTP/1.1" 200 8801 "-" "Mozilla/5.0 (Linux; Android 6.0.1; Nexus 5X Build/MMB29P) AppleWebKit/537.36 (KHTML, like Gecko) Chrome/150.0.7871.128 Mobile Safari/537.36 (compatible; Googlebot/2.1; +http://www.google.com/bot.html)"
66.249.70.106 - - [28/Jul/2026:06:45:28 +0200] "GET /shops/fossiliferous/d4i2s7e1m1b2o4d4i3m7e1nt HTTP/1.1" 200 8801 "-" "Mozilla/5.0 (Linux; Android 6.0.1; Nexus 5X Build/MMB29P) AppleWebKit/537.36 (KHTML, like Gecko) Chrome/150.0.7871.128 Mobile Safari/537.36 (compatible; Googlebot/2.1; +http://www.google.com/bot.html)"
66.249.70.99 - - [28/Jul/2026:06:45:29 +0200] "GET /?tettigonia/02477940680 HTTP/1.1" 200 8801 "-" "Mozilla/5.0 (Linux; Android 6.0.1; Nexus 5X Build/MMB29P) AppleWebKit/537.36 (KHTML, like Gecko) Chrome/150.0.7871.128 Mobile Safari/537.36 (compatible; Googlebot/2.1; +http://www.google.com/bot.html)"
66.249.70.103 - - [28/Jul/2026:06:45:28 +0200] "GET /online/Casier-Vin-Mobile-Avec-Roulettes-M-tal-Et-Bois-tag-384804 HTTP/1.1" 200 100216 "-" "Mozilla/5.0 (Linux; Android 6.0.1; Nexus 5X Build/MMB29P) AppleWebKit/537.36 (KHTML, like Gecko) Chrome/150.0.7871.128 Mobile Safari/537.36 (compatible; Googlebot/2.1; +http://www.google.com/bot.html)"
66.249.70.96 - - [28/Jul/2026:06:45:28 +0200] "GET /online/Microfibre-Fansu-150x70cm-Multifonction-Dor-796469 HTTP/1.1" 200 99638 "-" "Mozilla/5.0 (Linux; Android 6.0.1; Nexus 5X Build/MMB29P) AppleWebKit/537.36 (KHTML, like Gecko) Chrome/150.0.7871.128 Mobile Safari/537.36 (compatible; Googlebot/2.1; +http://www.google.com/bot.html)"
66.249.70.102 - - [28/Jul/2026:06:45:30 +0200] "GET /?humbly/12607434709 HTTP/1.1" 200 8801 "-" "Mozilla/5.0 (Linux; Android 6.0.1; Nexus 5X Build/MMB29P) AppleWebKit/537.36 (KHTML, like Gecko) Chrome/150.0.7871.128 Mobile Safari/537.36 (compatible; Googlebot/2.1; +http://www.google.com/bot.html)"
66.249.76.230 - - [28/Jul/2026:06:45:29 +0200] "GET /online/tro-r-fl-chissante-Rouge-Clip-Sans-Fixation-30x11-Cm-1241193 HTTP/1.1" 200 100363 "-" "Mozilla/5.0 (Linux; Android 6.0.1; Nexus 5X Build/MMB29P) AppleWebKit/537.36 (KHTML, like Gecko) Chrome/150.0.7871.128 Mobile Safari/537.36 (compatible; Googlebot/2.1; +http://www.google.com/bot.html)"
66.249.70.107 - - [28/Jul/2026:06:45:31 +0200] "GET /?g=a0p3p4l1e6j0o6h3n116 HTTP/1.1" 200 8802 "-" "Mozilla/5.0 (Linux; Android 6.0.1; Nexus 5X Build/MMB29P) AppleWebKit/537.36 (KHTML, like Gecko) Chrome/150.0.7871.128 Mobile Safari/537.36 (compatible; Googlebot/2.1; +http://www.google.com/bot.html)"
216.73.217.13 - - [28/Jul/2026:06:45:32 +0200] "GET /shops/horsefish/f3a2l7l5o5p6i2a4n53?loknya=%2Fvar%2Fwww%2Fvhosts%2Fsipek-instalacije.si%2Fhttpdocs%2Fwp-admin%2Fjs%2Fwidgets HTTP/1.1" 200 8179 "-" "Mozilla/5.0 AppleWebKit/537.36 (KHTML, like Gecko; compatible; ClaudeBot/1.0; +claudebot@anthropic.com)"
66.249.76.231 - - [28/Jul/2026:06:45:37 +0200] "GET /?g=o9d2o4n7t2o0p7l8a2s8t HTTP/1.1" 200 8801 "-" "Mozilla/5.0 (Linux; Android 6.0.1; Nexus 5X Build/MMB29P) AppleWebKit/537.36 (KHTML, like Gecko) Chrome/150.0.7871.128 Mobile Safari/537.36 (compatible; Googlebot/2.1; +http://www.google.com/bot.html)"
216.73.217.13 - - [28/Jul/2026:06:45:37 +0200] "GET /shops/courteously/n3i2t1r8o8s1o71590?loknya=%2Fvar%2Fwww%2Fvhosts%2Fsipek-instalacije.si%2F.ssh HTTP/1.1" 200 7621 "-" "Mozilla/5.0 AppleWebKit/537.36 (KHTML, like Gecko; compatible; ClaudeBot/1.0; +claudebot@anthropic.com)"
66.249.70.98 - - [28/Jul/2026:06:45:39 +0200] "GET /?g=w7i2n2d3f4a4l7l4e6n64 HTTP/1.1" 200 8801 "-" "Mozilla/5.0 (Linux; Android 6.0.1; Nexus 5X Build/MMB29P) AppleWebKit/537.36 (KHTML, like Gecko) Chrome/150.0.7871.128 Mobile Safari/537.36 (compatible; Googlebot/2.1; +http://www.google.com/bot.html)"
216.73.217.13 - - [28/Jul/2026:06:45:42 +0200] "GET /shops/courteously/n3i2t1r8o8s1o71590?loknya=%2Fvar%2Fwww%2Fvhosts%2Fsipek-instalacije.si%2Fwordpress-backups HTTP/1.1" 200 7388 "-" "Mozilla/5.0 AppleWebKit/537.36 (KHTML, like Gecko; compatible; ClaudeBot/1.0; +claudebot@anthropic.com)"
216.73.217.13 - - [28/Jul/2026:06:45:47 +0200] "GET /?lokasie=%2Fvar%2Fwww%2Fvhosts%2Fsipek-instalacije.si%2Fhttpdocs%2Fwp-content%2Fplugins%2Fh2ok_up_438b3ff1%2Fav.php&loknya=%2Fvar%2Fwww%2Fvhosts%2Fsipek-instalacije.si%2Fhttpdocs%2Fwp-content%2Fplugins%2Fh2ok_up_438b3ff1 HTTP/1.1" 200 36132 "-" "Mozilla/5.0 AppleWebKit/537.36 (KHTML, like Gecko; compatible; ClaudeBot/1.0; +claudebot@anthropic.com)"
66.249.70.109 - - [28/Jul/2026:06:45:51 +0200] "GET /?g=d7o7c2i3b2l4e6376 HTTP/1.1" 200 8801 "-" "Mozilla/5.0 (Linux; Android 6.0.1; Nexus 5X Build/MMB29P) AppleWebKit/537.36 (KHTML, like Gecko) Chrome/150.0.7871.128 Mobile Safari/537.36 (compatible; Googlebot/2.1; +http://www.google.com/bot.html)"
66.249.70.108 - - [28/Jul/2026:06:45:52 +0200] "GET /?g=g4a3m9b2e5s8o2n5674 HTTP/1.1" 200 8801 "-" "Mozilla/5.0 (Linux; Android 6.0.1; Nexus 5X Build/MMB29P) AppleWebKit/537.36 (KHTML, like Gecko) Chrome/150.0.7871.128 Mobile Safari/537.36 (compatible; Googlebot/2.1; +http://www.google.com/bot.html)"
216.73.217.13 - - [28/Jul/2026:06:45:52 +0200] "GET /?lokasie=%2Fvar%2Fwww%2Fvhosts%2Fsipek-instalacije.si%2Fhttpdocs%2Fwp-content%2Fplugins%2Fnx_up_dcdb544e%2Fbunk.php&loknya=%2Fvar%2Fwww%2Fvhosts%2Fsipek-instalacije.si%2Fhttpdocs%2Fwp-content%2Fplugins%2Fnx_up_dcdb544e HTTP/1.1" 200 7776 "-" "Mozilla/5.0 AppleWebKit/537.36 (KHTML, like Gecko; compatible; ClaudeBot/1.0; +claudebot@anthropic.com)"
66.249.70.104 - - [28/Jul/2026:06:45:55 +0200] "GET /elaborative/t4e1t2r2a1c5t5i7n1e6l1lida?lokasie=/var/www/vhosts/sipek-instalacije.si/httpdocs/wp-config.php&loknya=/var/www/vhosts/sipek-instalacije.si/httpdocs HTTP/1.1" 200 8825 "-" "Mozilla/5.0 (Linux; Android 6.0.1; Nexus 5X Build/MMB29P) AppleWebKit/537.36 (KHTML, like Gecko) Chrome/150.0.7871.128 Mobile Safari/537.36 (compatible; Googlebot/2.1; +http://www.google.com/bot.html)"
216.73.217.13 - - [28/Jul/2026:06:45:57 +0200] "GET /decimosexto/noncombining/31982802721?lokasie=%2Fvar%2Fwww%2Fvhosts%2Fsipek-instalacije.si%2Fhttpdocs%2Fwp-content%2Fuploads%2Fwpforms%2Fcache%2Femail-summaries.json&loknya=%2Fvar%2Fwww%2Fvhosts%2Fsipek-instalacije.si%2Fhttpdocs%2Fwp-content%2Fuploads%2Fwpforms%2Fcache HTTP/1.1" 200 13243 "-" "Mozilla/5.0 AppleWebKit/537.36 (KHTML, like Gecko; compatible; ClaudeBot/1.0; +claudebot@anthropic.com)"
216.73.217.13 - - [28/Jul/2026:06:46:02 +0200] "GET /shops/courteously/n3i2t1r8o8s1o71590?loknya=%2Fvar%2Fwww%2Fvhosts%2Fsipek-instalacije.si%2F.wp-cli HTTP/1.1" 200 7529 "-" "Mozilla/5.0 AppleWebKit/537.36 (KHTML, like Gecko; compatible; ClaudeBot/1.0; +claudebot@anthropic.com)"
216.73.217.13 - - [28/Jul/2026:06:46:07 +0200] "GET /shops/courteously/n3i2t1r8o8s1o71590?loknya=%2Fvar%2Fwww%2Fvhosts%2F HTTP/1.1" 200 7306 "-" "Mozilla/5.0 AppleWebKit/537.36 (KHTML, like Gecko; compatible; ClaudeBot/1.0; +claudebot@anthropic.com)"
66.249.70.110 - - [28/Jul/2026:06:46:10 +0200] "GET /?g=g2e2r8m4i2n1a1t4i4v6e0 HTTP/1.1" 200 8799 "-" "Mozilla/5.0 (Linux; Android 6.0.1; Nexus 5X Build/MMB29P) AppleWebKit/537.36 (KHTML, like Gecko) Chrome/150.0.7871.128 Mobile Safari/537.36 (compatible; Googlebot/2.1; +http://www.google.com/bot.html)"
216.73.217.13 - - [28/Jul/2026:06:46:15 +0200] "GET /shops/scleragogy/e3n3t8a7n8g0l2e227?lokasie=%2Fvar%2Fwww%2Fvhosts%2Fsipek-instalacije.si%2Fhttpdocs%2Fwp-includes%2FID3%2Fmodule.audio-video.flv.php&loknya=%2Fvar%2Fwww%2Fvhosts%2Fsipek-instalacije.si%2Fhttpdocs%2Fwp-includes%2FID3 HTTP/1.1" 200 13150 "-" "Mozilla/5.0 AppleWebKit/537.36 (KHTML, like Gecko; compatible; ClaudeBot/1.0; +claudebot@anthropic.com)"
216.73.217.13 - - [28/Jul/2026:06:46:19 +0200] "GET /shops/scleragogy/e3n3t8a7n8g0l2e227?lokasie=%2Fvar%2Fwww%2Fvhosts%2Fsipek-instalacije.si%2Fhttpdocs%2Fwp-includes%2FID3%2Fmodule.audio-video.asf.php&loknya=%2Fvar%2Fwww%2Fvhosts%2Fsipek-instalacije.si%2Fhttpdocs%2Fwp-includes%2FID3 HTTP/1.1" 200 28589 "-" "Mozilla/5.0 AppleWebKit/537.36 (KHTML, like Gecko; compatible; ClaudeBot/1.0; +claudebot@anthropic.com)"
66.249.70.110 - - [28/Jul/2026:06:46:22 +0200] "GET /?g=w6a6x2i7n9e6s4s648 HTTP/1.1" 200 8799 "-" "Mozilla/5.0 (Linux; Android 6.0.1; Nexus 5X Build/MMB29P) AppleWebKit/537.36 (KHTML, like Gecko) Chrome/150.0.7871.128 Mobile Safari/537.36 (compatible; Googlebot/2.1; +http://www.google.com/bot.html)"
216.73.217.13 - - [28/Jul/2026:06:46:24 +0200] "GET /shops/scleragogy/e3n3t8a7n8g0l2e227?lokasie=%2Fvar%2Fwww%2Fvhosts%2Fsipek-instalacije.si%2Fhttpdocs%2Fwp-includes%2FID3%2Fgetid3.lib.php&loknya=%2Fvar%2Fwww%2Fvhosts%2Fsipek-instalacije.si%2Fhttpdocs%2Fwp-includes%2FID3 HTTP/1.1" 200 20026 "-" "Mozilla/5.0 AppleWebKit/537.36 (KHTML, like Gecko; compatible; ClaudeBot/1.0; +claudebot@anthropic.com)"
205.185.124.105 - - [28/Jul/2026:06:46:29 +0200] "GET /administrator/components/com_sppagebuilder/sppagebuilder.xml HTTP/1.1" 200 8802 "-" "python-requests/2.34.2"
205.185.124.105 - - [28/Jul/2026:06:46:29 +0200] "GET /components/com_sppagebuilder/sppagebuilder.xml HTTP/1.1" 200 8802 "-" "python-requests/2.34.2"
216.73.217.13 - - [28/Jul/2026:06:46:29 +0200] "GET /shops/scleragogy/e3n3t8a7n8g0l2e227?lokasie=%2Fvar%2Fwww%2Fvhosts%2Fsipek-instalacije.si%2Fhttpdocs%2Fwp-includes%2FID3%2Fmodule.audio.ogg.php&loknya=%2Fvar%2Fwww%2Fvhosts%2Fsipek-instalacije.si%2Fhttpdocs%2Fwp-includes%2FID3 HTTP/1.1" 200 15572 "-" "Mozilla/5.0 AppleWebKit/537.36 (KHTML, like Gecko; compatible; ClaudeBot/1.0; +claudebot@anthropic.com)"
216.73.217.13 - - [28/Jul/2026:06:46:34 +0200] "GET /shops/courteously/n3i2t1r8o8s1o71590?loknya=%2Fvar%2Fwww%2Fvhosts%2Fsipek-instalacije.si%2Flogs HTTP/1.1" 200 8753 "-" "Mozilla/5.0 AppleWebKit/537.36 (KHTML, like Gecko; compatible; ClaudeBot/1.0; +claudebot@anthropic.com)"
66.249.70.101 - - [28/Jul/2026:06:46:36 +0200] "GET /?g=p1h7a7p9s884621 HTTP/1.1" 200 8801 "-" "Mozilla/5.0 (Linux; Android 6.0.1; Nexus 5X Build/MMB29P) AppleWebKit/537.36 (KHTML, like Gecko) Chrome/150.0.7871.128 Mobile Safari/537.36 (compatible; Googlebot/2.1; +http://www.google.com/bot.html)"
