66.249.70.110 - - [27/Jul/2026:07:06:12 +0200] "GET /?g=l4i4t1m6u5s838058 HTTP/1.1" 200 22588 "-" "Mozilla/5.0 (Linux; Android 6.0.1; Nexus 5X Build/MMB29P) AppleWebKit/537.36 (KHTML, like Gecko) Chrome/150.0.7871.128 Mobile Safari/537.36 (compatible; Googlebot/2.1; +http://www.google.com/bot.html)"
66.249.76.238 - - [27/Jul/2026:07:06:12 +0200] "GET /?healall%2F02515624865 HTTP/1.1" 200 22588 "-" "Mozilla/5.0 (Linux; Android 6.0.1; Nexus 5X Build/MMB29P) AppleWebKit/537.36 (KHTML, like Gecko) Chrome/150.0.7871.128 Mobile Safari/537.36 (compatible; Googlebot/2.1; +http://www.google.com/bot.html)"
103.154.49.90 - - [27/Jul/2026:07:06:13 +0200] "GET /wp-content/uploads/2026/07/gmgnvtcw.php HTTP/1.1" 404 36596 "https://sipek-instalacije.si" "Mozilla/5.0 (Windows NT 10.0; Win64; x64) AppleWebKit/537.36 (KHTML, like Gecko) Chrome/74.0.3729.157 Safari/537.36"
66.249.70.110 - - [27/Jul/2026:07:06:12 +0200] "GET /online/80-Pour-Femme-Xintorch-T-shirt-Leggings-Jupe-Tutu-805623 HTTP/1.1" 200 99821 "-" "Mozilla/5.0 (Linux; Android 6.0.1; Nexus 5X Build/MMB29P) AppleWebKit/537.36 (KHTML, like Gecko) Chrome/150.0.7871.128 Mobile Safari/537.36 (compatible; Googlebot/2.1; +http://www.google.com/bot.html)"
66.249.76.225 - - [27/Jul/2026:07:06:13 +0200] "GET /?g=c0i3v3i0l1565726 HTTP/1.1" 200 22590 "-" "Mozilla/5.0 (Linux; Android 6.0.1; Nexus 5X Build/MMB29P) AppleWebKit/537.36 (KHTML, like Gecko) Chrome/150.0.7871.128 Mobile Safari/537.36 (compatible; Googlebot/2.1; +http://www.google.com/bot.html)"
57.141.0.36 - - [27/Jul/2026:07:06:12 +0200] "GET /?g=b6e1d6y2e1d47925 HTTP/1.1" 200 90837 "-" "Mozilla/5.0 (Macintosh; Intel Mac OS X 10_15_7) AppleWebKit/537.36 (KHTML, like Gecko) Chrome/145.0.0.0 Safari/537.36 (compatible; meta-externalagent/1.1 (+https://developers.facebook.com/docs/sharing/webmasters/crawler))"
66.249.70.96 - - [27/Jul/2026:07:06:13 +0200] "GET /?g=f9e7l4i4d4a9e204 HTTP/1.1" 200 22588 "-" "Mozilla/5.0 (Linux; Android 6.0.1; Nexus 5X Build/MMB29P) AppleWebKit/537.36 (KHTML, like Gecko) Chrome/150.0.7871.128 Mobile Safari/537.36 (compatible; Googlebot/2.1; +http://www.google.com/bot.html)"
66.249.70.109 - - [27/Jul/2026:07:06:14 +0200] "GET /?g=s8h5i8p9p3i8n7g803 HTTP/1.1" 200 22589 "-" "Mozilla/5.0 (Linux; Android 6.0.1; Nexus 5X Build/MMB29P) AppleWebKit/537.36 (KHTML, like Gecko) Chrome/150.0.7871.128 Mobile Safari/537.36 (compatible; Googlebot/2.1; +http://www.google.com/bot.html)"
66.249.70.110 - - [27/Jul/2026:07:06:14 +0200] "GET /?g=s3h3u8f7f5l1e2d6461 HTTP/1.1" 200 22591 "-" "Mozilla/5.0 (Linux; Android 6.0.1; Nexus 5X Build/MMB29P) AppleWebKit/537.36 (KHTML, like Gecko) Chrome/150.0.7871.128 Mobile Safari/537.36 (compatible; Googlebot/2.1; +http://www.google.com/bot.html)"
66.249.70.109 - - [27/Jul/2026:07:06:12 +0200] "GET /?g=s3u4p2e0r6s2t4i1t0i7o6usly HTTP/1.1" 200 22601 "-" "Mozilla/5.0 (Linux; Android 6.0.1; Nexus 5X Build/MMB29P) AppleWebKit/537.36 (KHTML, like Gecko) Chrome/150.0.7871.128 Mobile Safari/537.36 (compatible; Googlebot/2.1; +http://www.google.com/bot.html)"
57.141.0.3 - - [27/Jul/2026:07:06:15 +0200] "GET /shops/emittent/c6a6n7n1u1l2a3t6e2d8 HTTP/1.1" 404 36596 "-" "Mozilla/5.0 (Windows NT 10.0; Win64; x64) AppleWebKit/537.36 (KHTML, like Gecko) Chrome/145.0.0.0 Safari/537.36 (compatible; meta-externalagent/1.1 (+https://developers.facebook.com/docs/sharing/webmasters/crawler))"
122.160.13.186 - - [27/Jul/2026:07:06:15 +0200] "POST /xmlrpc.php HTTP/1.1" 200 5907 "-" "WordPress.com; https://wordpress.com"
103.154.49.90 - - [27/Jul/2026:07:06:16 +0200] "POST /wp-admin/async-upload.php HTTP/1.1" 200 5884 "https://sipek-instalacije.si" "Mozilla/5.0 (Windows NT 10.0; Win64; x64) AppleWebKit/537.36 (KHTML, like Gecko) Chrome/74.0.3729.157 Safari/537.36"
66.249.76.225 - - [27/Jul/2026:07:06:15 +0200] "GET /?g=r0e2g1e1s7039236 HTTP/1.1" 200 22596 "-" "Mozilla/5.0 (Linux; Android 6.0.1; Nexus 5X Build/MMB29P) AppleWebKit/537.36 (KHTML, like Gecko) Chrome/150.0.7871.128 Mobile Safari/537.36 (compatible; Googlebot/2.1; +http://www.google.com/bot.html)"
57.141.0.19 - - [27/Jul/2026:07:06:16 +0200] "GET /mopheaded/allower/v1e3s7i8c6o8v9a7g8i5n5al HTTP/1.1" 404 36596 "-" "Mozilla/5.0 (Windows NT 10.0; Win64; x64) AppleWebKit/537.36 (KHTML, like Gecko) Chrome/145.0.0.0 Safari/537.36 (compatible; meta-externalagent/1.1 (+https://developers.facebook.com/docs/sharing/webmasters/crawler))"
66.249.70.96 - - [27/Jul/2026:07:06:15 +0200] "GET /online/Zip-Gar-on-Daim-Doux-Semelle-Antid-rapante-Style-Basket-925901 HTTP/1.1" 200 99948 "-" "Mozilla/5.0 (Linux; Android 6.0.1; Nexus 5X Build/MMB29P) AppleWebKit/537.36 (KHTML, like Gecko) Chrome/150.0.7871.128 Mobile Safari/537.36 (compatible; Googlebot/2.1; +http://www.google.com/bot.html)"
66.249.70.96 - - [27/Jul/2026:07:06:16 +0200] "GET /?spurshell/9806108026 HTTP/1.1" 301 5547 "-" "Mozilla/5.0 (Linux; Android 6.0.1; Nexus 5X Build/MMB29P) AppleWebKit/537.36 (KHTML, like Gecko) Chrome/150.0.7871.128 Mobile Safari/537.36 (compatible; Googlebot/2.1; +http://www.google.com/bot.html)"
66.249.70.96 - - [27/Jul/2026:07:06:16 +0200] "GET /?g=r3e1f7r4a5c4t06641 HTTP/1.1" 200 22590 "-" "Mozilla/5.0 (Linux; Android 6.0.1; Nexus 5X Build/MMB29P) AppleWebKit/537.36 (KHTML, like Gecko) Chrome/150.0.7871.128 Mobile Safari/537.36 (compatible; Googlebot/2.1; +http://www.google.com/bot.html)"
57.141.0.53 - - [27/Jul/2026:07:06:17 +0200] "GET /?g=l1e3u7c4a3e2n6a4220 HTTP/1.1" 200 90840 "-" "Mozilla/5.0 (Windows NT 10.0; Win64; x64) AppleWebKit/537.36 (KHTML, like Gecko) Chrome/145.0.0.0 Safari/537.36 (compatible; meta-externalagent/1.1 (+https://developers.facebook.com/docs/sharing/webmasters/crawler))"
66.249.76.238 - - [27/Jul/2026:07:06:17 +0200] "GET /?g=h2a2e5m9o7p1l5a6s5t9i1c HTTP/1.1" 200 22600 "-" "Mozilla/5.0 (Linux; Android 6.0.1; Nexus 5X Build/MMB29P) AppleWebKit/537.36 (KHTML, like Gecko) Chrome/150.0.7871.128 Mobile Safari/537.36 (compatible; Googlebot/2.1; +http://www.google.com/bot.html)"
66.249.70.109 - - [27/Jul/2026:07:06:17 +0200] "GET /wp-content/plugins/elementor/assets/js/frontend-modules.min.js?ver=3.0.16 HTTP/1.1" 200 5551 "https://sipek-instalacije.si/?g=c0i3v3i0l1565726" "Mozilla/5.0 (Linux; Android 6.0.1; Nexus 5X Build/MMB29P) AppleWebKit/537.36 (KHTML, like Gecko) Chrome/150.0.7871.128 Mobile Safari/537.36 (compatible; Googlebot/2.1; +http://www.google.com/bot.html)"
66.249.70.109 - - [27/Jul/2026:07:06:17 +0200] "GET /?spurshell%2F9806108026 HTTP/1.1" 200 22596 "-" "Mozilla/5.0 (Linux; Android 6.0.1; Nexus 5X Build/MMB29P) AppleWebKit/537.36 (KHTML, like Gecko) Chrome/150.0.7871.128 Mobile Safari/537.36 (compatible; Googlebot/2.1; +http://www.google.com/bot.html)"
66.249.70.110 - - [27/Jul/2026:07:06:18 +0200] "GET /wp-content/plugins/elementor/assets/js/frontend-modules.min.js?ver=3.0.16 HTTP/1.1" 200 5551 "https://sipek-instalacije.si/?g=i2n3c0o3m6p8o7s8i4t7e1" "Mozilla/5.0 (Linux; Android 6.0.1; Nexus 5X Build/MMB29P) AppleWebKit/537.36 (KHTML, like Gecko) Chrome/150.0.7871.128 Mobile Safari/537.36 (compatible; Googlebot/2.1; +http://www.google.com/bot.html)"
57.141.0.25 - - [27/Jul/2026:07:06:17 +0200] "GET /?g=m6i2s6e8x4p5l0a3n1a4t5ion HTTP/1.1" 200 90844 "-" "Mozilla/5.0 (Windows NT 10.0; Win64; x64) AppleWebKit/537.36 (KHTML, like Gecko) Chrome/145.0.0.0 Safari/537.36 (compatible; meta-externalagent/1.1 (+https://developers.facebook.com/docs/sharing/webmasters/crawler))"
57.141.0.47 - - [27/Jul/2026:07:06:17 +0200] "GET /shops/unwashed/o6n1e0o8f8a0k3i2n2d6 HTTP/1.1" 404 36596 "-" "Mozilla/5.0 (Macintosh; Intel Mac OS X 10_15_7) AppleWebKit/537.36 (KHTML, like Gecko) Chrome/145.0.0.0 Safari/537.36 (compatible; meta-externalagent/1.1 (+https://developers.facebook.com/docs/sharing/webmasters/crawler))"
66.249.70.110 - - [27/Jul/2026:07:06:18 +0200] "GET /wp-content/plugins/elementor/assets/js/frontend-modules.min.js?ver=3.0.16 HTTP/1.1" 200 5551 "https://sipek-instalacije.si/?g=f9e7l4i4d4a9e204" "Mozilla/5.0 (Linux; Android 6.0.1; Nexus 5X Build/MMB29P) AppleWebKit/537.36 (KHTML, like Gecko) Chrome/150.0.7871.128 Mobile Safari/537.36 (compatible; Googlebot/2.1; +http://www.google.com/bot.html)"
66.249.70.109 - - [27/Jul/2026:07:06:17 +0200] "GET /?g=g0o1o4d8s9730812 HTTP/1.1" 200 22586 "-" "Mozilla/5.0 (Linux; Android 6.0.1; Nexus 5X Build/MMB29P) AppleWebKit/537.36 (KHTML, like Gecko) Chrome/150.0.7871.128 Mobile Safari/537.36 (compatible; Googlebot/2.1; +http://www.google.com/bot.html)"
200.123.36.21 - - [27/Jul/2026:07:06:18 +0200] "POST /xmlrpc.php HTTP/1.1" 200 5907 "-" "Mozilla/5.0 (Macintosh; Intel Mac OS X 10_15_7; x64) AppleWebKit/537.36 (KHTML, like Gecko) Chrome/97.0.0.0 Safari/537.36"
66.249.70.110 - - [27/Jul/2026:07:06:18 +0200] "GET /wp-content/plugins/searchwp-live-ajax-search/assets/javascript/dist/bundle.min.js?ver=1.4.6 HTTP/1.1" 200 5570 "https://sipek-instalacije.si/?g=s8h5i8p9p3i8n7g803" "Mozilla/5.0 (Linux; Android 6.0.1; Nexus 5X Build/MMB29P) AppleWebKit/537.36 (KHTML, like Gecko) Chrome/150.0.7871.128 Mobile Safari/537.36 (compatible; Googlebot/2.1; +http://www.google.com/bot.html)"
103.154.49.90 - - [27/Jul/2026:07:06:17 +0200] "GET /wp-content/uploads/2026/07/gmgnvtcw.phtml HTTP/1.1" 404 36596 "https://sipek-instalacije.si" "Mozilla/5.0 (Windows NT 10.0; Win64; x64) AppleWebKit/537.36 (KHTML, like Gecko) Chrome/74.0.3729.157 Safari/537.36"
66.249.76.224 - - [27/Jul/2026:07:06:18 +0200] "GET /?g=a9m1p5h0i2c9a3r8p0i0c7 HTTP/1.1" 200 22599 "-" "Mozilla/5.0 (Linux; Android 6.0.1; Nexus 5X Build/MMB29P) AppleWebKit/537.36 (KHTML, like Gecko) Chrome/150.0.7871.128 Mobile Safari/537.36 (compatible; Googlebot/2.1; +http://www.google.com/bot.html)"
66.249.70.110 - - [27/Jul/2026:07:06:17 +0200] "GET /?ports/4611888101 HTTP/1.1" 301 5543 "-" "Mozilla/5.0 (Linux; Android 6.0.1; Nexus 5X Build/MMB29P) AppleWebKit/537.36 (KHTML, like Gecko) Chrome/150.0.7871.128 Mobile Safari/537.36 (compatible; Googlebot/2.1; +http://www.google.com/bot.html)"
66.249.70.96 - - [27/Jul/2026:07:06:18 +0200] "GET /online/Musiciens-Jazz-New-York-Format-17-5x12-5-Cm-Papier-pais-619259 HTTP/1.1" 200 101062 "-" "Mozilla/5.0 (Linux; Android 6.0.1; Nexus 5X Build/MMB29P) AppleWebKit/537.36 (KHTML, like Gecko) Chrome/150.0.7871.128 Mobile Safari/537.36 (compatible; Googlebot/2.1; +http://www.google.com/bot.html)"
66.249.70.109 - - [27/Jul/2026:07:06:19 +0200] "GET /?g=f5l2u3o0r3o2s5c6o7p2i8c HTTP/1.1" 200 22595 "-" "Mozilla/5.0 (Linux; Android 6.0.1; Nexus 5X Build/MMB29P) AppleWebKit/537.36 (KHTML, like Gecko) Chrome/150.0.7871.128 Mobile Safari/537.36 (compatible; Googlebot/2.1; +http://www.google.com/bot.html)"
66.249.70.96 - - [27/Jul/2026:07:06:19 +0200] "GET /?g=f0l1a6b9e0l4l7i6f2e9r3 HTTP/1.1" 200 22598 "-" "Mozilla/5.0 (Linux; Android 6.0.1; Nexus 5X Build/MMB29P) AppleWebKit/537.36 (KHTML, like Gecko) Chrome/150.0.7871.128 Mobile Safari/537.36 (compatible; Googlebot/2.1; +http://www.google.com/bot.html)"
66.249.70.109 - - [27/Jul/2026:07:06:19 +0200] "GET /?ports%2F4611888101 HTTP/1.1" 200 22596 "-" "Mozilla/5.0 (Linux; Android 6.0.1; Nexus 5X Build/MMB29P) AppleWebKit/537.36 (KHTML, like Gecko) Chrome/150.0.7871.128 Mobile Safari/537.36 (compatible; Googlebot/2.1; +http://www.google.com/bot.html)"
213.230.123.43 - - [27/Jul/2026:07:06:20 +0200] "POST /xmlrpc.php HTTP/1.1" 200 5907 "-" "Jetpack by WordPress.com"
66.249.70.96 - - [27/Jul/2026:07:06:19 +0200] "GET /?g=d0i1s1s8h6a8d5o9w222 HTTP/1.1" 200 22595 "-" "Mozilla/5.0 (Linux; Android 6.0.1; Nexus 5X Build/MMB29P) AppleWebKit/537.36 (KHTML, like Gecko) Chrome/150.0.7871.128 Mobile Safari/537.36 (compatible; Googlebot/2.1; +http://www.google.com/bot.html)"
66.249.70.96 - - [27/Jul/2026:07:06:20 +0200] "GET /?g=f5u2r8z1e6c3h3u5c3k17 HTTP/1.1" 200 22600 "-" "Mozilla/5.0 (Linux; Android 6.0.1; Nexus 5X Build/MMB29P) AppleWebKit/537.36 (KHTML, like Gecko) Chrome/150.0.7871.128 Mobile Safari/537.36 (compatible; Googlebot/2.1; +http://www.google.com/bot.html)"
103.154.49.90 - - [27/Jul/2026:07:06:20 +0200] "POST /wp-admin/async-upload.php HTTP/1.1" 200 5884 "https://sipek-instalacije.si" "Mozilla/5.0 (Windows NT 10.0; Win64; x64) AppleWebKit/537.36 (KHTML, like Gecko) Chrome/74.0.3729.157 Safari/537.36"
66.249.70.96 - - [27/Jul/2026:07:06:20 +0200] "GET /?g=m1a3r0g5r1a9v2a7t7e50 HTTP/1.1" 200 22591 "-" "Mozilla/5.0 (Linux; Android 6.0.1; Nexus 5X Build/MMB29P) AppleWebKit/537.36 (KHTML, like Gecko) Chrome/150.0.7871.128 Mobile Safari/537.36 (compatible; Googlebot/2.1; +http://www.google.com/bot.html)"
66.249.70.110 - - [27/Jul/2026:07:06:20 +0200] "GET /?g=r5e1t8t3i5n8g50744 HTTP/1.1" 200 22596 "-" "Mozilla/5.0 (Linux; Android 6.0.1; Nexus 5X Build/MMB29P) AppleWebKit/537.36 (KHTML, like Gecko) Chrome/150.0.7871.128 Mobile Safari/537.36 (compatible; Googlebot/2.1; +http://www.google.com/bot.html)"
66.249.76.238 - - [27/Jul/2026:07:06:21 +0200] "GET /?g=s5o1u6t3h2m7o0s4t904 HTTP/1.1" 200 22592 "-" "Mozilla/5.0 (Linux; Android 6.0.1; Nexus 5X Build/MMB29P) AppleWebKit/537.36 (KHTML, like Gecko) Chrome/150.0.7871.128 Mobile Safari/537.36 (compatible; Googlebot/2.1; +http://www.google.com/bot.html)"
103.154.49.90 - - [27/Jul/2026:07:06:22 +0200] "GET /wp-content/uploads/2026/07/gmgnvtcw.phar HTTP/1.1" 404 36596 "https://sipek-instalacije.si" "Mozilla/5.0 (Windows NT 10.0; Win64; x64) AppleWebKit/537.36 (KHTML, like Gecko) Chrome/74.0.3729.157 Safari/537.36"
66.249.76.238 - - [27/Jul/2026:07:06:22 +0200] "GET /wp-content/plugins/elementor/assets/js/frontend-modules.min.js?ver=3.0.16 HTTP/1.1" 200 5551 "https://sipek-instalacije.si/?g=h2a2e5m9o7p1l5a6s5t9i1c" "Mozilla/5.0 (Linux; Android 6.0.1; Nexus 5X Build/MMB29P) AppleWebKit/537.36 (KHTML, like Gecko) Chrome/150.0.7871.128 Mobile Safari/537.36 (compatible; Googlebot/2.1; +http://www.google.com/bot.html)"
66.249.70.97 - - [27/Jul/2026:07:06:22 +0200] "GET /online/039-air-Portable-G-n-rateur-D-039-ions-Capteur-De-Qualit-1228606 HTTP/1.1" 200 100366 "-" "Mozilla/5.0 (Linux; Android 6.0.1; Nexus 5X Build/MMB29P) AppleWebKit/537.36 (KHTML, like Gecko) Chrome/150.0.7871.128 Mobile Safari/537.36 (compatible; Googlebot/2.1; +http://www.google.com/bot.html)"
66.249.70.96 - - [27/Jul/2026:07:06:23 +0200] "GET /?g=r2e4p1l1e7t0o7r7y590 HTTP/1.1" 200 22592 "-" "Mozilla/5.0 (Linux; Android 6.0.1; Nexus 5X Build/MMB29P) AppleWebKit/537.36 (KHTML, like Gecko) Chrome/150.0.7871.128 Mobile Safari/537.36 (compatible; Googlebot/2.1; +http://www.google.com/bot.html)"
66.249.70.110 - - [27/Jul/2026:07:06:23 +0200] "GET /?g=t9r3a6p6e7z5i7u4m260 HTTP/1.1" 200 22591 "-" "Mozilla/5.0 (Linux; Android 6.0.1; Nexus 5X Build/MMB29P) AppleWebKit/537.36 (KHTML, like Gecko) Chrome/150.0.7871.128 Mobile Safari/537.36 (compatible; Googlebot/2.1; +http://www.google.com/bot.html)"
66.249.76.237 - - [27/Jul/2026:07:06:23 +0200] "GET /?g=r5e4g5a8l6e6m1e8nt HTTP/1.1" 200 22593 "-" "Mozilla/5.0 (Linux; Android 6.0.1; Nexus 5X Build/MMB29P) AppleWebKit/537.36 (KHTML, like Gecko) Chrome/150.0.7871.128 Mobile Safari/537.36 (compatible; Googlebot/2.1; +http://www.google.com/bot.html)"
103.154.49.90 - - [27/Jul/2026:07:06:24 +0200] "POST /wp-admin/async-upload.php HTTP/1.1" 200 5885 "https://sipek-instalacije.si" "Mozilla/5.0 (Windows NT 10.0; Win64; x64) AppleWebKit/537.36 (KHTML, like Gecko) Chrome/74.0.3729.157 Safari/537.36"
66.249.76.238 - - [27/Jul/2026:07:06:24 +0200] "GET /?g=f0e2a4g2u6e573498 HTTP/1.1" 200 22589 "-" "Mozilla/5.0 (Linux; Android 6.0.1; Nexus 5X Build/MMB29P) AppleWebKit/537.36 (KHTML, like Gecko) Chrome/150.0.7871.128 Mobile Safari/537.36 (compatible; Googlebot/2.1; +http://www.google.com/bot.html)"
66.249.76.224 - - [27/Jul/2026:07:06:24 +0200] "GET /?g=p0o3w2d5e4r7i9n5g569 HTTP/1.1" 200 22595 "-" "Mozilla/5.0 (Linux; Android 6.0.1; Nexus 5X Build/MMB29P) AppleWebKit/537.36 (KHTML, like Gecko) Chrome/150.0.7871.128 Mobile Safari/537.36 (compatible; Googlebot/2.1; +http://www.google.com/bot.html)"
66.249.76.225 - - [27/Jul/2026:07:06:24 +0200] "GET /?g=c0o1r6d6e4l0i4e1r963 HTTP/1.1" 200 22595 "-" "Mozilla/5.0 (Linux; Android 6.0.1; Nexus 5X Build/MMB29P) AppleWebKit/537.36 (KHTML, like Gecko) Chrome/150.0.7871.128 Mobile Safari/537.36 (compatible; Googlebot/2.1; +http://www.google.com/bot.html)"
66.249.70.98 - - [27/Jul/2026:07:06:25 +0200] "GET /?g=c9u5r0l6e7w18593 HTTP/1.1" 200 22592 "-" "Mozilla/5.0 (Linux; Android 6.0.1; Nexus 5X Build/MMB29P) AppleWebKit/537.36 (KHTML, like Gecko) Chrome/150.0.7871.128 Mobile Safari/537.36 (compatible; Googlebot/2.1; +http://www.google.com/bot.html)"
66.249.70.109 - - [27/Jul/2026:07:06:25 +0200] "GET /?g=u9n3p7h7i3l5o0s0o5p8h8ize HTTP/1.1" 200 22601 "-" "Mozilla/5.0 (Linux; Android 6.0.1; Nexus 5X Build/MMB29P) AppleWebKit/537.36 (KHTML, like Gecko) Chrome/150.0.7871.128 Mobile Safari/537.36 (compatible; Googlebot/2.1; +http://www.google.com/bot.html)"
91.237.33.134 - - [27/Jul/2026:07:06:26 +0200] "POST /wp-cron.php?doing_wp_cron=1785128786.1218678951263427734375 HTTP/1.1" 200 5535 "-" "WordPress/6.9.4; https://sipek-instalacije.si"
103.154.49.90 - - [27/Jul/2026:07:06:25 +0200] "GET /wp-content/uploads/2026/07/gmgnvtcw.php5 HTTP/1.1" 404 36596 "https://sipek-instalacije.si" "Mozilla/5.0 (Windows NT 10.0; Win64; x64) AppleWebKit/537.36 (KHTML, like Gecko) Chrome/74.0.3729.157 Safari/537.36"
122.160.13.186 - - [27/Jul/2026:07:06:26 +0200] "POST /xmlrpc.php HTTP/1.1" 200 5907 "-" "Jetpack/12.1; WordPress/6.1; http://site73701105.com"
66.249.70.97 - - [27/Jul/2026:07:06:26 +0200] "GET /wp-content/plugins/elementor/assets/js/frontend-modules.min.js?ver=3.0.16 HTTP/1.1" 200 5551 "https://sipek-instalacije.si/?g=t9r3a6p6e7z5i7u4m260" "Mozilla/5.0 (Linux; Android 6.0.1; Nexus 5X Build/MMB29P) AppleWebKit/537.36 (KHTML, like Gecko) Chrome/150.0.7871.128 Mobile Safari/537.36 (compatible; Googlebot/2.1; +http://www.google.com/bot.html)"
66.249.70.109 - - [27/Jul/2026:07:06:26 +0200] "GET /?g=d5e1d0u2c5i3n1g3267 HTTP/1.1" 200 22590 "-" "Mozilla/5.0 (Linux; Android 6.0.1; Nexus 5X Build/MMB29P) AppleWebKit/537.36 (KHTML, like Gecko) Chrome/150.0.7871.128 Mobile Safari/537.36 (compatible; Googlebot/2.1; +http://www.google.com/bot.html)"
66.249.70.110 - - [27/Jul/2026:07:06:26 +0200] "GET /?g=b5i3g6h8o1r4n4223 HTTP/1.1" 200 22596 "-" "Mozilla/5.0 (Linux; Android 6.0.1; Nexus 5X Build/MMB29P) AppleWebKit/537.36 (KHTML, like Gecko) Chrome/150.0.7871.128 Mobile Safari/537.36 (compatible; Googlebot/2.1; +http://www.google.com/bot.html)"
66.249.70.96 - - [27/Jul/2026:07:06:27 +0200] "GET /wp-content/plugins/elementor/assets/js/frontend-modules.min.js?ver=3.0.16 HTTP/1.1" 200 5551 "https://sipek-instalacije.si/?falciform%2F23924915068" "Mozilla/5.0 (Linux; Android 6.0.1; Nexus 5X Build/MMB29P) AppleWebKit/537.36 (KHTML, like Gecko) Chrome/150.0.7871.128 Mobile Safari/537.36 (compatible; Googlebot/2.1; +http://www.google.com/bot.html)"
66.249.70.98 - - [27/Jul/2026:07:06:27 +0200] "GET /?g=b5e4l0l4e5d677429 HTTP/1.1" 200 22588 "-" "Mozilla/5.0 (Linux; Android 6.0.1; Nexus 5X Build/MMB29P) AppleWebKit/537.36 (KHTML, like Gecko) Chrome/150.0.7871.128 Mobile Safari/537.36 (compatible; Googlebot/2.1; +http://www.google.com/bot.html)"
103.154.49.90 - - [27/Jul/2026:07:06:28 +0200] "POST /wp-admin/async-upload.php HTTP/1.1" 200 5885 "https://sipek-instalacije.si" "Mozilla/5.0 (Windows NT 10.0; Win64; x64) AppleWebKit/537.36 (KHTML, like Gecko) Chrome/74.0.3729.157 Safari/537.36"
66.249.70.96 - - [27/Jul/2026:07:06:27 +0200] "GET /online/Chaussettes-Imprim-es-Mint-Oak-Pour-Homme-Coton-Doux-Bout-992452 HTTP/1.1" 200 99286 "-" "Mozilla/5.0 (Linux; Android 6.0.1; Nexus 5X Build/MMB29P) AppleWebKit/537.36 (KHTML, like Gecko) Chrome/150.0.7871.128 Mobile Safari/537.36 (compatible; Googlebot/2.1; +http://www.google.com/bot.html)"
66.249.70.97 - - [27/Jul/2026:07:06:28 +0200] "GET /?g=p3a5s4s9i5o1n6a0r7y9 HTTP/1.1" 200 22595 "-" "Mozilla/5.0 (Linux; Android 6.0.1; Nexus 5X Build/MMB29P) AppleWebKit/537.36 (KHTML, like Gecko) Chrome/150.0.7871.128 Mobile Safari/537.36 (compatible; Googlebot/2.1; +http://www.google.com/bot.html)"
66.249.70.110 - - [27/Jul/2026:07:06:28 +0200] "GET /?g=l9u5t1i0n1g56755 HTTP/1.1" 200 22594 "-" "Mozilla/5.0 (Linux; Android 6.0.1; Nexus 5X Build/MMB29P) AppleWebKit/537.36 (KHTML, like Gecko) Chrome/150.0.7871.128 Mobile Safari/537.36 (compatible; Googlebot/2.1; +http://www.google.com/bot.html)"
66.249.76.224 - - [27/Jul/2026:07:06:28 +0200] "GET /?commixture/11340250784 HTTP/1.1" 301 5549 "-" "Mozilla/5.0 (Linux; Android 6.0.1; Nexus 5X Build/MMB29P) AppleWebKit/537.36 (KHTML, like Gecko) Chrome/150.0.7871.128 Mobile Safari/537.36 (compatible; Googlebot/2.1; +http://www.google.com/bot.html)"
66.249.70.97 - - [27/Jul/2026:07:06:29 +0200] "GET /?totemist/23115966848 HTTP/1.1" 301 5547 "-" "Mozilla/5.0 (Linux; Android 6.0.1; Nexus 5X Build/MMB29P) AppleWebKit/537.36 (KHTML, like Gecko) Chrome/150.0.7871.128 Mobile Safari/537.36 (compatible; Googlebot/2.1; +http://www.google.com/bot.html)"
103.154.49.90 - - [27/Jul/2026:07:06:29 +0200] "GET /wp-content/uploads/2026/07/gmgnvtcw.php7 HTTP/1.1" 404 36596 "https://sipek-instalacije.si" "Mozilla/5.0 (Windows NT 10.0; Win64; x64) AppleWebKit/537.36 (KHTML, like Gecko) Chrome/74.0.3729.157 Safari/537.36"
66.249.76.238 - - [27/Jul/2026:07:06:29 +0200] "GET /?commixture%2F11340250784 HTTP/1.1" 200 22594 "-" "Mozilla/5.0 (Linux; Android 6.0.1; Nexus 5X Build/MMB29P) AppleWebKit/537.36 (KHTML, like Gecko) Chrome/150.0.7871.128 Mobile Safari/537.36 (compatible; Googlebot/2.1; +http://www.google.com/bot.html)"
66.249.70.99 - - [27/Jul/2026:07:06:29 +0200] "GET /?totemist%2F23115966848 HTTP/1.1" 200 22593 "-" "Mozilla/5.0 (Linux; Android 6.0.1; Nexus 5X Build/MMB29P) AppleWebKit/537.36 (KHTML, like Gecko) Chrome/150.0.7871.128 Mobile Safari/537.36 (compatible; Googlebot/2.1; +http://www.google.com/bot.html)"
66.249.70.99 - - [27/Jul/2026:07:06:30 +0200] "GET /wp-content/plugins/elementor/assets/js/frontend-modules.min.js?ver=3.0.16 HTTP/1.1" 200 5551 "https://sipek-instalacije.si/?g=d5e1d0u2c5i3n1g3267" "Mozilla/5.0 (Linux; Android 6.0.1; Nexus 5X Build/MMB29P) AppleWebKit/537.36 (KHTML, like Gecko) Chrome/150.0.7871.128 Mobile Safari/537.36 (compatible; Googlebot/2.1; +http://www.google.com/bot.html)"
66.249.70.109 - - [27/Jul/2026:07:06:30 +0200] "GET /?catheterizing/51719826475 HTTP/1.1" 301 5552 "-" "Mozilla/5.0 (Linux; Android 6.0.1; Nexus 5X Build/MMB29P) AppleWebKit/537.36 (KHTML, like Gecko) Chrome/150.0.7871.128 Mobile Safari/537.36 (compatible; Googlebot/2.1; +http://www.google.com/bot.html)"
103.154.49.90 - - [27/Jul/2026:07:06:30 +0200] "GET /wp-admin/plugin-install.php?s=file-manager-advanced&tab=search&type=term HTTP/1.1" 403 5700 "https://sipek-instalacije.si" "Mozilla/5.0 (Windows NT 10.0; Win64; x64) AppleWebKit/537.36 (KHTML, like Gecko) Chrome/74.0.3729.157 Safari/537.36"
66.249.70.109 - - [27/Jul/2026:07:06:30 +0200] "GET /?g=f3e7r0r3a0r0e2s8e66 HTTP/1.1" 200 22594 "-" "Mozilla/5.0 (Linux; Android 6.0.1; Nexus 5X Build/MMB29P) AppleWebKit/537.36 (KHTML, like Gecko) Chrome/150.0.7871.128 Mobile Safari/537.36 (compatible; Googlebot/2.1; +http://www.google.com/bot.html)"
66.249.70.110 - - [27/Jul/2026:07:06:30 +0200] "GET /?g=v8o1l4u6m2e3t9r6i1c0a4l HTTP/1.1" 200 22597 "-" "Mozilla/5.0 (Linux; Android 6.0.1; Nexus 5X Build/MMB29P) AppleWebKit/537.36 (KHTML, like Gecko) Chrome/150.0.7871.128 Mobile Safari/537.36 (compatible; Googlebot/2.1; +http://www.google.com/bot.html)"
207.46.13.9 - - [27/Jul/2026:07:06:30 +0200] "GET /online/A-rien-volution-Gris-Clair-XXL-100-Coton-Col-C-tel-1085247 HTTP/1.1" 200 99873 "-" "Mozilla/5.0 AppleWebKit/537.36 (KHTML, like Gecko; compatible; bingbot/2.0; +http://www.bing.com/bingbot.htm) Chrome/116.0.1938.76 Safari/537.36"
213.230.123.43 - - [27/Jul/2026:07:06:30 +0200] "POST /xmlrpc.php HTTP/1.1" 200 5907 "-" "WordPress.com; https://wordpress.com"
66.249.70.99 - - [27/Jul/2026:07:06:30 +0200] "GET /online/Homme-Cotton-Et-EVA-Pliables-Sac-De-Rangement-Pour-Maison-406447 HTTP/1.1" 200 99929 "-" "Mozilla/5.0 (Linux; Android 6.0.1; Nexus 5X Build/MMB29P) AppleWebKit/537.36 (KHTML, like Gecko) Chrome/150.0.7871.128 Mobile Safari/537.36 (compatible; Googlebot/2.1; +http://www.google.com/bot.html)"
66.249.70.96 - - [27/Jul/2026:07:06:31 +0200] "GET /?squabble/22946016388 HTTP/1.1" 301 5547 "-" "Mozilla/5.0 (Linux; Android 6.0.1; Nexus 5X Build/MMB29P) AppleWebKit/537.36 (KHTML, like Gecko) Chrome/150.0.7871.128 Mobile Safari/537.36 (compatible; Googlebot/2.1; +http://www.google.com/bot.html)"
66.249.70.99 - - [27/Jul/2026:07:06:31 +0200] "GET /?catheterizing%2F51719826475 HTTP/1.1" 200 22598 "-" "Mozilla/5.0 (Linux; Android 6.0.1; Nexus 5X Build/MMB29P) AppleWebKit/537.36 (KHTML, like Gecko) Chrome/150.0.7871.128 Mobile Safari/537.36 (compatible; Googlebot/2.1; +http://www.google.com/bot.html)"
66.249.70.97 - - [27/Jul/2026:07:06:32 +0200] "GET /?angles/5656498165 HTTP/1.1" 301 5544 "-" "Mozilla/5.0 (Linux; Android 6.0.1; Nexus 5X Build/MMB29P) AppleWebKit/537.36 (KHTML, like Gecko) Chrome/150.0.7871.128 Mobile Safari/537.36 (compatible; Googlebot/2.1; +http://www.google.com/bot.html)"
200.123.36.21 - - [27/Jul/2026:07:06:31 +0200] "POST /xmlrpc.php HTTP/1.1" 200 5907 "-" "Mozilla/5.0 (Windows NT 6.3; arm64) AppleWebKit/537.36 (KHTML, like Gecko) Safari/12.0.0.0 Safari/537.36"
66.249.70.98 - - [27/Jul/2026:07:06:30 +0200] "GET /?g=g5a4s0t5r7o1h8e3p1a3t4ic HTTP/1.1" 200 22598 "-" "Mozilla/5.0 (Linux; Android 6.0.1; Nexus 5X Build/MMB29P) AppleWebKit/537.36 (KHTML, like Gecko) Chrome/150.0.7871.128 Mobile Safari/537.36 (compatible; Googlebot/2.1; +http://www.google.com/bot.html)"
66.249.76.226 - - [27/Jul/2026:07:06:32 +0200] "GET /?squabble%2F22946016388 HTTP/1.1" 200 22594 "-" "Mozilla/5.0 (Linux; Android 6.0.1; Nexus 5X Build/MMB29P) AppleWebKit/537.36 (KHTML, like Gecko) Chrome/150.0.7871.128 Mobile Safari/537.36 (compatible; Googlebot/2.1; +http://www.google.com/bot.html)"
103.154.49.90 - - [27/Jul/2026:07:06:31 +0200] "GET /wp-admin/plugin-editor.php HTTP/1.1" 200 36244 "https://sipek-instalacije.si" "Mozilla/5.0 (Windows NT 10.0; Win64; x64) AppleWebKit/537.36 (KHTML, like Gecko) Chrome/74.0.3729.157 Safari/537.36"
66.249.70.98 - - [27/Jul/2026:07:06:33 +0200] "GET /?g=d7r9i1l5l407226 HTTP/1.1" 200 22595 "-" "Mozilla/5.0 (Linux; Android 6.0.1; Nexus 5X Build/MMB29P) AppleWebKit/537.36 (KHTML, like Gecko) Chrome/150.0.7871.128 Mobile Safari/537.36 (compatible; Googlebot/2.1; +http://www.google.com/bot.html)"
66.249.70.110 - - [27/Jul/2026:07:06:33 +0200] "GET /?g=c0i2r1c4u3m1s2t8a2n5t6ibus HTTP/1.1" 200 22604 "-" "Mozilla/5.0 (Linux; Android 6.0.1; Nexus 5X Build/MMB29P) AppleWebKit/537.36 (KHTML, like Gecko) Chrome/150.0.7871.128 Mobile Safari/537.36 (compatible; Googlebot/2.1; +http://www.google.com/bot.html)"
66.249.76.224 - - [27/Jul/2026:07:06:33 +0200] "GET /?angles%2F5656498165 HTTP/1.1" 200 22587 "-" "Mozilla/5.0 (Linux; Android 6.0.1; Nexus 5X Build/MMB29P) AppleWebKit/537.36 (KHTML, like Gecko) Chrome/150.0.7871.128 Mobile Safari/537.36 (compatible; Googlebot/2.1; +http://www.google.com/bot.html)"
103.154.49.90 - - [27/Jul/2026:07:06:34 +0200] "GET /wp-admin/plugin-editor.php?file=elementor/elementor.php&plugin=elementor/elementor.php HTTP/1.1" 200 44127 "https://sipek-instalacije.si" "Mozilla/5.0 (Windows NT 10.0; Win64; x64) AppleWebKit/537.36 (KHTML, like Gecko) Chrome/74.0.3729.157 Safari/537.36"
66.249.70.110 - - [27/Jul/2026:07:06:33 +0200] "GET /online/Tapis-De-Coffre-Sur-Mesure-Range-Rover-Sport-2015-2020-Antid-682230 HTTP/1.1" 200 100317 "-" "Mozilla/5.0 (Linux; Android 6.0.1; Nexus 5X Build/MMB29P) AppleWebKit/537.36 (KHTML, like Gecko) Chrome/150.0.7871.128 Mobile Safari/537.36 (compatible; Googlebot/2.1; +http://www.google.com/bot.html)"
66.249.70.97 - - [27/Jul/2026:07:06:34 +0200] "GET /online/Ping-pong-Palio-Master-3-0-Approuv-e-ITTF-Pour-Niveau-431487 HTTP/1.1" 200 100487 "-" "Mozilla/5.0 (Linux; Android 6.0.1; Nexus 5X Build/MMB29P) AppleWebKit/537.36 (KHTML, like Gecko) Chrome/150.0.7871.128 Mobile Safari/537.36 (compatible; Googlebot/2.1; +http://www.google.com/bot.html)"
66.249.70.110 - - [27/Jul/2026:07:06:34 +0200] "GET /online/Casquette-Hiver-Outdoor-Research-Yukon-Multicolore-Laine-Et-476276 HTTP/1.1" 200 99675 "-" "Mozilla/5.0 (Linux; Android 6.0.1; Nexus 5X Build/MMB29P) AppleWebKit/537.36 (KHTML, like Gecko) Chrome/150.0.7871.128 Mobile Safari/537.36 (compatible; Googlebot/2.1; +http://www.google.com/bot.html)"
40.77.167.72 - - [27/Jul/2026:07:06:34 +0200] "GET /online/Ampoule-LED-Connect-e-EGLO-ST64-E27-6W-700-Lumens-ZigBee-680130 HTTP/1.1" 200 100457 "-" "Mozilla/5.0 AppleWebKit/537.36 (KHTML, like Gecko; compatible; bingbot/2.0; +http://www.bing.com/bingbot.htm) Chrome/116.0.1938.76 Safari/537.36"
66.249.70.98 - - [27/Jul/2026:07:06:35 +0200] "GET /?g=d1e2s1p4i2s2i0n0g6l0y8 HTTP/1.1" 200 22593 "-" "Mozilla/5.0 (Linux; Android 6.0.1; Nexus 5X Build/MMB29P) AppleWebKit/537.36 (KHTML, like Gecko) Chrome/150.0.7871.128 Mobile Safari/537.36 (compatible; Googlebot/2.1; +http://www.google.com/bot.html)"
66.249.76.227 - - [27/Jul/2026:07:06:35 +0200] "GET /online/Comma-CI-Pour-Femme-Taille-34-Style-D-contract-Et-F-minin-1229436 HTTP/1.1" 200 100537 "-" "Mozilla/5.0 (Linux; Android 6.0.1; Nexus 5X Build/MMB29P) AppleWebKit/537.36 (KHTML, like Gecko) Chrome/150.0.7871.128 Mobile Safari/537.36 (compatible; Googlebot/2.1; +http://www.google.com/bot.html)"
57.141.0.29 - - [27/Jul/2026:07:06:36 +0200] "GET /?g=e6r3y1t2h3r6o2g1e9n97 HTTP/1.1" 200 90840 "-" "Mozilla/5.0 (Macintosh; Intel Mac OS X 10_15_7) AppleWebKit/537.36 (KHTML, like Gecko) Chrome/145.0.0.0 Safari/537.36 (compatible; meta-externalagent/1.1 (+https://developers.facebook.com/docs/sharing/webmasters/crawler))"
66.249.76.237 - - [27/Jul/2026:07:06:35 +0200] "GET /online/039-entra-nement-ONE80-ADTS-Pointe-Acier-8g-Pack-De-406237 HTTP/1.1" 200 99616 "-" "Mozilla/5.0 (Linux; Android 6.0.1; Nexus 5X Build/MMB29P) AppleWebKit/537.36 (KHTML, like Gecko) Chrome/150.0.7871.128 Mobile Safari/537.36 (compatible; Googlebot/2.1; +http://www.google.com/bot.html)"
91.237.33.134 - - [27/Jul/2026:07:06:37 +0200] "GET /wp-admin/plugin-editor.php?plugin=elementor%2Felementor.php&file=elementor%2Felementor.php&wp_scrape_key=80c109672f6caa4fd584bd526c422e68&wp_scrape_nonce=1645815971 HTTP/1.1" 200 11500 "-" "WordPress/6.9.4; https://sipek-instalacije.si"
57.141.0.37 - - [27/Jul/2026:07:06:36 +0200] "GET /?g=d1i5s5t0a6n7s0065 HTTP/1.1" 200 90836 "-" "Mozilla/5.0 (Windows NT 10.0; Win64; x64) AppleWebKit/537.36 (KHTML, like Gecko) Chrome/145.0.0.0 Safari/537.36 (compatible; meta-externalagent/1.1 (+https://developers.facebook.com/docs/sharing/webmasters/crawler))"
66.249.70.110 - - [27/Jul/2026:07:06:36 +0200] "GET /online/Ans-Jeton-AA-En-Argent-Plaqu-Fer-Cadeau-De-R-cup-ration-903739 HTTP/1.1" 200 100855 "-" "Mozilla/5.0 (Linux; Android 6.0.1; Nexus 5X Build/MMB29P) AppleWebKit/537.36 (KHTML, like Gecko) Chrome/150.0.7871.128 Mobile Safari/537.36 (compatible; Googlebot/2.1; +http://www.google.com/bot.html)"
91.237.33.134 - - [27/Jul/2026:07:06:37 +0200] "GET /?wp_scrape_key=80c109672f6caa4fd584bd526c422e68&wp_scrape_nonce=1645815971 HTTP/1.1" 200 8851 "-" "WordPress/6.9.4; https://sipek-instalacije.si"
103.154.49.90 - - [27/Jul/2026:07:06:36 +0200] "POST /wp-admin/admin-ajax.php HTTP/1.1" 200 5928 "https://sipek-instalacije.si" "Mozilla/5.0 (Windows NT 10.0; Win64; x64) AppleWebKit/537.36 (KHTML, like Gecko) Chrome/74.0.3729.157 Safari/537.36"
57.141.0.58 - - [27/Jul/2026:07:06:37 +0200] "GET /shops/eulogiums/j6a2g4g2e0r070897 HTTP/1.1" 200 50120 "-" "Mozilla/5.0 (Windows NT 10.0; Win64; x64) AppleWebKit/537.36 (KHTML, like Gecko) Chrome/145.0.0.0 Safari/537.36 (compatible; meta-externalagent/1.1 (+https://developers.facebook.com/docs/sharing/webmasters/crawler))"
66.249.70.100 - - [27/Jul/2026:07:06:36 +0200] "GET /online/Gaz-Butane-Universelle-Cartouche-Percer-190-G-Lot-De-5-1213914 HTTP/1.1" 200 100544 "-" "Mozilla/5.0 (Linux; Android 6.0.1; Nexus 5X Build/MMB29P) AppleWebKit/537.36 (KHTML, like Gecko) Chrome/150.0.7871.128 Mobile Safari/537.36 (compatible; Googlebot/2.1; +http://www.google.com/bot.html)"
122.160.13.186 - - [27/Jul/2026:07:06:37 +0200] "POST /xmlrpc.php HTTP/1.1" 200 50124 "-" "Jetpack by WordPress.com"
103.154.49.90 - - [27/Jul/2026:07:06:38 +0200] "GET /wp-content/plugins/elementor/elementor.php HTTP/1.1" 403 5700 "https://sipek-instalacije.si" "Mozilla/5.0 (Windows NT 10.0; Win64; x64) AppleWebKit/537.36 (KHTML, like Gecko) Chrome/74.0.3729.157 Safari/537.36"
66.249.70.102 - - [27/Jul/2026:07:06:37 +0200] "GET /online/Motorola-Moto-G53-G23-G13-Cuir-PU-Poche-Carte-Support-1254219 HTTP/1.1" 200 100289 "-" "Mozilla/5.0 (Linux; Android 6.0.1; Nexus 5X Build/MMB29P) AppleWebKit/537.36 (KHTML, like Gecko) Chrome/150.0.7871.128 Mobile Safari/537.36 (compatible; Googlebot/2.1; +http://www.google.com/bot.html)"
66.249.70.96 - - [27/Jul/2026:07:06:38 +0200] "GET /online/Projecteur-LED-COB-JINBEI-EF60BI-60W-Bi-couleur-2700K-6500K-880162 HTTP/1.1" 200 100049 "-" "Mozilla/5.0 (Linux; Android 6.0.1; Nexus 5X Build/MMB29P) AppleWebKit/537.36 (KHTML, like Gecko) Chrome/150.0.7871.128 Mobile Safari/537.36 (compatible; Googlebot/2.1; +http://www.google.com/bot.html)"
66.249.76.229 - - [27/Jul/2026:07:06:38 +0200] "GET /online/Basique-Homme-Jack-Jones-Essentials-Col-Rond-Manches-Courtes-945516 HTTP/1.1" 200 100776 "-" "Mozilla/5.0 (Linux; Android 6.0.1; Nexus 5X Build/MMB29P) AppleWebKit/537.36 (KHTML, like Gecko) Chrome/150.0.7871.128 Mobile Safari/537.36 (compatible; Googlebot/2.1; +http://www.google.com/bot.html)"
66.249.70.96 - - [27/Jul/2026:07:06:39 +0200] "GET /online/Titane-Largeur-6-Mm-Zircone-Sur-Le-Tour-Gravure-Int-1173775 HTTP/1.1" 200 100258 "-" "Mozilla/5.0 (Linux; Android 6.0.1; Nexus 5X Build/MMB29P) AppleWebKit/537.36 (KHTML, like Gecko) Chrome/150.0.7871.128 Mobile Safari/537.36 (compatible; Googlebot/2.1; +http://www.google.com/bot.html)"
66.249.76.238 - - [27/Jul/2026:07:06:39 +0200] "GET /online/Couleur-Pistolet-M-tal-Havana-Taille-54-Mm-tui-De-924023 HTTP/1.1" 200 99944 "-" "Mozilla/5.0 (Linux; Android 6.0.1; Nexus 5X Build/MMB29P) AppleWebKit/537.36 (KHTML, like Gecko) Chrome/150.0.7871.128 Mobile Safari/537.36 (compatible; Googlebot/2.1; +http://www.google.com/bot.html)"
207.46.13.9 - - [27/Jul/2026:07:06:39 +0200] "GET /online/Carte-D-039-anniversaire-quot-Happy-Birthday-Cousin-quot-Dor-766108 HTTP/1.1" 200 100603 "-" "Mozilla/5.0 AppleWebKit/537.36 (KHTML, like Gecko; compatible; bingbot/2.0; +http://www.bing.com/bingbot.htm) Chrome/116.0.1938.76 Safari/537.36"
66.249.70.102 - - [27/Jul/2026:07:06:40 +0200] "GET /online/Robe-Pull-Capuche-TrendiMax-Pour-Femme-Coupe-Ajust-e-775764 HTTP/1.1" 200 100293 "-" "Mozilla/5.0 (Linux; Android 6.0.1; Nexus 5X Build/MMB29P) AppleWebKit/537.36 (KHTML, like Gecko) Chrome/150.0.7871.128 Mobile Safari/537.36 (compatible; Googlebot/2.1; +http://www.google.com/bot.html)"
213.230.123.43 - - [27/Jul/2026:07:06:41 +0200] "POST /xmlrpc.php HTTP/1.1" 200 50124 "-" "Jetpack by WordPress.com"
66.249.76.226 - - [27/Jul/2026:07:06:40 +0200] "GET /online/1PD27630-Ensemble-De-4-Norme-ECE-R90-Sans-Capteur-1147666 HTTP/1.1" 200 99711 "-" "Mozilla/5.0 (Linux; Android 6.0.1; Nexus 5X Build/MMB29P) AppleWebKit/537.36 (KHTML, like Gecko) Chrome/150.0.7871.128 Mobile Safari/537.36 (compatible; Googlebot/2.1; +http://www.google.com/bot.html)"
66.249.70.98 - - [27/Jul/2026:07:06:41 +0200] "GET /online/Chemin-De-Table-Guirlande-De-No-l-35-6-X-274-3-Cm-800456 HTTP/1.1" 200 99947 "-" "Mozilla/5.0 (Linux; Android 6.0.1; Nexus 5X Build/MMB29P) AppleWebKit/537.36 (KHTML, like Gecko) Chrome/150.0.7871.128 Mobile Safari/537.36 (compatible; Googlebot/2.1; +http://www.google.com/bot.html)"
57.141.0.11 - - [27/Jul/2026:07:06:42 +0200] "GET /?g=j6o2i2n2e5d281268 HTTP/1.1" 200 50120 "-" "Mozilla/5.0 (Windows NT 10.0; Win64; x64) AppleWebKit/537.36 (KHTML, like Gecko) Chrome/145.0.0.0 Safari/537.36 (compatible; meta-externalagent/1.1 (+https://developers.facebook.com/docs/sharing/webmasters/crawler))"
66.249.76.224 - - [27/Jul/2026:07:06:41 +0200] "GET /online/Verres-En-Plastique-Dur-DOJA-Barcelona-40cl-Transparent-Pack-631186 HTTP/1.1" 200 99858 "-" "Mozilla/5.0 (Linux; Android 6.0.1; Nexus 5X Build/MMB29P) AppleWebKit/537.36 (KHTML, like Gecko) Chrome/150.0.7871.128 Mobile Safari/537.36 (compatible; Googlebot/2.1; +http://www.google.com/bot.html)"
66.249.70.98 - - [27/Jul/2026:07:06:43 +0200] "GET /?g=e8d1u7l2c3o2r7a5t2i4n8g HTTP/1.1" 200 8801 "-" "Mozilla/5.0 (Linux; Android 6.0.1; Nexus 5X Build/MMB29P) AppleWebKit/537.36 (KHTML, like Gecko) Chrome/150.0.7871.128 Mobile Safari/537.36 (compatible; Googlebot/2.1; +http://www.google.com/bot.html)"
66.249.70.110 - - [27/Jul/2026:07:06:42 +0200] "GET /online/Stadt-Name-Urlaubsreif-Le-Jeu-De-Cartes-Vacances-Parfait-830584 HTTP/1.1" 200 100092 "-" "Mozilla/5.0 (Linux; Android 6.0.1; Nexus 5X Build/MMB29P) AppleWebKit/537.36 (KHTML, like Gecko) Chrome/150.0.7871.128 Mobile Safari/537.36 (compatible; Googlebot/2.1; +http://www.google.com/bot.html)"
66.249.70.100 - - [27/Jul/2026:07:06:43 +0200] "GET /bouncingly/s5m4y9r3n9i3u5m225 HTTP/1.1" 200 8801 "-" "Mozilla/5.0 (Linux; Android 6.0.1; Nexus 5X Build/MMB29P) AppleWebKit/537.36 (KHTML, like Gecko) Chrome/150.0.7871.128 Mobile Safari/537.36 (compatible; Googlebot/2.1; +http://www.google.com/bot.html)"
66.249.70.100 - - [27/Jul/2026:07:06:43 +0200] "GET /?g=l1a1n2c1e6d040683 HTTP/1.1" 200 8801 "-" "Mozilla/5.0 (Linux; Android 6.0.1; Nexus 5X Build/MMB29P) AppleWebKit/537.36 (KHTML, like Gecko) Chrome/150.0.7871.128 Mobile Safari/537.36 (compatible; Googlebot/2.1; +http://www.google.com/bot.html)"
66.249.70.97 - - [27/Jul/2026:07:06:44 +0200] "GET /?g=e7r1r7o2r5i6s1t0260 HTTP/1.1" 200 8801 "-" "Mozilla/5.0 (Linux; Android 6.0.1; Nexus 5X Build/MMB29P) AppleWebKit/537.36 (KHTML, like Gecko) Chrome/150.0.7871.128 Mobile Safari/537.36 (compatible; Googlebot/2.1; +http://www.google.com/bot.html)"
66.249.70.104 - - [27/Jul/2026:07:06:43 +0200] "GET /online/Rose-Suspendre-Attrape-Soleil-En-Verre-Teint-20x20-Cm-613297 HTTP/1.1" 200 99361 "-" "Mozilla/5.0 (Linux; Android 6.0.1; Nexus 5X Build/MMB29P) AppleWebKit/537.36 (KHTML, like Gecko) Chrome/150.0.7871.128 Mobile Safari/537.36 (compatible; Googlebot/2.1; +http://www.google.com/bot.html)"
66.249.76.228 - - [27/Jul/2026:07:06:45 +0200] "GET /?g=f4a2r9d3i5n7g0d7e8a3l8 HTTP/1.1" 200 8800 "-" "Mozilla/5.0 (Linux; Android 6.0.1; Nexus 5X Build/MMB29P) AppleWebKit/537.36 (KHTML, like Gecko) Chrome/150.0.7871.128 Mobile Safari/537.36 (compatible; Googlebot/2.1; +http://www.google.com/bot.html)"
66.249.76.230 - - [27/Jul/2026:07:06:44 +0200] "GET /online/IV-Motif-Po-me-Feuille-Coupe-Regular-Noir-XXL-605732 HTTP/1.1" 200 100172 "-" "Mozilla/5.0 (Linux; Android 6.0.1; Nexus 5X Build/MMB29P) AppleWebKit/537.36 (KHTML, like Gecko) Chrome/150.0.7871.128 Mobile Safari/537.36 (compatible; Googlebot/2.1; +http://www.google.com/bot.html)"
207.46.13.9 - - [27/Jul/2026:07:06:45 +0200] "GET /online/ASKON-Kama-Isolation-Joints-De-Pl-tre-30-Mm-X-3-Mm-X-30-M-913039 HTTP/1.1" 200 100108 "-" "Mozilla/5.0 AppleWebKit/537.36 (KHTML, like Gecko; compatible; bingbot/2.0; +http://www.bing.com/bingbot.htm) Chrome/116.0.1938.76 Safari/537.36"
66.249.76.224 - - [27/Jul/2026:07:06:46 +0200] "GET /?g=c7o1r2r4e2c0t1i5t1u6de HTTP/1.1" 200 8799 "-" "Mozilla/5.0 (Linux; Android 6.0.1; Nexus 5X Build/MMB29P) AppleWebKit/537.36 (KHTML, like Gecko) Chrome/150.0.7871.128 Mobile Safari/537.36 (compatible; Googlebot/2.1; +http://www.google.com/bot.html)"
66.249.70.100 - - [27/Jul/2026:07:06:46 +0200] "GET /online/Tuya-Capteur-Temp-rature-humidit-Application-Smart-Life-971653 HTTP/1.1" 200 100360 "-" "Mozilla/5.0 (Linux; Android 6.0.1; Nexus 5X Build/MMB29P) AppleWebKit/537.36 (KHTML, like Gecko) Chrome/150.0.7871.128 Mobile Safari/537.36 (compatible; Googlebot/2.1; +http://www.google.com/bot.html)"
122.160.13.186 - - [27/Jul/2026:07:06:47 +0200] "POST /xmlrpc.php HTTP/1.1" 200 50124 "-" "Jetpack by WordPress.com (Jetpack 12.0; WordPress 6.3)"
200.123.36.21 - - [27/Jul/2026:07:06:48 +0200] "POST /xmlrpc.php HTTP/1.1" 200 50123 "-" "Mozilla/5.0 (Windows NT 6.2; x64) AppleWebKit/537.36 (KHTML, like Gecko) Firefox/100.0.0.0 Safari/537.36"
66.249.70.102 - - [27/Jul/2026:07:06:48 +0200] "GET /?g=s5o8m0b6r7o1u0s1n9e6ss HTTP/1.1" 200 8801 "-" "Mozilla/5.0 (Linux; Android 6.0.1; Nexus 5X Build/MMB29P) AppleWebKit/537.36 (KHTML, like Gecko) Chrome/150.0.7871.128 Mobile Safari/537.36 (compatible; Googlebot/2.1; +http://www.google.com/bot.html)"
66.249.70.103 - - [27/Jul/2026:07:06:47 +0200] "GET /online/Push-up-SUSA-Pour-Femme-Blanc-Dentelle-Jacquard-Rembourrage-528069 HTTP/1.1" 200 100200 "-" "Mozilla/5.0 (Linux; Android 6.0.1; Nexus 5X Build/MMB29P) AppleWebKit/537.36 (KHTML, like Gecko) Chrome/150.0.7871.128 Mobile Safari/537.36 (compatible; Googlebot/2.1; +http://www.google.com/bot.html)"
66.249.76.228 - - [27/Jul/2026:07:06:49 +0200] "GET /?g=d5i2s5p5a7t1h4y1266 HTTP/1.1" 200 8800 "-" "Mozilla/5.0 (Linux; Android 6.0.1; Nexus 5X Build/MMB29P) AppleWebKit/537.36 (KHTML, like Gecko) Chrome/150.0.7871.128 Mobile Safari/537.36 (compatible; Googlebot/2.1; +http://www.google.com/bot.html)"
66.249.70.103 - - [27/Jul/2026:07:06:48 +0200] "GET /online/Longueur-15-Cm-Fermeture-Magn-tique-Rembourr-Protection-981937 HTTP/1.1" 200 99961 "-" "Mozilla/5.0 (Linux; Android 6.0.1; Nexus 5X Build/MMB29P) AppleWebKit/537.36 (KHTML, like Gecko) Chrome/150.0.7871.128 Mobile Safari/537.36 (compatible; Googlebot/2.1; +http://www.google.com/bot.html)"
66.249.70.97 - - [27/Jul/2026:07:06:49 +0200] "GET /online/Transparente-Kawaii-Boxwizard-Grande-Capacit-5-Compartiments-807849 HTTP/1.1" 200 99835 "-" "Mozilla/5.0 (Linux; Android 6.0.1; Nexus 5X Build/MMB29P) AppleWebKit/537.36 (KHTML, like Gecko) Chrome/150.0.7871.128 Mobile Safari/537.36 (compatible; Googlebot/2.1; +http://www.google.com/bot.html)"
66.249.76.237 - - [27/Jul/2026:07:06:50 +0200] "GET /?g=r4h2o3d7a7n4a8t7e190 HTTP/1.1" 200 8800 "-" "Mozilla/5.0 (Linux; Android 6.0.1; Nexus 5X Build/MMB29P) AppleWebKit/537.36 (KHTML, like Gecko) Chrome/150.0.7871.128 Mobile Safari/537.36 (compatible; Googlebot/2.1; +http://www.google.com/bot.html)"
66.249.70.103 - - [27/Jul/2026:07:06:50 +0200] "GET /online/Argent-Sterling-925-Laimons-Brillant-Sans-Pierre-368258 HTTP/1.1" 200 100345 "-" "Mozilla/5.0 (Linux; Android 6.0.1; Nexus 5X Build/MMB29P) AppleWebKit/537.36 (KHTML, like Gecko) Chrome/150.0.7871.128 Mobile Safari/537.36 (compatible; Googlebot/2.1; +http://www.google.com/bot.html)"
213.230.123.43 - - [27/Jul/2026:07:06:52 +0200] "POST /xmlrpc.php HTTP/1.1" 200 50124 "-" "Jetpack by WordPress.com (Jetpack 12.0; WordPress 6.3)"
66.249.76.232 - - [27/Jul/2026:07:06:51 +0200] "GET /online/Bear-039-A-Whole-Year-More-Amazing-039-Format-6x5-Pouces-1251359 HTTP/1.1" 200 99976 "-" "Mozilla/5.0 (Linux; Android 6.0.1; Nexus 5X Build/MMB29P) AppleWebKit/537.36 (KHTML, like Gecko) Chrome/150.0.7871.128 Mobile Safari/537.36 (compatible; Googlebot/2.1; +http://www.google.com/bot.html)"
66.249.70.108 - - [27/Jul/2026:07:06:50 +0200] "GET /online/R-tro-Satellite-100-Coton-Taille-XXL-757934 HTTP/1.1" 200 100151 "-" "Mozilla/5.0 (Linux; Android 6.0.1; Nexus 5X Build/MMB29P) AppleWebKit/537.36 (KHTML, like Gecko) Chrome/150.0.7871.128 Mobile Safari/537.36 (compatible; Googlebot/2.1; +http://www.google.com/bot.html)"
66.249.76.233 - - [27/Jul/2026:07:06:52 +0200] "GET /?g=i2n2t0e7r5m9i0t5t9i5n9gly HTTP/1.1" 200 8800 "-" "Mozilla/5.0 (Linux; Android 6.0.1; Nexus 5X Build/MMB29P) AppleWebKit/537.36 (KHTML, like Gecko) Chrome/150.0.7871.128 Mobile Safari/537.36 (compatible; Googlebot/2.1; +http://www.google.com/bot.html)"
66.249.70.103 - - [27/Jul/2026:07:06:53 +0200] "GET /?g=s0p4h4a1c4e9l6a8t9i7ng HTTP/1.1" 200 8801 "-" "Mozilla/5.0 (Linux; Android 6.0.1; Nexus 5X Build/MMB29P) AppleWebKit/537.36 (KHTML, like Gecko) Chrome/150.0.7871.128 Mobile Safari/537.36 (compatible; Googlebot/2.1; +http://www.google.com/bot.html)"
66.249.76.225 - - [27/Jul/2026:07:06:52 +0200] "GET /online/Cheveux-Seeberger-Flowerbijou-Avec-Fleurs-3D-Gris-Clair-554921 HTTP/1.1" 200 99505 "-" "Mozilla/5.0 (Linux; Android 6.0.1; Nexus 5X Build/MMB29P) AppleWebKit/537.36 (KHTML, like Gecko) Chrome/150.0.7871.128 Mobile Safari/537.36 (compatible; Googlebot/2.1; +http://www.google.com/bot.html)"
66.249.70.105 - - [27/Jul/2026:07:06:52 +0200] "GET /online/Pivoines-Roses-Aquarelle-30-5x40-6-Cm-Avec-Cadre-Bois-D-co-943545 HTTP/1.1" 200 100339 "-" "Mozilla/5.0 (Linux; Android 6.0.1; Nexus 5X Build/MMB29P) AppleWebKit/537.36 (KHTML, like Gecko) Chrome/150.0.7871.128 Mobile Safari/537.36 (compatible; Googlebot/2.1; +http://www.google.com/bot.html)"
66.249.76.233 - - [27/Jul/2026:07:06:55 +0200] "GET /?g=w4o3o5d8s7t6o5n7e478 HTTP/1.1" 200 8800 "-" "Mozilla/5.0 (Linux; Android 6.0.1; Nexus 5X Build/MMB29P) AppleWebKit/537.36 (KHTML, like Gecko) Chrome/150.0.7871.128 Mobile Safari/537.36 (compatible; Googlebot/2.1; +http://www.google.com/bot.html)"
66.249.70.98 - - [27/Jul/2026:07:06:54 +0200] "GET /online/ombrage-135-G-m-Pour-Cl-ture-Balcon-Terrasse-934992 HTTP/1.1" 200 99796 "-" "Mozilla/5.0 (Linux; Android 6.0.1; Nexus 5X Build/MMB29P) AppleWebKit/537.36 (KHTML, like Gecko) Chrome/150.0.7871.128 Mobile Safari/537.36 (compatible; Googlebot/2.1; +http://www.google.com/bot.html)"
66.249.70.102 - - [27/Jul/2026:07:06:54 +0200] "GET /online/Variable-52mm-KF-Concept-ND2-ND400-Pour-Photos-Longue-514521 HTTP/1.1" 200 100604 "-" "Mozilla/5.0 (Linux; Android 6.0.1; Nexus 5X Build/MMB29P) AppleWebKit/537.36 (KHTML, like Gecko) Chrome/150.0.7871.128 Mobile Safari/537.36 (compatible; Googlebot/2.1; +http://www.google.com/bot.html)"
66.249.70.101 - - [27/Jul/2026:07:06:53 +0200] "GET /online/Martens-Pour-Femme-Mod-le-31357538-Cuir-V-ritable-824673 HTTP/1.1" 200 100795 "-" "Mozilla/5.0 (Linux; Android 6.0.1; Nexus 5X Build/MMB29P) AppleWebKit/537.36 (KHTML, like Gecko) Chrome/150.0.7871.128 Mobile Safari/537.36 (compatible; Googlebot/2.1; +http://www.google.com/bot.html)"
66.249.76.237 - - [27/Jul/2026:07:06:56 +0200] "GET /?g=s9a2c2r4e9d4n6e5s6s83 HTTP/1.1" 200 8800 "-" "Mozilla/5.0 (Linux; Android 6.0.1; Nexus 5X Build/MMB29P) AppleWebKit/537.36 (KHTML, like Gecko) Chrome/150.0.7871.128 Mobile Safari/537.36 (compatible; Googlebot/2.1; +http://www.google.com/bot.html)"
66.249.76.225 - - [27/Jul/2026:07:06:56 +0200] "GET /?g=e9k6a8b6o1r78058 HTTP/1.1" 200 8801 "-" "Mozilla/5.0 (Linux; Android 6.0.1; Nexus 5X Build/MMB29P) AppleWebKit/537.36 (KHTML, like Gecko) Chrome/150.0.7871.128 Mobile Safari/537.36 (compatible; Googlebot/2.1; +http://www.google.com/bot.html)"
66.249.70.98 - - [27/Jul/2026:07:06:55 +0200] "GET /online/Mini-D-coratif-Nora-Fleming-039-Feu-De-Camp-039-Peint-559650 HTTP/1.1" 200 100146 "-" "Mozilla/5.0 (Linux; Android 6.0.1; Nexus 5X Build/MMB29P) AppleWebKit/537.36 (KHTML, like Gecko) Chrome/150.0.7871.128 Mobile Safari/537.36 (compatible; Googlebot/2.1; +http://www.google.com/bot.html)"
66.249.70.99 - - [27/Jul/2026:07:06:57 +0200] "GET /?g=t7e2n6a4c7u5l8u3m3s17 HTTP/1.1" 200 8801 "-" "Mozilla/5.0 (Linux; Android 6.0.1; Nexus 5X Build/MMB29P) AppleWebKit/537.36 (KHTML, like Gecko) Chrome/150.0.7871.128 Mobile Safari/537.36 (compatible; Googlebot/2.1; +http://www.google.com/bot.html)"
66.249.70.97 - - [27/Jul/2026:07:06:56 +0200] "GET /online/Ma-tre-cylindre-De-Frein-Neuf-Dorman-M64822-Pi-ce-Auto-100-1067752 HTTP/1.1" 200 100592 "-" "Mozilla/5.0 (Linux; Android 6.0.1; Nexus 5X Build/MMB29P) AppleWebKit/537.36 (KHTML, like Gecko) Chrome/150.0.7871.128 Mobile Safari/537.36 (compatible; Googlebot/2.1; +http://www.google.com/bot.html)"
66.249.70.105 - - [27/Jul/2026:07:06:57 +0200] "GET /online/Bois-Pour-Stylos-plume-PandaHall-Fen-tre-En-Verre-Doublure-1256694 HTTP/1.1" 200 99718 "-" "Mozilla/5.0 (Linux; Android 6.0.1; Nexus 5X Build/MMB29P) AppleWebKit/537.36 (KHTML, like Gecko) Chrome/150.0.7871.128 Mobile Safari/537.36 (compatible; Googlebot/2.1; +http://www.google.com/bot.html)"
122.160.13.186 - - [27/Jul/2026:07:06:58 +0200] "POST /xmlrpc.php HTTP/1.1" 200 50124 "-" "WordPress.com; https://wordpress.com"
200.123.36.21 - - [27/Jul/2026:07:07:01 +0200] "POST /xmlrpc.php HTTP/1.1" 200 50123 "-" "Mozilla/5.0 (Windows NT 6.2; x86) AppleWebKit/537.36 (KHTML, like Gecko) Firefox/87.0.0.0 Safari/537.36"
66.249.76.227 - - [27/Jul/2026:07:07:00 +0200] "GET /online/Bouquet-De-20-Tulipes-Artificielles-Blanches-ENOVA-FLORAL-Avec-920660 HTTP/1.1" 200 100760 "-" "Mozilla/5.0 (Linux; Android 6.0.1; Nexus 5X Build/MMB29P) AppleWebKit/537.36 (KHTML, like Gecko) Chrome/150.0.7871.128 Mobile Safari/537.36 (compatible; Googlebot/2.1; +http://www.google.com/bot.html)"
213.230.123.43 - - [27/Jul/2026:07:07:02 +0200] "POST /xmlrpc.php HTTP/1.1" 200 50124 "-" "Jetpack by WordPress.com (Jetpack 12.0; WordPress 6.4)"
57.141.0.27 - - [27/Jul/2026:07:07:03 +0200] "GET /?g=s6n2i6v9e1l5l1e6d131 HTTP/1.1" 200 50120 "-" "Mozilla/5.0 (Windows NT 10.0; Win64; x64) AppleWebKit/537.36 (KHTML, like Gecko) Chrome/145.0.0.0 Safari/537.36 (compatible; meta-externalagent/1.1 (+https://developers.facebook.com/docs/sharing/webmasters/crawler))"
57.141.0.36 - - [27/Jul/2026:07:07:04 +0200] "GET /?g=h6o2m9e5l9i7e2s4t360 HTTP/1.1" 200 50120 "-" "Mozilla/5.0 (Windows NT 10.0; Win64; x64) AppleWebKit/537.36 (KHTML, like Gecko) Chrome/145.0.0.0 Safari/537.36 (compatible; meta-externalagent/1.1 (+https://developers.facebook.com/docs/sharing/webmasters/crawler))"
66.249.70.96 - - [27/Jul/2026:07:07:06 +0200] "GET /?g=s4w1a0g6g2e9r06462 HTTP/1.1" 200 8801 "-" "Mozilla/5.0 (Linux; Android 6.0.1; Nexus 5X Build/MMB29P) AppleWebKit/537.36 (KHTML, like Gecko) Chrome/150.0.7871.128 Mobile Safari/537.36 (compatible; Googlebot/2.1; +http://www.google.com/bot.html)"
122.160.13.186 - - [27/Jul/2026:07:07:09 +0200] "POST /xmlrpc.php HTTP/1.1" 200 50124 "-" "Jetpack by WordPress.com"
