66.249.70.110 - - [27/Jul/2026:07:11:23 +0200] "GET /?g=p0o3l3y6s0y7l6l1a4b0i2cism HTTP/1.1" 200 8799 "-" "Mozilla/5.0 (Linux; Android 6.0.1; Nexus 5X Build/MMB29P) AppleWebKit/537.36 (KHTML, like Gecko) Chrome/150.0.7871.128 Mobile Safari/537.36 (compatible; Googlebot/2.1; +http://www.google.com/bot.html)"
66.249.70.109 - - [27/Jul/2026:07:11:21 +0200] "GET /?g=i4m4p2o2s1t3o5r4s9h7i5p HTTP/1.1" 200 8801 "-" "Mozilla/5.0 (Linux; Android 6.0.1; Nexus 5X Build/MMB29P) AppleWebKit/537.36 (KHTML, like Gecko) Chrome/150.0.7871.128 Mobile Safari/537.36 (compatible; Googlebot/2.1; +http://www.google.com/bot.html)"
66.249.70.109 - - [27/Jul/2026:07:11:23 +0200] "GET /?g=c7o6n1g8l9o7b4a5t9i6ng HTTP/1.1" 200 8801 "-" "Mozilla/5.0 (Linux; Android 6.0.1; Nexus 5X Build/MMB29P) AppleWebKit/537.36 (KHTML, like Gecko) Chrome/150.0.7871.128 Mobile Safari/537.36 (compatible; Googlebot/2.1; +http://www.google.com/bot.html)"
66.249.70.110 - - [27/Jul/2026:07:11:23 +0200] "GET /?g=r7o7b7b6i1n51381 HTTP/1.1" 200 8799 "-" "Mozilla/5.0 (Linux; Android 6.0.1; Nexus 5X Build/MMB29P) AppleWebKit/537.36 (KHTML, like Gecko) Chrome/150.0.7871.128 Mobile Safari/537.36 (compatible; Googlebot/2.1; +http://www.google.com/bot.html)"
66.249.70.110 - - [27/Jul/2026:07:11:23 +0200] "GET /?g=f2e4r2m7e7n5t8a9t9i9v5eness HTTP/1.1" 200 8799 "-" "Mozilla/5.0 (Linux; Android 6.0.1; Nexus 5X Build/MMB29P) AppleWebKit/537.36 (KHTML, like Gecko) Chrome/150.0.7871.128 Mobile Safari/537.36 (compatible; Googlebot/2.1; +http://www.google.com/bot.html)"
66.249.70.109 - - [27/Jul/2026:07:11:22 +0200] "GET /?g=t4h1e9o4p6h1i5l9a5n8thropic HTTP/1.1" 200 8801 "-" "Mozilla/5.0 (Linux; Android 6.0.1; Nexus 5X Build/MMB29P) AppleWebKit/537.36 (KHTML, like Gecko) Chrome/150.0.7871.128 Mobile Safari/537.36 (compatible; Googlebot/2.1; +http://www.google.com/bot.html)"
66.249.70.110 - - [27/Jul/2026:07:11:24 +0200] "GET /?materialization/63436602604 HTTP/1.1" 200 8799 "-" "Mozilla/5.0 (Linux; Android 6.0.1; Nexus 5X Build/MMB29P) AppleWebKit/537.36 (KHTML, like Gecko) Chrome/150.0.7871.128 Mobile Safari/537.36 (compatible; Googlebot/2.1; +http://www.google.com/bot.html)"
66.249.76.237 - - [27/Jul/2026:07:11:24 +0200] "GET /?g=f9i3l4t9h0i7n2e8s2s50 HTTP/1.1" 200 8800 "-" "Mozilla/5.0 (Linux; Android 6.0.1; Nexus 5X Build/MMB29P) AppleWebKit/537.36 (KHTML, like Gecko) Chrome/150.0.7871.128 Mobile Safari/537.36 (compatible; Googlebot/2.1; +http://www.google.com/bot.html)"
57.141.0.4 - - [27/Jul/2026:07:11:24 +0200] "GET /shops/crocheting/s1u1b1m0i3s8s1i0v5e7n3ess HTTP/1.1" 200 50119 "-" "Mozilla/5.0 (Windows NT 10.0; Win64; x64) AppleWebKit/537.36 (KHTML, like Gecko) Chrome/145.0.0.0 Safari/537.36 (compatible; meta-externalagent/1.1 (+https://developers.facebook.com/docs/sharing/webmasters/crawler))"
66.249.76.237 - - [27/Jul/2026:07:11:25 +0200] "GET /?g=s6c1a0n3t4l3i1n9g923 HTTP/1.1" 200 8800 "-" "Mozilla/5.0 (Linux; Android 6.0.1; Nexus 5X Build/MMB29P) AppleWebKit/537.36 (KHTML, like Gecko) Chrome/150.0.7871.128 Mobile Safari/537.36 (compatible; Googlebot/2.1; +http://www.google.com/bot.html)"
66.249.70.109 - - [27/Jul/2026:07:11:26 +0200] "GET /?g=s0c3a9r3l0e0t2b5r1e5a3sted HTTP/1.1" 200 8801 "-" "Mozilla/5.0 (Linux; Android 6.0.1; Nexus 5X Build/MMB29P) AppleWebKit/537.36 (KHTML, like Gecko) Chrome/150.0.7871.128 Mobile Safari/537.36 (compatible; Googlebot/2.1; +http://www.google.com/bot.html)"
66.249.70.96 - - [27/Jul/2026:07:11:26 +0200] "GET /?g=f3l3i9n4t4h8e0a4r1t1e1d HTTP/1.1" 200 8801 "-" "Mozilla/5.0 (Linux; Android 6.0.1; Nexus 5X Build/MMB29P) AppleWebKit/537.36 (KHTML, like Gecko) Chrome/150.0.7871.128 Mobile Safari/537.36 (compatible; Googlebot/2.1; +http://www.google.com/bot.html)"
66.249.76.238 - - [27/Jul/2026:07:11:26 +0200] "GET /?g=b2e4l3a5t1e8d5n4e1s2s HTTP/1.1" 200 8800 "-" "Mozilla/5.0 (Linux; Android 6.0.1; Nexus 5X Build/MMB29P) AppleWebKit/537.36 (KHTML, like Gecko) Chrome/150.0.7871.128 Mobile Safari/537.36 (compatible; Googlebot/2.1; +http://www.google.com/bot.html)"
66.249.76.238 - - [27/Jul/2026:07:11:26 +0200] "GET /?malmock/62726013274 HTTP/1.1" 200 8800 "-" "Mozilla/5.0 (Linux; Android 6.0.1; Nexus 5X Build/MMB29P) AppleWebKit/537.36 (KHTML, like Gecko) Chrome/150.0.7871.128 Mobile Safari/537.36 (compatible; Googlebot/2.1; +http://www.google.com/bot.html)"
66.249.76.224 - - [27/Jul/2026:07:11:26 +0200] "GET /?bobbysocker/0995542835 HTTP/1.1" 200 8799 "-" "Mozilla/5.0 (Linux; Android 6.0.1; Nexus 5X Build/MMB29P) AppleWebKit/537.36 (KHTML, like Gecko) Chrome/150.0.7871.128 Mobile Safari/537.36 (compatible; Googlebot/2.1; +http://www.google.com/bot.html)"
66.249.70.109 - - [27/Jul/2026:07:11:27 +0200] "GET /?sicilian/02948338930 HTTP/1.1" 200 8801 "-" "Mozilla/5.0 (Linux; Android 6.0.1; Nexus 5X Build/MMB29P) AppleWebKit/537.36 (KHTML, like Gecko) Chrome/150.0.7871.128 Mobile Safari/537.36 (compatible; Googlebot/2.1; +http://www.google.com/bot.html)"
66.249.70.110 - - [27/Jul/2026:07:11:27 +0200] "GET /?postdiluvial/83378343902 HTTP/1.1" 200 8799 "-" "Mozilla/5.0 (Linux; Android 6.0.1; Nexus 5X Build/MMB29P) AppleWebKit/537.36 (KHTML, like Gecko) Chrome/150.0.7871.128 Mobile Safari/537.36 (compatible; Googlebot/2.1; +http://www.google.com/bot.html)"
122.160.13.186 - - [27/Jul/2026:07:11:27 +0200] "POST /xmlrpc.php HTTP/1.1" 200 50124 "-" "WordPress.com; https://wordpress.com"
66.249.70.110 - - [27/Jul/2026:07:11:27 +0200] "GET /?g=r3e3a6d3o7r8n63616 HTTP/1.1" 200 8799 "-" "Mozilla/5.0 (Linux; Android 6.0.1; Nexus 5X Build/MMB29P) AppleWebKit/537.36 (KHTML, like Gecko) Chrome/150.0.7871.128 Mobile Safari/537.36 (compatible; Googlebot/2.1; +http://www.google.com/bot.html)"
213.230.123.43 - - [27/Jul/2026:07:11:28 +0200] "POST /xmlrpc.php HTTP/1.1" 200 50124 "-" "Jetpack by WordPress.com"
66.249.76.238 - - [27/Jul/2026:07:11:28 +0200] "GET /online/En-Lin-Pour-Femme-Motif-Floral-Taille-Haute-lastiqu-e-500382 HTTP/1.1" 200 100289 "-" "Mozilla/5.0 (Linux; Android 6.0.1; Nexus 5X Build/MMB29P) AppleWebKit/537.36 (KHTML, like Gecko) Chrome/150.0.7871.128 Mobile Safari/537.36 (compatible; Googlebot/2.1; +http://www.google.com/bot.html)"
174.168.10.208 - - [27/Jul/2026:07:11:30 +0200] "POST /xmlrpc.php HTTP/1.1" 200 50124 "-" "Jetpack by WordPress.com (Jetpack 13.0; WordPress 6.4)"
66.249.70.96 - - [27/Jul/2026:07:11:34 +0200] "GET /?g=p3a3l6m4i5n6g13408 HTTP/1.1" 200 8801 "-" "Mozilla/5.0 (Linux; Android 6.0.1; Nexus 5X Build/MMB29P) AppleWebKit/537.36 (KHTML, like Gecko) Chrome/150.0.7871.128 Mobile Safari/537.36 (compatible; Googlebot/2.1; +http://www.google.com/bot.html)"
57.141.0.31 - - [27/Jul/2026:07:11:34 +0200] "GET /?g=c6h1l0a7m8y9d3o3m6o5n2adaceae HTTP/1.1" 200 50120 "-" "Mozilla/5.0 (Windows NT 10.0; Win64; x64) AppleWebKit/537.36 (KHTML, like Gecko) Chrome/145.0.0.0 Safari/537.36 (compatible; meta-externalagent/1.1 (+https://developers.facebook.com/docs/sharing/webmasters/crawler))"
122.160.13.186 - - [27/Jul/2026:07:11:38 +0200] "POST /xmlrpc.php HTTP/1.1" 200 50124 "-" "Jetpack by WordPress.com"
66.249.70.110 - - [27/Jul/2026:07:11:38 +0200] "GET /?g=b5i9n9o4c6u6l7a2r8l9y HTTP/1.1" 200 8799 "-" "Mozilla/5.0 (Linux; Android 6.0.1; Nexus 5X Build/MMB29P) AppleWebKit/537.36 (KHTML, like Gecko) Chrome/150.0.7871.128 Mobile Safari/537.36 (compatible; Googlebot/2.1; +http://www.google.com/bot.html)"
213.230.123.43 - - [27/Jul/2026:07:11:39 +0200] "POST /xmlrpc.php HTTP/1.1" 200 50124 "-" "Jetpack by WordPress.com (Jetpack 12.0; WordPress 6.1)"
66.249.70.109 - - [27/Jul/2026:07:11:39 +0200] "GET /?g=a5d2m7o2n5i8s2h3m2e3n4t HTTP/1.1" 200 8801 "-" "Mozilla/5.0 (Linux; Android 6.0.1; Nexus 5X Build/MMB29P) AppleWebKit/537.36 (KHTML, like Gecko) Chrome/150.0.7871.128 Mobile Safari/537.36 (compatible; Googlebot/2.1; +http://www.google.com/bot.html)"
174.168.10.208 - - [27/Jul/2026:07:11:40 +0200] "POST /xmlrpc.php HTTP/1.1" 200 50124 "-" "Jetpack/12.0; WordPress/6.4; http://site72659250.com"
66.249.70.96 - - [27/Jul/2026:07:11:41 +0200] "GET /?g=s0e2c0r9e2t0a4g6e731 HTTP/1.1" 200 8801 "-" "Mozilla/5.0 (Linux; Android 6.0.1; Nexus 5X Build/MMB29P) AppleWebKit/537.36 (KHTML, like Gecko) Chrome/150.0.7871.128 Mobile Safari/537.36 (compatible; Googlebot/2.1; +http://www.google.com/bot.html)"
66.249.76.224 - - [27/Jul/2026:07:11:42 +0200] "GET /?g=a9n3t7i1m6e5t4e0r750 HTTP/1.1" 200 8799 "-" "Mozilla/5.0 (Linux; Android 6.0.1; Nexus 5X Build/MMB29P) AppleWebKit/537.36 (KHTML, like Gecko) Chrome/150.0.7871.128 Mobile Safari/537.36 (compatible; Googlebot/2.1; +http://www.google.com/bot.html)"
66.249.70.96 - - [27/Jul/2026:07:11:42 +0200] "GET /?g=f5u1l9l0a0m207197 HTTP/1.1" 200 8801 "-" "Mozilla/5.0 (Linux; Android 6.0.1; Nexus 5X Build/MMB29P) AppleWebKit/537.36 (KHTML, like Gecko) Chrome/150.0.7871.128 Mobile Safari/537.36 (compatible; Googlebot/2.1; +http://www.google.com/bot.html)"
66.249.70.96 - - [27/Jul/2026:07:11:42 +0200] "GET /?surpassed/22380191693 HTTP/1.1" 200 8801 "-" "Mozilla/5.0 (Linux; Android 6.0.1; Nexus 5X Build/MMB29P) AppleWebKit/537.36 (KHTML, like Gecko) Chrome/150.0.7871.128 Mobile Safari/537.36 (compatible; Googlebot/2.1; +http://www.google.com/bot.html)"
66.249.70.109 - - [27/Jul/2026:07:11:43 +0200] "GET /?g=g3o3n8y4d3i6a4l3403 HTTP/1.1" 200 8801 "-" "Mozilla/5.0 (Linux; Android 6.0.1; Nexus 5X Build/MMB29P) AppleWebKit/537.36 (KHTML, like Gecko) Chrome/150.0.7871.128 Mobile Safari/537.36 (compatible; Googlebot/2.1; +http://www.google.com/bot.html)"
66.249.70.109 - - [27/Jul/2026:07:11:43 +0200] "GET /?g=i5r9r8e5v2e2r4s4i7b6leness HTTP/1.1" 200 8801 "-" "Mozilla/5.0 (Linux; Android 6.0.1; Nexus 5X Build/MMB29P) AppleWebKit/537.36 (KHTML, like Gecko) Chrome/150.0.7871.128 Mobile Safari/537.36 (compatible; Googlebot/2.1; +http://www.google.com/bot.html)"
66.249.70.110 - - [27/Jul/2026:07:11:44 +0200] "GET /?g=b6l3a7s5t9m5e2n7t126 HTTP/1.1" 200 8799 "-" "Mozilla/5.0 (Linux; Android 6.0.1; Nexus 5X Build/MMB29P) AppleWebKit/537.36 (KHTML, like Gecko) Chrome/150.0.7871.128 Mobile Safari/537.36 (compatible; Googlebot/2.1; +http://www.google.com/bot.html)"
66.249.70.109 - - [27/Jul/2026:07:11:44 +0200] "GET /?g=b0i3r6t4h2r2i7g1h3t13 HTTP/1.1" 200 8801 "-" "Mozilla/5.0 (Linux; Android 6.0.1; Nexus 5X Build/MMB29P) AppleWebKit/537.36 (KHTML, like Gecko) Chrome/150.0.7871.128 Mobile Safari/537.36 (compatible; Googlebot/2.1; +http://www.google.com/bot.html)"
66.249.70.110 - - [27/Jul/2026:07:11:44 +0200] "GET /?g=f2a1l9s8i4f8i2a0b3l7e6 HTTP/1.1" 200 8799 "-" "Mozilla/5.0 (Linux; Android 6.0.1; Nexus 5X Build/MMB29P) AppleWebKit/537.36 (KHTML, like Gecko) Chrome/150.0.7871.128 Mobile Safari/537.36 (compatible; Googlebot/2.1; +http://www.google.com/bot.html)"
66.249.70.109 - - [27/Jul/2026:07:11:45 +0200] "GET /?g=e2m2i2c8t2o5r2y2265 HTTP/1.1" 200 8801 "-" "Mozilla/5.0 (Linux; Android 6.0.1; Nexus 5X Build/MMB29P) AppleWebKit/537.36 (KHTML, like Gecko) Chrome/150.0.7871.128 Mobile Safari/537.36 (compatible; Googlebot/2.1; +http://www.google.com/bot.html)"
57.141.0.13 - - [27/Jul/2026:07:11:45 +0200] "GET /?g=r6e2d0o5u3b1l1e7195 HTTP/1.1" 200 50120 "-" "Mozilla/5.0 (Macintosh; Intel Mac OS X 10_15_7) AppleWebKit/537.36 (KHTML, like Gecko) Chrome/145.0.0.0 Safari/537.36 (compatible; meta-externalagent/1.1 (+https://developers.facebook.com/docs/sharing/webmasters/crawler))"
66.249.76.224 - - [27/Jul/2026:07:11:46 +0200] "GET /?g=o3r3g7a8n1o9m5e5t0a5l0lic HTTP/1.1" 200 8799 "-" "Mozilla/5.0 (Linux; Android 6.0.1; Nexus 5X Build/MMB29P) AppleWebKit/537.36 (KHTML, like Gecko) Chrome/150.0.7871.128 Mobile Safari/537.36 (compatible; Googlebot/2.1; +http://www.google.com/bot.html)"
66.249.70.110 - - [27/Jul/2026:07:11:46 +0200] "GET /?g=i6r2r6i7s4i0b6l5e413 HTTP/1.1" 200 8799 "-" "Mozilla/5.0 (Linux; Android 6.0.1; Nexus 5X Build/MMB29P) AppleWebKit/537.36 (KHTML, like Gecko) Chrome/150.0.7871.128 Mobile Safari/537.36 (compatible; Googlebot/2.1; +http://www.google.com/bot.html)"
66.249.70.97 - - [27/Jul/2026:07:11:47 +0200] "GET /?g=c2o4q0u4i9m3b8i0t0e34 HTTP/1.1" 200 8801 "-" "Mozilla/5.0 (Linux; Android 6.0.1; Nexus 5X Build/MMB29P) AppleWebKit/537.36 (KHTML, like Gecko) Chrome/150.0.7871.128 Mobile Safari/537.36 (compatible; Googlebot/2.1; +http://www.google.com/bot.html)"
66.249.76.224 - - [27/Jul/2026:07:11:48 +0200] "GET /?g=b6l3a5c9k7l5e1t1t7e5r3 HTTP/1.1" 200 8799 "-" "Mozilla/5.0 (Linux; Android 6.0.1; Nexus 5X Build/MMB29P) AppleWebKit/537.36 (KHTML, like Gecko) Chrome/150.0.7871.128 Mobile Safari/537.36 (compatible; Googlebot/2.1; +http://www.google.com/bot.html)"
66.249.70.97 - - [27/Jul/2026:07:11:48 +0200] "GET /?g=i2n2t1r8i4n1s7i6c067 HTTP/1.1" 200 8801 "-" "Mozilla/5.0 (Linux; Android 6.0.1; Nexus 5X Build/MMB29P) AppleWebKit/537.36 (KHTML, like Gecko) Chrome/150.0.7871.128 Mobile Safari/537.36 (compatible; Googlebot/2.1; +http://www.google.com/bot.html)"
66.249.70.110 - - [27/Jul/2026:07:11:48 +0200] "GET /?g=b3a1c5k3h7o3u7s7i0a53 HTTP/1.1" 200 8799 "-" "Mozilla/5.0 (Linux; Android 6.0.1; Nexus 5X Build/MMB29P) AppleWebKit/537.36 (KHTML, like Gecko) Chrome/150.0.7871.128 Mobile Safari/537.36 (compatible; Googlebot/2.1; +http://www.google.com/bot.html)"
122.160.13.186 - - [27/Jul/2026:07:11:49 +0200] "POST /xmlrpc.php HTTP/1.1" 200 50124 "-" "Jetpack by WordPress.com (Jetpack 12.0; WordPress 6.4)"
57.141.0.60 - - [27/Jul/2026:07:11:49 +0200] "GET /?g=u6n1f4i6l0i4a6l4l3y43 HTTP/1.1" 200 50120 "-" "Mozilla/5.0 (Windows NT 10.0; Win64; x64) AppleWebKit/537.36 (KHTML, like Gecko) Chrome/145.0.0.0 Safari/537.36 (compatible; meta-externalagent/1.1 (+https://developers.facebook.com/docs/sharing/webmasters/crawler))"
66.249.70.110 - - [27/Jul/2026:07:11:49 +0200] "GET /?reconcilable/32489758807 HTTP/1.1" 200 8799 "-" "Mozilla/5.0 (Linux; Android 6.0.1; Nexus 5X Build/MMB29P) AppleWebKit/537.36 (KHTML, like Gecko) Chrome/150.0.7871.128 Mobile Safari/537.36 (compatible; Googlebot/2.1; +http://www.google.com/bot.html)"
57.141.0.11 - - [27/Jul/2026:07:11:49 +0200] "GET /?g=b6o8x9h5a7u6l9e6d68 HTTP/1.1" 200 50120 "-" "Mozilla/5.0 (Windows NT 10.0; Win64; x64) AppleWebKit/537.36 (KHTML, like Gecko) Chrome/145.0.0.0 Safari/537.36 (compatible; meta-externalagent/1.1 (+https://developers.facebook.com/docs/sharing/webmasters/crawler))"
66.249.70.97 - - [27/Jul/2026:07:11:49 +0200] "GET /?consultary/6498782429 HTTP/1.1" 200 8801 "-" "Mozilla/5.0 (Linux; Android 6.0.1; Nexus 5X Build/MMB29P) AppleWebKit/537.36 (KHTML, like Gecko) Chrome/150.0.7871.128 Mobile Safari/537.36 (compatible; Googlebot/2.1; +http://www.google.com/bot.html)"
213.230.123.43 - - [27/Jul/2026:07:11:50 +0200] "POST /xmlrpc.php HTTP/1.1" 200 50124 "-" "WordPress.com; https://wordpress.com"
66.249.76.238 - - [27/Jul/2026:07:11:50 +0200] "GET /?falstaffian/9797576036 HTTP/1.1" 200 8800 "-" "Mozilla/5.0 (Linux; Android 6.0.1; Nexus 5X Build/MMB29P) AppleWebKit/537.36 (KHTML, like Gecko) Chrome/150.0.7871.128 Mobile Safari/537.36 (compatible; Googlebot/2.1; +http://www.google.com/bot.html)"
66.249.70.109 - - [27/Jul/2026:07:11:50 +0200] "GET /?g=p5o2t6a2m2o1c4h6o9e1r3us HTTP/1.1" 200 8801 "-" "Mozilla/5.0 (Linux; Android 6.0.1; Nexus 5X Build/MMB29P) AppleWebKit/537.36 (KHTML, like Gecko) Chrome/150.0.7871.128 Mobile Safari/537.36 (compatible; Googlebot/2.1; +http://www.google.com/bot.html)"
174.168.10.208 - - [27/Jul/2026:07:11:51 +0200] "POST /xmlrpc.php HTTP/1.1" 200 50124 "-" "Jetpack/12.5; WordPress/6.1; http://site77429052.com"
66.249.76.225 - - [27/Jul/2026:07:11:51 +0200] "GET /?g=e0t3i1o0l2a9t6e6d719 HTTP/1.1" 200 8801 "-" "Mozilla/5.0 (Linux; Android 6.0.1; Nexus 5X Build/MMB29P) AppleWebKit/537.36 (KHTML, like Gecko) Chrome/150.0.7871.128 Mobile Safari/537.36 (compatible; Googlebot/2.1; +http://www.google.com/bot.html)"
66.249.70.109 - - [27/Jul/2026:07:11:51 +0200] "GET /?g=c8o3o3k7r9o4o5m9074 HTTP/1.1" 200 8801 "-" "Mozilla/5.0 (Linux; Android 6.0.1; Nexus 5X Build/MMB29P) AppleWebKit/537.36 (KHTML, like Gecko) Chrome/150.0.7871.128 Mobile Safari/537.36 (compatible; Googlebot/2.1; +http://www.google.com/bot.html)"
66.249.70.110 - - [27/Jul/2026:07:11:53 +0200] "GET /?g=c5h2a7m9f4e4r8i9n5g23 HTTP/1.1" 200 8799 "-" "Mozilla/5.0 (Linux; Android 6.0.1; Nexus 5X Build/MMB29P) AppleWebKit/537.36 (KHTML, like Gecko) Chrome/150.0.7871.128 Mobile Safari/537.36 (compatible; Googlebot/2.1; +http://www.google.com/bot.html)"
66.249.70.109 - - [27/Jul/2026:07:11:52 +0200] "GET /online/Pour-Harley-Davidson-Sports-Glide-GREAT-BIKERS-GEAR-PVC-488058 HTTP/1.1" 200 100372 "-" "Mozilla/5.0 (Linux; Android 6.0.1; Nexus 5X Build/MMB29P) AppleWebKit/537.36 (KHTML, like Gecko) Chrome/150.0.7871.128 Mobile Safari/537.36 (compatible; Googlebot/2.1; +http://www.google.com/bot.html)"
57.141.0.50 - - [27/Jul/2026:07:11:53 +0200] "GET /?lokasie=/var/www/vhosts/sipek-instalacije.si/httpdocs/robots.txt&loknya=/var/www/vhosts/sipek-instalacije.si/httpdocs HTTP/1.1" 200 9901 "-" "Mozilla/5.0 (Macintosh; Intel Mac OS X 10_15_7) AppleWebKit/537.36 (KHTML, like Gecko) Chrome/145.0.0.0 Safari/537.36 (compatible; meta-externalagent/1.1 (+https://developers.facebook.com/docs/sharing/webmasters/crawler))"
66.249.70.109 - - [27/Jul/2026:07:11:53 +0200] "GET /?g=e2m2p9e4r2y674731 HTTP/1.1" 200 8801 "-" "Mozilla/5.0 (Linux; Android 6.0.1; Nexus 5X Build/MMB29P) AppleWebKit/537.36 (KHTML, like Gecko) Chrome/150.0.7871.128 Mobile Safari/537.36 (compatible; Googlebot/2.1; +http://www.google.com/bot.html)"
66.249.70.96 - - [27/Jul/2026:07:11:54 +0200] "GET /?g=t2a2i2n4t5l3e1s9s9l9y HTTP/1.1" 200 8801 "-" "Mozilla/5.0 (Linux; Android 6.0.1; Nexus 5X Build/MMB29P) AppleWebKit/537.36 (KHTML, like Gecko) Chrome/150.0.7871.128 Mobile Safari/537.36 (compatible; Googlebot/2.1; +http://www.google.com/bot.html)"
66.249.70.96 - - [27/Jul/2026:07:11:53 +0200] "GET /?coleseed/71879155783 HTTP/1.1" 200 8801 "-" "Mozilla/5.0 (Linux; Android 6.0.1; Nexus 5X Build/MMB29P) AppleWebKit/537.36 (KHTML, like Gecko) Chrome/150.0.7871.128 Mobile Safari/537.36 (compatible; Googlebot/2.1; +http://www.google.com/bot.html)"
66.249.76.225 - - [27/Jul/2026:07:11:53 +0200] "GET /?g=d2i3s3s0e8v4e1r6a3t3i5on HTTP/1.1" 200 8801 "-" "Mozilla/5.0 (Linux; Android 6.0.1; Nexus 5X Build/MMB29P) AppleWebKit/537.36 (KHTML, like Gecko) Chrome/150.0.7871.128 Mobile Safari/537.36 (compatible; Googlebot/2.1; +http://www.google.com/bot.html)"
66.249.70.110 - - [27/Jul/2026:07:11:54 +0200] "GET /?g=t1r3i9f5i4d918300 HTTP/1.1" 200 8799 "-" "Mozilla/5.0 (Linux; Android 6.0.1; Nexus 5X Build/MMB29P) AppleWebKit/537.36 (KHTML, like Gecko) Chrome/150.0.7871.128 Mobile Safari/537.36 (compatible; Googlebot/2.1; +http://www.google.com/bot.html)"
57.141.0.13 - - [27/Jul/2026:07:11:53 +0200] "GET /?lokasie=/var/www/vhosts/sipek-instalacije.si/httpdocs/wp-trackback.php&loknya=/var/www/vhosts/sipek-instalacije.si/httpdocs HTTP/1.1" 200 15344 "-" "Mozilla/5.0 (Windows NT 10.0; Win64; x64) AppleWebKit/537.36 (KHTML, like Gecko) Chrome/145.0.0.0 Safari/537.36 (compatible; meta-externalagent/1.1 (+https://developers.facebook.com/docs/sharing/webmasters/crawler))"
66.249.76.225 - - [27/Jul/2026:07:11:55 +0200] "GET /?g=d3i3l6u0v2i4a9l5i5s8t5 HTTP/1.1" 200 8801 "-" "Mozilla/5.0 (Linux; Android 6.0.1; Nexus 5X Build/MMB29P) AppleWebKit/537.36 (KHTML, like Gecko) Chrome/150.0.7871.128 Mobile Safari/537.36 (compatible; Googlebot/2.1; +http://www.google.com/bot.html)"
66.249.70.97 - - [27/Jul/2026:07:11:54 +0200] "GET /?g=f0r8e0e0b3o1r7o9u6g9h HTTP/1.1" 200 8801 "-" "Mozilla/5.0 (Linux; Android 6.0.1; Nexus 5X Build/MMB29P) AppleWebKit/537.36 (KHTML, like Gecko) Chrome/150.0.7871.128 Mobile Safari/537.36 (compatible; Googlebot/2.1; +http://www.google.com/bot.html)"
66.249.76.225 - - [27/Jul/2026:07:11:55 +0200] "GET /?g=c1r1a8m0p8f4i3s6h240 HTTP/1.1" 200 8801 "-" "Mozilla/5.0 (Linux; Android 6.0.1; Nexus 5X Build/MMB29P) AppleWebKit/537.36 (KHTML, like Gecko) Chrome/150.0.7871.128 Mobile Safari/537.36 (compatible; Googlebot/2.1; +http://www.google.com/bot.html)"
66.249.70.96 - - [27/Jul/2026:07:11:55 +0200] "GET /?g=c0o4m1p4l9i1c4i2t0i5e2s HTTP/1.1" 200 8801 "-" "Mozilla/5.0 (Linux; Android 6.0.1; Nexus 5X Build/MMB29P) AppleWebKit/537.36 (KHTML, like Gecko) Chrome/150.0.7871.128 Mobile Safari/537.36 (compatible; Googlebot/2.1; +http://www.google.com/bot.html)"
66.249.70.96 - - [27/Jul/2026:07:11:56 +0200] "GET /?g=b3o1o4k9w4o7r0k6069 HTTP/1.1" 200 8801 "-" "Mozilla/5.0 (Linux; Android 6.0.1; Nexus 5X Build/MMB29P) AppleWebKit/537.36 (KHTML, like Gecko) Chrome/150.0.7871.128 Mobile Safari/537.36 (compatible; Googlebot/2.1; +http://www.google.com/bot.html)"
66.249.70.109 - - [27/Jul/2026:07:11:56 +0200] "GET /?g=t0r6i7p7l4a2n2e481 HTTP/1.1" 200 8801 "-" "Mozilla/5.0 (Linux; Android 6.0.1; Nexus 5X Build/MMB29P) AppleWebKit/537.36 (KHTML, like Gecko) Chrome/150.0.7871.128 Mobile Safari/537.36 (compatible; Googlebot/2.1; +http://www.google.com/bot.html)"
66.249.76.224 - - [27/Jul/2026:07:11:56 +0200] "GET /online/URBAN-LEATHER-Pour-Ordinateur-14-quot-Style-Messager-Fait-716027 HTTP/1.1" 200 99523 "-" "Mozilla/5.0 (Linux; Android 6.0.1; Nexus 5X Build/MMB29P) AppleWebKit/537.36 (KHTML, like Gecko) Chrome/150.0.7871.128 Mobile Safari/537.36 (compatible; Googlebot/2.1; +http://www.google.com/bot.html)"
66.249.76.238 - - [27/Jul/2026:07:11:57 +0200] "GET /?g=a3g4a0m1a2s224553 HTTP/1.1" 200 8800 "-" "Mozilla/5.0 (Linux; Android 6.0.1; Nexus 5X Build/MMB29P) AppleWebKit/537.36 (KHTML, like Gecko) Chrome/150.0.7871.128 Mobile Safari/537.36 (compatible; Googlebot/2.1; +http://www.google.com/bot.html)"
66.249.70.97 - - [27/Jul/2026:07:11:57 +0200] "GET /?bright/0142357790 HTTP/1.1" 200 8801 "-" "Mozilla/5.0 (Linux; Android 6.0.1; Nexus 5X Build/MMB29P) AppleWebKit/537.36 (KHTML, like Gecko) Chrome/150.0.7871.128 Mobile Safari/537.36 (compatible; Googlebot/2.1; +http://www.google.com/bot.html)"
57.141.0.22 - - [27/Jul/2026:07:11:58 +0200] "GET /?lokasie=/var/www/vhosts/sipek-instalacije.si/httpdocs/wp-settings.php&loknya=/var/www/vhosts/sipek-instalacije.si/httpdocs HTTP/1.1" 200 41033 "-" "Mozilla/5.0 (Macintosh; Intel Mac OS X 10_15_7) AppleWebKit/537.36 (KHTML, like Gecko) Chrome/145.0.0.0 Safari/537.36 (compatible; meta-externalagent/1.1 (+https://developers.facebook.com/docs/sharing/webmasters/crawler))"
57.141.0.60 - - [27/Jul/2026:07:11:58 +0200] "GET /shops/maculata/s1o1l3e4i8l517519 HTTP/1.1" 200 50120 "-" "Mozilla/5.0 (Macintosh; Intel Mac OS X 10_15_7) AppleWebKit/537.36 (KHTML, like Gecko) Chrome/145.0.0.0 Safari/537.36 (compatible; meta-externalagent/1.1 (+https://developers.facebook.com/docs/sharing/webmasters/crawler))"
66.249.70.96 - - [27/Jul/2026:07:11:58 +0200] "GET /?g=r2e6d0d7i6s7h5205 HTTP/1.1" 200 8801 "-" "Mozilla/5.0 (Linux; Android 6.0.1; Nexus 5X Build/MMB29P) AppleWebKit/537.36 (KHTML, like Gecko) Chrome/150.0.7871.128 Mobile Safari/537.36 (compatible; Googlebot/2.1; +http://www.google.com/bot.html)"
66.249.70.109 - - [27/Jul/2026:07:11:58 +0200] "GET /?monody/3329448242 HTTP/1.1" 200 8801 "-" "Mozilla/5.0 (Linux; Android 6.0.1; Nexus 5X Build/MMB29P) AppleWebKit/537.36 (KHTML, like Gecko) Chrome/150.0.7871.128 Mobile Safari/537.36 (compatible; Googlebot/2.1; +http://www.google.com/bot.html)"
57.141.0.8 - - [27/Jul/2026:07:11:59 +0200] "GET /anaclastic/tofore/62339588602 HTTP/1.1" 200 50119 "-" "Mozilla/5.0 (Macintosh; Intel Mac OS X 10_15_7) AppleWebKit/537.36 (KHTML, like Gecko) Chrome/145.0.0.0 Safari/537.36 (compatible; meta-externalagent/1.1 (+https://developers.facebook.com/docs/sharing/webmasters/crawler))"
57.141.0.18 - - [27/Jul/2026:07:11:59 +0200] "GET /?g=r6e1v0i3s6a3l47841 HTTP/1.1" 200 50120 "-" "Mozilla/5.0 (Windows NT 10.0; Win64; x64) AppleWebKit/537.36 (KHTML, like Gecko) Chrome/145.0.0.0 Safari/537.36 (compatible; meta-externalagent/1.1 (+https://developers.facebook.com/docs/sharing/webmasters/crawler))"
122.160.13.186 - - [27/Jul/2026:07:12:00 +0200] "POST /xmlrpc.php HTTP/1.1" 200 50124 "-" "Jetpack/12.1; WordPress/6.1; http://site86454805.com"
66.249.76.225 - - [27/Jul/2026:07:11:59 +0200] "GET /?g=s3p2i2n3e8t2a3i7l416 HTTP/1.1" 200 8801 "-" "Mozilla/5.0 (Linux; Android 6.0.1; Nexus 5X Build/MMB29P) AppleWebKit/537.36 (KHTML, like Gecko) Chrome/150.0.7871.128 Mobile Safari/537.36 (compatible; Googlebot/2.1; +http://www.google.com/bot.html)"
66.249.70.109 - - [27/Jul/2026:07:11:59 +0200] "GET /online/Montre-Nixon-Porter-Acier-Inoxydable-Mouvement-Quartz-494480 HTTP/1.1" 200 99568 "-" "Mozilla/5.0 (Linux; Android 6.0.1; Nexus 5X Build/MMB29P) AppleWebKit/537.36 (KHTML, like Gecko) Chrome/150.0.7871.128 Mobile Safari/537.36 (compatible; Googlebot/2.1; +http://www.google.com/bot.html)"
213.230.123.43 - - [27/Jul/2026:07:12:00 +0200] "POST /xmlrpc.php HTTP/1.1" 200 50124 "-" "Jetpack by WordPress.com"
66.249.70.97 - - [27/Jul/2026:07:11:59 +0200] "GET /?g=p5e2r6f2i9x615556 HTTP/1.1" 200 8801 "-" "Mozilla/5.0 (Linux; Android 6.0.1; Nexus 5X Build/MMB29P) AppleWebKit/537.36 (KHTML, like Gecko) Chrome/150.0.7871.128 Mobile Safari/537.36 (compatible; Googlebot/2.1; +http://www.google.com/bot.html)"
66.249.76.238 - - [27/Jul/2026:07:12:01 +0200] "GET /?g=i5m4b1a2n2k6e8d0738 HTTP/1.1" 200 8800 "-" "Mozilla/5.0 (Linux; Android 6.0.1; Nexus 5X Build/MMB29P) AppleWebKit/537.36 (KHTML, like Gecko) Chrome/150.0.7871.128 Mobile Safari/537.36 (compatible; Googlebot/2.1; +http://www.google.com/bot.html)"
66.249.70.96 - - [27/Jul/2026:07:12:01 +0200] "GET /?g=p5r2e7t7e8n1d7e5d362 HTTP/1.1" 200 8801 "-" "Mozilla/5.0 (Linux; Android 6.0.1; Nexus 5X Build/MMB29P) AppleWebKit/537.36 (KHTML, like Gecko) Chrome/150.0.7871.128 Mobile Safari/537.36 (compatible; Googlebot/2.1; +http://www.google.com/bot.html)"
66.249.76.237 - - [27/Jul/2026:07:12:01 +0200] "GET /?g=d2o2c7k9e4t920065 HTTP/1.1" 200 8800 "-" "Mozilla/5.0 (Linux; Android 6.0.1; Nexus 5X Build/MMB29P) AppleWebKit/537.36 (KHTML, like Gecko) Chrome/150.0.7871.128 Mobile Safari/537.36 (compatible; Googlebot/2.1; +http://www.google.com/bot.html)"
66.249.70.109 - - [27/Jul/2026:07:12:01 +0200] "GET /?g=p2r1i0d0e1l2e0s7s034 HTTP/1.1" 200 8801 "-" "Mozilla/5.0 (Linux; Android 6.0.1; Nexus 5X Build/MMB29P) AppleWebKit/537.36 (KHTML, like Gecko) Chrome/150.0.7871.128 Mobile Safari/537.36 (compatible; Googlebot/2.1; +http://www.google.com/bot.html)"
57.141.0.49 - - [27/Jul/2026:07:12:01 +0200] "GET /?lokasie=/var/www/vhosts/sipek-instalacije.si/httpdocs/wp-cron.php&loknya=/var/www/vhosts/sipek-instalacije.si/httpdocs HTTP/1.1" 200 15521 "-" "Mozilla/5.0 (Windows NT 10.0; Win64; x64) AppleWebKit/537.36 (KHTML, like Gecko) Chrome/145.0.0.0 Safari/537.36 (compatible; meta-externalagent/1.1 (+https://developers.facebook.com/docs/sharing/webmasters/crawler))"
66.249.76.225 - - [27/Jul/2026:07:12:01 +0200] "GET /?g=m5e1l2l9i7p1h3a2g6o2u6s HTTP/1.1" 200 8801 "-" "Mozilla/5.0 (Linux; Android 6.0.1; Nexus 5X Build/MMB29P) AppleWebKit/537.36 (KHTML, like Gecko) Chrome/150.0.7871.128 Mobile Safari/537.36 (compatible; Googlebot/2.1; +http://www.google.com/bot.html)"
66.249.70.98 - - [27/Jul/2026:07:12:02 +0200] "GET /?g=a5n4t2i0p4a3p6a8l26 HTTP/1.1" 200 8801 "-" "Mozilla/5.0 (Linux; Android 6.0.1; Nexus 5X Build/MMB29P) AppleWebKit/537.36 (KHTML, like Gecko) Chrome/150.0.7871.128 Mobile Safari/537.36 (compatible; Googlebot/2.1; +http://www.google.com/bot.html)"
66.249.70.97 - - [27/Jul/2026:07:12:02 +0200] "GET /?g=f9i3x8i8n9g038038 HTTP/1.1" 200 8801 "-" "Mozilla/5.0 (Linux; Android 6.0.1; Nexus 5X Build/MMB29P) AppleWebKit/537.36 (KHTML, like Gecko) Chrome/150.0.7871.128 Mobile Safari/537.36 (compatible; Googlebot/2.1; +http://www.google.com/bot.html)"
66.249.76.225 - - [27/Jul/2026:07:12:02 +0200] "GET /?g=o0b3l1i4t1e9r3a1t4i0n2g HTTP/1.1" 200 8801 "-" "Mozilla/5.0 (Linux; Android 6.0.1; Nexus 5X Build/MMB29P) AppleWebKit/537.36 (KHTML, like Gecko) Chrome/150.0.7871.128 Mobile Safari/537.36 (compatible; Googlebot/2.1; +http://www.google.com/bot.html)"
174.168.10.208 - - [27/Jul/2026:07:12:02 +0200] "POST /xmlrpc.php HTTP/1.1" 200 50124 "-" "Jetpack by WordPress.com"
66.249.70.98 - - [27/Jul/2026:07:12:02 +0200] "GET /?g=u2n3s3a2t4i5s5f9a2c7t4ion HTTP/1.1" 200 8801 "-" "Mozilla/5.0 (Linux; Android 6.0.1; Nexus 5X Build/MMB29P) AppleWebKit/537.36 (KHTML, like Gecko) Chrome/150.0.7871.128 Mobile Safari/537.36 (compatible; Googlebot/2.1; +http://www.google.com/bot.html)"
57.141.0.24 - - [27/Jul/2026:07:12:03 +0200] "GET /?loknya=/var/www/vhosts/sipek-instalacije.si/httpdocs/blogs HTTP/1.1" 200 12267 "-" "Mozilla/5.0 (Windows NT 10.0; Win64; x64) AppleWebKit/537.36 (KHTML, like Gecko) Chrome/145.0.0.0 Safari/537.36 (compatible; meta-externalagent/1.1 (+https://developers.facebook.com/docs/sharing/webmasters/crawler))"
66.249.70.110 - - [27/Jul/2026:07:12:02 +0200] "GET /?g=a4t1t1e9s7t6a3t5i3o8n0 HTTP/1.1" 200 8799 "-" "Mozilla/5.0 (Linux; Android 6.0.1; Nexus 5X Build/MMB29P) AppleWebKit/537.36 (KHTML, like Gecko) Chrome/150.0.7871.128 Mobile Safari/537.36 (compatible; Googlebot/2.1; +http://www.google.com/bot.html)"
66.249.76.225 - - [27/Jul/2026:07:12:03 +0200] "GET /?g=i0n2c9l9a3u1d1e3n2t02 HTTP/1.1" 200 8801 "-" "Mozilla/5.0 (Linux; Android 6.0.1; Nexus 5X Build/MMB29P) AppleWebKit/537.36 (KHTML, like Gecko) Chrome/150.0.7871.128 Mobile Safari/537.36 (compatible; Googlebot/2.1; +http://www.google.com/bot.html)"
66.249.70.109 - - [27/Jul/2026:07:12:03 +0200] "GET /?g=r5e3t3o6r9t8e8r6892 HTTP/1.1" 200 8801 "-" "Mozilla/5.0 (Linux; Android 6.0.1; Nexus 5X Build/MMB29P) AppleWebKit/537.36 (KHTML, like Gecko) Chrome/150.0.7871.128 Mobile Safari/537.36 (compatible; Googlebot/2.1; +http://www.google.com/bot.html)"
57.141.0.32 - - [27/Jul/2026:07:12:04 +0200] "GET /?g=m6y3t3h6o6l4o8g5i8z4e0r HTTP/1.1" 200 50120 "-" "Mozilla/5.0 (Windows NT 10.0; Win64; x64) AppleWebKit/537.36 (KHTML, like Gecko) Chrome/145.0.0.0 Safari/537.36 Edg/145.0.0.0 (compatible; meta-externalagent/1.1 (+https://developers.facebook.com/docs/sharing/webmasters/crawler))"
66.249.76.225 - - [27/Jul/2026:07:12:03 +0200] "GET /?g=d9a1u2n6t5e0d78062 HTTP/1.1" 200 8801 "-" "Mozilla/5.0 (Linux; Android 6.0.1; Nexus 5X Build/MMB29P) AppleWebKit/537.36 (KHTML, like Gecko) Chrome/150.0.7871.128 Mobile Safari/537.36 (compatible; Googlebot/2.1; +http://www.google.com/bot.html)"
66.249.70.110 - - [27/Jul/2026:07:12:04 +0200] "GET /?g=b1a3r7r4e7t8t7e8r983 HTTP/1.1" 200 8799 "-" "Mozilla/5.0 (Linux; Android 6.0.1; Nexus 5X Build/MMB29P) AppleWebKit/537.36 (KHTML, like Gecko) Chrome/150.0.7871.128 Mobile Safari/537.36 (compatible; Googlebot/2.1; +http://www.google.com/bot.html)"
66.249.76.224 - - [27/Jul/2026:07:12:05 +0200] "GET /?g=s3y3l8l7a5b4a1r9i8a61 HTTP/1.1" 200 8799 "-" "Mozilla/5.0 (Linux; Android 6.0.1; Nexus 5X Build/MMB29P) AppleWebKit/537.36 (KHTML, like Gecko) Chrome/150.0.7871.128 Mobile Safari/537.36 (compatible; Googlebot/2.1; +http://www.google.com/bot.html)"
66.249.70.110 - - [27/Jul/2026:07:12:05 +0200] "GET /?g=w7h1i7t1e0e7y9e6d75 HTTP/1.1" 200 8799 "-" "Mozilla/5.0 (Linux; Android 6.0.1; Nexus 5X Build/MMB29P) AppleWebKit/537.36 (KHTML, like Gecko) Chrome/150.0.7871.128 Mobile Safari/537.36 (compatible; Googlebot/2.1; +http://www.google.com/bot.html)"
66.249.76.237 - - [27/Jul/2026:07:12:04 +0200] "GET /online/Simba-Stunt-Heroes-Crash-Center-Circuit-De-Voitures-Avec-1071570 HTTP/1.1" 200 101410 "-" "Mozilla/5.0 (Linux; Android 6.0.1; Nexus 5X Build/MMB29P) AppleWebKit/537.36 (KHTML, like Gecko) Chrome/150.0.7871.128 Mobile Safari/537.36 (compatible; Googlebot/2.1; +http://www.google.com/bot.html)"
66.249.76.225 - - [27/Jul/2026:07:12:06 +0200] "GET /?g=s1o4f0i5s7m432131 HTTP/1.1" 200 8801 "-" "Mozilla/5.0 (Linux; Android 6.0.1; Nexus 5X Build/MMB29P) AppleWebKit/537.36 (KHTML, like Gecko) Chrome/150.0.7871.128 Mobile Safari/537.36 (compatible; Googlebot/2.1; +http://www.google.com/bot.html)"
66.249.76.238 - - [27/Jul/2026:07:12:06 +0200] "GET /?g=e3x3t6r1a3m2i1s8s0i1o3n HTTP/1.1" 200 8800 "-" "Mozilla/5.0 (Linux; Android 6.0.1; Nexus 5X Build/MMB29P) AppleWebKit/537.36 (KHTML, like Gecko) Chrome/150.0.7871.128 Mobile Safari/537.36 (compatible; Googlebot/2.1; +http://www.google.com/bot.html)"
66.249.76.225 - - [27/Jul/2026:07:12:06 +0200] "GET /?g=o0p1e3r6a1t2i8o4n4a3l9 HTTP/1.1" 200 8801 "-" "Mozilla/5.0 (Linux; Android 6.0.1; Nexus 5X Build/MMB29P) AppleWebKit/537.36 (KHTML, like Gecko) Chrome/150.0.7871.128 Mobile Safari/537.36 (compatible; Googlebot/2.1; +http://www.google.com/bot.html)"
66.249.70.96 - - [27/Jul/2026:07:12:07 +0200] "GET /?g=t1r3i7p7o0l3i11423 HTTP/1.1" 200 8801 "-" "Mozilla/5.0 (Linux; Android 6.0.1; Nexus 5X Build/MMB29P) AppleWebKit/537.36 (KHTML, like Gecko) Chrome/150.0.7871.128 Mobile Safari/537.36 (compatible; Googlebot/2.1; +http://www.google.com/bot.html)"
66.249.76.225 - - [27/Jul/2026:07:12:07 +0200] "GET /?g=t0r3i8a2n7g6l5e421 HTTP/1.1" 200 8801 "-" "Mozilla/5.0 (Linux; Android 6.0.1; Nexus 5X Build/MMB29P) AppleWebKit/537.36 (KHTML, like Gecko) Chrome/150.0.7871.128 Mobile Safari/537.36 (compatible; Googlebot/2.1; +http://www.google.com/bot.html)"
66.249.70.96 - - [27/Jul/2026:07:12:08 +0200] "GET /?g=b7e3l1u2t0e2d28892 HTTP/1.1" 200 8801 "-" "Mozilla/5.0 (Linux; Android 6.0.1; Nexus 5X Build/MMB29P) AppleWebKit/537.36 (KHTML, like Gecko) Chrome/150.0.7871.128 Mobile Safari/537.36 (compatible; Googlebot/2.1; +http://www.google.com/bot.html)"
57.141.0.40 - - [27/Jul/2026:07:12:08 +0200] "GET /shops/orbital/s6w2a4y9b1a1c6k1e3d84 HTTP/1.1" 200 50120 "-" "Mozilla/5.0 (Windows NT 10.0; Win64; x64) AppleWebKit/537.36 (KHTML, like Gecko) Chrome/145.0.0.0 Safari/537.36 (compatible; meta-externalagent/1.1 (+https://developers.facebook.com/docs/sharing/webmasters/crawler))"
66.249.70.109 - - [27/Jul/2026:07:12:08 +0200] "GET /online/querre-De-Selle-90-Degr-s-O-039-SKOOL-Gabarit-Queue-D-1235720 HTTP/1.1" 200 100452 "-" "Mozilla/5.0 (Linux; Android 6.0.1; Nexus 5X Build/MMB29P) AppleWebKit/537.36 (KHTML, like Gecko) Chrome/150.0.7871.128 Mobile Safari/537.36 (compatible; Googlebot/2.1; +http://www.google.com/bot.html)"
66.249.70.96 - - [27/Jul/2026:07:12:09 +0200] "GET /?g=n0o3r4i3c4e74882 HTTP/1.1" 200 8801 "-" "Mozilla/5.0 (Linux; Android 6.0.1; Nexus 5X Build/MMB29P) AppleWebKit/537.36 (KHTML, like Gecko) Chrome/150.0.7871.128 Mobile Safari/537.36 (compatible; Googlebot/2.1; +http://www.google.com/bot.html)"
66.249.70.96 - - [27/Jul/2026:07:12:09 +0200] "GET /?g=r2a5k1e0r0y95282 HTTP/1.1" 200 8801 "-" "Mozilla/5.0 (Linux; Android 6.0.1; Nexus 5X Build/MMB29P) AppleWebKit/537.36 (KHTML, like Gecko) Chrome/150.0.7871.128 Mobile Safari/537.36 (compatible; Googlebot/2.1; +http://www.google.com/bot.html)"
66.249.70.110 - - [27/Jul/2026:07:12:09 +0200] "GET /?misseltoe/6693602794 HTTP/1.1" 200 8799 "-" "Mozilla/5.0 (Linux; Android 6.0.1; Nexus 5X Build/MMB29P) AppleWebKit/537.36 (KHTML, like Gecko) Chrome/150.0.7871.128 Mobile Safari/537.36 (compatible; Googlebot/2.1; +http://www.google.com/bot.html)"
122.160.13.186 - - [27/Jul/2026:07:12:10 +0200] "POST /xmlrpc.php HTTP/1.1" 200 50124 "-" "Jetpack/13.0; WordPress/6.2; http://site30865244.com"
66.249.76.238 - - [27/Jul/2026:07:12:10 +0200] "GET /?mania/23537024438 HTTP/1.1" 200 8800 "-" "Mozilla/5.0 (Linux; Android 6.0.1; Nexus 5X Build/MMB29P) AppleWebKit/537.36 (KHTML, like Gecko) Chrome/150.0.7871.128 Mobile Safari/537.36 (compatible; Googlebot/2.1; +http://www.google.com/bot.html)"
66.249.70.109 - - [27/Jul/2026:07:12:10 +0200] "GET /?g=a9t2y3p7i4c400599 HTTP/1.1" 200 8801 "-" "Mozilla/5.0 (Linux; Android 6.0.1; Nexus 5X Build/MMB29P) AppleWebKit/537.36 (KHTML, like Gecko) Chrome/150.0.7871.128 Mobile Safari/537.36 (compatible; Googlebot/2.1; +http://www.google.com/bot.html)"
66.249.70.96 - - [27/Jul/2026:07:12:11 +0200] "GET /?g=i7n3n3e2d4678892 HTTP/1.1" 200 8801 "-" "Mozilla/5.0 (Linux; Android 6.0.1; Nexus 5X Build/MMB29P) AppleWebKit/537.36 (KHTML, like Gecko) Chrome/150.0.7871.128 Mobile Safari/537.36 (compatible; Googlebot/2.1; +http://www.google.com/bot.html)"
213.230.123.43 - - [27/Jul/2026:07:12:11 +0200] "POST /xmlrpc.php HTTP/1.1" 200 50124 "-" "WordPress.com; https://wordpress.com"
66.249.70.110 - - [27/Jul/2026:07:12:11 +0200] "GET /?g=s0i1e5b5o2l4d3i4i337 HTTP/1.1" 200 8799 "-" "Mozilla/5.0 (Linux; Android 6.0.1; Nexus 5X Build/MMB29P) AppleWebKit/537.36 (KHTML, like Gecko) Chrome/150.0.7871.128 Mobile Safari/537.36 (compatible; Googlebot/2.1; +http://www.google.com/bot.html)"
66.249.70.110 - - [27/Jul/2026:07:12:11 +0200] "GET /?g=m9e1t1h0i9o7n4i5c730 HTTP/1.1" 200 8799 "-" "Mozilla/5.0 (Linux; Android 6.0.1; Nexus 5X Build/MMB29P) AppleWebKit/537.36 (KHTML, like Gecko) Chrome/150.0.7871.128 Mobile Safari/537.36 (compatible; Googlebot/2.1; +http://www.google.com/bot.html)"
66.249.76.224 - - [27/Jul/2026:07:12:11 +0200] "GET /?g=g4u2i0l1l7e6m7e9t88 HTTP/1.1" 200 8799 "-" "Mozilla/5.0 (Linux; Android 6.0.1; Nexus 5X Build/MMB29P) AppleWebKit/537.36 (KHTML, like Gecko) Chrome/150.0.7871.128 Mobile Safari/537.36 (compatible; Googlebot/2.1; +http://www.google.com/bot.html)"
66.249.76.237 - - [27/Jul/2026:07:12:12 +0200] "GET /?g=c7r1y6p9t9a0n5a0l8y1s1is HTTP/1.1" 200 8800 "-" "Mozilla/5.0 (Linux; Android 6.0.1; Nexus 5X Build/MMB29P) AppleWebKit/537.36 (KHTML, like Gecko) Chrome/150.0.7871.128 Mobile Safari/537.36 (compatible; Googlebot/2.1; +http://www.google.com/bot.html)"
174.168.10.208 - - [27/Jul/2026:07:12:12 +0200] "POST /xmlrpc.php HTTP/1.1" 200 50124 "-" "Jetpack by WordPress.com (Jetpack 12.0; WordPress 6.3)"
66.249.76.238 - - [27/Jul/2026:07:12:12 +0200] "GET /?g=m0i3g1r5a5t3o7r5i0a24 HTTP/1.1" 200 8800 "-" "Mozilla/5.0 (Linux; Android 6.0.1; Nexus 5X Build/MMB29P) AppleWebKit/537.36 (KHTML, like Gecko) Chrome/150.0.7871.128 Mobile Safari/537.36 (compatible; Googlebot/2.1; +http://www.google.com/bot.html)"
66.249.70.96 - - [27/Jul/2026:07:12:13 +0200] "GET /online/Cm-M-tal-tag-re-Et-Crochets-Pour-Salle-De-Bain-Piscine-805072 HTTP/1.1" 200 99977 "-" "Mozilla/5.0 (Linux; Android 6.0.1; Nexus 5X Build/MMB29P) AppleWebKit/537.36 (KHTML, like Gecko) Chrome/150.0.7871.128 Mobile Safari/537.36 (compatible; Googlebot/2.1; +http://www.google.com/bot.html)"
57.141.0.58 - - [27/Jul/2026:07:12:14 +0200] "GET /shops/maculata/s1o1l3e4i8l517519?loknya=/var/www/vhosts/sipek-instalacije.si HTTP/1.1" 200 25741 "-" "Mozilla/5.0 (Windows NT 10.0; Win64; x64) AppleWebKit/537.36 (KHTML, like Gecko) Chrome/145.0.0.0 Safari/537.36 (compatible; meta-externalagent/1.1 (+https://developers.facebook.com/docs/sharing/webmasters/crawler))"
66.249.70.96 - - [27/Jul/2026:07:12:15 +0200] "GET /?g=r1a3n2u7n2c9u8l4u7s18 HTTP/1.1" 200 8801 "-" "Mozilla/5.0 (Linux; Android 6.0.1; Nexus 5X Build/MMB29P) AppleWebKit/537.36 (KHTML, like Gecko) Chrome/150.0.7871.128 Mobile Safari/537.36 (compatible; Googlebot/2.1; +http://www.google.com/bot.html)"
66.249.70.110 - - [27/Jul/2026:07:12:14 +0200] "GET /?g=f5u1r3t1h1e7r9e7d807 HTTP/1.1" 200 8799 "-" "Mozilla/5.0 (Linux; Android 6.0.1; Nexus 5X Build/MMB29P) AppleWebKit/537.36 (KHTML, like Gecko) Chrome/150.0.7871.128 Mobile Safari/537.36 (compatible; Googlebot/2.1; +http://www.google.com/bot.html)"
66.249.70.109 - - [27/Jul/2026:07:12:15 +0200] "GET /?g=c1o8m5p0o324692 HTTP/1.1" 200 8801 "-" "Mozilla/5.0 (Linux; Android 6.0.1; Nexus 5X Build/MMB29P) AppleWebKit/537.36 (KHTML, like Gecko) Chrome/150.0.7871.128 Mobile Safari/537.36 (compatible; Googlebot/2.1; +http://www.google.com/bot.html)"
57.141.0.70 - - [27/Jul/2026:07:12:15 +0200] "GET /shops/maculata/s1o1l3e4i8l517519?loknya=/var/www/vhosts/sipek-instalacije.si/httpdocs/wp-includes HTTP/1.1" 200 434382 "-" "Mozilla/5.0 (Windows NT 10.0; Win64; x64) AppleWebKit/537.36 (KHTML, like Gecko) Chrome/145.0.0.0 Safari/537.36 (compatible; meta-externalagent/1.1 (+https://developers.facebook.com/docs/sharing/webmasters/crawler))"
66.249.70.110 - - [27/Jul/2026:07:12:16 +0200] "GET /?g=b0l1u9r0t3i3n6g2116 HTTP/1.1" 200 8799 "-" "Mozilla/5.0 (Linux; Android 6.0.1; Nexus 5X Build/MMB29P) AppleWebKit/537.36 (KHTML, like Gecko) Chrome/150.0.7871.128 Mobile Safari/537.36 (compatible; Googlebot/2.1; +http://www.google.com/bot.html)"
66.249.70.110 - - [27/Jul/2026:07:12:14 +0200] "GET /?g=i1n2e1s9c4a1t2e5421 HTTP/1.1" 200 8799 "-" "Mozilla/5.0 (Linux; Android 6.0.1; Nexus 5X Build/MMB29P) AppleWebKit/537.36 (KHTML, like Gecko) Chrome/150.0.7871.128 Mobile Safari/537.36 (compatible; Googlebot/2.1; +http://www.google.com/bot.html)"
66.249.70.110 - - [27/Jul/2026:07:12:16 +0200] "GET /?troche/33083578772 HTTP/1.1" 200 8799 "-" "Mozilla/5.0 (Linux; Android 6.0.1; Nexus 5X Build/MMB29P) AppleWebKit/537.36 (KHTML, like Gecko) Chrome/150.0.7871.128 Mobile Safari/537.36 (compatible; Googlebot/2.1; +http://www.google.com/bot.html)"
66.249.70.109 - - [27/Jul/2026:07:12:17 +0200] "GET /?g=r2a2n1g1i5f5e0r1i2n3a7 HTTP/1.1" 200 8801 "-" "Mozilla/5.0 (Linux; Android 6.0.1; Nexus 5X Build/MMB29P) AppleWebKit/537.36 (KHTML, like Gecko) Chrome/150.0.7871.128 Mobile Safari/537.36 (compatible; Googlebot/2.1; +http://www.google.com/bot.html)"
66.249.70.110 - - [27/Jul/2026:07:12:17 +0200] "GET /?agonothetic/23353174628 HTTP/1.1" 200 8799 "-" "Mozilla/5.0 (Linux; Android 6.0.1; Nexus 5X Build/MMB29P) AppleWebKit/537.36 (KHTML, like Gecko) Chrome/150.0.7871.128 Mobile Safari/537.36 (compatible; Googlebot/2.1; +http://www.google.com/bot.html)"
57.141.0.68 - - [27/Jul/2026:07:12:17 +0200] "GET /shops/maculata/s1o1l3e4i8l517519?lokasie=/var/www/vhosts/sipek-instalacije.si/httpdocs/wp-login.php&loknya=/var/www/vhosts/sipek-instalacije.si/httpdocs HTTP/1.1" 200 66958 "-" "Mozilla/5.0 (X11; Linux x86_64) AppleWebKit/537.36 (KHTML, like Gecko) Chrome/145.0.0.0 Safari/537.36 (compatible; meta-externalagent/1.1 (+https://developers.facebook.com/docs/sharing/webmasters/crawler))"
66.249.70.96 - - [27/Jul/2026:07:12:17 +0200] "GET /?g=l9o3a7d3m8a3n8a0g7e50 HTTP/1.1" 200 8801 "-" "Mozilla/5.0 (Linux; Android 6.0.1; Nexus 5X Build/MMB29P) AppleWebKit/537.36 (KHTML, like Gecko) Chrome/150.0.7871.128 Mobile Safari/537.36 (compatible; Googlebot/2.1; +http://www.google.com/bot.html)"
66.249.70.110 - - [27/Jul/2026:07:12:17 +0200] "GET /?syllogization/14142201994 HTTP/1.1" 200 8799 "-" "Mozilla/5.0 (Linux; Android 6.0.1; Nexus 5X Build/MMB29P) AppleWebKit/537.36 (KHTML, like Gecko) Chrome/150.0.7871.128 Mobile Safari/537.36 (compatible; Googlebot/2.1; +http://www.google.com/bot.html)"
66.249.70.96 - - [27/Jul/2026:07:12:18 +0200] "GET /?g=p2o3d0a2r3t3h2r0a517 HTTP/1.1" 200 8801 "-" "Mozilla/5.0 (Linux; Android 6.0.1; Nexus 5X Build/MMB29P) AppleWebKit/537.36 (KHTML, like Gecko) Chrome/150.0.7871.128 Mobile Safari/537.36 (compatible; Googlebot/2.1; +http://www.google.com/bot.html)"
66.249.70.110 - - [27/Jul/2026:07:12:18 +0200] "GET /?falsest/93917669371 HTTP/1.1" 200 8799 "-" "Mozilla/5.0 (Linux; Android 6.0.1; Nexus 5X Build/MMB29P) AppleWebKit/537.36 (KHTML, like Gecko) Chrome/150.0.7871.128 Mobile Safari/537.36 (compatible; Googlebot/2.1; +http://www.google.com/bot.html)"
66.249.70.110 - - [27/Jul/2026:07:12:19 +0200] "GET /?g=s4p1h6e3x4967207 HTTP/1.1" 200 8799 "-" "Mozilla/5.0 (Linux; Android 6.0.1; Nexus 5X Build/MMB29P) AppleWebKit/537.36 (KHTML, like Gecko) Chrome/150.0.7871.128 Mobile Safari/537.36 (compatible; Googlebot/2.1; +http://www.google.com/bot.html)"
66.249.70.109 - - [27/Jul/2026:07:12:19 +0200] "GET /?g=u2n2i3f0i9l5a6r5812 HTTP/1.1" 200 8801 "-" "Mozilla/5.0 (Linux; Android 6.0.1; Nexus 5X Build/MMB29P) AppleWebKit/537.36 (KHTML, like Gecko) Chrome/150.0.7871.128 Mobile Safari/537.36 (compatible; Googlebot/2.1; +http://www.google.com/bot.html)"
66.249.70.96 - - [27/Jul/2026:07:12:19 +0200] "GET /?g=w3e4l0k3i2n1g86611 HTTP/1.1" 200 8801 "-" "Mozilla/5.0 (Linux; Android 6.0.1; Nexus 5X Build/MMB29P) AppleWebKit/537.36 (KHTML, like Gecko) Chrome/150.0.7871.128 Mobile Safari/537.36 (compatible; Googlebot/2.1; +http://www.google.com/bot.html)"
57.141.0.2 - - [27/Jul/2026:07:12:19 +0200] "GET /?g=e6n1a8n3t8h6a4t4e415 HTTP/1.1" 200 50119 "-" "Mozilla/5.0 (X11; Linux x86_64) AppleWebKit/537.36 (KHTML, like Gecko) Chrome/145.0.0.0 Safari/537.36 (compatible; meta-externalagent/1.1 (+https://developers.facebook.com/docs/sharing/webmasters/crawler))"
57.141.0.9 - - [27/Jul/2026:07:12:20 +0200] "GET /shops/maculata/s1o1l3e4i8l517519?loknya=/var/www/vhosts/sipek-instalacije.si/httpdocs/images HTTP/1.1" 200 13795 "-" "Mozilla/5.0 (Macintosh; Intel Mac OS X 10_15_7) AppleWebKit/537.36 (KHTML, like Gecko) Chrome/145.0.0.0 Safari/537.36 (compatible; meta-externalagent/1.1 (+https://developers.facebook.com/docs/sharing/webmasters/crawler))"
57.141.0.22 - - [27/Jul/2026:07:12:20 +0200] "GET /shops/maculata/s1o1l3e4i8l517519?loknya=/var HTTP/1.1" 200 10619 "-" "Mozilla/5.0 (Windows NT 10.0; Win64; x64) AppleWebKit/537.36 (KHTML, like Gecko) Chrome/145.0.0.0 Safari/537.36 (compatible; meta-externalagent/1.1 (+https://developers.facebook.com/docs/sharing/webmasters/crawler))"
57.141.0.50 - - [27/Jul/2026:07:12:20 +0200] "GET /shops/maculata/s1o1l3e4i8l517519?lokasie=/var/www/vhosts/sipek-instalacije.si/httpdocs/wp-load.php&loknya=/var/www/vhosts/sipek-instalacije.si/httpdocs HTTP/1.1" 200 14135 "-" "Mozilla/5.0 (Macintosh; Intel Mac OS X 10_15_7) AppleWebKit/537.36 (KHTML, like Gecko) Chrome/145.0.0.0 Safari/537.36 (compatible; meta-externalagent/1.1 (+https://developers.facebook.com/docs/sharing/webmasters/crawler))"
57.141.0.5 - - [27/Jul/2026:07:12:20 +0200] "GET /shops/maculata/s1o1l3e4i8l517519?lokasie=/var/www/vhosts/sipek-instalacije.si/httpdocs/readme.html&loknya=/var/www/vhosts/sipek-instalacije.si/httpdocs HTTP/1.1" 200 19168 "-" "Mozilla/5.0 (Macintosh; Intel Mac OS X 10_15_7) AppleWebKit/537.36 (KHTML, like Gecko) Chrome/145.0.0.0 Safari/537.36 (compatible; meta-externalagent/1.1 (+https://developers.facebook.com/docs/sharing/webmasters/crawler))"
122.160.13.186 - - [27/Jul/2026:07:12:21 +0200] "POST /xmlrpc.php HTTP/1.1" 200 50124 "-" "Jetpack by WordPress.com (Jetpack 12.1; WordPress 6.3)"
57.141.0.38 - - [27/Jul/2026:07:12:21 +0200] "GET /shops/maculata/s1o1l3e4i8l517519?lokasie=/var/www/vhosts/sipek-instalacije.si/httpdocs/0x.txt&loknya=/var/www/vhosts/sipek-instalacije.si/httpdocs HTTP/1.1" 200 9816 "-" "Mozilla/5.0 (Windows NT 10.0; Win64; x64) AppleWebKit/537.36 (KHTML, like Gecko) Chrome/145.0.0.0 Safari/537.36 (compatible; meta-externalagent/1.1 (+https://developers.facebook.com/docs/sharing/webmasters/crawler))"
57.141.0.38 - - [27/Jul/2026:07:12:21 +0200] "GET /lemming/paragrele/6550670065 HTTP/1.1" 200 50120 "-" "Mozilla/5.0 (Windows NT 10.0; Win64; x64) AppleWebKit/537.36 (KHTML, like Gecko) Chrome/145.0.0.0 Safari/537.36 (compatible; meta-externalagent/1.1 (+https://developers.facebook.com/docs/sharing/webmasters/crawler))"
66.249.70.109 - - [27/Jul/2026:07:12:21 +0200] "GET /?g=i2n3s3p3e8r2s5i6o3n90 HTTP/1.1" 200 8801 "-" "Mozilla/5.0 (Linux; Android 6.0.1; Nexus 5X Build/MMB29P) AppleWebKit/537.36 (KHTML, like Gecko) Chrome/150.0.7871.128 Mobile Safari/537.36 (compatible; Googlebot/2.1; +http://www.google.com/bot.html)"
213.230.123.43 - - [27/Jul/2026:07:12:21 +0200] "POST /xmlrpc.php HTTP/1.1" 200 50124 "-" "Jetpack by WordPress.com"
66.249.76.237 - - [27/Jul/2026:07:12:21 +0200] "GET /?g=s3e4e4d5m6a0n4789 HTTP/1.1" 200 8800 "-" "Mozilla/5.0 (Linux; Android 6.0.1; Nexus 5X Build/MMB29P) AppleWebKit/537.36 (KHTML, like Gecko) Chrome/150.0.7871.128 Mobile Safari/537.36 (compatible; Googlebot/2.1; +http://www.google.com/bot.html)"
66.249.76.224 - - [27/Jul/2026:07:12:22 +0200] "GET /?g=s1i2n9u2o1u0s4076 HTTP/1.1" 200 8799 "-" "Mozilla/5.0 (Linux; Android 6.0.1; Nexus 5X Build/MMB29P) AppleWebKit/537.36 (KHTML, like Gecko) Chrome/150.0.7871.128 Mobile Safari/537.36 (compatible; Googlebot/2.1; +http://www.google.com/bot.html)"
66.249.70.109 - - [27/Jul/2026:07:12:22 +0200] "GET /?g=g2r2o9v6e4l43851 HTTP/1.1" 200 8801 "-" "Mozilla/5.0 (Linux; Android 6.0.1; Nexus 5X Build/MMB29P) AppleWebKit/537.36 (KHTML, like Gecko) Chrome/150.0.7871.128 Mobile Safari/537.36 (compatible; Googlebot/2.1; +http://www.google.com/bot.html)"
66.249.70.109 - - [27/Jul/2026:07:12:21 +0200] "GET /?g=n3u2m5e9r0a6t7e8d261 HTTP/1.1" 200 8801 "-" "Mozilla/5.0 (Linux; Android 6.0.1; Nexus 5X Build/MMB29P) AppleWebKit/537.36 (KHTML, like Gecko) Chrome/150.0.7871.128 Mobile Safari/537.36 (compatible; Googlebot/2.1; +http://www.google.com/bot.html)"
174.168.10.208 - - [27/Jul/2026:07:12:23 +0200] "POST /xmlrpc.php HTTP/1.1" 200 50124 "-" "Jetpack by WordPress.com"
66.249.76.224 - - [27/Jul/2026:07:12:23 +0200] "GET /?g=s3e2e1l2e4d017204 HTTP/1.1" 200 8799 "-" "Mozilla/5.0 (Linux; Android 6.0.1; Nexus 5X Build/MMB29P) AppleWebKit/537.36 (KHTML, like Gecko) Chrome/150.0.7871.128 Mobile Safari/537.36 (compatible; Googlebot/2.1; +http://www.google.com/bot.html)"
66.249.70.109 - - [27/Jul/2026:07:12:23 +0200] "GET /astir/m8u2m8p3e0r065542 HTTP/1.1" 200 8801 "-" "Mozilla/5.0 (Linux; Android 6.0.1; Nexus 5X Build/MMB29P) AppleWebKit/537.36 (KHTML, like Gecko) Chrome/150.0.7871.128 Mobile Safari/537.36 (compatible; Googlebot/2.1; +http://www.google.com/bot.html)"
66.249.70.109 - - [27/Jul/2026:07:12:23 +0200] "GET /?g=l5i1p1o7p1h3o8b6i8c39 HTTP/1.1" 200 8801 "-" "Mozilla/5.0 (Linux; Android 6.0.1; Nexus 5X Build/MMB29P) AppleWebKit/537.36 (KHTML, like Gecko) Chrome/150.0.7871.128 Mobile Safari/537.36 (compatible; Googlebot/2.1; +http://www.google.com/bot.html)"
57.141.0.65 - - [27/Jul/2026:07:12:24 +0200] "GET /shops/maculata/s1o1l3e4i8l517519?loknya=/var/www/vhosts/sipek-instalacije.si/httpdocs/wp-content HTTP/1.1" 200 22623 "-" "Mozilla/5.0 (Macintosh; Intel Mac OS X 10_15_7) AppleWebKit/537.36 (KHTML, like Gecko) Chrome/145.0.0.0 Safari/537.36 (compatible; meta-externalagent/1.1 (+https://developers.facebook.com/docs/sharing/webmasters/crawler))"
66.249.70.96 - - [27/Jul/2026:07:12:24 +0200] "GET /?g=l5u3d2w8i2g1i9t5e984 HTTP/1.1" 200 8801 "-" "Mozilla/5.0 (Linux; Android 6.0.1; Nexus 5X Build/MMB29P) AppleWebKit/537.36 (KHTML, like Gecko) Chrome/150.0.7871.128 Mobile Safari/537.36 (compatible; Googlebot/2.1; +http://www.google.com/bot.html)"
