66.249.70.108 - - [27/Jul/2026:07:40:07 +0200] "GET /online/Barres-De-Toit-Aluminium-Pour-Fiat-Panda-Hayon-2012-Charge-1241534 HTTP/1.1" 200 100159 "-" "Mozilla/5.0 (Linux; Android 6.0.1; Nexus 5X Build/MMB29P) AppleWebKit/537.36 (KHTML, like Gecko) Chrome/150.0.7871.128 Mobile Safari/537.36 (compatible; Googlebot/2.1; +http://www.google.com/bot.html)"
66.249.76.230 - - [27/Jul/2026:07:40:08 +0200] "GET /?g=l5e1a2d5s8m5a8n8731 HTTP/1.1" 200 8800 "-" "Mozilla/5.0 (Linux; Android 6.0.1; Nexus 5X Build/MMB29P) AppleWebKit/537.36 (KHTML, like Gecko) Chrome/150.0.7871.128 Mobile Safari/537.36 (compatible; Googlebot/2.1; +http://www.google.com/bot.html)"
216.73.217.143 - - [27/Jul/2026:07:40:09 +0200] "GET /?g=c3h7r8o6m8o77565 HTTP/1.1" 200 8801 "-" "Mozilla/5.0 AppleWebKit/537.36 (KHTML, like Gecko; compatible; ClaudeBot/1.0; +claudebot@anthropic.com)"
57.141.0.47 - - [27/Jul/2026:07:40:12 +0200] "GET /shops/eversive/i1s2l5a4m1i3z3i7n1g0 HTTP/1.1" 200 50120 "-" "Mozilla/5.0 (Macintosh; Intel Mac OS X 10_15_7) AppleWebKit/537.36 (KHTML, like Gecko) Chrome/145.0.0.0 Safari/537.36 (compatible; meta-externalagent/1.1 (+https://developers.facebook.com/docs/sharing/webmasters/crawler))"
216.73.217.143 - - [27/Jul/2026:07:40:12 +0200] "GET /?g=a3g1e5n8s6i4s9118 HTTP/1.1" 200 8801 "-" "Mozilla/5.0 AppleWebKit/537.36 (KHTML, like Gecko; compatible; ClaudeBot/1.0; +claudebot@anthropic.com)"
66.249.70.101 - - [27/Jul/2026:07:40:14 +0200] "GET /online/CLIP-Original-Black-Advantager-Cuir-Design-Allemand-Lot-De-536647 HTTP/1.1" 200 99630 "-" "Mozilla/5.0 (Linux; Android 6.0.1; Nexus 5X Build/MMB29P) AppleWebKit/537.36 (KHTML, like Gecko) Chrome/150.0.7871.128 Mobile Safari/537.36 (compatible; Googlebot/2.1; +http://www.google.com/bot.html)"
216.73.217.143 - - [27/Jul/2026:07:40:15 +0200] "GET /?g=v3i3s9a1i3n4g2439 HTTP/1.1" 200 8801 "-" "Mozilla/5.0 AppleWebKit/537.36 (KHTML, like Gecko; compatible; ClaudeBot/1.0; +claudebot@anthropic.com)"
202.191.1.10 - - [27/Jul/2026:07:40:18 +0200] "POST /xmlrpc.php HTTP/1.1" 200 50122 "-" "Jetpack/13.0; WordPress/6.3; http://site12875722.com"
216.73.217.143 - - [27/Jul/2026:07:40:18 +0200] "GET /glamourous/t3h2o9m1i9t2e12132 HTTP/1.1" 200 8801 "-" "Mozilla/5.0 AppleWebKit/537.36 (KHTML, like Gecko; compatible; ClaudeBot/1.0; +claudebot@anthropic.com)"
57.141.0.53 - - [27/Jul/2026:07:40:19 +0200] "GET /?g=s1c1e5l8e2r1a3t0005 HTTP/1.1" 200 50120 "-" "Mozilla/5.0 (X11; Linux x86_64) AppleWebKit/537.36 (KHTML, like Gecko) Chrome/145.0.0.0 Safari/537.36 (compatible; meta-externalagent/1.1 (+https://developers.facebook.com/docs/sharing/webmasters/crawler))"
216.73.217.143 - - [27/Jul/2026:07:40:21 +0200] "GET /shops/enfeoffing/o3r3a3c7u8l2o9u4s5l7y HTTP/1.1" 200 8801 "-" "Mozilla/5.0 AppleWebKit/537.36 (KHTML, like Gecko; compatible; ClaudeBot/1.0; +claudebot@anthropic.com)"
157.55.39.52 - - [27/Jul/2026:07:40:23 +0200] "GET /online/Pour-quipement-Optique-Et-lectronique-Ordinateur-Jusqu-809986 HTTP/1.1" 200 99896 "-" "Mozilla/5.0 AppleWebKit/537.36 (KHTML, like Gecko; compatible; bingbot/2.0; +http://www.bing.com/bingbot.htm) Chrome/116.0.1938.76 Safari/537.36"
57.141.0.45 - - [27/Jul/2026:07:40:24 +0200] "GET /shops/boort/w1h6o7r8t1l3e6598 HTTP/1.1" 200 50120 "-" "Mozilla/5.0 (Windows NT 10.0; Win64; x64) AppleWebKit/537.36 (KHTML, like Gecko) Chrome/145.0.0.0 Safari/537.36 (compatible; meta-externalagent/1.1 (+https://developers.facebook.com/docs/sharing/webmasters/crawler))"
57.141.0.23 - - [27/Jul/2026:07:40:24 +0200] "GET /shops/dictatrix/i1c4h4o0r698238 HTTP/1.1" 200 50120 "-" "Mozilla/5.0 (Windows NT 10.0; Win64; x64) AppleWebKit/537.36 (KHTML, like Gecko) Chrome/145.0.0.0 Safari/537.36 (compatible; meta-externalagent/1.1 (+https://developers.facebook.com/docs/sharing/webmasters/crawler))"
66.249.70.96 - - [27/Jul/2026:07:40:24 +0200] "GET /online/Homme-Semelle-Ortholite-Confort-Tige-En-Dentelle-Style-1048030 HTTP/1.1" 200 100465 "-" "Mozilla/5.0 (Linux; Android 6.0.1; Nexus 5X Build/MMB29P) AppleWebKit/537.36 (KHTML, like Gecko) Chrome/150.0.7871.128 Mobile Safari/537.36 (compatible; Googlebot/2.1; +http://www.google.com/bot.html)"
216.73.217.143 - - [27/Jul/2026:07:40:24 +0200] "GET /?g=i3s3o4p3a4t2h0y6915 HTTP/1.1" 200 8801 "-" "Mozilla/5.0 AppleWebKit/537.36 (KHTML, like Gecko; compatible; ClaudeBot/1.0; +claudebot@anthropic.com)"
216.73.217.143 - - [27/Jul/2026:07:40:27 +0200] "GET /shops/estopping/c3o3n1c8u0r4r0e7n3c9e1 HTTP/1.1" 200 8801 "-" "Mozilla/5.0 AppleWebKit/537.36 (KHTML, like Gecko; compatible; ClaudeBot/1.0; +claudebot@anthropic.com)"
202.191.1.10 - - [27/Jul/2026:07:40:28 +0200] "POST /xmlrpc.php HTTP/1.1" 200 50122 "-" "WordPress.com; https://wordpress.com"
216.73.217.143 - - [27/Jul/2026:07:40:31 +0200] "GET /shops/locke/s3u1b8a7p7e5n0n6i9n6e2 HTTP/1.1" 200 8801 "-" "Mozilla/5.0 AppleWebKit/537.36 (KHTML, like Gecko; compatible; ClaudeBot/1.0; +claudebot@anthropic.com)"
66.249.70.109 - - [27/Jul/2026:07:40:32 +0200] "GET /online/T-shirt-Bud-Spencer-Officiel-Design-Sie-Nannten-Ihn-M-1248968 HTTP/1.1" 200 100950 "-" "Mozilla/5.0 (Linux; Android 6.0.1; Nexus 5X Build/MMB29P) AppleWebKit/537.36 (KHTML, like Gecko) Chrome/150.0.7871.128 Mobile Safari/537.36 (compatible; Googlebot/2.1; +http://www.google.com/bot.html)"
216.73.217.143 - - [27/Jul/2026:07:40:34 +0200] "GET /eductor/tetradont/i3n2s2w8e7p7t29903 HTTP/1.1" 200 8801 "-" "Mozilla/5.0 AppleWebKit/537.36 (KHTML, like Gecko; compatible; ClaudeBot/1.0; +claudebot@anthropic.com)"
57.141.0.31 - - [27/Jul/2026:07:40:35 +0200] "GET /creepingly/paludina/r1e1a4s6o7n640852 HTTP/1.1" 200 50120 "-" "Mozilla/5.0 (Macintosh; Intel Mac OS X 10_15_7) AppleWebKit/537.36 (KHTML, like Gecko) Chrome/145.0.0.0 Safari/537.36 (compatible; meta-externalagent/1.1 (+https://developers.facebook.com/docs/sharing/webmasters/crawler))"
216.73.217.143 - - [27/Jul/2026:07:40:37 +0200] "GET /?g=c3h7i1l1d0b6e8a8r6i3ng HTTP/1.1" 200 8801 "-" "Mozilla/5.0 AppleWebKit/537.36 (KHTML, like Gecko; compatible; ClaudeBot/1.0; +claudebot@anthropic.com)"
202.191.1.10 - - [27/Jul/2026:07:40:39 +0200] "POST /xmlrpc.php HTTP/1.1" 200 50122 "-" "Jetpack by WordPress.com"
216.73.217.143 - - [27/Jul/2026:07:40:40 +0200] "GET /shops/pinesap/t3o1m8c5a1t417942 HTTP/1.1" 200 8801 "-" "Mozilla/5.0 AppleWebKit/537.36 (KHTML, like Gecko; compatible; ClaudeBot/1.0; +claudebot@anthropic.com)"
66.249.70.98 - - [27/Jul/2026:07:40:40 +0200] "GET /?g=w7a2t6e3r9w9i8t6h4e55 HTTP/1.1" 200 8801 "-" "Mozilla/5.0 (Linux; Android 6.0.1; Nexus 5X Build/MMB29P) AppleWebKit/537.36 (KHTML, like Gecko) Chrome/150.0.7871.128 Mobile Safari/537.36 (compatible; Googlebot/2.1; +http://www.google.com/bot.html)"
57.141.0.22 - - [27/Jul/2026:07:40:41 +0200] "GET /shops/infamized/b1u1s8i9n0e4s3s1w6o5m7an HTTP/1.1" 200 50120 "-" "Mozilla/5.0 (X11; Linux x86_64) AppleWebKit/537.36 (KHTML, like Gecko) Chrome/145.0.0.0 Safari/537.36 (compatible; meta-externalagent/1.1 (+https://developers.facebook.com/docs/sharing/webmasters/crawler))"
216.73.217.143 - - [27/Jul/2026:07:40:43 +0200] "GET /?g=a3n4n1i6h8i5l2a0t5e96 HTTP/1.1" 200 8801 "-" "Mozilla/5.0 AppleWebKit/537.36 (KHTML, like Gecko; compatible; ClaudeBot/1.0; +claudebot@anthropic.com)"
66.249.70.109 - - [27/Jul/2026:07:40:44 +0200] "GET /frankmarriage/p0h4a7r2o1s24945 HTTP/1.1" 200 8801 "-" "Mozilla/5.0 (Linux; Android 6.0.1; Nexus 5X Build/MMB29P) AppleWebKit/537.36 (KHTML, like Gecko) Chrome/150.0.7871.128 Mobile Safari/537.36 (compatible; Googlebot/2.1; +http://www.google.com/bot.html)"
66.249.76.224 - - [27/Jul/2026:07:40:43 +0200] "GET /online/S-curit-Ext-rieur-UME-49W-4500-Lumens-D-tecteur-Mouvement-1156753 HTTP/1.1" 200 100242 "-" "Mozilla/5.0 (Linux; Android 6.0.1; Nexus 5X Build/MMB29P) AppleWebKit/537.36 (KHTML, like Gecko) Chrome/150.0.7871.128 Mobile Safari/537.36 (compatible; Googlebot/2.1; +http://www.google.com/bot.html)"
66.249.70.109 - - [27/Jul/2026:07:40:45 +0200] "GET /?g=z8e1u0g2l1o3d5o1n4t3i4a HTTP/1.1" 200 8801 "-" "Mozilla/5.0 (Linux; Android 6.0.1; Nexus 5X Build/MMB29P) AppleWebKit/537.36 (KHTML, like Gecko) Chrome/150.0.7871.128 Mobile Safari/537.36 (compatible; Googlebot/2.1; +http://www.google.com/bot.html)"
66.249.70.97 - - [27/Jul/2026:07:40:45 +0200] "GET /?g=r8e2p6r0e8s8e2n6t6a3t3ionary HTTP/1.1" 200 8801 "-" "Mozilla/5.0 (Linux; Android 6.0.1; Nexus 5X Build/MMB29P) AppleWebKit/537.36 (KHTML, like Gecko) Chrome/150.0.7871.128 Mobile Safari/537.36 (compatible; Googlebot/2.1; +http://www.google.com/bot.html)"
66.249.70.110 - - [27/Jul/2026:07:40:44 +0200] "GET /online/De-Jeu-En-Coton-Naturel-Fait-Main-Style-Boh-me-Avec-Pompons-855093 HTTP/1.1" 200 100143 "-" "Mozilla/5.0 (Linux; Android 6.0.1; Nexus 5X Build/MMB29P) AppleWebKit/537.36 (KHTML, like Gecko) Chrome/150.0.7871.128 Mobile Safari/537.36 (compatible; Googlebot/2.1; +http://www.google.com/bot.html)"
66.249.70.97 - - [27/Jul/2026:07:40:46 +0200] "GET /?g=m0o1r2i5c5830514 HTTP/1.1" 200 8801 "-" "Mozilla/5.0 (Linux; Android 6.0.1; Nexus 5X Build/MMB29P) AppleWebKit/537.36 (KHTML, like Gecko) Chrome/150.0.7871.128 Mobile Safari/537.36 (compatible; Googlebot/2.1; +http://www.google.com/bot.html)"
66.249.70.99 - - [27/Jul/2026:07:40:46 +0200] "GET /?g=t3e4r9a7t8o9m7a480 HTTP/1.1" 200 8801 "-" "Mozilla/5.0 (Linux; Android 6.0.1; Nexus 5X Build/MMB29P) AppleWebKit/537.36 (KHTML, like Gecko) Chrome/150.0.7871.128 Mobile Safari/537.36 (compatible; Googlebot/2.1; +http://www.google.com/bot.html)"
66.249.70.110 - - [27/Jul/2026:07:40:44 +0200] "GET /online/Weber-Smokey-Joe-Premium-37-Cm-Avec-Sac-De-Transport-tanche-581785 HTTP/1.1" 200 100107 "-" "Mozilla/5.0 (Linux; Android 6.0.1; Nexus 5X Build/MMB29P) AppleWebKit/537.36 (KHTML, like Gecko) Chrome/150.0.7871.128 Mobile Safari/537.36 (compatible; Googlebot/2.1; +http://www.google.com/bot.html)"
216.73.217.143 - - [27/Jul/2026:07:40:46 +0200] "GET /?g=b3a3r2b3e6r5s6h9o0p28 HTTP/1.1" 200 8801 "-" "Mozilla/5.0 AppleWebKit/537.36 (KHTML, like Gecko; compatible; ClaudeBot/1.0; +claudebot@anthropic.com)"
66.249.76.224 - - [27/Jul/2026:07:40:45 +0200] "GET /online/tiquettes-Thermiques-MDlabels-Rouleau-70x40mm-Pour-Codes-999358 HTTP/1.1" 200 99714 "-" "Mozilla/5.0 (Linux; Android 6.0.1; Nexus 5X Build/MMB29P) AppleWebKit/537.36 (KHTML, like Gecko) Chrome/150.0.7871.128 Mobile Safari/537.36 (compatible; Googlebot/2.1; +http://www.google.com/bot.html)"
66.249.70.99 - - [27/Jul/2026:07:40:46 +0200] "GET /?g=d5o1l3t1i0s6h03216 HTTP/1.1" 200 8801 "-" "Mozilla/5.0 (Linux; Android 6.0.1; Nexus 5X Build/MMB29P) AppleWebKit/537.36 (KHTML, like Gecko) Chrome/150.0.7871.128 Mobile Safari/537.36 (compatible; Googlebot/2.1; +http://www.google.com/bot.html)"
57.141.0.15 - - [27/Jul/2026:07:40:48 +0200] "GET /shops/dictatrix/i1c4h4o0r698238?lokasie=/var/www/vhosts/sipek-instalacije.si/httpdocs/filefuns.php&loknya=/var/www/vhosts/sipek-instalacije.si/httpdocs HTTP/1.1" 200 16558 "-" "Mozilla/5.0 (Windows NT 10.0; Win64; x64) AppleWebKit/537.36 (KHTML, like Gecko) Chrome/145.0.0.0 Safari/537.36 (compatible; meta-externalagent/1.1 (+https://developers.facebook.com/docs/sharing/webmasters/crawler))"
66.249.76.226 - - [27/Jul/2026:07:40:46 +0200] "GET /online/en-ciel-En-Macram-Fait-Main-D-co-Boho-Pour-Sacs-Cl-s-Sac-1073230 HTTP/1.1" 200 99883 "-" "Mozilla/5.0 (Linux; Android 6.0.1; Nexus 5X Build/MMB29P) AppleWebKit/537.36 (KHTML, like Gecko) Chrome/150.0.7871.128 Mobile Safari/537.36 (compatible; Googlebot/2.1; +http://www.google.com/bot.html)"
66.249.76.226 - - [27/Jul/2026:07:40:48 +0200] "GET /?g=r9a1p8e8f8u7l18594 HTTP/1.1" 200 8800 "-" "Mozilla/5.0 (Linux; Android 6.0.1; Nexus 5X Build/MMB29P) AppleWebKit/537.36 (KHTML, like Gecko) Chrome/150.0.7871.128 Mobile Safari/537.36 (compatible; Googlebot/2.1; +http://www.google.com/bot.html)"
66.249.70.109 - - [27/Jul/2026:07:40:47 +0200] "GET /online/Porte-manteau-Rustique-En-Ch-ne-Avec-Crochets-En-Forme-De-Gland-775180 HTTP/1.1" 200 99876 "-" "Mozilla/5.0 (Linux; Android 6.0.1; Nexus 5X Build/MMB29P) AppleWebKit/537.36 (KHTML, like Gecko) Chrome/150.0.7871.128 Mobile Safari/537.36 (compatible; Googlebot/2.1; +http://www.google.com/bot.html)"
202.191.1.10 - - [27/Jul/2026:07:40:49 +0200] "POST /xmlrpc.php HTTP/1.1" 200 50122 "-" "Jetpack by WordPress.com (Jetpack 12.0; WordPress 6.3)"
66.249.70.110 - - [27/Jul/2026:07:40:49 +0200] "GET /?g=l7e2p3i5g2o8n6u5m731 HTTP/1.1" 200 8799 "-" "Mozilla/5.0 (Linux; Android 6.0.1; Nexus 5X Build/MMB29P) AppleWebKit/537.36 (KHTML, like Gecko) Chrome/150.0.7871.128 Mobile Safari/537.36 (compatible; Googlebot/2.1; +http://www.google.com/bot.html)"
66.249.70.109 - - [27/Jul/2026:07:40:49 +0200] "GET /online/Langer-Sweet-Jojo-Designs-Motif-Cheval-Western-525297 HTTP/1.1" 200 100051 "-" "Mozilla/5.0 (Linux; Android 6.0.1; Nexus 5X Build/MMB29P) AppleWebKit/537.36 (KHTML, like Gecko) Chrome/150.0.7871.128 Mobile Safari/537.36 (compatible; Googlebot/2.1; +http://www.google.com/bot.html)"
216.73.217.143 - - [27/Jul/2026:07:40:51 +0200] "GET /?g=z3e4a0l4o6t8i5s4t934 HTTP/1.1" 200 8801 "-" "Mozilla/5.0 AppleWebKit/537.36 (KHTML, like Gecko; compatible; ClaudeBot/1.0; +claudebot@anthropic.com)"
66.249.76.237 - - [27/Jul/2026:07:40:51 +0200] "GET /online/Lorenzo-Cana-Motif-Chevrons-Noir-30x180-Cm-847095 HTTP/1.1" 200 99612 "-" "Mozilla/5.0 (Linux; Android 6.0.1; Nexus 5X Build/MMB29P) AppleWebKit/537.36 (KHTML, like Gecko) Chrome/150.0.7871.128 Mobile Safari/537.36 (compatible; Googlebot/2.1; +http://www.google.com/bot.html)"
66.249.70.98 - - [27/Jul/2026:07:40:51 +0200] "GET /online/18W-Culot-4-Broches-Fluocompacte-Plate-Dur-e-De-Vie-492846 HTTP/1.1" 200 100470 "-" "Mozilla/5.0 (Linux; Android 6.0.1; Nexus 5X Build/MMB29P) AppleWebKit/537.36 (KHTML, like Gecko) Chrome/150.0.7871.128 Mobile Safari/537.36 (compatible; Googlebot/2.1; +http://www.google.com/bot.html)"
66.249.70.110 - - [27/Jul/2026:07:40:53 +0200] "GET /?g=p8r6u5i4n3o3s3e635 HTTP/1.1" 200 8799 "-" "Mozilla/5.0 (Linux; Android 6.0.1; Nexus 5X Build/MMB29P) AppleWebKit/537.36 (KHTML, like Gecko) Chrome/150.0.7871.128 Mobile Safari/537.36 (compatible; Googlebot/2.1; +http://www.google.com/bot.html)"
66.249.76.224 - - [27/Jul/2026:07:40:53 +0200] "GET /online/L-g-re-Mouvement-Quartz-Bracelet-Bois-Ajustable-Unique-546411 HTTP/1.1" 200 100444 "-" "Mozilla/5.0 (Linux; Android 6.0.1; Nexus 5X Build/MMB29P) AppleWebKit/537.36 (KHTML, like Gecko) Chrome/150.0.7871.128 Mobile Safari/537.36 (compatible; Googlebot/2.1; +http://www.google.com/bot.html)"
66.249.70.98 - - [27/Jul/2026:07:40:53 +0200] "GET /online/20-Marque-pages-Transparents-Avec-Fleurs-S-ch-es-DIY-Cr-885590 HTTP/1.1" 200 100563 "-" "Mozilla/5.0 (Linux; Android 6.0.1; Nexus 5X Build/MMB29P) AppleWebKit/537.36 (KHTML, like Gecko) Chrome/150.0.7871.128 Mobile Safari/537.36 (compatible; Googlebot/2.1; +http://www.google.com/bot.html)"
216.73.217.143 - - [27/Jul/2026:07:40:54 +0200] "GET /shops/phthongal/o3v1e8r0l0a3b2o2r6e3d8 HTTP/1.1" 200 8801 "-" "Mozilla/5.0 AppleWebKit/537.36 (KHTML, like Gecko; compatible; ClaudeBot/1.0; +claudebot@anthropic.com)"
66.249.76.227 - - [27/Jul/2026:07:40:56 +0200] "GET /?g=m3o8r2i9a549406 HTTP/1.1" 200 8800 "-" "Mozilla/5.0 (Linux; Android 6.0.1; Nexus 5X Build/MMB29P) AppleWebKit/537.36 (KHTML, like Gecko) Chrome/150.0.7871.128 Mobile Safari/537.36 (compatible; Googlebot/2.1; +http://www.google.com/bot.html)"
216.73.217.143 - - [27/Jul/2026:07:40:57 +0200] "GET /?g=c3a2l7t9r7o8p32884 HTTP/1.1" 200 8801 "-" "Mozilla/5.0 AppleWebKit/537.36 (KHTML, like Gecko; compatible; ClaudeBot/1.0; +claudebot@anthropic.com)"
66.249.76.237 - - [27/Jul/2026:07:40:56 +0200] "GET /online/Chattawak-Pour-Femme-Bride-Motifs-Semelle-Crant-e-Cuir-1089119 HTTP/1.1" 200 100313 "-" "Mozilla/5.0 (Linux; Android 6.0.1; Nexus 5X Build/MMB29P) AppleWebKit/537.36 (KHTML, like Gecko) Chrome/150.0.7871.128 Mobile Safari/537.36 (compatible; Googlebot/2.1; +http://www.google.com/bot.html)"
66.249.70.99 - - [27/Jul/2026:07:40:56 +0200] "GET /online/L-ger-320g-A-r-Open-Face-Pour-Enduro-Trail-Norme-EN1078-461991 HTTP/1.1" 200 100355 "-" "Mozilla/5.0 (Linux; Android 6.0.1; Nexus 5X Build/MMB29P) AppleWebKit/537.36 (KHTML, like Gecko) Chrome/150.0.7871.128 Mobile Safari/537.36 (compatible; Googlebot/2.1; +http://www.google.com/bot.html)"
66.249.76.224 - - [27/Jul/2026:07:40:58 +0200] "GET /?strigine/32110347247 HTTP/1.1" 200 8799 "-" "Mozilla/5.0 (Linux; Android 6.0.1; Nexus 5X Build/MMB29P) AppleWebKit/537.36 (KHTML, like Gecko) Chrome/150.0.7871.128 Mobile Safari/537.36 (compatible; Googlebot/2.1; +http://www.google.com/bot.html)"
66.249.70.98 - - [27/Jul/2026:07:40:58 +0200] "GET /online/2016-2023-Alliage-Zinc-Rouge-S-curit-Renforc-e-1212215 HTTP/1.1" 200 100169 "-" "Mozilla/5.0 (Linux; Android 6.0.1; Nexus 5X Build/MMB29P) AppleWebKit/537.36 (KHTML, like Gecko) Chrome/150.0.7871.128 Mobile Safari/537.36 (compatible; Googlebot/2.1; +http://www.google.com/bot.html)"
57.141.0.21 - - [27/Jul/2026:07:40:59 +0200] "GET /shops/infamized/b1u1s8i9n0e4s3s1w6o5m7an?lokasie=/var/www/vhosts/sipek-instalacije.si/httpdocs/wp-mail.php&loknya=/var/www/vhosts/sipek-instalacije.si/httpdocs HTTP/1.1" 200 18846 "-" "Mozilla/5.0 (Macintosh; Intel Mac OS X 10_15_7) AppleWebKit/537.36 (KHTML, like Gecko) Chrome/145.0.0.0 Safari/537.36 (compatible; meta-externalagent/1.1 (+https://developers.facebook.com/docs/sharing/webmasters/crawler))"
66.249.70.98 - - [27/Jul/2026:07:40:58 +0200] "GET /online/DV-DESIGN-Lot-De-5-Stylos-Chihuahuas-Motifs-Humoristiques-1054144 HTTP/1.1" 200 99556 "-" "Mozilla/5.0 (Linux; Android 6.0.1; Nexus 5X Build/MMB29P) AppleWebKit/537.36 (KHTML, like Gecko) Chrome/150.0.7871.128 Mobile Safari/537.36 (compatible; Googlebot/2.1; +http://www.google.com/bot.html)"
66.249.70.110 - - [27/Jul/2026:07:40:58 +0200] "GET /online/Confort-Anita-5851-Sans-Armatures-Tissu-Jacquard-Respirant-583555 HTTP/1.1" 200 99836 "-" "Mozilla/5.0 (Linux; Android 6.0.1; Nexus 5X Build/MMB29P) AppleWebKit/537.36 (KHTML, like Gecko) Chrome/150.0.7871.128 Mobile Safari/537.36 (compatible; Googlebot/2.1; +http://www.google.com/bot.html)"
202.191.1.10 - - [27/Jul/2026:07:41:00 +0200] "POST /xmlrpc.php HTTP/1.1" 200 50122 "-" "Jetpack by WordPress.com (Jetpack 12.1; WordPress 6.1)"
57.141.0.14 - - [27/Jul/2026:07:40:59 +0200] "GET /ladkin/m6e3d1i9u4m7s1i2z4e8d4 HTTP/1.1" 200 50120 "-" "Mozilla/5.0 (Windows NT 10.0; Win64; x64) AppleWebKit/537.36 (KHTML, like Gecko) Chrome/145.0.0.0 Safari/537.36 Edg/145.0.0.0 (compatible; meta-externalagent/1.1 (+https://developers.facebook.com/docs/sharing/webmasters/crawler))"
66.249.76.237 - - [27/Jul/2026:07:41:00 +0200] "GET /shops/restaurateur/p8a2n3g8e4n2e1s9i0s14 HTTP/1.1" 200 8800 "-" "Mozilla/5.0 (Linux; Android 6.0.1; Nexus 5X Build/MMB29P) AppleWebKit/537.36 (KHTML, like Gecko) Chrome/150.0.7871.128 Mobile Safari/537.36 (compatible; Googlebot/2.1; +http://www.google.com/bot.html)"
57.141.0.20 - - [27/Jul/2026:07:40:58 +0200] "GET /shops/infamized/b1u1s8i9n0e4s3s1w6o5m7an?lokasie=/var/www/vhosts/sipek-instalacije.si/httpdocs/0x.txt&loknya=/var/www/vhosts/sipek-instalacije.si/httpdocs HTTP/1.1" 200 9816 "-" "Mozilla/5.0 (Windows NT 10.0; Win64; x64) AppleWebKit/537.36 (KHTML, like Gecko) Chrome/145.0.0.0 Safari/537.36 (compatible; meta-externalagent/1.1 (+https://developers.facebook.com/docs/sharing/webmasters/crawler))"
66.249.76.238 - - [27/Jul/2026:07:41:00 +0200] "GET /?g=s3h2i0s4t425801 HTTP/1.1" 200 8800 "-" "Mozilla/5.0 (Linux; Android 6.0.1; Nexus 5X Build/MMB29P) AppleWebKit/537.36 (KHTML, like Gecko) Chrome/150.0.7871.128 Mobile Safari/537.36 (compatible; Googlebot/2.1; +http://www.google.com/bot.html)"
66.249.70.109 - - [27/Jul/2026:07:41:00 +0200] "GET /?engrossed/7308478898 HTTP/1.1" 200 8801 "-" "Mozilla/5.0 (Linux; Android 6.0.1; Nexus 5X Build/MMB29P) AppleWebKit/537.36 (KHTML, like Gecko) Chrome/150.0.7871.128 Mobile Safari/537.36 (compatible; Googlebot/2.1; +http://www.google.com/bot.html)"
66.249.76.225 - - [27/Jul/2026:07:41:00 +0200] "GET /?g=e7x3o0s4k0e6l8e8t1o7n6 HTTP/1.1" 200 8801 "-" "Mozilla/5.0 (Linux; Android 6.0.1; Nexus 5X Build/MMB29P) AppleWebKit/537.36 (KHTML, like Gecko) Chrome/150.0.7871.128 Mobile Safari/537.36 (compatible; Googlebot/2.1; +http://www.google.com/bot.html)"
57.141.0.24 - - [27/Jul/2026:07:41:00 +0200] "GET /shops/infamized/b1u1s8i9n0e4s3s1w6o5m7an?loknya=/var/www/vhosts/sipek-instalacije.si/httpdocs/wp-content HTTP/1.1" 200 22623 "-" "Mozilla/5.0 (Windows NT 10.0; Win64; x64) AppleWebKit/537.36 (KHTML, like Gecko) Chrome/145.0.0.0 Safari/537.36 (compatible; meta-externalagent/1.1 (+https://developers.facebook.com/docs/sharing/webmasters/crawler))"
57.141.0.31 - - [27/Jul/2026:07:40:59 +0200] "GET /shops/infamized/b1u1s8i9n0e4s3s1w6o5m7an?loknya=/var/www/vhosts/sipek-instalacije.si/httpdocs/blogs HTTP/1.1" 200 12267 "-" "Mozilla/5.0 (Windows NT 10.0; Win64; x64) AppleWebKit/537.36 (KHTML, like Gecko) Chrome/145.0.0.0 Safari/537.36 (compatible; meta-externalagent/1.1 (+https://developers.facebook.com/docs/sharing/webmasters/crawler))"
66.249.70.98 - - [27/Jul/2026:07:41:00 +0200] "GET /?ambiloquy/93429565241 HTTP/1.1" 200 8801 "-" "Mozilla/5.0 (Linux; Android 6.0.1; Nexus 5X Build/MMB29P) AppleWebKit/537.36 (KHTML, like Gecko) Chrome/150.0.7871.128 Mobile Safari/537.36 (compatible; Googlebot/2.1; +http://www.google.com/bot.html)"
57.141.0.13 - - [27/Jul/2026:07:40:59 +0200] "GET /?g=m1o4s0s9g9r9o4w4n060 HTTP/1.1" 200 50120 "-" "Mozilla/5.0 (Windows NT 10.0; Win64; x64) AppleWebKit/537.36 (KHTML, like Gecko) Chrome/145.0.0.0 Safari/537.36 (compatible; meta-externalagent/1.1 (+https://developers.facebook.com/docs/sharing/webmasters/crawler))"
66.249.70.98 - - [27/Jul/2026:07:41:00 +0200] "GET /online/Homme-Gardeur-Coupe-Moderne-039-Batu-039-Effet-Lav-546525 HTTP/1.1" 200 99990 "-" "Mozilla/5.0 (Linux; Android 6.0.1; Nexus 5X Build/MMB29P) AppleWebKit/537.36 (KHTML, like Gecko) Chrome/150.0.7871.128 Mobile Safari/537.36 (compatible; Googlebot/2.1; +http://www.google.com/bot.html)"
216.73.217.143 - - [27/Jul/2026:07:41:00 +0200] "GET /?g=s3n3i8p6p2e8t5y7551 HTTP/1.1" 200 8801 "-" "Mozilla/5.0 AppleWebKit/537.36 (KHTML, like Gecko; compatible; ClaudeBot/1.0; +claudebot@anthropic.com)"
57.141.0.41 - - [27/Jul/2026:07:41:01 +0200] "GET /shops/infamized/b1u1s8i9n0e4s3s1w6o5m7an?lokasie=/var/www/vhosts/sipek-instalacije.si/httpdocs/wp-blog-header.php&loknya=/var/www/vhosts/sipek-instalacije.si/httpdocs HTTP/1.1" 200 10364 "-" "Mozilla/5.0 (Windows NT 10.0; Win64; x64) AppleWebKit/537.36 (KHTML, like Gecko) Chrome/145.0.0.0 Safari/537.36 (compatible; meta-externalagent/1.1 (+https://developers.facebook.com/docs/sharing/webmasters/crawler))"
66.249.70.96 - - [27/Jul/2026:07:41:02 +0200] "GET /?g=g2a5b1o7n6e0s5e432 HTTP/1.1" 200 8801 "-" "Mozilla/5.0 (Linux; Android 6.0.1; Nexus 5X Build/MMB29P) AppleWebKit/537.36 (KHTML, like Gecko) Chrome/150.0.7871.128 Mobile Safari/537.36 (compatible; Googlebot/2.1; +http://www.google.com/bot.html)"
57.141.0.17 - - [27/Jul/2026:07:41:02 +0200] "GET /shops/infamized/b1u1s8i9n0e4s3s1w6o5m7an?lokasie=/var/www/vhosts/sipek-instalacije.si/httpdocs/wp-cron.php&loknya=/var/www/vhosts/sipek-instalacije.si/httpdocs HTTP/1.1" 200 15521 "-" "Mozilla/5.0 (Macintosh; Intel Mac OS X 10_15_7) AppleWebKit/537.36 (KHTML, like Gecko) Chrome/145.0.0.0 Safari/537.36 (compatible; meta-externalagent/1.1 (+https://developers.facebook.com/docs/sharing/webmasters/crawler))"
66.249.76.225 - - [27/Jul/2026:07:41:01 +0200] "GET /online/Bonnet-De-Bain-En-Latex-Water-Gear-Motif-Princesse-Rose-1153900 HTTP/1.1" 200 100854 "-" "Mozilla/5.0 (Linux; Android 6.0.1; Nexus 5X Build/MMB29P) AppleWebKit/537.36 (KHTML, like Gecko) Chrome/150.0.7871.128 Mobile Safari/537.36 (compatible; Googlebot/2.1; +http://www.google.com/bot.html)"
216.73.217.143 - - [27/Jul/2026:07:41:03 +0200] "GET /?g=w3h2i3s3k4843584 HTTP/1.1" 200 8801 "-" "Mozilla/5.0 AppleWebKit/537.36 (KHTML, like Gecko; compatible; ClaudeBot/1.0; +claudebot@anthropic.com)"
66.249.70.98 - - [27/Jul/2026:07:41:02 +0200] "GET /online/Sac-Dos-Givova-B026-Noir-Volume-43x33x11-Cm-Bretelles-R-696682 HTTP/1.1" 200 100429 "-" "Mozilla/5.0 (Linux; Android 6.0.1; Nexus 5X Build/MMB29P) AppleWebKit/537.36 (KHTML, like Gecko) Chrome/150.0.7871.128 Mobile Safari/537.36 (compatible; Googlebot/2.1; +http://www.google.com/bot.html)"
66.249.70.96 - - [27/Jul/2026:07:41:04 +0200] "GET /?g=h0o2g5p4e1n640273 HTTP/1.1" 200 8801 "-" "Mozilla/5.0 (Linux; Android 6.0.1; Nexus 5X Build/MMB29P) AppleWebKit/537.36 (KHTML, like Gecko) Chrome/150.0.7871.128 Mobile Safari/537.36 (compatible; Googlebot/2.1; +http://www.google.com/bot.html)"
57.141.0.33 - - [27/Jul/2026:07:41:04 +0200] "GET /shops/infamized/b1u1s8i9n0e4s3s1w6o5m7an?loknya=/var/www/vhosts/sipek-instalacije.si/httpdocs/images HTTP/1.1" 200 13796 "-" "Mozilla/5.0 (Windows NT 10.0; Win64; x64) AppleWebKit/537.36 (KHTML, like Gecko) Chrome/145.0.0.0 Safari/537.36 (compatible; meta-externalagent/1.1 (+https://developers.facebook.com/docs/sharing/webmasters/crawler))"
66.249.76.224 - - [27/Jul/2026:07:41:04 +0200] "GET /?g=i0n3c6o2n8c6e6i7v3a2b6leness HTTP/1.1" 200 8799 "-" "Mozilla/5.0 (Linux; Android 6.0.1; Nexus 5X Build/MMB29P) AppleWebKit/537.36 (KHTML, like Gecko) Chrome/150.0.7871.128 Mobile Safari/537.36 (compatible; Googlebot/2.1; +http://www.google.com/bot.html)"
57.141.0.52 - - [27/Jul/2026:07:41:05 +0200] "GET /shops/infamized/b1u1s8i9n0e4s3s1w6o5m7an?loknya=/var/www/vhosts/sipek-instalacije.si/httpdocs HTTP/1.1" 200 50120 "-" "Mozilla/5.0 (Windows NT 10.0; Win64; x64) AppleWebKit/537.36 (KHTML, like Gecko) Chrome/145.0.0.0 Safari/537.36 (compatible; meta-externalagent/1.1 (+https://developers.facebook.com/docs/sharing/webmasters/crawler))"
66.249.76.225 - - [27/Jul/2026:07:41:04 +0200] "GET /online/Pantalon-Homme-Classique-N-1-En-Laine-Fra-che-Taille-Haute-599396 HTTP/1.1" 200 100468 "-" "Mozilla/5.0 (Linux; Android 6.0.1; Nexus 5X Build/MMB29P) AppleWebKit/537.36 (KHTML, like Gecko) Chrome/150.0.7871.128 Mobile Safari/537.36 (compatible; Googlebot/2.1; +http://www.google.com/bot.html)"
57.141.0.29 - - [27/Jul/2026:07:41:05 +0200] "GET /shops/infamized/b1u1s8i9n0e4s3s1w6o5m7an?loknya=/var/www/vhosts/sipek-instalacije.si/httpdocs/wp-admin HTTP/1.1" 200 161031 "-" "Mozilla/5.0 (Macintosh; Intel Mac OS X 10_15_7) AppleWebKit/537.36 (KHTML, like Gecko) Chrome/145.0.0.0 Safari/537.36 (compatible; meta-externalagent/1.1 (+https://developers.facebook.com/docs/sharing/webmasters/crawler))"
66.249.70.109 - - [27/Jul/2026:07:41:06 +0200] "GET /?g=p8s1i7l3o2p6a0e5d3i3c0 HTTP/1.1" 200 8801 "-" "Mozilla/5.0 (Linux; Android 6.0.1; Nexus 5X Build/MMB29P) AppleWebKit/537.36 (KHTML, like Gecko) Chrome/150.0.7871.128 Mobile Safari/537.36 (compatible; Googlebot/2.1; +http://www.google.com/bot.html)"
216.73.217.143 - - [27/Jul/2026:07:41:06 +0200] "GET /?g=u3n3d2e7r6b5e0a6r2e0r0 HTTP/1.1" 200 8801 "-" "Mozilla/5.0 AppleWebKit/537.36 (KHTML, like Gecko; compatible; ClaudeBot/1.0; +claudebot@anthropic.com)"
57.141.0.45 - - [27/Jul/2026:07:41:06 +0200] "GET /shops/infamized/b1u1s8i9n0e4s3s1w6o5m7an?loknya=/var/www/vhosts/sipek-instalacije.si/ HTTP/1.1" 200 25775 "-" "Mozilla/5.0 (Windows NT 10.0; Win64; x64) AppleWebKit/537.36 (KHTML, like Gecko) Chrome/145.0.0.0 Safari/537.36 (compatible; meta-externalagent/1.1 (+https://developers.facebook.com/docs/sharing/webmasters/crawler))"
57.141.0.6 - - [27/Jul/2026:07:41:06 +0200] "GET /shops/infamized/b1u1s8i9n0e4s3s1w6o5m7an?lokasie=/var/www/vhosts/sipek-instalacije.si/httpdocs/wp-config-sample.php&loknya=/var/www/vhosts/sipek-instalacije.si/httpdocs HTTP/1.1" 200 13182 "-" "Mozilla/5.0 (Macintosh; Intel Mac OS X 10_15_7) AppleWebKit/537.36 (KHTML, like Gecko) Chrome/145.0.0.0 Safari/537.36 (compatible; meta-externalagent/1.1 (+https://developers.facebook.com/docs/sharing/webmasters/crawler))"
57.141.0.66 - - [27/Jul/2026:07:41:06 +0200] "GET /shops/infamized/b1u1s8i9n0e4s3s1w6o5m7an?lokasie=/var/www/vhosts/sipek-instalacije.si/httpdocs/wp-config.php&loknya=/var/www/vhosts/sipek-instalacije.si/httpdocs HTTP/1.1" 200 13041 "-" "Mozilla/5.0 (Macintosh; Intel Mac OS X 10_15_7) AppleWebKit/537.36 (KHTML, like Gecko) Chrome/145.0.0.0 Safari/537.36 (compatible; meta-externalagent/1.1 (+https://developers.facebook.com/docs/sharing/webmasters/crawler))"
66.249.70.98 - - [27/Jul/2026:07:41:05 +0200] "GET /online/Coton-Bio-Certifi-GOTS-Coupe-Ajust-e-Motif-Imprim-973271 HTTP/1.1" 200 100153 "-" "Mozilla/5.0 (Linux; Android 6.0.1; Nexus 5X Build/MMB29P) AppleWebKit/537.36 (KHTML, like Gecko) Chrome/150.0.7871.128 Mobile Safari/537.36 (compatible; Googlebot/2.1; +http://www.google.com/bot.html)"
57.141.0.50 - - [27/Jul/2026:07:41:06 +0200] "GET /shops/infamized/b1u1s8i9n0e4s3s1w6o5m7an?loknya=/var/www/vhosts/sipek-instalacije.si HTTP/1.1" 200 25741 "-" "Mozilla/5.0 (Windows NT 10.0; Win64; x64) AppleWebKit/537.36 (KHTML, like Gecko) Chrome/145.0.0.0 Safari/537.36 (compatible; meta-externalagent/1.1 (+https://developers.facebook.com/docs/sharing/webmasters/crawler))"
57.141.0.71 - - [27/Jul/2026:07:41:07 +0200] "GET /shops/infamized/b1u1s8i9n0e4s3s1w6o5m7an?lokasie=/var/www/vhosts/sipek-instalacije.si/httpdocs/wp-comments-post.php&loknya=/var/www/vhosts/sipek-instalacije.si/httpdocs HTTP/1.1" 200 12215 "-" "Mozilla/5.0 (Windows NT 10.0; Win64; x64) AppleWebKit/537.36 (KHTML, like Gecko) Chrome/145.0.0.0 Safari/537.36 (compatible; meta-externalagent/1.1 (+https://developers.facebook.com/docs/sharing/webmasters/crawler))"
66.249.70.109 - - [27/Jul/2026:07:41:07 +0200] "GET /?g=b8i1n9u9c8l9e2a7r84 HTTP/1.1" 200 8801 "-" "Mozilla/5.0 (Linux; Android 6.0.1; Nexus 5X Build/MMB29P) AppleWebKit/537.36 (KHTML, like Gecko) Chrome/150.0.7871.128 Mobile Safari/537.36 (compatible; Googlebot/2.1; +http://www.google.com/bot.html)"
66.249.70.96 - - [27/Jul/2026:07:41:08 +0200] "GET /?g=m5a2l5a0c5o5d4e3r2m04 HTTP/1.1" 200 8801 "-" "Mozilla/5.0 (Linux; Android 6.0.1; Nexus 5X Build/MMB29P) AppleWebKit/537.36 (KHTML, like Gecko) Chrome/150.0.7871.128 Mobile Safari/537.36 (compatible; Googlebot/2.1; +http://www.google.com/bot.html)"
57.141.0.69 - - [27/Jul/2026:07:41:08 +0200] "GET /shops/infamized/b1u1s8i9n0e4s3s1w6o5m7an?lokasie=/var/www/vhosts/sipek-instalacije.si/httpdocs/wp-signup.php&loknya=/var/www/vhosts/sipek-instalacije.si/httpdocs HTTP/1.1" 200 47964 "-" "Mozilla/5.0 (X11; Linux x86_64) AppleWebKit/537.36 (KHTML, like Gecko) Chrome/145.0.0.0 Safari/537.36 (compatible; meta-externalagent/1.1 (+https://developers.facebook.com/docs/sharing/webmasters/crawler))"
66.249.70.109 - - [27/Jul/2026:07:41:06 +0200] "GET /online/Taille-27W-34L-Coupe-Informelle-Toutes-Saisons-989881 HTTP/1.1" 200 98606 "-" "Mozilla/5.0 (Linux; Android 6.0.1; Nexus 5X Build/MMB29P) AppleWebKit/537.36 (KHTML, like Gecko) Chrome/150.0.7871.128 Mobile Safari/537.36 (compatible; Googlebot/2.1; +http://www.google.com/bot.html)"
66.249.76.237 - - [27/Jul/2026:07:41:09 +0200] "GET /?treed/01981143010 HTTP/1.1" 200 8800 "-" "Mozilla/5.0 (Linux; Android 6.0.1; Nexus 5X Build/MMB29P) AppleWebKit/537.36 (KHTML, like Gecko) Chrome/150.0.7871.128 Mobile Safari/537.36 (compatible; Googlebot/2.1; +http://www.google.com/bot.html)"
66.249.76.224 - - [27/Jul/2026:07:41:08 +0200] "GET /online/Kenneth-Cole-Reaction-KC1305-Cadres-Ronds-Color-s-Protection-1151709 HTTP/1.1" 200 99868 "-" "Mozilla/5.0 (Linux; Android 6.0.1; Nexus 5X Build/MMB29P) AppleWebKit/537.36 (KHTML, like Gecko) Chrome/150.0.7871.128 Mobile Safari/537.36 (compatible; Googlebot/2.1; +http://www.google.com/bot.html)"
66.249.76.238 - - [27/Jul/2026:07:41:08 +0200] "GET /online/3-Toners-Compatibles-Konica-Minolta-Bizhub-C360-Remplace-TN-944811 HTTP/1.1" 200 100262 "-" "Mozilla/5.0 (Linux; Android 6.0.1; Nexus 5X Build/MMB29P) AppleWebKit/537.36 (KHTML, like Gecko) Chrome/150.0.7871.128 Mobile Safari/537.36 (compatible; Googlebot/2.1; +http://www.google.com/bot.html)"
66.249.70.109 - - [27/Jul/2026:07:41:09 +0200] "GET /?g=t1r4u1n9k0e6d97471 HTTP/1.1" 200 8801 "-" "Mozilla/5.0 (Linux; Android 6.0.1; Nexus 5X Build/MMB29P) AppleWebKit/537.36 (KHTML, like Gecko) Chrome/150.0.7871.128 Mobile Safari/537.36 (compatible; Googlebot/2.1; +http://www.google.com/bot.html)"
66.249.70.96 - - [27/Jul/2026:07:41:10 +0200] "GET /?g=v2i3t8e0l6l7i6n7686 HTTP/1.1" 200 8801 "-" "Mozilla/5.0 (Linux; Android 6.0.1; Nexus 5X Build/MMB29P) AppleWebKit/537.36 (KHTML, like Gecko) Chrome/150.0.7871.128 Mobile Safari/537.36 (compatible; Googlebot/2.1; +http://www.google.com/bot.html)"
202.191.1.10 - - [27/Jul/2026:07:41:10 +0200] "POST /xmlrpc.php HTTP/1.1" 200 50122 "-" "WordPress.com; https://wordpress.com"
66.249.76.225 - - [27/Jul/2026:07:41:09 +0200] "GET /online/Semelles-Pour-Baskets-Blanches-ponges-Double-Face-Efficace-533640 HTTP/1.1" 200 99547 "-" "Mozilla/5.0 (Linux; Android 6.0.1; Nexus 5X Build/MMB29P) AppleWebKit/537.36 (KHTML, like Gecko) Chrome/150.0.7871.128 Mobile Safari/537.36 (compatible; Googlebot/2.1; +http://www.google.com/bot.html)"
66.249.76.224 - - [27/Jul/2026:07:41:10 +0200] "GET /online/Oliver-Mod-le-Basique-Taille-XS-Couleur-881983 HTTP/1.1" 200 100188 "-" "Mozilla/5.0 (Linux; Android 6.0.1; Nexus 5X Build/MMB29P) AppleWebKit/537.36 (KHTML, like Gecko) Chrome/150.0.7871.128 Mobile Safari/537.36 (compatible; Googlebot/2.1; +http://www.google.com/bot.html)"
66.249.70.96 - - [27/Jul/2026:07:41:11 +0200] "GET /?g=s9i3l4i6c2i3o5u4s007 HTTP/1.1" 200 8801 "-" "Mozilla/5.0 (Linux; Android 6.0.1; Nexus 5X Build/MMB29P) AppleWebKit/537.36 (KHTML, like Gecko) Chrome/150.0.7871.128 Mobile Safari/537.36 (compatible; Googlebot/2.1; +http://www.google.com/bot.html)"
66.249.76.224 - - [27/Jul/2026:07:41:11 +0200] "GET /online/s-En-Bois-Sculpt-Laser-Promotech-Motif-Ma-tre-De-L-1167519 HTTP/1.1" 200 100869 "-" "Mozilla/5.0 (Linux; Android 6.0.1; Nexus 5X Build/MMB29P) AppleWebKit/537.36 (KHTML, like Gecko) Chrome/150.0.7871.128 Mobile Safari/537.36 (compatible; Googlebot/2.1; +http://www.google.com/bot.html)"
66.249.70.110 - - [27/Jul/2026:07:41:11 +0200] "GET /online/7-X-7-X-11-5-Cm-Pour-Salle-De-Bain-741386 HTTP/1.1" 200 99858 "-" "Mozilla/5.0 (Linux; Android 6.0.1; Nexus 5X Build/MMB29P) AppleWebKit/537.36 (KHTML, like Gecko) Chrome/150.0.7871.128 Mobile Safari/537.36 (compatible; Googlebot/2.1; +http://www.google.com/bot.html)"
66.249.70.109 - - [27/Jul/2026:07:41:12 +0200] "GET /?g=p5r4o1v9i7d7o8r4e926 HTTP/1.1" 200 8801 "-" "Mozilla/5.0 (Linux; Android 6.0.1; Nexus 5X Build/MMB29P) AppleWebKit/537.36 (KHTML, like Gecko) Chrome/150.0.7871.128 Mobile Safari/537.36 (compatible; Googlebot/2.1; +http://www.google.com/bot.html)"
216.73.217.143 - - [27/Jul/2026:07:41:13 +0200] "GET /?g=o3f1f6e5n7s4e4l9e6s9s4 HTTP/1.1" 200 8801 "-" "Mozilla/5.0 AppleWebKit/537.36 (KHTML, like Gecko; compatible; ClaudeBot/1.0; +claudebot@anthropic.com)"
66.249.70.110 - - [27/Jul/2026:07:41:13 +0200] "GET /?g=t3e1r2m0l0e1s4s4238 HTTP/1.1" 200 8799 "-" "Mozilla/5.0 (Linux; Android 6.0.1; Nexus 5X Build/MMB29P) AppleWebKit/537.36 (KHTML, like Gecko) Chrome/150.0.7871.128 Mobile Safari/537.36 (compatible; Googlebot/2.1; +http://www.google.com/bot.html)"
66.249.70.110 - - [27/Jul/2026:07:41:14 +0200] "GET /?yankeeism/51554849570 HTTP/1.1" 200 8799 "-" "Mozilla/5.0 (Linux; Android 6.0.1; Nexus 5X Build/MMB29P) AppleWebKit/537.36 (KHTML, like Gecko) Chrome/150.0.7871.128 Mobile Safari/537.36 (compatible; Googlebot/2.1; +http://www.google.com/bot.html)"
66.249.70.96 - - [27/Jul/2026:07:41:13 +0200] "GET /online/AMONIDA-Lib-ration-Rapide-Pour-Masque-De-Plong-e-1146617 HTTP/1.1" 200 100590 "-" "Mozilla/5.0 (Linux; Android 6.0.1; Nexus 5X Build/MMB29P) AppleWebKit/537.36 (KHTML, like Gecko) Chrome/150.0.7871.128 Mobile Safari/537.36 (compatible; Googlebot/2.1; +http://www.google.com/bot.html)"
66.249.70.109 - - [27/Jul/2026:07:41:13 +0200] "GET /online/Technique-GORE-WEAR-Fade-Femme-Imprim-Graphique-Mati-re-855953 HTTP/1.1" 200 100413 "-" "Mozilla/5.0 (Linux; Android 6.0.1; Nexus 5X Build/MMB29P) AppleWebKit/537.36 (KHTML, like Gecko) Chrome/150.0.7871.128 Mobile Safari/537.36 (compatible; Googlebot/2.1; +http://www.google.com/bot.html)"
57.141.0.4 - - [27/Jul/2026:07:41:14 +0200] "GET /shops/wormeaten/u1n6s7i6s9t2i4n4g99 HTTP/1.1" 200 50119 "-" "Mozilla/5.0 (Windows NT 10.0; Win64; x64) AppleWebKit/537.36 (KHTML, like Gecko) Chrome/145.0.0.0 Safari/537.36 (compatible; meta-externalagent/1.1 (+https://developers.facebook.com/docs/sharing/webmasters/crawler))"
66.249.70.96 - - [27/Jul/2026:07:41:15 +0200] "GET /?g=f5l4i0n8t2i3e5r7952 HTTP/1.1" 200 8801 "-" "Mozilla/5.0 (Linux; Android 6.0.1; Nexus 5X Build/MMB29P) AppleWebKit/537.36 (KHTML, like Gecko) Chrome/150.0.7871.128 Mobile Safari/537.36 (compatible; Googlebot/2.1; +http://www.google.com/bot.html)"
66.249.70.109 - - [27/Jul/2026:07:41:14 +0200] "GET /online/X-treme-Hybrid-Renforc-e-Kevlar-Rouge-jaune-Poches-1077598 HTTP/1.1" 200 100352 "-" "Mozilla/5.0 (Linux; Android 6.0.1; Nexus 5X Build/MMB29P) AppleWebKit/537.36 (KHTML, like Gecko) Chrome/150.0.7871.128 Mobile Safari/537.36 (compatible; Googlebot/2.1; +http://www.google.com/bot.html)"
216.73.217.143 - - [27/Jul/2026:07:41:15 +0200] "GET /?g=i3n9t2e6r7c2a7r8p6a5l HTTP/1.1" 200 8801 "-" "Mozilla/5.0 AppleWebKit/537.36 (KHTML, like Gecko; compatible; ClaudeBot/1.0; +claudebot@anthropic.com)"
66.249.70.109 - - [27/Jul/2026:07:41:15 +0200] "GET /online/CHAIRLIN-Escabeau-Antid-rapant-Vert-Pour-Salle-De-Bain-1187119 HTTP/1.1" 200 100283 "-" "Mozilla/5.0 (Linux; Android 6.0.1; Nexus 5X Build/MMB29P) AppleWebKit/537.36 (KHTML, like Gecko) Chrome/150.0.7871.128 Mobile Safari/537.36 (compatible; Googlebot/2.1; +http://www.google.com/bot.html)"
66.249.70.109 - - [27/Jul/2026:07:41:17 +0200] "GET /?g=c5o9m9m7u7n2e7423 HTTP/1.1" 200 8801 "-" "Mozilla/5.0 (Linux; Android 6.0.1; Nexus 5X Build/MMB29P) AppleWebKit/537.36 (KHTML, like Gecko) Chrome/150.0.7871.128 Mobile Safari/537.36 (compatible; Googlebot/2.1; +http://www.google.com/bot.html)"
66.249.70.110 - - [27/Jul/2026:07:41:17 +0200] "GET /?g=p9h6o1n1e147149 HTTP/1.1" 200 8799 "-" "Mozilla/5.0 (Linux; Android 6.0.1; Nexus 5X Build/MMB29P) AppleWebKit/537.36 (KHTML, like Gecko) Chrome/150.0.7871.128 Mobile Safari/537.36 (compatible; Googlebot/2.1; +http://www.google.com/bot.html)"
216.73.217.143 - - [27/Jul/2026:07:41:18 +0200] "GET /?g=e3l6e5c6t3r9i5c7a3l HTTP/1.1" 200 8801 "-" "Mozilla/5.0 AppleWebKit/537.36 (KHTML, like Gecko; compatible; ClaudeBot/1.0; +claudebot@anthropic.com)"
66.249.70.96 - - [27/Jul/2026:07:41:17 +0200] "GET /online/Et-Alliage-Aluminium-Pour-Lumi-re-T-l-phone-Accessoires-1098924 HTTP/1.1" 200 100459 "-" "Mozilla/5.0 (Linux; Android 6.0.1; Nexus 5X Build/MMB29P) AppleWebKit/537.36 (KHTML, like Gecko) Chrome/150.0.7871.128 Mobile Safari/537.36 (compatible; Googlebot/2.1; +http://www.google.com/bot.html)"
66.249.70.109 - - [27/Jul/2026:07:41:19 +0200] "GET /?refulgency/92343160936 HTTP/1.1" 200 8801 "-" "Mozilla/5.0 (Linux; Android 6.0.1; Nexus 5X Build/MMB29P) AppleWebKit/537.36 (KHTML, like Gecko) Chrome/150.0.7871.128 Mobile Safari/537.36 (compatible; Googlebot/2.1; +http://www.google.com/bot.html)"
66.249.70.110 - - [27/Jul/2026:07:41:18 +0200] "GET /online/Am-Not-A-Morning-Person-100-Coton-Organique-Gris-Taille-890626 HTTP/1.1" 200 99882 "-" "Mozilla/5.0 (Linux; Android 6.0.1; Nexus 5X Build/MMB29P) AppleWebKit/537.36 (KHTML, like Gecko) Chrome/150.0.7871.128 Mobile Safari/537.36 (compatible; Googlebot/2.1; +http://www.google.com/bot.html)"
66.249.70.96 - - [27/Jul/2026:07:41:19 +0200] "GET /online/Bandouli-re-Femme-Imperm-able-L-ger-Noir-Dimensions-718758 HTTP/1.1" 200 100678 "-" "Mozilla/5.0 (Linux; Android 6.0.1; Nexus 5X Build/MMB29P) AppleWebKit/537.36 (KHTML, like Gecko) Chrome/150.0.7871.128 Mobile Safari/537.36 (compatible; Googlebot/2.1; +http://www.google.com/bot.html)"
202.191.1.10 - - [27/Jul/2026:07:41:21 +0200] "POST /xmlrpc.php HTTP/1.1" 200 50122 "-" "Jetpack/12.0; WordPress/6.3; http://site82447543.com"
216.73.217.143 - - [27/Jul/2026:07:41:21 +0200] "GET /shops/decagram/h3e2r6m1a5p4h3r5o5d8i0te HTTP/1.1" 200 8801 "-" "Mozilla/5.0 AppleWebKit/537.36 (KHTML, like Gecko; compatible; ClaudeBot/1.0; +claudebot@anthropic.com)"
57.141.0.58 - - [27/Jul/2026:07:41:24 +0200] "GET /?g=a1p3o7l7a0r11471 HTTP/1.1" 200 50120 "-" "Mozilla/5.0 (Macintosh; Intel Mac OS X 10_15_7) AppleWebKit/537.36 (KHTML, like Gecko) Chrome/145.0.0.0 Safari/537.36 (compatible; meta-externalagent/1.1 (+https://developers.facebook.com/docs/sharing/webmasters/crawler))"
216.73.217.143 - - [27/Jul/2026:07:41:24 +0200] "GET /?g=c3o1u6c1a8l724621 HTTP/1.1" 200 8801 "-" "Mozilla/5.0 AppleWebKit/537.36 (KHTML, like Gecko; compatible; ClaudeBot/1.0; +claudebot@anthropic.com)"
66.249.70.110 - - [27/Jul/2026:07:41:23 +0200] "GET /online/Porte-cl-s-Mural-Avec-16-Crochets-Design-Sobre-Sans-Per-age-436572 HTTP/1.1" 200 100088 "-" "Mozilla/5.0 (Linux; Android 6.0.1; Nexus 5X Build/MMB29P) AppleWebKit/537.36 (KHTML, like Gecko) Chrome/150.0.7871.128 Mobile Safari/537.36 (compatible; Googlebot/2.1; +http://www.google.com/bot.html)"
57.141.0.19 - - [27/Jul/2026:07:41:24 +0200] "GET /?g=m1o1l5e7c1u9l5a1r4i6t0y HTTP/1.1" 200 50120 "-" "Mozilla/5.0 (Macintosh; Intel Mac OS X 10_15_7) AppleWebKit/537.36 (KHTML, like Gecko) Chrome/145.0.0.0 Safari/537.36 (compatible; meta-externalagent/1.1 (+https://developers.facebook.com/docs/sharing/webmasters/crawler))"
66.249.76.238 - - [27/Jul/2026:07:41:24 +0200] "GET /online/Casquette-De-Baseball-Sterntaler-Pour-Gar-on-Fermoir-M-tal-R-932050 HTTP/1.1" 200 99740 "-" "Mozilla/5.0 (Linux; Android 6.0.1; Nexus 5X Build/MMB29P) AppleWebKit/537.36 (KHTML, like Gecko) Chrome/150.0.7871.128 Mobile Safari/537.36 (compatible; Googlebot/2.1; +http://www.google.com/bot.html)"
66.249.70.96 - - [27/Jul/2026:07:41:25 +0200] "GET /?g=d4e1l4i3b8a8t1i1o3n85 HTTP/1.1" 200 8801 "-" "Mozilla/5.0 (Linux; Android 6.0.1; Nexus 5X Build/MMB29P) AppleWebKit/537.36 (KHTML, like Gecko) Chrome/150.0.7871.128 Mobile Safari/537.36 (compatible; Googlebot/2.1; +http://www.google.com/bot.html)"
66.249.70.110 - - [27/Jul/2026:07:41:24 +0200] "GET /online/Kit-D-039-clairage-LED-Armacost-421502-Dimmable-gradable-528128 HTTP/1.1" 200 100204 "-" "Mozilla/5.0 (Linux; Android 6.0.1; Nexus 5X Build/MMB29P) AppleWebKit/537.36 (KHTML, like Gecko) Chrome/150.0.7871.128 Mobile Safari/537.36 (compatible; Googlebot/2.1; +http://www.google.com/bot.html)"
66.249.76.224 - - [27/Jul/2026:07:41:24 +0200] "GET /?g=c9i3r7c7u3m1g2y1r3a0t4ory HTTP/1.1" 200 8799 "-" "Mozilla/5.0 (Linux; Android 6.0.1; Nexus 5X Build/MMB29P) AppleWebKit/537.36 (KHTML, like Gecko) Chrome/150.0.7871.128 Mobile Safari/537.36 (compatible; Googlebot/2.1; +http://www.google.com/bot.html)"
66.249.70.109 - - [27/Jul/2026:07:41:26 +0200] "GET /?g=l4a3m5i0n9a9r9y3844 HTTP/1.1" 200 8801 "-" "Mozilla/5.0 (Linux; Android 6.0.1; Nexus 5X Build/MMB29P) AppleWebKit/537.36 (KHTML, like Gecko) Chrome/150.0.7871.128 Mobile Safari/537.36 (compatible; Googlebot/2.1; +http://www.google.com/bot.html)"
66.249.70.109 - - [27/Jul/2026:07:41:26 +0200] "GET /?g=e9x1o1r2b8i8t2a0n9t48 HTTP/1.1" 200 8801 "-" "Mozilla/5.0 (Linux; Android 6.0.1; Nexus 5X Build/MMB29P) AppleWebKit/537.36 (KHTML, like Gecko) Chrome/150.0.7871.128 Mobile Safari/537.36 (compatible; Googlebot/2.1; +http://www.google.com/bot.html)"
216.73.217.143 - - [27/Jul/2026:07:41:27 +0200] "GET /shops/banco/p3a3r4a1t6a5x2i0s039 HTTP/1.1" 200 8801 "-" "Mozilla/5.0 AppleWebKit/537.36 (KHTML, like Gecko; compatible; ClaudeBot/1.0; +claudebot@anthropic.com)"
66.249.70.109 - - [27/Jul/2026:07:41:26 +0200] "GET /online/Magn-tiques-Fitepro-Ultra-Fins-Acier-Inoxydable-Pour-1152279 HTTP/1.1" 200 100049 "-" "Mozilla/5.0 (Linux; Android 6.0.1; Nexus 5X Build/MMB29P) AppleWebKit/537.36 (KHTML, like Gecko) Chrome/150.0.7871.128 Mobile Safari/537.36 (compatible; Googlebot/2.1; +http://www.google.com/bot.html)"
57.141.0.51 - - [27/Jul/2026:07:41:29 +0200] "GET /?g=i6n1t0e1r1c4u7r0920 HTTP/1.1" 200 50120 "-" "Mozilla/5.0 (Windows NT 10.0; Win64; x64) AppleWebKit/537.36 (KHTML, like Gecko) Chrome/145.0.0.0 Safari/537.36 (compatible; meta-externalagent/1.1 (+https://developers.facebook.com/docs/sharing/webmasters/crawler))"
216.73.217.143 - - [27/Jul/2026:07:41:30 +0200] "GET /?g=h3i4s8p5a5n8i4c1i2z3e HTTP/1.1" 200 8801 "-" "Mozilla/5.0 AppleWebKit/537.36 (KHTML, like Gecko; compatible; ClaudeBot/1.0; +claudebot@anthropic.com)"
202.191.1.10 - - [27/Jul/2026:07:41:32 +0200] "POST /xmlrpc.php HTTP/1.1" 200 50122 "-" "WordPress.com; https://wordpress.com"
66.249.70.96 - - [27/Jul/2026:07:41:32 +0200] "GET /online/T-shirt-Femme-Love-Wins-Motif-C-ur-Arc-en-ciel-Coton-813854 HTTP/1.1" 200 100518 "-" "Mozilla/5.0 (Linux; Android 6.0.1; Nexus 5X Build/MMB29P) AppleWebKit/537.36 (KHTML, like Gecko) Chrome/150.0.7871.128 Mobile Safari/537.36 (compatible; Googlebot/2.1; +http://www.google.com/bot.html)"
57.141.0.17 - - [27/Jul/2026:07:41:35 +0200] "GET /shops/racket/r1e2c3o8n4c4i2l6a5b9l4e HTTP/1.1" 200 50120 "-" "Mozilla/5.0 (Windows NT 10.0; Win64; x64) AppleWebKit/537.36 (KHTML, like Gecko) Chrome/145.0.0.0 Safari/537.36 (compatible; meta-externalagent/1.1 (+https://developers.facebook.com/docs/sharing/webmasters/crawler))"
216.73.217.143 - - [27/Jul/2026:07:41:37 +0200] "GET /?g=c3u3p2r5o9i0d87721 HTTP/1.1" 200 8801 "-" "Mozilla/5.0 AppleWebKit/537.36 (KHTML, like Gecko; compatible; ClaudeBot/1.0; +claudebot@anthropic.com)"
66.249.76.237 - - [27/Jul/2026:07:41:39 +0200] "GET /?g=h0a1n3d7c2l9o5t3h727 HTTP/1.1" 200 8800 "-" "Mozilla/5.0 (Linux; Android 6.0.1; Nexus 5X Build/MMB29P) AppleWebKit/537.36 (KHTML, like Gecko) Chrome/150.0.7871.128 Mobile Safari/537.36 (compatible; Googlebot/2.1; +http://www.google.com/bot.html)"
216.73.217.143 - - [27/Jul/2026:07:41:40 +0200] "GET /?g=d3e3r0i7v1a0t0i7z9e19 HTTP/1.1" 200 8801 "-" "Mozilla/5.0 AppleWebKit/537.36 (KHTML, like Gecko; compatible; ClaudeBot/1.0; +claudebot@anthropic.com)"
202.191.1.10 - - [27/Jul/2026:07:41:41 +0200] "POST /xmlrpc.php HTTP/1.1" 200 50122 "-" "Jetpack by WordPress.com"
216.73.217.143 - - [27/Jul/2026:07:41:43 +0200] "GET /?g=s3t2r0i0g7o6u7s9610 HTTP/1.1" 200 8801 "-" "Mozilla/5.0 AppleWebKit/537.36 (KHTML, like Gecko; compatible; ClaudeBot/1.0; +claudebot@anthropic.com)"
66.249.70.110 - - [27/Jul/2026:07:41:33 +0200] "GET /online/Travail-Qualitex-Pro-MG-245-Bleumarine-Gris-Taille-25-65-420250 HTTP/1.1" 200 100517 "-" "Mozilla/5.0 (Linux; Android 6.0.1; Nexus 5X Build/MMB29P) AppleWebKit/537.36 (KHTML, like Gecko) Chrome/150.0.7871.128 Mobile Safari/537.36 (compatible; Googlebot/2.1; +http://www.google.com/bot.html)"
57.141.0.47 - - [27/Jul/2026:07:41:44 +0200] "GET /?cleansed/6819926854 HTTP/1.1" 200 50120 "-" "Mozilla/5.0 (Macintosh; Intel Mac OS X 10_15_7) AppleWebKit/537.36 (KHTML, like Gecko) Chrome/145.0.0.0 Safari/537.36 (compatible; meta-externalagent/1.1 (+https://developers.facebook.com/docs/sharing/webmasters/crawler))"
57.141.0.11 - - [27/Jul/2026:07:41:45 +0200] "GET /?g=r1e1l1e9a7s0o0r8425 HTTP/1.1" 200 50120 "-" "Mozilla/5.0 (Windows NT 10.0; Win64; x64) AppleWebKit/537.36 (KHTML, like Gecko) Chrome/145.0.0.0 Safari/537.36 (compatible; meta-externalagent/1.1 (+https://developers.facebook.com/docs/sharing/webmasters/crawler))"
216.73.217.143 - - [27/Jul/2026:07:41:46 +0200] "GET /?g=c3a1r8t3o4o2n8i4s7t0 HTTP/1.1" 200 8801 "-" "Mozilla/5.0 AppleWebKit/537.36 (KHTML, like Gecko; compatible; ClaudeBot/1.0; +claudebot@anthropic.com)"
66.249.70.96 - - [27/Jul/2026:07:41:48 +0200] "GET /online/550-480-Mo-s-3D-NAND-TLC-Compatible-Ultrabooks-Mini-PC-1219226 HTTP/1.1" 200 99999 "-" "Mozilla/5.0 (Linux; Android 6.0.1; Nexus 5X Build/MMB29P) AppleWebKit/537.36 (KHTML, like Gecko) Chrome/150.0.7871.128 Mobile Safari/537.36 (compatible; Googlebot/2.1; +http://www.google.com/bot.html)"
216.73.217.143 - - [27/Jul/2026:07:41:49 +0200] "GET /?g=g3r3a7n3d2a9u5n0t996 HTTP/1.1" 200 8801 "-" "Mozilla/5.0 AppleWebKit/537.36 (KHTML, like Gecko; compatible; ClaudeBot/1.0; +claudebot@anthropic.com)"
202.191.1.10 - - [27/Jul/2026:07:41:52 +0200] "POST /xmlrpc.php HTTP/1.1" 200 50122 "-" "Jetpack by WordPress.com"
216.73.217.143 - - [27/Jul/2026:07:41:52 +0200] "GET /shops/france/e3p3o9n9y7m3i8c3276 HTTP/1.1" 200 8801 "-" "Mozilla/5.0 AppleWebKit/537.36 (KHTML, like Gecko; compatible; ClaudeBot/1.0; +claudebot@anthropic.com)"
216.73.217.143 - - [27/Jul/2026:07:41:55 +0200] "GET /?g=h3a2r0e9n1g7u8s7109 HTTP/1.1" 200 8801 "-" "Mozilla/5.0 AppleWebKit/537.36 (KHTML, like Gecko; compatible; ClaudeBot/1.0; +claudebot@anthropic.com)"
66.249.76.224 - - [27/Jul/2026:07:41:56 +0200] "GET /online/Zipp-Homme-Motif-Moustique-Buddy-Noir-Taille-3XL-80-Coton-520285 HTTP/1.1" 200 99876 "-" "Mozilla/5.0 (Linux; Android 6.0.1; Nexus 5X Build/MMB29P) AppleWebKit/537.36 (KHTML, like Gecko) Chrome/150.0.7871.128 Mobile Safari/537.36 (compatible; Googlebot/2.1; +http://www.google.com/bot.html)"
216.73.217.143 - - [27/Jul/2026:07:41:58 +0200] "GET /?g=s3e8s9q9u6i1p6e6d4a4lity HTTP/1.1" 200 8801 "-" "Mozilla/5.0 AppleWebKit/537.36 (KHTML, like Gecko; compatible; ClaudeBot/1.0; +claudebot@anthropic.com)"
57.141.0.23 - - [27/Jul/2026:07:42:00 +0200] "GET /shops/unprudential/t1a5r9t6r2a7t8e6d97 HTTP/1.1" 200 50120 "-" "Mozilla/5.0 (Macintosh; Intel Mac OS X 10_15_7) AppleWebKit/537.36 (KHTML, like Gecko) Chrome/145.0.0.0 Safari/537.36 (compatible; meta-externalagent/1.1 (+https://developers.facebook.com/docs/sharing/webmasters/crawler))"
216.73.217.143 - - [27/Jul/2026:07:42:01 +0200] "GET /?g=a3r1b5o3r6e4a65209 HTTP/1.1" 200 8801 "-" "Mozilla/5.0 AppleWebKit/537.36 (KHTML, like Gecko; compatible; ClaudeBot/1.0; +claudebot@anthropic.com)"
202.191.1.10 - - [27/Jul/2026:07:42:02 +0200] "POST /xmlrpc.php HTTP/1.1" 200 50122 "-" "WordPress.com; https://wordpress.com"
66.249.70.109 - - [27/Jul/2026:07:42:03 +0200] "GET /?g=t5h4a1t1c2h0i7n6g704 HTTP/1.1" 200 8801 "-" "Mozilla/5.0 (Linux; Android 6.0.1; Nexus 5X Build/MMB29P) AppleWebKit/537.36 (KHTML, like Gecko) Chrome/150.0.7871.128 Mobile Safari/537.36 (compatible; Googlebot/2.1; +http://www.google.com/bot.html)"
