66.249.70.110 - - [27/Jul/2026:07:42:04 +0200] "GET /?g=w6o3l8f9s3041463 HTTP/1.1" 200 8799 "-" "Mozilla/5.0 (Linux; Android 6.0.1; Nexus 5X Build/MMB29P) AppleWebKit/537.36 (KHTML, like Gecko) Chrome/150.0.7871.128 Mobile Safari/537.36 (compatible; Googlebot/2.1; +http://www.google.com/bot.html)"
66.249.70.96 - - [27/Jul/2026:07:42:04 +0200] "GET /?g=c1u3m0b3e9r2s6o9m7e6n3ess HTTP/1.1" 200 8801 "-" "Mozilla/5.0 (Linux; Android 6.0.1; Nexus 5X Build/MMB29P) AppleWebKit/537.36 (KHTML, like Gecko) Chrome/150.0.7871.128 Mobile Safari/537.36 (compatible; Googlebot/2.1; +http://www.google.com/bot.html)"
66.249.70.96 - - [27/Jul/2026:07:42:04 +0200] "GET /online/Pads-Taille-Moyenne-Nylon-Balistique-Confort-Optimal-789591 HTTP/1.1" 200 99960 "-" "Mozilla/5.0 (Linux; Android 6.0.1; Nexus 5X Build/MMB29P) AppleWebKit/537.36 (KHTML, like Gecko) Chrome/150.0.7871.128 Mobile Safari/537.36 (compatible; Googlebot/2.1; +http://www.google.com/bot.html)"
216.73.217.143 - - [27/Jul/2026:07:42:04 +0200] "GET /?g=g3r3e0e7n4i6s3h3n1e2s3s HTTP/1.1" 200 8801 "-" "Mozilla/5.0 AppleWebKit/537.36 (KHTML, like Gecko; compatible; ClaudeBot/1.0; +claudebot@anthropic.com)"
66.249.70.109 - - [27/Jul/2026:07:42:04 +0200] "GET /online/Pantalon-Chino-Femme-G-STAR-RAW-Coupe-Slim-Taille-Haute-Vert-662290 HTTP/1.1" 200 100034 "-" "Mozilla/5.0 (Linux; Android 6.0.1; Nexus 5X Build/MMB29P) AppleWebKit/537.36 (KHTML, like Gecko) Chrome/150.0.7871.128 Mobile Safari/537.36 (compatible; Googlebot/2.1; +http://www.google.com/bot.html)"
66.249.70.96 - - [27/Jul/2026:07:42:05 +0200] "GET /online/Coussin-Pour-Nacelle-Inglesina-Quad-Pro-Zippy-Pro-Taille-576989 HTTP/1.1" 200 100990 "-" "Mozilla/5.0 (Linux; Android 6.0.1; Nexus 5X Build/MMB29P) AppleWebKit/537.36 (KHTML, like Gecko) Chrome/150.0.7871.128 Mobile Safari/537.36 (compatible; Googlebot/2.1; +http://www.google.com/bot.html)"
216.73.217.143 - - [27/Jul/2026:07:42:07 +0200] "GET /?g=p3l1e8u2r2o1c6e3n7t1rum HTTP/1.1" 200 8801 "-" "Mozilla/5.0 AppleWebKit/537.36 (KHTML, like Gecko; compatible; ClaudeBot/1.0; +claudebot@anthropic.com)"
216.73.217.143 - - [27/Jul/2026:07:42:10 +0200] "GET /?g=c3o9p7r9o1s1m3a569 HTTP/1.1" 200 8801 "-" "Mozilla/5.0 AppleWebKit/537.36 (KHTML, like Gecko; compatible; ClaudeBot/1.0; +claudebot@anthropic.com)"
57.141.0.71 - - [27/Jul/2026:07:42:11 +0200] "GET /shops/aroused/c6o1m3p1t8r1o1l6e0r HTTP/1.1" 200 50120 "-" "Mozilla/5.0 (Windows NT 10.0; Win64; x64) AppleWebKit/537.36 (KHTML, like Gecko) Chrome/145.0.0.0 Safari/537.36 (compatible; meta-externalagent/1.1 (+https://developers.facebook.com/docs/sharing/webmasters/crawler))"
66.249.76.238 - - [27/Jul/2026:07:42:11 +0200] "GET /online/S-curit-ATLAS-Pour-Homme-Cuir-Noir-Classe-S3-Semelle-688159 HTTP/1.1" 200 100397 "-" "Mozilla/5.0 (Linux; Android 6.0.1; Nexus 5X Build/MMB29P) AppleWebKit/537.36 (KHTML, like Gecko) Chrome/150.0.7871.128 Mobile Safari/537.36 (compatible; Googlebot/2.1; +http://www.google.com/bot.html)"
202.191.1.10 - - [27/Jul/2026:07:42:13 +0200] "POST /xmlrpc.php HTTP/1.1" 200 50122 "-" "Jetpack/13.0; WordPress/6.1; http://site43025600.com"
66.249.76.238 - - [27/Jul/2026:07:42:13 +0200] "GET /?g=a3z1o9t7i7z8e7d193 HTTP/1.1" 200 8800 "-" "Mozilla/5.0 (Linux; Android 6.0.1; Nexus 5X Build/MMB29P) AppleWebKit/537.36 (KHTML, like Gecko) Chrome/150.0.7871.128 Mobile Safari/537.36 (compatible; Googlebot/2.1; +http://www.google.com/bot.html)"
66.249.70.110 - - [27/Jul/2026:07:42:13 +0200] "GET /doney/h4a2l9e8s0i1a84181 HTTP/1.1" 200 8799 "-" "Mozilla/5.0 (Linux; Android 6.0.1; Nexus 5X Build/MMB29P) AppleWebKit/537.36 (KHTML, like Gecko) Chrome/150.0.7871.128 Mobile Safari/537.36 (compatible; Googlebot/2.1; +http://www.google.com/bot.html)"
216.73.217.143 - - [27/Jul/2026:07:42:13 +0200] "GET /confetti/s3u3p1p9l1a2n1t3677 HTTP/1.1" 200 8801 "-" "Mozilla/5.0 AppleWebKit/537.36 (KHTML, like Gecko; compatible; ClaudeBot/1.0; +claudebot@anthropic.com)"
66.249.70.110 - - [27/Jul/2026:07:42:13 +0200] "GET /?g=p9h1i1l5o0039975 HTTP/1.1" 200 8799 "-" "Mozilla/5.0 (Linux; Android 6.0.1; Nexus 5X Build/MMB29P) AppleWebKit/537.36 (KHTML, like Gecko) Chrome/150.0.7871.128 Mobile Safari/537.36 (compatible; Googlebot/2.1; +http://www.google.com/bot.html)"
66.249.70.109 - - [27/Jul/2026:07:42:14 +0200] "GET /?g=d9i3a7p2h6y8s7e5a4l83 HTTP/1.1" 200 8801 "-" "Mozilla/5.0 (Linux; Android 6.0.1; Nexus 5X Build/MMB29P) AppleWebKit/537.36 (KHTML, like Gecko) Chrome/150.0.7871.128 Mobile Safari/537.36 (compatible; Googlebot/2.1; +http://www.google.com/bot.html)"
66.249.70.110 - - [27/Jul/2026:07:42:14 +0200] "GET /?g=p6a2l6e4o1g9r5a7p8h1er HTTP/1.1" 200 8799 "-" "Mozilla/5.0 (Linux; Android 6.0.1; Nexus 5X Build/MMB29P) AppleWebKit/537.36 (KHTML, like Gecko) Chrome/150.0.7871.128 Mobile Safari/537.36 (compatible; Googlebot/2.1; +http://www.google.com/bot.html)"
66.249.70.109 - - [27/Jul/2026:07:42:13 +0200] "GET /online/Lucky-Line-Capuchon-En-Vinyle-Souple-Compatible-Cl-s-SC1-377579 HTTP/1.1" 200 100322 "-" "Mozilla/5.0 (Linux; Android 6.0.1; Nexus 5X Build/MMB29P) AppleWebKit/537.36 (KHTML, like Gecko) Chrome/150.0.7871.128 Mobile Safari/537.36 (compatible; Googlebot/2.1; +http://www.google.com/bot.html)"
66.249.70.109 - - [27/Jul/2026:07:42:13 +0200] "GET /online/TIME-FORCE-TF2264L-02M-Bracelet-Acier-Inoxydable-Quartz-583042 HTTP/1.1" 200 99576 "-" "Mozilla/5.0 (Linux; Android 6.0.1; Nexus 5X Build/MMB29P) AppleWebKit/537.36 (KHTML, like Gecko) Chrome/150.0.7871.128 Mobile Safari/537.36 (compatible; Googlebot/2.1; +http://www.google.com/bot.html)"
57.141.0.39 - - [27/Jul/2026:07:42:15 +0200] "GET /shops/contusion/f1u5n7n2e7l77414 HTTP/1.1" 200 50120 "-" "Mozilla/5.0 (Macintosh; Intel Mac OS X 10_15_7) AppleWebKit/537.36 (KHTML, like Gecko) Chrome/145.0.0.0 Safari/537.36 (compatible; meta-externalagent/1.1 (+https://developers.facebook.com/docs/sharing/webmasters/crawler))"
66.249.70.110 - - [27/Jul/2026:07:42:14 +0200] "GET /online/T-shirt-RAHMENLOS-Homme-Imprim-S-rigraphie-Couleurs-623906 HTTP/1.1" 200 99836 "-" "Mozilla/5.0 (Linux; Android 6.0.1; Nexus 5X Build/MMB29P) AppleWebKit/537.36 (KHTML, like Gecko) Chrome/150.0.7871.128 Mobile Safari/537.36 (compatible; Googlebot/2.1; +http://www.google.com/bot.html)"
66.249.70.109 - - [27/Jul/2026:07:42:15 +0200] "GET /?g=q5u2i5n8n3e9t90347 HTTP/1.1" 200 8801 "-" "Mozilla/5.0 (Linux; Android 6.0.1; Nexus 5X Build/MMB29P) AppleWebKit/537.36 (KHTML, like Gecko) Chrome/150.0.7871.128 Mobile Safari/537.36 (compatible; Googlebot/2.1; +http://www.google.com/bot.html)"
66.249.70.109 - - [27/Jul/2026:07:42:16 +0200] "GET /?g=e3y1e8t5e2e6t8h0893 HTTP/1.1" 200 8801 "-" "Mozilla/5.0 (Linux; Android 6.0.1; Nexus 5X Build/MMB29P) AppleWebKit/537.36 (KHTML, like Gecko) Chrome/150.0.7871.128 Mobile Safari/537.36 (compatible; Googlebot/2.1; +http://www.google.com/bot.html)"
66.249.70.109 - - [27/Jul/2026:07:42:16 +0200] "GET /?g=q9u1a5d8r5i9f4o3l5i9a3 HTTP/1.1" 200 8801 "-" "Mozilla/5.0 (Linux; Android 6.0.1; Nexus 5X Build/MMB29P) AppleWebKit/537.36 (KHTML, like Gecko) Chrome/150.0.7871.128 Mobile Safari/537.36 (compatible; Googlebot/2.1; +http://www.google.com/bot.html)"
66.249.76.237 - - [27/Jul/2026:07:42:15 +0200] "GET /online/Type-A-Makita-191F24-4-Pour-Pistolet-Graisse-DGP180-18V-536151 HTTP/1.1" 200 100167 "-" "Mozilla/5.0 (Linux; Android 6.0.1; Nexus 5X Build/MMB29P) AppleWebKit/537.36 (KHTML, like Gecko) Chrome/150.0.7871.128 Mobile Safari/537.36 (compatible; Googlebot/2.1; +http://www.google.com/bot.html)"
216.73.217.143 - - [27/Jul/2026:07:42:16 +0200] "GET /shops/porphyrogenitism/o3u1t9b5r6i6b4e7715 HTTP/1.1" 200 8801 "-" "Mozilla/5.0 AppleWebKit/537.36 (KHTML, like Gecko; compatible; ClaudeBot/1.0; +claudebot@anthropic.com)"
66.249.70.109 - - [27/Jul/2026:07:42:15 +0200] "GET /online/Lot-De-4-Sets-De-Table-Viniliko-Selva-Diam-tre-40-Cm-657142 HTTP/1.1" 200 99876 "-" "Mozilla/5.0 (Linux; Android 6.0.1; Nexus 5X Build/MMB29P) AppleWebKit/537.36 (KHTML, like Gecko) Chrome/150.0.7871.128 Mobile Safari/537.36 (compatible; Googlebot/2.1; +http://www.google.com/bot.html)"
66.249.70.109 - - [27/Jul/2026:07:42:17 +0200] "GET /?g=a9l6k2a1l3i9n8e008 HTTP/1.1" 200 8801 "-" "Mozilla/5.0 (Linux; Android 6.0.1; Nexus 5X Build/MMB29P) AppleWebKit/537.36 (KHTML, like Gecko) Chrome/150.0.7871.128 Mobile Safari/537.36 (compatible; Googlebot/2.1; +http://www.google.com/bot.html)"
66.249.70.109 - - [27/Jul/2026:07:42:17 +0200] "GET /?g=i1m2p8u9t0a0b9l6y716 HTTP/1.1" 200 8801 "-" "Mozilla/5.0 (Linux; Android 6.0.1; Nexus 5X Build/MMB29P) AppleWebKit/537.36 (KHTML, like Gecko) Chrome/150.0.7871.128 Mobile Safari/537.36 (compatible; Googlebot/2.1; +http://www.google.com/bot.html)"
66.249.76.238 - - [27/Jul/2026:07:42:17 +0200] "GET /?g=s7u3b1a7g7e2n1t8286 HTTP/1.1" 200 8800 "-" "Mozilla/5.0 (Linux; Android 6.0.1; Nexus 5X Build/MMB29P) AppleWebKit/537.36 (KHTML, like Gecko) Chrome/150.0.7871.128 Mobile Safari/537.36 (compatible; Googlebot/2.1; +http://www.google.com/bot.html)"
66.249.70.110 - - [27/Jul/2026:07:42:17 +0200] "GET /online/rieur-Et-Int-rieur-Semelle-Synth-tique-Mod-le-Enfiler-1001079 HTTP/1.1" 200 100054 "-" "Mozilla/5.0 (Linux; Android 6.0.1; Nexus 5X Build/MMB29P) AppleWebKit/537.36 (KHTML, like Gecko) Chrome/150.0.7871.128 Mobile Safari/537.36 (compatible; Googlebot/2.1; +http://www.google.com/bot.html)"
66.249.70.109 - - [27/Jul/2026:07:42:19 +0200] "GET /?covetous/21864246383 HTTP/1.1" 200 8801 "-" "Mozilla/5.0 (Linux; Android 6.0.1; Nexus 5X Build/MMB29P) AppleWebKit/537.36 (KHTML, like Gecko) Chrome/150.0.7871.128 Mobile Safari/537.36 (compatible; Googlebot/2.1; +http://www.google.com/bot.html)"
66.249.70.109 - - [27/Jul/2026:07:42:18 +0200] "GET /online/6-T-shirts-Col-Rond-Pour-Homme-100-Coton-Doux-Coupe-974488 HTTP/1.1" 200 100020 "-" "Mozilla/5.0 (Linux; Android 6.0.1; Nexus 5X Build/MMB29P) AppleWebKit/537.36 (KHTML, like Gecko) Chrome/150.0.7871.128 Mobile Safari/537.36 (compatible; Googlebot/2.1; +http://www.google.com/bot.html)"
66.249.70.109 - - [27/Jul/2026:07:42:18 +0200] "GET /online/50R18-Indice-109W-Efficacit-nerg-tique-C-Adh-rence-Sol-1094763 HTTP/1.1" 200 100524 "-" "Mozilla/5.0 (Linux; Android 6.0.1; Nexus 5X Build/MMB29P) AppleWebKit/537.36 (KHTML, like Gecko) Chrome/150.0.7871.128 Mobile Safari/537.36 (compatible; Googlebot/2.1; +http://www.google.com/bot.html)"
66.249.70.109 - - [27/Jul/2026:07:42:19 +0200] "GET /?g=c2o2m9p4e2t8i5t6i6v5e0ness HTTP/1.1" 200 8801 "-" "Mozilla/5.0 (Linux; Android 6.0.1; Nexus 5X Build/MMB29P) AppleWebKit/537.36 (KHTML, like Gecko) Chrome/150.0.7871.128 Mobile Safari/537.36 (compatible; Googlebot/2.1; +http://www.google.com/bot.html)"
216.73.217.143 - - [27/Jul/2026:07:42:19 +0200] "GET /shops/diamondpoint/p3a1r7o4s7t9o2s0i5s7 HTTP/1.1" 200 8801 "-" "Mozilla/5.0 AppleWebKit/537.36 (KHTML, like Gecko; compatible; ClaudeBot/1.0; +claudebot@anthropic.com)"
66.249.70.97 - - [27/Jul/2026:07:42:20 +0200] "GET /?g=e0n3t3e1r5o4r6r9h9a8p4hy HTTP/1.1" 200 8801 "-" "Mozilla/5.0 (Linux; Android 6.0.1; Nexus 5X Build/MMB29P) AppleWebKit/537.36 (KHTML, like Gecko) Chrome/150.0.7871.128 Mobile Safari/537.36 (compatible; Googlebot/2.1; +http://www.google.com/bot.html)"
66.249.70.110 - - [27/Jul/2026:07:42:21 +0200] "GET /?g=c5o1m1m6i8t4t4e7e1m0a9n HTTP/1.1" 200 8799 "-" "Mozilla/5.0 (Linux; Android 6.0.1; Nexus 5X Build/MMB29P) AppleWebKit/537.36 (KHTML, like Gecko) Chrome/150.0.7871.128 Mobile Safari/537.36 (compatible; Googlebot/2.1; +http://www.google.com/bot.html)"
216.73.217.143 - - [27/Jul/2026:07:42:22 +0200] "GET /?g=d3r3i1l5y2760946 HTTP/1.1" 200 8801 "-" "Mozilla/5.0 AppleWebKit/537.36 (KHTML, like Gecko; compatible; ClaudeBot/1.0; +claudebot@anthropic.com)"
202.191.1.10 - - [27/Jul/2026:07:42:23 +0200] "POST /xmlrpc.php HTTP/1.1" 200 50122 "-" "Jetpack by WordPress.com (Jetpack 12.1; WordPress 6.4)"
66.249.70.96 - - [27/Jul/2026:07:42:24 +0200] "GET /?g=p3i3a5n2i5s3t8005 HTTP/1.1" 200 8801 "-" "Mozilla/5.0 (Linux; Android 6.0.1; Nexus 5X Build/MMB29P) AppleWebKit/537.36 (KHTML, like Gecko) Chrome/150.0.7871.128 Mobile Safari/537.36 (compatible; Googlebot/2.1; +http://www.google.com/bot.html)"
66.249.76.225 - - [27/Jul/2026:07:42:20 +0200] "GET /online/Douche-Miyotaa-Abstrait-Vert-meraude-152x180-Cm-Polyester-680197 HTTP/1.1" 200 100305 "-" "Mozilla/5.0 (Linux; Android 6.0.1; Nexus 5X Build/MMB29P) AppleWebKit/537.36 (KHTML, like Gecko) Chrome/150.0.7871.128 Mobile Safari/537.36 (compatible; Googlebot/2.1; +http://www.google.com/bot.html)"
66.249.76.238 - - [27/Jul/2026:07:42:19 +0200] "GET /online/Homme-Style-Militaire-D-contract-Coton-Tailles-S-3XL-1111737 HTTP/1.1" 200 99816 "-" "Mozilla/5.0 (Linux; Android 6.0.1; Nexus 5X Build/MMB29P) AppleWebKit/537.36 (KHTML, like Gecko) Chrome/150.0.7871.128 Mobile Safari/537.36 (compatible; Googlebot/2.1; +http://www.google.com/bot.html)"
66.249.76.225 - - [27/Jul/2026:07:42:23 +0200] "GET /online/Surv-tement-Camel-Active-Pour-Femme-100-Coton-Col-Rond-831822 HTTP/1.1" 200 100611 "-" "Mozilla/5.0 (Linux; Android 6.0.1; Nexus 5X Build/MMB29P) AppleWebKit/537.36 (KHTML, like Gecko) Chrome/150.0.7871.128 Mobile Safari/537.36 (compatible; Googlebot/2.1; +http://www.google.com/bot.html)"
66.249.76.225 - - [27/Jul/2026:07:42:24 +0200] "GET /online/Film-Teint-Sur-Mesure-Pour-Ford-S-MAX-5-Portes-2006-2014-643110 HTTP/1.1" 200 100806 "-" "Mozilla/5.0 (Linux; Android 6.0.1; Nexus 5X Build/MMB29P) AppleWebKit/537.36 (KHTML, like Gecko) Chrome/150.0.7871.128 Mobile Safari/537.36 (compatible; Googlebot/2.1; +http://www.google.com/bot.html)"
66.249.76.224 - - [27/Jul/2026:07:42:26 +0200] "GET /?seismography/12596708119 HTTP/1.1" 200 8799 "-" "Mozilla/5.0 (Linux; Android 6.0.1; Nexus 5X Build/MMB29P) AppleWebKit/537.36 (KHTML, like Gecko) Chrome/150.0.7871.128 Mobile Safari/537.36 (compatible; Googlebot/2.1; +http://www.google.com/bot.html)"
66.249.70.96 - - [27/Jul/2026:07:42:26 +0200] "GET /?g=a9l3p2e5n6s4t9o2c2k43 HTTP/1.1" 200 8801 "-" "Mozilla/5.0 (Linux; Android 6.0.1; Nexus 5X Build/MMB29P) AppleWebKit/537.36 (KHTML, like Gecko) Chrome/150.0.7871.128 Mobile Safari/537.36 (compatible; Googlebot/2.1; +http://www.google.com/bot.html)"
216.73.217.143 - - [27/Jul/2026:07:42:25 +0200] "GET /?g=w3a7m8b0l9e13139 HTTP/1.1" 200 8801 "-" "Mozilla/5.0 AppleWebKit/537.36 (KHTML, like Gecko; compatible; ClaudeBot/1.0; +claudebot@anthropic.com)"
66.249.70.97 - - [27/Jul/2026:07:42:26 +0200] "GET /online/Slip-on-Enfant-Victoria-Juegos-Toile-Multicolore-Mixte-995384 HTTP/1.1" 200 100370 "-" "Mozilla/5.0 (Linux; Android 6.0.1; Nexus 5X Build/MMB29P) AppleWebKit/537.36 (KHTML, like Gecko) Chrome/150.0.7871.128 Mobile Safari/537.36 (compatible; Googlebot/2.1; +http://www.google.com/bot.html)"
57.141.0.34 - - [27/Jul/2026:07:42:27 +0200] "GET /?g=i1n1l0a7n9d097175 HTTP/1.1" 200 50120 "-" "Mozilla/5.0 (Windows NT 10.0; Win64; x64) AppleWebKit/537.36 (KHTML, like Gecko) Chrome/145.0.0.0 Safari/537.36 (compatible; meta-externalagent/1.1 (+https://developers.facebook.com/docs/sharing/webmasters/crawler))"
66.249.70.97 - - [27/Jul/2026:07:42:28 +0200] "GET /?g=i9m1p5a7c3t409692 HTTP/1.1" 200 8801 "-" "Mozilla/5.0 (Linux; Android 6.0.1; Nexus 5X Build/MMB29P) AppleWebKit/537.36 (KHTML, like Gecko) Chrome/150.0.7871.128 Mobile Safari/537.36 (compatible; Googlebot/2.1; +http://www.google.com/bot.html)"
66.249.70.109 - - [27/Jul/2026:07:42:27 +0200] "GET /online/Kit-Buses-De-Calfeutrage-CHICIRIS-16-Tailles-5-35-Mm-1012000 HTTP/1.1" 200 100660 "-" "Mozilla/5.0 (Linux; Android 6.0.1; Nexus 5X Build/MMB29P) AppleWebKit/537.36 (KHTML, like Gecko) Chrome/150.0.7871.128 Mobile Safari/537.36 (compatible; Googlebot/2.1; +http://www.google.com/bot.html)"
66.249.70.100 - - [27/Jul/2026:07:42:29 +0200] "GET /?g=i0n1d5e3f6i8n5i1t3u3d2e HTTP/1.1" 200 8801 "-" "Mozilla/5.0 (Linux; Android 6.0.1; Nexus 5X Build/MMB29P) AppleWebKit/537.36 (KHTML, like Gecko) Chrome/150.0.7871.128 Mobile Safari/537.36 (compatible; Googlebot/2.1; +http://www.google.com/bot.html)"
66.249.70.100 - - [27/Jul/2026:07:42:29 +0200] "GET /?g=p8s4e9u8d7e0m3b8r5y4o HTTP/1.1" 200 8801 "-" "Mozilla/5.0 (Linux; Android 6.0.1; Nexus 5X Build/MMB29P) AppleWebKit/537.36 (KHTML, like Gecko) Chrome/150.0.7871.128 Mobile Safari/537.36 (compatible; Googlebot/2.1; +http://www.google.com/bot.html)"
216.73.217.143 - - [27/Jul/2026:07:42:29 +0200] "GET /shops/inurn/w3i3n0d5s3u5c4k7e9r75 HTTP/1.1" 200 8801 "-" "Mozilla/5.0 AppleWebKit/537.36 (KHTML, like Gecko; compatible; ClaudeBot/1.0; +claudebot@anthropic.com)"
66.249.70.99 - - [27/Jul/2026:07:42:28 +0200] "GET /online/Satin-Bross-3-8-Cm-Alliage-Zinc-Pour-Cuisine-872818 HTTP/1.1" 200 99744 "-" "Mozilla/5.0 (Linux; Android 6.0.1; Nexus 5X Build/MMB29P) AppleWebKit/537.36 (KHTML, like Gecko) Chrome/150.0.7871.128 Mobile Safari/537.36 (compatible; Googlebot/2.1; +http://www.google.com/bot.html)"
66.249.70.109 - - [27/Jul/2026:07:42:29 +0200] "GET /online/Guess-We-039-ll-Eat-You-Now-quot-Island-Of-Shirt-Monkey-Game-797987 HTTP/1.1" 200 100397 "-" "Mozilla/5.0 (Linux; Android 6.0.1; Nexus 5X Build/MMB29P) AppleWebKit/537.36 (KHTML, like Gecko) Chrome/150.0.7871.128 Mobile Safari/537.36 (compatible; Googlebot/2.1; +http://www.google.com/bot.html)"
66.249.76.224 - - [27/Jul/2026:07:42:31 +0200] "GET /?reaction/5780963975 HTTP/1.1" 200 8799 "-" "Mozilla/5.0 (Linux; Android 6.0.1; Nexus 5X Build/MMB29P) AppleWebKit/537.36 (KHTML, like Gecko) Chrome/150.0.7871.128 Mobile Safari/537.36 (compatible; Googlebot/2.1; +http://www.google.com/bot.html)"
216.73.217.143 - - [27/Jul/2026:07:42:32 +0200] "GET /?g=d3i1s1o8r5d7e3r4e6d6l3y HTTP/1.1" 200 8801 "-" "Mozilla/5.0 AppleWebKit/537.36 (KHTML, like Gecko; compatible; ClaudeBot/1.0; +claudebot@anthropic.com)"
66.249.76.238 - - [27/Jul/2026:07:42:31 +0200] "GET /online/Palette-Realpack-Noir-400-Mm-X-250-M-paisseur-17-Microns-1014844 HTTP/1.1" 200 100507 "-" "Mozilla/5.0 (Linux; Android 6.0.1; Nexus 5X Build/MMB29P) AppleWebKit/537.36 (KHTML, like Gecko) Chrome/150.0.7871.128 Mobile Safari/537.36 (compatible; Googlebot/2.1; +http://www.google.com/bot.html)"
57.141.0.48 - - [27/Jul/2026:07:42:32 +0200] "GET /?g=h1e1b7e6t7u5d5e3896 HTTP/1.1" 200 50120 "-" "Mozilla/5.0 (Macintosh; Intel Mac OS X 10_15_7) AppleWebKit/537.36 (KHTML, like Gecko) Chrome/145.0.0.0 Safari/537.36 (compatible; meta-externalagent/1.1 (+https://developers.facebook.com/docs/sharing/webmasters/crawler))"
66.249.70.96 - - [27/Jul/2026:07:42:31 +0200] "GET /online/Vegolita-Filetage-Interne-Avec-CZ-Pour-Cartilage-Tragus-L-986271 HTTP/1.1" 200 99762 "-" "Mozilla/5.0 (Linux; Android 6.0.1; Nexus 5X Build/MMB29P) AppleWebKit/537.36 (KHTML, like Gecko) Chrome/150.0.7871.128 Mobile Safari/537.36 (compatible; Googlebot/2.1; +http://www.google.com/bot.html)"
66.249.76.227 - - [27/Jul/2026:07:42:32 +0200] "GET /?g=i5s7o9p3e7r8i6m8e2t7ry HTTP/1.1" 200 8800 "-" "Mozilla/5.0 (Linux; Android 6.0.1; Nexus 5X Build/MMB29P) AppleWebKit/537.36 (KHTML, like Gecko) Chrome/150.0.7871.128 Mobile Safari/537.36 (compatible; Googlebot/2.1; +http://www.google.com/bot.html)"
202.191.1.10 - - [27/Jul/2026:07:42:34 +0200] "POST /xmlrpc.php HTTP/1.1" 200 50122 "-" "Jetpack/12.1; WordPress/6.3; http://site29832019.com"
66.249.70.99 - - [27/Jul/2026:07:42:33 +0200] "GET /online/Go-ter-Maternelle-31-Cm-Marvel-Avengers-Polyester-Id-al-777810 HTTP/1.1" 200 100367 "-" "Mozilla/5.0 (Linux; Android 6.0.1; Nexus 5X Build/MMB29P) AppleWebKit/537.36 (KHTML, like Gecko) Chrome/150.0.7871.128 Mobile Safari/537.36 (compatible; Googlebot/2.1; +http://www.google.com/bot.html)"
66.249.70.97 - - [27/Jul/2026:07:42:34 +0200] "GET /online/Rideau-De-Douche-BOODII-Motif-Feuilles-Eucalyptus-183x183-Cm-807422 HTTP/1.1" 200 100541 "-" "Mozilla/5.0 (Linux; Android 6.0.1; Nexus 5X Build/MMB29P) AppleWebKit/537.36 (KHTML, like Gecko) Chrome/150.0.7871.128 Mobile Safari/537.36 (compatible; Googlebot/2.1; +http://www.google.com/bot.html)"
216.73.217.143 - - [27/Jul/2026:07:42:35 +0200] "GET /shops/inadmissibly/d3i2s7q5u6i9e1t8e6d4 HTTP/1.1" 200 8801 "-" "Mozilla/5.0 AppleWebKit/537.36 (KHTML, like Gecko; compatible; ClaudeBot/1.0; +claudebot@anthropic.com)"
57.141.0.52 - - [27/Jul/2026:07:42:35 +0200] "GET /?g=n1a2p8i8e0r2s90673 HTTP/1.1" 200 50120 "-" "Mozilla/5.0 (Macintosh; Intel Mac OS X 10_15_7) AppleWebKit/537.36 (KHTML, like Gecko) Chrome/145.0.0.0 Safari/537.36 (compatible; meta-externalagent/1.1 (+https://developers.facebook.com/docs/sharing/webmasters/crawler))"
66.249.70.98 - - [27/Jul/2026:07:42:36 +0200] "GET /shops/debarring/f2o2r9e5g9o2e5r0275 HTTP/1.1" 200 8801 "-" "Mozilla/5.0 (Linux; Android 6.0.1; Nexus 5X Build/MMB29P) AppleWebKit/537.36 (KHTML, like Gecko) Chrome/150.0.7871.128 Mobile Safari/537.36 (compatible; Googlebot/2.1; +http://www.google.com/bot.html)"
66.249.70.99 - - [27/Jul/2026:07:42:36 +0200] "GET /?g=t9e1r0m7i6n9a9b0l6e9n8ess HTTP/1.1" 200 8801 "-" "Mozilla/5.0 (Linux; Android 6.0.1; Nexus 5X Build/MMB29P) AppleWebKit/537.36 (KHTML, like Gecko) Chrome/150.0.7871.128 Mobile Safari/537.36 (compatible; Googlebot/2.1; +http://www.google.com/bot.html)"
66.249.76.228 - - [27/Jul/2026:07:42:37 +0200] "GET /online/Global-G-21-Lame-Flexible-160mm-6-25-quot-Acier-786465 HTTP/1.1" 200 100585 "-" "Mozilla/5.0 (Linux; Android 6.0.1; Nexus 5X Build/MMB29P) AppleWebKit/537.36 (KHTML, like Gecko) Chrome/150.0.7871.128 Mobile Safari/537.36 (compatible; Googlebot/2.1; +http://www.google.com/bot.html)"
66.249.70.100 - - [27/Jul/2026:07:42:38 +0200] "GET /?g=r8o5u1t4i3n7g6084 HTTP/1.1" 200 8801 "-" "Mozilla/5.0 (Linux; Android 6.0.1; Nexus 5X Build/MMB29P) AppleWebKit/537.36 (KHTML, like Gecko) Chrome/150.0.7871.128 Mobile Safari/537.36 (compatible; Googlebot/2.1; +http://www.google.com/bot.html)"
216.73.217.143 - - [27/Jul/2026:07:42:38 +0200] "GET /?g=w3a3y0m8e0n8t4e9d078 HTTP/1.1" 200 8801 "-" "Mozilla/5.0 AppleWebKit/537.36 (KHTML, like Gecko; compatible; ClaudeBot/1.0; +claudebot@anthropic.com)"
66.249.76.237 - - [27/Jul/2026:07:42:38 +0200] "GET /online/Noces-D-039-Or-Carte-De-F-licitations-3D-l-gante-Format-1249675 HTTP/1.1" 200 99911 "-" "Mozilla/5.0 (Linux; Android 6.0.1; Nexus 5X Build/MMB29P) AppleWebKit/537.36 (KHTML, like Gecko) Chrome/150.0.7871.128 Mobile Safari/537.36 (compatible; Googlebot/2.1; +http://www.google.com/bot.html)"
66.249.70.97 - - [27/Jul/2026:07:42:39 +0200] "GET /?g=c9o2p3a7r0t6n4e3r8i7e4s HTTP/1.1" 200 8801 "-" "Mozilla/5.0 (Linux; Android 6.0.1; Nexus 5X Build/MMB29P) AppleWebKit/537.36 (KHTML, like Gecko) Chrome/150.0.7871.128 Mobile Safari/537.36 (compatible; Googlebot/2.1; +http://www.google.com/bot.html)"
57.141.0.68 - - [27/Jul/2026:07:42:39 +0200] "GET /?g=s6e4l2f4c0o6n8v5i7c4t0ion HTTP/1.1" 200 50120 "-" "Mozilla/5.0 (Windows NT 10.0; Win64; x64) AppleWebKit/537.36 (KHTML, like Gecko) Chrome/145.0.0.0 Safari/537.36 Edg/145.0.0.0 (compatible; meta-externalagent/1.1 (+https://developers.facebook.com/docs/sharing/webmasters/crawler))"
66.249.70.96 - - [27/Jul/2026:07:42:40 +0200] "GET /online/Rouge-Et-Fenouil-140-G-Sans-C-r-ales-Fabriqu-En-1103289 HTTP/1.1" 200 100090 "-" "Mozilla/5.0 (Linux; Android 6.0.1; Nexus 5X Build/MMB29P) AppleWebKit/537.36 (KHTML, like Gecko) Chrome/150.0.7871.128 Mobile Safari/537.36 (compatible; Googlebot/2.1; +http://www.google.com/bot.html)"
216.73.217.143 - - [27/Jul/2026:07:42:41 +0200] "GET /?g=s3q3u5a3m4u6l4a5505 HTTP/1.1" 200 8801 "-" "Mozilla/5.0 AppleWebKit/537.36 (KHTML, like Gecko; compatible; ClaudeBot/1.0; +claudebot@anthropic.com)"
66.249.70.102 - - [27/Jul/2026:07:42:41 +0200] "GET /?g=o9v1e5r3e1s4t4i5m5a4t9e HTTP/1.1" 200 8801 "-" "Mozilla/5.0 (Linux; Android 6.0.1; Nexus 5X Build/MMB29P) AppleWebKit/537.36 (KHTML, like Gecko) Chrome/150.0.7871.128 Mobile Safari/537.36 (compatible; Googlebot/2.1; +http://www.google.com/bot.html)"
66.249.70.97 - - [27/Jul/2026:07:42:43 +0200] "GET /?g=m0e7z7z4o9t9i2n6t0o8ing HTTP/1.1" 200 8801 "-" "Mozilla/5.0 (Linux; Android 6.0.1; Nexus 5X Build/MMB29P) AppleWebKit/537.36 (KHTML, like Gecko) Chrome/150.0.7871.128 Mobile Safari/537.36 (compatible; Googlebot/2.1; +http://www.google.com/bot.html)"
66.249.70.101 - - [27/Jul/2026:07:42:42 +0200] "GET /online/JONES-Nylon-L-ger-Fermeture-clair-57x34x24-Cm-Id-al-670881 HTTP/1.1" 200 100374 "-" "Mozilla/5.0 (Linux; Android 6.0.1; Nexus 5X Build/MMB29P) AppleWebKit/537.36 (KHTML, like Gecko) Chrome/150.0.7871.128 Mobile Safari/537.36 (compatible; Googlebot/2.1; +http://www.google.com/bot.html)"
66.249.76.228 - - [27/Jul/2026:07:42:45 +0200] "GET /?g=h4i3g0h3j6a8c7k2i0n3g8 HTTP/1.1" 200 8800 "-" "Mozilla/5.0 (Linux; Android 6.0.1; Nexus 5X Build/MMB29P) AppleWebKit/537.36 (KHTML, like Gecko) Chrome/150.0.7871.128 Mobile Safari/537.36 (compatible; Googlebot/2.1; +http://www.google.com/bot.html)"
66.249.70.97 - - [27/Jul/2026:07:42:44 +0200] "GET /online/Unique-55-59-Cm-Bleu-Marine-Mat-S-curit-MIPS-Ventilation-956678 HTTP/1.1" 200 100320 "-" "Mozilla/5.0 (Linux; Android 6.0.1; Nexus 5X Build/MMB29P) AppleWebKit/537.36 (KHTML, like Gecko) Chrome/150.0.7871.128 Mobile Safari/537.36 (compatible; Googlebot/2.1; +http://www.google.com/bot.html)"
216.73.217.143 - - [27/Jul/2026:07:42:44 +0200] "GET /?g=a3l3b9i0n0i3s1m2383 HTTP/1.1" 200 8801 "-" "Mozilla/5.0 AppleWebKit/537.36 (KHTML, like Gecko; compatible; ClaudeBot/1.0; +claudebot@anthropic.com)"
202.191.1.10 - - [27/Jul/2026:07:42:44 +0200] "POST /xmlrpc.php HTTP/1.1" 200 50122 "-" "Jetpack by WordPress.com"
66.249.76.224 - - [27/Jul/2026:07:42:44 +0200] "GET /?g=t1h1a5m2y7n18442 HTTP/1.1" 200 8799 "-" "Mozilla/5.0 (Linux; Android 6.0.1; Nexus 5X Build/MMB29P) AppleWebKit/537.36 (KHTML, like Gecko) Chrome/150.0.7871.128 Mobile Safari/537.36 (compatible; Googlebot/2.1; +http://www.google.com/bot.html)"
57.141.0.71 - - [27/Jul/2026:07:42:46 +0200] "GET /shops/mimicking/m6e4s0p6i5l2u8s4613 HTTP/1.1" 200 50120 "-" "Mozilla/5.0 (Macintosh; Intel Mac OS X 10_15_7) AppleWebKit/537.36 (KHTML, like Gecko) Chrome/145.0.0.0 Safari/537.36 (compatible; meta-externalagent/1.1 (+https://developers.facebook.com/docs/sharing/webmasters/crawler))"
216.73.217.143 - - [27/Jul/2026:07:42:47 +0200] "GET /?g=s3o2u3t7e7r297978 HTTP/1.1" 200 8801 "-" "Mozilla/5.0 AppleWebKit/537.36 (KHTML, like Gecko; compatible; ClaudeBot/1.0; +claudebot@anthropic.com)"
66.249.76.230 - - [27/Jul/2026:07:42:45 +0200] "GET /online/Vert-Sauge-Logo-Brod-Coton-854993 HTTP/1.1" 200 99756 "-" "Mozilla/5.0 (Linux; Android 6.0.1; Nexus 5X Build/MMB29P) AppleWebKit/537.36 (KHTML, like Gecko) Chrome/150.0.7871.128 Mobile Safari/537.36 (compatible; Googlebot/2.1; +http://www.google.com/bot.html)"
216.73.217.143 - - [27/Jul/2026:07:42:50 +0200] "GET /?g=c3o1v5e3r4l9e7t1193 HTTP/1.1" 200 8801 "-" "Mozilla/5.0 AppleWebKit/537.36 (KHTML, like Gecko; compatible; ClaudeBot/1.0; +claudebot@anthropic.com)"
66.249.76.227 - - [27/Jul/2026:07:42:50 +0200] "GET /?g=k1i1r7s4o3m2e00805 HTTP/1.1" 200 8800 "-" "Mozilla/5.0 (Linux; Android 6.0.1; Nexus 5X Build/MMB29P) AppleWebKit/537.36 (KHTML, like Gecko) Chrome/150.0.7871.128 Mobile Safari/537.36 (compatible; Googlebot/2.1; +http://www.google.com/bot.html)"
216.73.217.143 - - [27/Jul/2026:07:42:54 +0200] "GET /?g=c3h3e6s6t7e4r6l2i7t9e5 HTTP/1.1" 200 8801 "-" "Mozilla/5.0 AppleWebKit/537.36 (KHTML, like Gecko; compatible; ClaudeBot/1.0; +claudebot@anthropic.com)"
202.191.1.10 - - [27/Jul/2026:07:42:55 +0200] "POST /xmlrpc.php HTTP/1.1" 200 50122 "-" "WordPress.com; https://wordpress.com"
216.73.217.143 - - [27/Jul/2026:07:42:57 +0200] "GET /shops/hardest/c3o6n3f5i2r0m0a1t8i8ve HTTP/1.1" 200 8801 "-" "Mozilla/5.0 AppleWebKit/537.36 (KHTML, like Gecko; compatible; ClaudeBot/1.0; +claudebot@anthropic.com)"
216.73.217.143 - - [27/Jul/2026:07:43:00 +0200] "GET /?g=o3s8t3e1n9s7i0b5i4lity HTTP/1.1" 200 8801 "-" "Mozilla/5.0 AppleWebKit/537.36 (KHTML, like Gecko; compatible; ClaudeBot/1.0; +claudebot@anthropic.com)"
66.249.76.231 - - [27/Jul/2026:07:43:00 +0200] "GET /online/Mini-Aurora-5-1-Cm-Bleu-Lumineux-Phosphorescent-Parfait-628002 HTTP/1.1" 200 99977 "-" "Mozilla/5.0 (Linux; Android 6.0.1; Nexus 5X Build/MMB29P) AppleWebKit/537.36 (KHTML, like Gecko) Chrome/150.0.7871.128 Mobile Safari/537.36 (compatible; Googlebot/2.1; +http://www.google.com/bot.html)"
57.141.0.34 - - [27/Jul/2026:07:43:00 +0200] "GET /?g=r1e2a7t7t8a4i9n1m7e7nt HTTP/1.1" 200 50120 "-" "Mozilla/5.0 (Windows NT 10.0; Win64; x64) AppleWebKit/537.36 (KHTML, like Gecko) Chrome/145.0.0.0 Safari/537.36 (compatible; meta-externalagent/1.1 (+https://developers.facebook.com/docs/sharing/webmasters/crawler))"
57.141.0.59 - - [27/Jul/2026:07:43:01 +0200] "GET /?g=t1i3n1t4i2n6n9a8b0u1l5ar HTTP/1.1" 200 50120 "-" "Mozilla/5.0 (Windows NT 10.0; Win64; x64) AppleWebKit/537.36 (KHTML, like Gecko) Chrome/145.0.0.0 Safari/537.36 (compatible; meta-externalagent/1.1 (+https://developers.facebook.com/docs/sharing/webmasters/crawler))"
216.73.217.143 - - [27/Jul/2026:07:43:03 +0200] "GET /shops/ingot/l3i3t5h9o6c7a6r3p042 HTTP/1.1" 200 8801 "-" "Mozilla/5.0 AppleWebKit/537.36 (KHTML, like Gecko; compatible; ClaudeBot/1.0; +claudebot@anthropic.com)"
202.191.1.10 - - [27/Jul/2026:07:43:05 +0200] "POST /xmlrpc.php HTTP/1.1" 200 50122 "-" "Jetpack by WordPress.com"
216.73.217.143 - - [27/Jul/2026:07:43:07 +0200] "GET /?g=s3u2b9s4a8l0t11748 HTTP/1.1" 200 8801 "-" "Mozilla/5.0 AppleWebKit/537.36 (KHTML, like Gecko; compatible; ClaudeBot/1.0; +claudebot@anthropic.com)"
66.249.70.97 - - [27/Jul/2026:07:43:10 +0200] "GET /online/ce-De-Rechange-Haute-Qualit-Pour-Contr-le-Des-missions-452317 HTTP/1.1" 200 100164 "-" "Mozilla/5.0 (Linux; Android 6.0.1; Nexus 5X Build/MMB29P) AppleWebKit/537.36 (KHTML, like Gecko) Chrome/150.0.7871.128 Mobile Safari/537.36 (compatible; Googlebot/2.1; +http://www.google.com/bot.html)"
216.73.217.143 - - [27/Jul/2026:07:43:10 +0200] "GET /shops/hollowly/m3o3n2o9g9e8n8e4t6i0c8 HTTP/1.1" 200 8801 "-" "Mozilla/5.0 AppleWebKit/537.36 (KHTML, like Gecko; compatible; ClaudeBot/1.0; +claudebot@anthropic.com)"
216.73.217.143 - - [27/Jul/2026:07:43:15 +0200] "GET /?g=p3l1o8w2m9a3n1s0593 HTTP/1.1" 200 8801 "-" "Mozilla/5.0 AppleWebKit/537.36 (KHTML, like Gecko; compatible; ClaudeBot/1.0; +claudebot@anthropic.com)"
202.191.1.10 - - [27/Jul/2026:07:43:16 +0200] "POST /xmlrpc.php HTTP/1.1" 200 50122 "-" "Jetpack/12.1; WordPress/6.3; http://site93764662.com"
216.73.217.143 - - [27/Jul/2026:07:43:18 +0200] "GET /?g=s3t3y3l5o2m3m4a9t0a14 HTTP/1.1" 200 8801 "-" "Mozilla/5.0 AppleWebKit/537.36 (KHTML, like Gecko; compatible; ClaudeBot/1.0; +claudebot@anthropic.com)"
66.249.76.226 - - [27/Jul/2026:07:43:20 +0200] "GET /online/Julita-X-Coupe-Extra-Skinny-Taille-26-30-Tessa-Wash-852954 HTTP/1.1" 200 100264 "-" "Mozilla/5.0 (Linux; Android 6.0.1; Nexus 5X Build/MMB29P) AppleWebKit/537.36 (KHTML, like Gecko) Chrome/150.0.7871.128 Mobile Safari/537.36 (compatible; Googlebot/2.1; +http://www.google.com/bot.html)"
216.73.217.143 - - [27/Jul/2026:07:43:21 +0200] "GET /?g=s3t1a6i7r3c4a6s9e758 HTTP/1.1" 200 8801 "-" "Mozilla/5.0 AppleWebKit/537.36 (KHTML, like Gecko; compatible; ClaudeBot/1.0; +claudebot@anthropic.com)"
66.249.76.237 - - [27/Jul/2026:07:43:20 +0200] "GET /?g=s7u7p1e2r1n6a1t3u6r0alness HTTP/1.1" 200 8800 "-" "Mozilla/5.0 (Linux; Android 6.0.1; Nexus 5X Build/MMB29P) AppleWebKit/537.36 (KHTML, like Gecko) Chrome/150.0.7871.128 Mobile Safari/537.36 (compatible; Googlebot/2.1; +http://www.google.com/bot.html)"
66.249.76.224 - - [27/Jul/2026:07:43:20 +0200] "GET /online/Gourde-Isotherme-JIUJ-Forme-Cola-Acier-Inoxydable-500-Ml-1042030 HTTP/1.1" 200 100492 "-" "Mozilla/5.0 (Linux; Android 6.0.1; Nexus 5X Build/MMB29P) AppleWebKit/537.36 (KHTML, like Gecko) Chrome/150.0.7871.128 Mobile Safari/537.36 (compatible; Googlebot/2.1; +http://www.google.com/bot.html)"
216.73.217.143 - - [27/Jul/2026:07:43:24 +0200] "GET /?g=o3b3e9d2i5e3n1t8l6y99 HTTP/1.1" 200 8801 "-" "Mozilla/5.0 AppleWebKit/537.36 (KHTML, like Gecko; compatible; ClaudeBot/1.0; +claudebot@anthropic.com)"
57.141.0.63 - - [27/Jul/2026:07:43:26 +0200] "GET /shops/crura/f6o4r0b9y1373633 HTTP/1.1" 200 50120 "-" "Mozilla/5.0 (Macintosh; Intel Mac OS X 10_15_7) AppleWebKit/537.36 (KHTML, like Gecko) Chrome/145.0.0.0 Safari/537.36 (compatible; meta-externalagent/1.1 (+https://developers.facebook.com/docs/sharing/webmasters/crawler))"
202.191.1.10 - - [27/Jul/2026:07:43:27 +0200] "POST /xmlrpc.php HTTP/1.1" 200 50122 "-" "Jetpack/12.1; WordPress/6.2; http://site77479952.com"
216.73.217.143 - - [27/Jul/2026:07:43:27 +0200] "GET /?g=p3i4l0l8e9r0y86909 HTTP/1.1" 200 8801 "-" "Mozilla/5.0 AppleWebKit/537.36 (KHTML, like Gecko; compatible; ClaudeBot/1.0; +claudebot@anthropic.com)"
66.249.70.97 - - [27/Jul/2026:07:43:27 +0200] "GET /?g=r5e3m7i2s1e2d14952 HTTP/1.1" 200 8801 "-" "Mozilla/5.0 (Linux; Android 6.0.1; Nexus 5X Build/MMB29P) AppleWebKit/537.36 (KHTML, like Gecko) Chrome/150.0.7871.128 Mobile Safari/537.36 (compatible; Googlebot/2.1; +http://www.google.com/bot.html)"
66.249.76.226 - - [27/Jul/2026:07:43:28 +0200] "GET /?g=c5o2d7i9f7y7i2n8g33 HTTP/1.1" 200 8800 "-" "Mozilla/5.0 (Linux; Android 6.0.1; Nexus 5X Build/MMB29P) AppleWebKit/537.36 (KHTML, like Gecko) Chrome/150.0.7871.128 Mobile Safari/537.36 (compatible; Googlebot/2.1; +http://www.google.com/bot.html)"
66.249.70.110 - - [27/Jul/2026:07:43:28 +0200] "GET /?g=c2h1r2i9s8t2l5e7s7s HTTP/1.1" 200 8799 "-" "Mozilla/5.0 (Linux; Android 6.0.1; Nexus 5X Build/MMB29P) AppleWebKit/537.36 (KHTML, like Gecko) Chrome/150.0.7871.128 Mobile Safari/537.36 (compatible; Googlebot/2.1; +http://www.google.com/bot.html)"
66.249.70.109 - - [27/Jul/2026:07:43:28 +0200] "GET /?g=r9e7s0i4d8e1n3t1s4h7ip HTTP/1.1" 200 8801 "-" "Mozilla/5.0 (Linux; Android 6.0.1; Nexus 5X Build/MMB29P) AppleWebKit/537.36 (KHTML, like Gecko) Chrome/150.0.7871.128 Mobile Safari/537.36 (compatible; Googlebot/2.1; +http://www.google.com/bot.html)"
216.73.217.143 - - [27/Jul/2026:07:43:31 +0200] "GET /shops/skittishness/g3r1a4p9h2i6t0e9839 HTTP/1.1" 200 8801 "-" "Mozilla/5.0 AppleWebKit/537.36 (KHTML, like Gecko; compatible; ClaudeBot/1.0; +claudebot@anthropic.com)"
66.249.70.97 - - [27/Jul/2026:07:43:32 +0200] "GET /online/2025-2026-16-Mois-Sept-2025-D-c-2026-30x43-Cm-Italien-413721 HTTP/1.1" 200 100797 "-" "Mozilla/5.0 (Linux; Android 6.0.1; Nexus 5X Build/MMB29P) AppleWebKit/537.36 (KHTML, like Gecko) Chrome/150.0.7871.128 Mobile Safari/537.36 (compatible; Googlebot/2.1; +http://www.google.com/bot.html)"
57.141.0.55 - - [27/Jul/2026:07:43:35 +0200] "GET /?choriamb/13601473964 HTTP/1.1" 200 50120 "-" "Mozilla/5.0 (Windows NT 10.0; Win64; x64) AppleWebKit/537.36 (KHTML, like Gecko) Chrome/145.0.0.0 Safari/537.36 (compatible; meta-externalagent/1.1 (+https://developers.facebook.com/docs/sharing/webmasters/crawler))"
57.141.0.47 - - [27/Jul/2026:07:43:35 +0200] "GET /shops/monarchial/p6u1s4i1l9l4a4n4i4m8o3usly HTTP/1.1" 200 50120 "-" "Mozilla/5.0 (Windows NT 10.0; Win64; x64) AppleWebKit/537.36 (KHTML, like Gecko) Chrome/145.0.0.0 Safari/537.36 (compatible; meta-externalagent/1.1 (+https://developers.facebook.com/docs/sharing/webmasters/crawler))"
202.191.1.10 - - [27/Jul/2026:07:43:37 +0200] "POST /xmlrpc.php HTTP/1.1" 200 50122 "-" "Jetpack by WordPress.com (Jetpack 12.0; WordPress 6.4)"
57.141.0.12 - - [27/Jul/2026:07:43:42 +0200] "GET /?g=s1i2l4l4i4m9a4n7i7t8e6 HTTP/1.1" 200 50120 "-" "Mozilla/5.0 (Windows NT 10.0; Win64; x64) AppleWebKit/537.36 (KHTML, like Gecko) Chrome/145.0.0.0 Safari/537.36 (compatible; meta-externalagent/1.1 (+https://developers.facebook.com/docs/sharing/webmasters/crawler))"
216.73.217.143 - - [27/Jul/2026:07:43:43 +0200] "GET /?g=r3u2b4b2l8e6w0o0r9k94 HTTP/1.1" 200 8801 "-" "Mozilla/5.0 AppleWebKit/537.36 (KHTML, like Gecko; compatible; ClaudeBot/1.0; +claudebot@anthropic.com)"
66.249.70.110 - - [27/Jul/2026:07:43:42 +0200] "GET /online/R-glable-Vintage-Inception-Pro-Infinite-Unisexe-Effet-Us-665157 HTTP/1.1" 200 100247 "-" "Mozilla/5.0 (Linux; Android 6.0.1; Nexus 5X Build/MMB29P) AppleWebKit/537.36 (KHTML, like Gecko) Chrome/150.0.7871.128 Mobile Safari/537.36 (compatible; Googlebot/2.1; +http://www.google.com/bot.html)"
66.249.76.237 - - [27/Jul/2026:07:43:44 +0200] "GET /?g=m9a3n5o1r0i0a1l9895 HTTP/1.1" 200 8800 "-" "Mozilla/5.0 (Linux; Android 6.0.1; Nexus 5X Build/MMB29P) AppleWebKit/537.36 (KHTML, like Gecko) Chrome/150.0.7871.128 Mobile Safari/537.36 (compatible; Googlebot/2.1; +http://www.google.com/bot.html)"
66.249.70.110 - - [27/Jul/2026:07:43:44 +0200] "GET /?g=s7w6i0f4t2e3s7t507 HTTP/1.1" 200 8799 "-" "Mozilla/5.0 (Linux; Android 6.0.1; Nexus 5X Build/MMB29P) AppleWebKit/537.36 (KHTML, like Gecko) Chrome/150.0.7871.128 Mobile Safari/537.36 (compatible; Googlebot/2.1; +http://www.google.com/bot.html)"
216.73.217.143 - - [27/Jul/2026:07:43:46 +0200] "GET /shops/apolar/b3u1l9l2y8r0o8o2k105 HTTP/1.1" 200 8801 "-" "Mozilla/5.0 AppleWebKit/537.36 (KHTML, like Gecko; compatible; ClaudeBot/1.0; +claudebot@anthropic.com)"
66.249.76.237 - - [27/Jul/2026:07:43:45 +0200] "GET /online/Jean-OPUS-Elma-Blue-Denim-Pour-Femme-Coupe-5-Poches-Souple-827424 HTTP/1.1" 200 100540 "-" "Mozilla/5.0 (Linux; Android 6.0.1; Nexus 5X Build/MMB29P) AppleWebKit/537.36 (KHTML, like Gecko) Chrome/150.0.7871.128 Mobile Safari/537.36 (compatible; Googlebot/2.1; +http://www.google.com/bot.html)"
66.249.70.109 - - [27/Jul/2026:07:43:46 +0200] "GET /?g=c9e4s1p7i0t4i8t0i1o5u4s HTTP/1.1" 200 8801 "-" "Mozilla/5.0 (Linux; Android 6.0.1; Nexus 5X Build/MMB29P) AppleWebKit/537.36 (KHTML, like Gecko) Chrome/150.0.7871.128 Mobile Safari/537.36 (compatible; Googlebot/2.1; +http://www.google.com/bot.html)"
66.249.70.96 - - [27/Jul/2026:07:43:47 +0200] "GET /?g=a7u5s4s9i3e12315 HTTP/1.1" 200 8801 "-" "Mozilla/5.0 (Linux; Android 6.0.1; Nexus 5X Build/MMB29P) AppleWebKit/537.36 (KHTML, like Gecko) Chrome/150.0.7871.128 Mobile Safari/537.36 (compatible; Googlebot/2.1; +http://www.google.com/bot.html)"
202.191.1.10 - - [27/Jul/2026:07:43:48 +0200] "POST /xmlrpc.php HTTP/1.1" 200 50122 "-" "Jetpack/13.0; WordPress/6.2; http://site46470341.com"
66.249.70.109 - - [27/Jul/2026:07:43:48 +0200] "GET /?g=c3o3n7s2p1i1r9a9c2i4es HTTP/1.1" 200 8801 "-" "Mozilla/5.0 (Linux; Android 6.0.1; Nexus 5X Build/MMB29P) AppleWebKit/537.36 (KHTML, like Gecko) Chrome/150.0.7871.128 Mobile Safari/537.36 (compatible; Googlebot/2.1; +http://www.google.com/bot.html)"
66.249.76.224 - - [27/Jul/2026:07:43:47 +0200] "GET /online/Homme-ICEDIAMOND-Cadran-43mm-Zircons-Brillants-Mouvement-1064031 HTTP/1.1" 200 99832 "-" "Mozilla/5.0 (Linux; Android 6.0.1; Nexus 5X Build/MMB29P) AppleWebKit/537.36 (KHTML, like Gecko) Chrome/150.0.7871.128 Mobile Safari/537.36 (compatible; Googlebot/2.1; +http://www.google.com/bot.html)"
66.249.76.237 - - [27/Jul/2026:07:43:49 +0200] "GET /?g=d7i2p3n6o7i525585 HTTP/1.1" 200 8800 "-" "Mozilla/5.0 (Linux; Android 6.0.1; Nexus 5X Build/MMB29P) AppleWebKit/537.36 (KHTML, like Gecko) Chrome/150.0.7871.128 Mobile Safari/537.36 (compatible; Googlebot/2.1; +http://www.google.com/bot.html)"
66.249.70.110 - - [27/Jul/2026:07:43:48 +0200] "GET /online/Agrafes-Galvanis-es-R-sin-es-Prebena-Z35CNKHA-Lot-12-700-Pi-613430 HTTP/1.1" 200 100193 "-" "Mozilla/5.0 (Linux; Android 6.0.1; Nexus 5X Build/MMB29P) AppleWebKit/537.36 (KHTML, like Gecko) Chrome/150.0.7871.128 Mobile Safari/537.36 (compatible; Googlebot/2.1; +http://www.google.com/bot.html)"
66.249.76.237 - - [27/Jul/2026:07:43:48 +0200] "GET /online/Mil-Tec-Coton-Doux-Coupe-Ample-Col-Rond-410199 HTTP/1.1" 200 99814 "-" "Mozilla/5.0 (Linux; Android 6.0.1; Nexus 5X Build/MMB29P) AppleWebKit/537.36 (KHTML, like Gecko) Chrome/150.0.7871.128 Mobile Safari/537.36 (compatible; Googlebot/2.1; +http://www.google.com/bot.html)"
216.73.217.143 - - [27/Jul/2026:07:43:49 +0200] "GET /?g=t3h3r2a0s3h7i2n6g839 HTTP/1.1" 200 8801 "-" "Mozilla/5.0 AppleWebKit/537.36 (KHTML, like Gecko; compatible; ClaudeBot/1.0; +claudebot@anthropic.com)"
66.249.70.109 - - [27/Jul/2026:07:43:50 +0200] "GET /?needing/63227246719 HTTP/1.1" 200 8801 "-" "Mozilla/5.0 (Linux; Android 6.0.1; Nexus 5X Build/MMB29P) AppleWebKit/537.36 (KHTML, like Gecko) Chrome/150.0.7871.128 Mobile Safari/537.36 (compatible; Googlebot/2.1; +http://www.google.com/bot.html)"
66.249.70.96 - - [27/Jul/2026:07:43:49 +0200] "GET /online/HD-Intel-Celeron-N4020-4-Go-RAM-192-Go-Stockage-Chrome-OS-874991 HTTP/1.1" 200 100565 "-" "Mozilla/5.0 (Linux; Android 6.0.1; Nexus 5X Build/MMB29P) AppleWebKit/537.36 (KHTML, like Gecko) Chrome/150.0.7871.128 Mobile Safari/537.36 (compatible; Googlebot/2.1; +http://www.google.com/bot.html)"
57.141.0.6 - - [27/Jul/2026:07:43:51 +0200] "GET /?g=a1p1h3e7s2i7s1036 HTTP/1.1" 200 50119 "-" "Mozilla/5.0 (Windows NT 10.0; Win64; x64) AppleWebKit/537.36 (KHTML, like Gecko) Chrome/145.0.0.0 Safari/537.36 (compatible; meta-externalagent/1.1 (+https://developers.facebook.com/docs/sharing/webmasters/crawler))"
57.141.0.26 - - [27/Jul/2026:07:43:51 +0200] "GET /shops/jounced/e1x1a2n3n2u6l5a2t7e28 HTTP/1.1" 200 50120 "-" "Mozilla/5.0 (Windows NT 10.0; Win64; x64) AppleWebKit/537.36 (KHTML, like Gecko) Chrome/145.0.0.0 Safari/537.36 Edg/145.0.0.0 (compatible; meta-externalagent/1.1 (+https://developers.facebook.com/docs/sharing/webmasters/crawler))"
57.141.0.36 - - [27/Jul/2026:07:43:50 +0200] "GET /shops/corsair/c1a2t8h7a3r2i7n7e671 HTTP/1.1" 200 50120 "-" "Mozilla/5.0 (Windows NT 10.0; Win64; x64) AppleWebKit/537.36 (KHTML, like Gecko) Chrome/145.0.0.0 Safari/537.36 Edg/145.0.0.0 (compatible; meta-externalagent/1.1 (+https://developers.facebook.com/docs/sharing/webmasters/crawler))"
66.249.70.110 - - [27/Jul/2026:07:43:51 +0200] "GET /?g=s3p4o1n4k621343 HTTP/1.1" 200 8799 "-" "Mozilla/5.0 (Linux; Android 6.0.1; Nexus 5X Build/MMB29P) AppleWebKit/537.36 (KHTML, like Gecko) Chrome/150.0.7871.128 Mobile Safari/537.36 (compatible; Googlebot/2.1; +http://www.google.com/bot.html)"
66.249.76.237 - - [27/Jul/2026:07:43:50 +0200] "GET /online/Style-Sport-R-tro-Confort-Quotidien-702046 HTTP/1.1" 200 98901 "-" "Mozilla/5.0 (Linux; Android 6.0.1; Nexus 5X Build/MMB29P) AppleWebKit/537.36 (KHTML, like Gecko) Chrome/150.0.7871.128 Mobile Safari/537.36 (compatible; Googlebot/2.1; +http://www.google.com/bot.html)"
66.249.70.96 - - [27/Jul/2026:07:43:51 +0200] "GET /?g=e0q6u1i6v3o1r1o2u1s2 HTTP/1.1" 200 8801 "-" "Mozilla/5.0 (Linux; Android 6.0.1; Nexus 5X Build/MMB29P) AppleWebKit/537.36 (KHTML, like Gecko) Chrome/150.0.7871.128 Mobile Safari/537.36 (compatible; Googlebot/2.1; +http://www.google.com/bot.html)"
216.73.217.143 - - [27/Jul/2026:07:43:52 +0200] "GET /?g=b3o3a5t7s4w7a8i5n088 HTTP/1.1" 200 8801 "-" "Mozilla/5.0 AppleWebKit/537.36 (KHTML, like Gecko; compatible; ClaudeBot/1.0; +claudebot@anthropic.com)"
66.249.70.96 - - [27/Jul/2026:07:43:52 +0200] "GET /?g=n7u3c0l0e9i72822 HTTP/1.1" 200 8801 "-" "Mozilla/5.0 (Linux; Android 6.0.1; Nexus 5X Build/MMB29P) AppleWebKit/537.36 (KHTML, like Gecko) Chrome/150.0.7871.128 Mobile Safari/537.36 (compatible; Googlebot/2.1; +http://www.google.com/bot.html)"
66.249.70.109 - - [27/Jul/2026:07:43:52 +0200] "GET /?g=g4l6o5s4s8o8g2r0a7p3her HTTP/1.1" 200 8801 "-" "Mozilla/5.0 (Linux; Android 6.0.1; Nexus 5X Build/MMB29P) AppleWebKit/537.36 (KHTML, like Gecko) Chrome/150.0.7871.128 Mobile Safari/537.36 (compatible; Googlebot/2.1; +http://www.google.com/bot.html)"
66.249.76.226 - - [27/Jul/2026:07:43:53 +0200] "GET /?g=o2s1t8e6o6l3o5g3i6s4t6 HTTP/1.1" 200 8800 "-" "Mozilla/5.0 (Linux; Android 6.0.1; Nexus 5X Build/MMB29P) AppleWebKit/537.36 (KHTML, like Gecko) Chrome/150.0.7871.128 Mobile Safari/537.36 (compatible; Googlebot/2.1; +http://www.google.com/bot.html)"
66.249.76.238 - - [27/Jul/2026:07:43:52 +0200] "GET /?pneumatics/01037256715 HTTP/1.1" 200 8800 "-" "Mozilla/5.0 (Linux; Android 6.0.1; Nexus 5X Build/MMB29P) AppleWebKit/537.36 (KHTML, like Gecko) Chrome/150.0.7871.128 Mobile Safari/537.36 (compatible; Googlebot/2.1; +http://www.google.com/bot.html)"
66.249.70.98 - - [27/Jul/2026:07:43:52 +0200] "GET /online/Series-Noir-Pointe-Moyenne-l-gant-Et-Facile-Utiliser-700512 HTTP/1.1" 200 99999 "-" "Mozilla/5.0 (Linux; Android 6.0.1; Nexus 5X Build/MMB29P) AppleWebKit/537.36 (KHTML, like Gecko) Chrome/150.0.7871.128 Mobile Safari/537.36 (compatible; Googlebot/2.1; +http://www.google.com/bot.html)"
66.249.76.224 - - [27/Jul/2026:07:43:53 +0200] "GET /?g=e0x9c7i6t0a9n0t097 HTTP/1.1" 200 8799 "-" "Mozilla/5.0 (Linux; Android 6.0.1; Nexus 5X Build/MMB29P) AppleWebKit/537.36 (KHTML, like Gecko) Chrome/150.0.7871.128 Mobile Safari/537.36 (compatible; Googlebot/2.1; +http://www.google.com/bot.html)"
66.249.70.110 - - [27/Jul/2026:07:43:54 +0200] "GET /online/Pour-Homme-Manches-Longues-Coupe-Droite-2-Poches-Poitrine-1203707 HTTP/1.1" 200 100084 "-" "Mozilla/5.0 (Linux; Android 6.0.1; Nexus 5X Build/MMB29P) AppleWebKit/537.36 (KHTML, like Gecko) Chrome/150.0.7871.128 Mobile Safari/537.36 (compatible; Googlebot/2.1; +http://www.google.com/bot.html)"
66.249.76.226 - - [27/Jul/2026:07:43:53 +0200] "GET /online/Cm-Planificateur-Hebdo-mensuel-Reliure-Double-Spirale-545974 HTTP/1.1" 200 100202 "-" "Mozilla/5.0 (Linux; Android 6.0.1; Nexus 5X Build/MMB29P) AppleWebKit/537.36 (KHTML, like Gecko) Chrome/150.0.7871.128 Mobile Safari/537.36 (compatible; Googlebot/2.1; +http://www.google.com/bot.html)"
157.55.39.52 - - [27/Jul/2026:07:43:54 +0200] "GET /online/Super-Haute-Pression-Acier-Zinc-Bichromat-Dimensions-64-476764 HTTP/1.1" 200 100137 "-" "Mozilla/5.0 AppleWebKit/537.36 (KHTML, like Gecko; compatible; bingbot/2.0; +http://www.bing.com/bingbot.htm) Chrome/116.0.1938.76 Safari/537.36"
157.55.39.60 - - [27/Jul/2026:07:43:55 +0200] "GET /online/Dario-R-TEX-XT-Pour-Enfant-Imperm-ables-Et-Chauds-Taille-704199 HTTP/1.1" 200 99996 "-" "Mozilla/5.0 AppleWebKit/537.36 (KHTML, like Gecko; compatible; bingbot/2.0; +http://www.bing.com/bingbot.htm) Chrome/116.0.1938.76 Safari/537.36"
66.249.70.110 - - [27/Jul/2026:07:43:56 +0200] "GET /online/5-Mm-SilberDream-Fermeture-Magn-tique-Acier-Inoxydable-1164683 HTTP/1.1" 200 99470 "-" "Mozilla/5.0 (Linux; Android 6.0.1; Nexus 5X Build/MMB29P) AppleWebKit/537.36 (KHTML, like Gecko) Chrome/150.0.7871.128 Mobile Safari/537.36 (compatible; Googlebot/2.1; +http://www.google.com/bot.html)"
57.141.0.55 - - [27/Jul/2026:07:43:54 +0200] "GET /shops/monarchial/p6u1s4i1l9l4a4n4i4m8o3usly?lokasie=/var/www/vhosts/sipek-instalacije.si/httpdocs/wp-trackback.php&loknya=/var/www/vhosts/sipek-instalacije.si/httpdocs HTTP/1.1" 200 15344 "-" "Mozilla/5.0 (Windows NT 10.0; Win64; x64) AppleWebKit/537.36 (KHTML, like Gecko) Chrome/145.0.0.0 Safari/537.36 (compatible; meta-externalagent/1.1 (+https://developers.facebook.com/docs/sharing/webmasters/crawler))"
57.141.0.10 - - [27/Jul/2026:07:43:57 +0200] "GET /shops/monarchial/p6u1s4i1l9l4a4n4i4m8o3usly?lokasie=/var/www/vhosts/sipek-instalacije.si/httpdocs/.htaccess&loknya=/var/www/vhosts/sipek-instalacije.si/httpdocs HTTP/1.1" 200 10021 "-" "Mozilla/5.0 (Windows NT 10.0; Win64; x64) AppleWebKit/537.36 (KHTML, like Gecko) Chrome/145.0.0.0 Safari/537.36 (compatible; meta-externalagent/1.1 (+https://developers.facebook.com/docs/sharing/webmasters/crawler))"
66.249.70.98 - - [27/Jul/2026:07:43:54 +0200] "GET /?g=s3a3u9t4r1i1e17824 HTTP/1.1" 200 8801 "-" "Mozilla/5.0 (Linux; Android 6.0.1; Nexus 5X Build/MMB29P) AppleWebKit/537.36 (KHTML, like Gecko) Chrome/150.0.7871.128 Mobile Safari/537.36 (compatible; Googlebot/2.1; +http://www.google.com/bot.html)"
202.191.1.10 - - [27/Jul/2026:07:43:58 +0200] "POST /xmlrpc.php HTTP/1.1" 200 50122 "-" "Jetpack by WordPress.com (Jetpack 12.0; WordPress 6.3)"
66.249.70.109 - - [27/Jul/2026:07:43:56 +0200] "GET /?g=c4h1a0r8c9a5r8o0d7o7n9 HTTP/1.1" 200 8801 "-" "Mozilla/5.0 (Linux; Android 6.0.1; Nexus 5X Build/MMB29P) AppleWebKit/537.36 (KHTML, like Gecko) Chrome/150.0.7871.128 Mobile Safari/537.36 (compatible; Googlebot/2.1; +http://www.google.com/bot.html)"
66.249.70.98 - - [27/Jul/2026:07:43:55 +0200] "GET /?g=q8u4e0b7r1a0c1h0o04 HTTP/1.1" 200 8801 "-" "Mozilla/5.0 (Linux; Android 6.0.1; Nexus 5X Build/MMB29P) AppleWebKit/537.36 (KHTML, like Gecko) Chrome/150.0.7871.128 Mobile Safari/537.36 (compatible; Googlebot/2.1; +http://www.google.com/bot.html)"
57.141.0.5 - - [27/Jul/2026:07:43:55 +0200] "GET /shops/fortalice/c6o1m2p4r2e9h9e4n8s1i2veness HTTP/1.1" 200 50119 "-" "Mozilla/5.0 (Windows NT 10.0; Win64; x64) AppleWebKit/537.36 (KHTML, like Gecko) Chrome/145.0.0.0 Safari/537.36 (compatible; meta-externalagent/1.1 (+https://developers.facebook.com/docs/sharing/webmasters/crawler))"
216.73.217.143 - - [27/Jul/2026:07:43:55 +0200] "GET /?g=e3f3f5o6r8t0f9u2l821 HTTP/1.1" 200 8801 "-" "Mozilla/5.0 AppleWebKit/537.36 (KHTML, like Gecko; compatible; ClaudeBot/1.0; +claudebot@anthropic.com)"
66.249.70.97 - - [27/Jul/2026:07:43:59 +0200] "GET /?g=p2a1l4p3i7t1a4n2t74 HTTP/1.1" 200 8801 "-" "Mozilla/5.0 (Linux; Android 6.0.1; Nexus 5X Build/MMB29P) AppleWebKit/537.36 (KHTML, like Gecko) Chrome/150.0.7871.128 Mobile Safari/537.36 (compatible; Googlebot/2.1; +http://www.google.com/bot.html)"
57.141.0.61 - - [27/Jul/2026:07:44:00 +0200] "GET /shops/monarchial/p6u1s4i1l9l4a4n4i4m8o3usly?lokasie=/var/www/vhosts/sipek-instalacije.si/httpdocs/index.php&loknya=/var/www/vhosts/sipek-instalacije.si/httpdocs HTTP/1.1" 200 32756 "-" "Mozilla/5.0 (Windows NT 10.0; Win64; x64) AppleWebKit/537.36 (KHTML, like Gecko) Chrome/145.0.0.0 Safari/537.36 (compatible; meta-externalagent/1.1 (+https://developers.facebook.com/docs/sharing/webmasters/crawler))"
57.141.0.10 - - [27/Jul/2026:07:44:00 +0200] "GET /shops/monarchial/p6u1s4i1l9l4a4n4i4m8o3usly?lokasie=/var/www/vhosts/sipek-instalacije.si/httpdocs/0x.txt&loknya=/var/www/vhosts/sipek-instalacije.si/httpdocs HTTP/1.1" 200 9816 "-" "Mozilla/5.0 (X11; Linux x86_64) AppleWebKit/537.36 (KHTML, like Gecko) Chrome/145.0.0.0 Safari/537.36 (compatible; meta-externalagent/1.1 (+https://developers.facebook.com/docs/sharing/webmasters/crawler))"
