66.249.70.110 - - [27/Jul/2026:06:55:11 +0200] "GET /?g=g1i3a2n3t2r8y22896 HTTP/1.1" 200 22600 "-" "Mozilla/5.0 (Linux; Android 6.0.1; Nexus 5X Build/MMB29P) AppleWebKit/537.36 (KHTML, like Gecko) Chrome/150.0.7871.128 Mobile Safari/537.36 (compatible; Googlebot/2.1; +http://www.google.com/bot.html)"
66.249.70.110 - - [27/Jul/2026:06:55:12 +0200] "GET /?g=p0h4y2l7l0o5i9d2873 HTTP/1.1" 200 22598 "-" "Mozilla/5.0 (Linux; Android 6.0.1; Nexus 5X Build/MMB29P) AppleWebKit/537.36 (KHTML, like Gecko) Chrome/150.0.7871.128 Mobile Safari/537.36 (compatible; Googlebot/2.1; +http://www.google.com/bot.html)"
66.249.70.110 - - [27/Jul/2026:06:55:12 +0200] "GET /?g=t0e1n0e9b0r9i0o2u7s13 HTTP/1.1" 200 22600 "-" "Mozilla/5.0 (Linux; Android 6.0.1; Nexus 5X Build/MMB29P) AppleWebKit/537.36 (KHTML, like Gecko) Chrome/150.0.7871.128 Mobile Safari/537.36 (compatible; Googlebot/2.1; +http://www.google.com/bot.html)"
66.249.70.109 - - [27/Jul/2026:06:55:12 +0200] "GET /?g=p0e2r8i4p4a0t6e3t3i4c9al HTTP/1.1" 200 22601 "-" "Mozilla/5.0 (Linux; Android 6.0.1; Nexus 5X Build/MMB29P) AppleWebKit/537.36 (KHTML, like Gecko) Chrome/150.0.7871.128 Mobile Safari/537.36 (compatible; Googlebot/2.1; +http://www.google.com/bot.html)"
66.249.70.110 - - [27/Jul/2026:06:55:09 +0200] "GET /?g=v6i2b7r0o6g1r9a0p9h61 HTTP/1.1" 200 22593 "-" "Mozilla/5.0 (Linux; Android 6.0.1; Nexus 5X Build/MMB29P) AppleWebKit/537.36 (KHTML, like Gecko) Chrome/150.0.7871.128 Mobile Safari/537.36 (compatible; Googlebot/2.1; +http://www.google.com/bot.html)"
66.249.70.109 - - [27/Jul/2026:06:55:13 +0200] "GET /?g=g0l2a9s0s5e4s18933 HTTP/1.1" 200 22592 "-" "Mozilla/5.0 (Linux; Android 6.0.1; Nexus 5X Build/MMB29P) AppleWebKit/537.36 (KHTML, like Gecko) Chrome/150.0.7871.128 Mobile Safari/537.36 (compatible; Googlebot/2.1; +http://www.google.com/bot.html)"
66.249.70.110 - - [27/Jul/2026:06:55:12 +0200] "GET /?g=l1o1c6a9t6o6r46173 HTTP/1.1" 200 22599 "-" "Mozilla/5.0 (Linux; Android 6.0.1; Nexus 5X Build/MMB29P) AppleWebKit/537.36 (KHTML, like Gecko) Chrome/150.0.7871.128 Mobile Safari/537.36 (compatible; Googlebot/2.1; +http://www.google.com/bot.html)"
66.249.70.109 - - [27/Jul/2026:06:55:14 +0200] "GET /?g=a9q1u1a1c0u2l9t4u5r9e2 HTTP/1.1" 200 22594 "-" "Mozilla/5.0 (Linux; Android 6.0.1; Nexus 5X Build/MMB29P) AppleWebKit/537.36 (KHTML, like Gecko) Chrome/150.0.7871.128 Mobile Safari/537.36 (compatible; Googlebot/2.1; +http://www.google.com/bot.html)"
66.249.76.238 - - [27/Jul/2026:06:55:13 +0200] "GET /?colies/043717390 HTTP/1.1" 301 5543 "-" "Mozilla/5.0 (Linux; Android 6.0.1; Nexus 5X Build/MMB29P) AppleWebKit/537.36 (KHTML, like Gecko) Chrome/150.0.7871.128 Mobile Safari/537.36 (compatible; Googlebot/2.1; +http://www.google.com/bot.html)"
66.249.70.109 - - [27/Jul/2026:06:55:14 +0200] "GET /?g=s0o7p1h5i890844 HTTP/1.1" 200 22586 "-" "Mozilla/5.0 (Linux; Android 6.0.1; Nexus 5X Build/MMB29P) AppleWebKit/537.36 (KHTML, like Gecko) Chrome/150.0.7871.128 Mobile Safari/537.36 (compatible; Googlebot/2.1; +http://www.google.com/bot.html)"
66.249.70.110 - - [27/Jul/2026:06:55:15 +0200] "GET /?g=u7n2c5t3i3o2n63510 HTTP/1.1" 200 22589 "-" "Mozilla/5.0 (Linux; Android 6.0.1; Nexus 5X Build/MMB29P) AppleWebKit/537.36 (KHTML, like Gecko) Chrome/150.0.7871.128 Mobile Safari/537.36 (compatible; Googlebot/2.1; +http://www.google.com/bot.html)"
66.249.76.238 - - [27/Jul/2026:06:55:15 +0200] "GET /?colies%2F043717390 HTTP/1.1" 200 22586 "-" "Mozilla/5.0 (Linux; Android 6.0.1; Nexus 5X Build/MMB29P) AppleWebKit/537.36 (KHTML, like Gecko) Chrome/150.0.7871.128 Mobile Safari/537.36 (compatible; Googlebot/2.1; +http://www.google.com/bot.html)"
66.249.70.110 - - [27/Jul/2026:06:55:16 +0200] "GET /?g=b3a3l8a5c0h1o4n2g105 HTTP/1.1" 200 22595 "-" "Mozilla/5.0 (Linux; Android 6.0.1; Nexus 5X Build/MMB29P) AppleWebKit/537.36 (KHTML, like Gecko) Chrome/150.0.7871.128 Mobile Safari/537.36 (compatible; Googlebot/2.1; +http://www.google.com/bot.html)"
66.249.70.110 - - [27/Jul/2026:06:55:14 +0200] "GET /?g=f7l2i2g8h9t1e1d5756 HTTP/1.1" 200 22598 "-" "Mozilla/5.0 (Linux; Android 6.0.1; Nexus 5X Build/MMB29P) AppleWebKit/537.36 (KHTML, like Gecko) Chrome/150.0.7871.128 Mobile Safari/537.36 (compatible; Googlebot/2.1; +http://www.google.com/bot.html)"
66.249.70.110 - - [27/Jul/2026:06:55:16 +0200] "GET /?g=d8a1w4n2e0d809950 HTTP/1.1" 200 22601 "-" "Mozilla/5.0 (Linux; Android 6.0.1; Nexus 5X Build/MMB29P) AppleWebKit/537.36 (KHTML, like Gecko) Chrome/150.0.7871.128 Mobile Safari/537.36 (compatible; Googlebot/2.1; +http://www.google.com/bot.html)"
66.249.76.237 - - [27/Jul/2026:06:55:15 +0200] "GET /?g=h9e2x2a7n5d5r5i4a7n03 HTTP/1.1" 200 22596 "-" "Mozilla/5.0 (Linux; Android 6.0.1; Nexus 5X Build/MMB29P) AppleWebKit/537.36 (KHTML, like Gecko) Chrome/150.0.7871.128 Mobile Safari/537.36 (compatible; Googlebot/2.1; +http://www.google.com/bot.html)"
66.249.70.110 - - [27/Jul/2026:06:55:16 +0200] "GET /?g=p8a3l6g3r2a6v2e2228 HTTP/1.1" 200 22598 "-" "Mozilla/5.0 (Linux; Android 6.0.1; Nexus 5X Build/MMB29P) AppleWebKit/537.36 (KHTML, like Gecko) Chrome/150.0.7871.128 Mobile Safari/537.36 (compatible; Googlebot/2.1; +http://www.google.com/bot.html)"
66.249.70.96 - - [27/Jul/2026:06:55:17 +0200] "GET /?g=m7a2l5l0e6t585287 HTTP/1.1" 200 22593 "-" "Mozilla/5.0 (Linux; Android 6.0.1; Nexus 5X Build/MMB29P) AppleWebKit/537.36 (KHTML, like Gecko) Chrome/150.0.7871.128 Mobile Safari/537.36 (compatible; Googlebot/2.1; +http://www.google.com/bot.html)"
57.141.0.66 - - [27/Jul/2026:06:55:15 +0200] "GET /wp-sitemap-posts-post-1.xml HTTP/1.1" 200 7432 "-" "Mozilla/5.0 (Windows NT 10.0; Win64; x64) AppleWebKit/537.36 (KHTML, like Gecko) Chrome/145.0.0.0 Safari/537.36 (compatible; meta-externalagent/1.1 (+https://developers.facebook.com/docs/sharing/webmasters/crawler))"
66.249.76.237 - - [27/Jul/2026:06:55:17 +0200] "GET /?g=c7a1n7c9e2l2l9a8t6e26 HTTP/1.1" 200 22599 "-" "Mozilla/5.0 (Linux; Android 6.0.1; Nexus 5X Build/MMB29P) AppleWebKit/537.36 (KHTML, like Gecko) Chrome/150.0.7871.128 Mobile Safari/537.36 (compatible; Googlebot/2.1; +http://www.google.com/bot.html)"
66.249.70.110 - - [27/Jul/2026:06:55:17 +0200] "GET /?g=s1u3l2t7a4n780197 HTTP/1.1" 200 22588 "-" "Mozilla/5.0 (Linux; Android 6.0.1; Nexus 5X Build/MMB29P) AppleWebKit/537.36 (KHTML, like Gecko) Chrome/150.0.7871.128 Mobile Safari/537.36 (compatible; Googlebot/2.1; +http://www.google.com/bot.html)"
66.249.76.237 - - [27/Jul/2026:06:55:18 +0200] "GET /?g=l0o3n9g4n4e7c0k0811 HTTP/1.1" 200 22591 "-" "Mozilla/5.0 (Linux; Android 6.0.1; Nexus 5X Build/MMB29P) AppleWebKit/537.36 (KHTML, like Gecko) Chrome/150.0.7871.128 Mobile Safari/537.36 (compatible; Googlebot/2.1; +http://www.google.com/bot.html)"
66.249.76.238 - - [27/Jul/2026:06:55:18 +0200] "GET /?g=o4p1e4r7a4t7i7o1n7a5l0 HTTP/1.1" 200 22592 "-" "Mozilla/5.0 (Linux; Android 6.0.1; Nexus 5X Build/MMB29P) AppleWebKit/537.36 (KHTML, like Gecko) Chrome/150.0.7871.128 Mobile Safari/537.36 (compatible; Googlebot/2.1; +http://www.google.com/bot.html)"
66.249.76.224 - - [27/Jul/2026:06:55:19 +0200] "GET /?g=c2u2l3m7e6n282384 HTTP/1.1" 200 22590 "-" "Mozilla/5.0 (Linux; Android 6.0.1; Nexus 5X Build/MMB29P) AppleWebKit/537.36 (KHTML, like Gecko) Chrome/150.0.7871.128 Mobile Safari/537.36 (compatible; Googlebot/2.1; +http://www.google.com/bot.html)"
66.249.76.224 - - [27/Jul/2026:06:55:18 +0200] "GET /?g=n8u1n6c2i5o2s96908 HTTP/1.1" 200 22591 "-" "Mozilla/5.0 (Linux; Android 6.0.1; Nexus 5X Build/MMB29P) AppleWebKit/537.36 (KHTML, like Gecko) Chrome/150.0.7871.128 Mobile Safari/537.36 (compatible; Googlebot/2.1; +http://www.google.com/bot.html)"
66.249.70.110 - - [27/Jul/2026:06:55:20 +0200] "GET /?g=t7a4s4t0e7l6e4s4s5l6y HTTP/1.1" 200 22595 "-" "Mozilla/5.0 (Linux; Android 6.0.1; Nexus 5X Build/MMB29P) AppleWebKit/537.36 (KHTML, like Gecko) Chrome/150.0.7871.128 Mobile Safari/537.36 (compatible; Googlebot/2.1; +http://www.google.com/bot.html)"
66.249.70.109 - - [27/Jul/2026:06:55:21 +0200] "GET /wp-content/plugins/elementor/assets/lib/dialog/dialog.min.js?ver=4.8.1 HTTP/1.1" 200 5549 "https://sipek-instalacije.si/?g=t2y2b6u9r7n579755" "Mozilla/5.0 (Linux; Android 6.0.1; Nexus 5X Build/MMB29P) AppleWebKit/537.36 (KHTML, like Gecko) Chrome/150.0.7871.128 Mobile Safari/537.36 (compatible; Googlebot/2.1; +http://www.google.com/bot.html)"
66.249.70.109 - - [27/Jul/2026:06:55:21 +0200] "GET /wp-content/plugins/elementor/assets/lib/dialog/dialog.min.js?ver=4.8.1 HTTP/1.1" 200 5549 "https://sipek-instalacije.si/?g=e4l2e5c1t3u8a2r8i0e8s8" "Mozilla/5.0 (Linux; Android 6.0.1; Nexus 5X Build/MMB29P) AppleWebKit/537.36 (KHTML, like Gecko) Chrome/150.0.7871.128 Mobile Safari/537.36 (compatible; Googlebot/2.1; +http://www.google.com/bot.html)"
66.249.76.238 - - [27/Jul/2026:06:55:21 +0200] "GET /wp-content/plugins/elementor/assets/lib/dialog/dialog.min.js?ver=4.8.1 HTTP/1.1" 200 5549 "https://sipek-instalacije.si/?g=c1h1r2o4n7o7l1o9g4i2e8s" "Mozilla/5.0 (Linux; Android 6.0.1; Nexus 5X Build/MMB29P) AppleWebKit/537.36 (KHTML, like Gecko) Chrome/150.0.7871.128 Mobile Safari/537.36 (compatible; Googlebot/2.1; +http://www.google.com/bot.html)"
57.141.0.30 - - [27/Jul/2026:06:55:20 +0200] "GET /scribblement/weaning/r6e2e3f6b5a8n5d9441 HTTP/1.1" 404 36596 "-" "Mozilla/5.0 (Macintosh; Intel Mac OS X 10_15_7) AppleWebKit/537.36 (KHTML, like Gecko) Chrome/145.0.0.0 Safari/537.36 (compatible; meta-externalagent/1.1 (+https://developers.facebook.com/docs/sharing/webmasters/crawler))"
122.160.13.186 - - [27/Jul/2026:06:55:09 +0200] "POST /xmlrpc.php HTTP/1.1" 200 5907 "-" "Jetpack by WordPress.com"
57.141.0.15 - - [27/Jul/2026:06:55:21 +0200] "GET /shops/emerods/p1e1r4m6e0a4n6c4e343 HTTP/1.1" 404 36596 "-" "Mozilla/5.0 (Windows NT 10.0; Win64; x64) AppleWebKit/537.36 (KHTML, like Gecko) Chrome/145.0.0.0 Safari/537.36 (compatible; meta-externalagent/1.1 (+https://developers.facebook.com/docs/sharing/webmasters/crawler))"
66.249.70.110 - - [27/Jul/2026:06:55:21 +0200] "GET /?g=d9e2c1l0a7r2a1n7t74 HTTP/1.1" 200 22594 "-" "Mozilla/5.0 (Linux; Android 6.0.1; Nexus 5X Build/MMB29P) AppleWebKit/537.36 (KHTML, like Gecko) Chrome/150.0.7871.128 Mobile Safari/537.36 (compatible; Googlebot/2.1; +http://www.google.com/bot.html)"
66.249.70.109 - - [27/Jul/2026:06:55:22 +0200] "GET /wp-content/plugins/elementor/assets/lib/dialog/dialog.min.js?ver=4.8.1 HTTP/1.1" 200 5549 "https://sipek-instalacije.si/?g=i3n2f1l4a8t3i8n1g4l9y" "Mozilla/5.0 (Linux; Android 6.0.1; Nexus 5X Build/MMB29P) AppleWebKit/537.36 (KHTML, like Gecko) Chrome/150.0.7871.128 Mobile Safari/537.36 (compatible; Googlebot/2.1; +http://www.google.com/bot.html)"
66.249.76.238 - - [27/Jul/2026:06:55:21 +0200] "GET /?g=c2o1n8c5h0a1l63972 HTTP/1.1" 200 22590 "-" "Mozilla/5.0 (Linux; Android 6.0.1; Nexus 5X Build/MMB29P) AppleWebKit/537.36 (KHTML, like Gecko) Chrome/150.0.7871.128 Mobile Safari/537.36 (compatible; Googlebot/2.1; +http://www.google.com/bot.html)"
66.249.70.110 - - [27/Jul/2026:06:55:20 +0200] "GET /?g=h5e3l9l6e4b3o2r2u0s22 HTTP/1.1" 200 22591 "-" "Mozilla/5.0 (Linux; Android 6.0.1; Nexus 5X Build/MMB29P) AppleWebKit/537.36 (KHTML, like Gecko) Chrome/150.0.7871.128 Mobile Safari/537.36 (compatible; Googlebot/2.1; +http://www.google.com/bot.html)"
66.249.70.110 - - [27/Jul/2026:06:55:23 +0200] "GET /wp-content/plugins/elementor/assets/lib/dialog/dialog.min.js?ver=4.8.1 HTTP/1.1" 200 5549 "https://sipek-instalacije.si/?g=s5c1h7o3o1l0m1a5n231" "Mozilla/5.0 (Linux; Android 6.0.1; Nexus 5X Build/MMB29P) AppleWebKit/537.36 (KHTML, like Gecko) Chrome/150.0.7871.128 Mobile Safari/537.36 (compatible; Googlebot/2.1; +http://www.google.com/bot.html)"
66.249.70.110 - - [27/Jul/2026:06:55:23 +0200] "GET /?g=d9i4s1p2l2a7c7e4n2c8y9 HTTP/1.1" 200 22595 "-" "Mozilla/5.0 (Linux; Android 6.0.1; Nexus 5X Build/MMB29P) AppleWebKit/537.36 (KHTML, like Gecko) Chrome/150.0.7871.128 Mobile Safari/537.36 (compatible; Googlebot/2.1; +http://www.google.com/bot.html)"
66.249.70.109 - - [27/Jul/2026:06:55:23 +0200] "GET /?g=p8r4o0l9e4g6o4m8e8n9a8ry HTTP/1.1" 200 22595 "-" "Mozilla/5.0 (Linux; Android 6.0.1; Nexus 5X Build/MMB29P) AppleWebKit/537.36 (KHTML, like Gecko) Chrome/150.0.7871.128 Mobile Safari/537.36 (compatible; Googlebot/2.1; +http://www.google.com/bot.html)"
200.123.36.21 - - [27/Jul/2026:06:55:22 +0200] "POST /xmlrpc.php HTTP/1.1" 200 5907 "-" "Mozilla/5.0 (Windows NT 6.3; x86) AppleWebKit/537.36 (KHTML, like Gecko) Chrome/105.0.0.0 Safari/537.36"
66.249.76.238 - - [27/Jul/2026:06:55:22 +0200] "GET /?g=n2o9n1c5o4m07226 HTTP/1.1" 200 22591 "-" "Mozilla/5.0 (Linux; Android 6.0.1; Nexus 5X Build/MMB29P) AppleWebKit/537.36 (KHTML, like Gecko) Chrome/150.0.7871.128 Mobile Safari/537.36 (compatible; Googlebot/2.1; +http://www.google.com/bot.html)"
66.249.70.96 - - [27/Jul/2026:06:55:25 +0200] "GET /?g=c2a1b4a4l8l6i3n9g187 HTTP/1.1" 200 22592 "-" "Mozilla/5.0 (Linux; Android 6.0.1; Nexus 5X Build/MMB29P) AppleWebKit/537.36 (KHTML, like Gecko) Chrome/150.0.7871.128 Mobile Safari/537.36 (compatible; Googlebot/2.1; +http://www.google.com/bot.html)"
122.160.13.186 - - [27/Jul/2026:06:55:20 +0200] "POST /xmlrpc.php HTTP/1.1" 200 5907 "-" "Jetpack by WordPress.com"
66.249.70.110 - - [27/Jul/2026:06:55:19 +0200] "GET /online/ABS-Avec-Clip-Et-A-ration-Portable-Couleur-Bleu-1254447 HTTP/1.1" 200 100494 "-" "Mozilla/5.0 (Linux; Android 6.0.1; Nexus 5X Build/MMB29P) AppleWebKit/537.36 (KHTML, like Gecko) Chrome/150.0.7871.128 Mobile Safari/537.36 (compatible; Googlebot/2.1; +http://www.google.com/bot.html)"
66.249.70.109 - - [27/Jul/2026:06:55:25 +0200] "GET /?g=n1a1t9i0v4e0n1e6s8s70 HTTP/1.1" 200 22596 "-" "Mozilla/5.0 (Linux; Android 6.0.1; Nexus 5X Build/MMB29P) AppleWebKit/537.36 (KHTML, like Gecko) Chrome/150.0.7871.128 Mobile Safari/537.36 (compatible; Googlebot/2.1; +http://www.google.com/bot.html)"
91.237.33.134 - - [27/Jul/2026:06:55:26 +0200] "POST /wp-cron.php?doing_wp_cron=1785128126.4297919273376464843750 HTTP/1.1" 200 5535 "-" "WordPress/6.9.4; https://sipek-instalacije.si"
66.249.70.96 - - [27/Jul/2026:06:55:28 +0200] "GET /wp-content/plugins/elementor/assets/lib/dialog/dialog.min.js?ver=4.8.1 HTTP/1.1" 200 5549 "https://sipek-instalacije.si/?g=m5o2u4t7h4m8a8d0e156" "Mozilla/5.0 (Linux; Android 6.0.1; Nexus 5X Build/MMB29P) AppleWebKit/537.36 (KHTML, like Gecko) Chrome/150.0.7871.128 Mobile Safari/537.36 (compatible; Googlebot/2.1; +http://www.google.com/bot.html)"
66.249.70.96 - - [27/Jul/2026:06:55:26 +0200] "GET /?g=s0p9r6i8n7g2e1r493 HTTP/1.1" 200 22589 "-" "Mozilla/5.0 (Linux; Android 6.0.1; Nexus 5X Build/MMB29P) AppleWebKit/537.36 (KHTML, like Gecko) Chrome/150.0.7871.128 Mobile Safari/537.36 (compatible; Googlebot/2.1; +http://www.google.com/bot.html)"
66.249.76.225 - - [27/Jul/2026:06:55:28 +0200] "GET /wp-content/plugins/elementor/assets/lib/dialog/dialog.min.js?ver=4.8.1 HTTP/1.1" 200 5549 "https://sipek-instalacije.si/?g=p8o4r0t6e4n1d4i1n9g0" "Mozilla/5.0 (Linux; Android 6.0.1; Nexus 5X Build/MMB29P) AppleWebKit/537.36 (KHTML, like Gecko) Chrome/150.0.7871.128 Mobile Safari/537.36 (compatible; Googlebot/2.1; +http://www.google.com/bot.html)"
66.249.70.109 - - [27/Jul/2026:06:55:29 +0200] "GET /?g=c5h2a1r5t9e0r6e1r006 HTTP/1.1" 200 22592 "-" "Mozilla/5.0 (Linux; Android 6.0.1; Nexus 5X Build/MMB29P) AppleWebKit/537.36 (KHTML, like Gecko) Chrome/150.0.7871.128 Mobile Safari/537.36 (compatible; Googlebot/2.1; +http://www.google.com/bot.html)"
66.249.70.110 - - [27/Jul/2026:06:55:29 +0200] "GET /?g=l9e2u5k6a3e1m7i2a812 HTTP/1.1" 200 22592 "-" "Mozilla/5.0 (Linux; Android 6.0.1; Nexus 5X Build/MMB29P) AppleWebKit/537.36 (KHTML, like Gecko) Chrome/150.0.7871.128 Mobile Safari/537.36 (compatible; Googlebot/2.1; +http://www.google.com/bot.html)"
122.160.13.186 - - [27/Jul/2026:06:55:30 +0200] "POST /xmlrpc.php HTTP/1.1" 200 5907 "-" "WordPress.com; https://wordpress.com"
66.249.70.110 - - [27/Jul/2026:06:55:31 +0200] "GET /wp-content/plugins/elementor/assets/lib/dialog/dialog.min.js?ver=4.8.1 HTTP/1.1" 200 5549 "https://sipek-instalacije.si/?g=v1i2r5t1u9160231" "Mozilla/5.0 (Linux; Android 6.0.1; Nexus 5X Build/MMB29P) AppleWebKit/537.36 (KHTML, like Gecko) Chrome/150.0.7871.128 Mobile Safari/537.36 (compatible; Googlebot/2.1; +http://www.google.com/bot.html)"
57.141.0.13 - - [27/Jul/2026:06:55:31 +0200] "GET /?baldrick/62560649054 HTTP/1.1" 301 5547 "-" "Mozilla/5.0 (Windows NT 10.0; Win64; x64) AppleWebKit/537.36 (KHTML, like Gecko) Chrome/145.0.0.0 Safari/537.36 (compatible; meta-externalagent/1.1 (+https://developers.facebook.com/docs/sharing/webmasters/crawler))"
66.249.70.109 - - [27/Jul/2026:06:55:32 +0200] "GET /wp-content/plugins/elementor/assets/lib/dialog/dialog.min.js?ver=4.8.1 HTTP/1.1" 200 5549 "https://sipek-instalacije.si/?g=l5a8m5p0p8o8s2t68" "Mozilla/5.0 (Linux; Android 6.0.1; Nexus 5X Build/MMB29P) AppleWebKit/537.36 (KHTML, like Gecko) Chrome/150.0.7871.128 Mobile Safari/537.36 (compatible; Googlebot/2.1; +http://www.google.com/bot.html)"
66.249.76.238 - - [27/Jul/2026:06:55:32 +0200] "GET /?g=c9i1p3h9e2r0h7o9o4d75 HTTP/1.1" 200 22594 "-" "Mozilla/5.0 (Linux; Android 6.0.1; Nexus 5X Build/MMB29P) AppleWebKit/537.36 (KHTML, like Gecko) Chrome/150.0.7871.128 Mobile Safari/537.36 (compatible; Googlebot/2.1; +http://www.google.com/bot.html)"
66.249.70.109 - - [27/Jul/2026:06:55:33 +0200] "GET /?g=a9i3b9l8i7n2s91893 HTTP/1.1" 200 22591 "-" "Mozilla/5.0 (Linux; Android 6.0.1; Nexus 5X Build/MMB29P) AppleWebKit/537.36 (KHTML, like Gecko) Chrome/150.0.7871.128 Mobile Safari/537.36 (compatible; Googlebot/2.1; +http://www.google.com/bot.html)"
66.249.70.110 - - [27/Jul/2026:06:55:33 +0200] "GET /?g=r9e3p1r3e0s4e7n7t4a0t9ives HTTP/1.1" 200 22597 "-" "Mozilla/5.0 (Linux; Android 6.0.1; Nexus 5X Build/MMB29P) AppleWebKit/537.36 (KHTML, like Gecko) Chrome/150.0.7871.128 Mobile Safari/537.36 (compatible; Googlebot/2.1; +http://www.google.com/bot.html)"
66.249.70.109 - - [27/Jul/2026:06:55:33 +0200] "GET /wp-content/themes/rife/js/light-gallery/js/lightgallery-all.min.js?ver=1.6.9 HTTP/1.1" 200 5555 "https://sipek-instalacije.si/?g=l5a8m5p0p8o8s2t68" "Mozilla/5.0 (Linux; Android 6.0.1; Nexus 5X Build/MMB29P) AppleWebKit/537.36 (KHTML, like Gecko) Chrome/150.0.7871.128 Mobile Safari/537.36 (compatible; Googlebot/2.1; +http://www.google.com/bot.html)"
66.249.70.97 - - [27/Jul/2026:06:55:33 +0200] "GET /?g=s2e1r4a2p5e493917 HTTP/1.1" 200 22589 "-" "Mozilla/5.0 (Linux; Android 6.0.1; Nexus 5X Build/MMB29P) AppleWebKit/537.36 (KHTML, like Gecko) Chrome/150.0.7871.128 Mobile Safari/537.36 (compatible; Googlebot/2.1; +http://www.google.com/bot.html)"
66.249.76.224 - - [27/Jul/2026:06:55:34 +0200] "GET /?g=c5r1i7b0r9i5f6o1r2m94 HTTP/1.1" 200 22596 "-" "Mozilla/5.0 (Linux; Android 6.0.1; Nexus 5X Build/MMB29P) AppleWebKit/537.36 (KHTML, like Gecko) Chrome/150.0.7871.128 Mobile Safari/537.36 (compatible; Googlebot/2.1; +http://www.google.com/bot.html)"
66.249.76.238 - - [27/Jul/2026:06:55:34 +0200] "GET /?g=i5n3t7e3r3m8i9n6a6t3e2d HTTP/1.1" 200 22598 "-" "Mozilla/5.0 (Linux; Android 6.0.1; Nexus 5X Build/MMB29P) AppleWebKit/537.36 (KHTML, like Gecko) Chrome/150.0.7871.128 Mobile Safari/537.36 (compatible; Googlebot/2.1; +http://www.google.com/bot.html)"
66.249.70.109 - - [27/Jul/2026:06:55:34 +0200] "GET /?g=w0e6a9k9h3e0a1r1t8e1d HTTP/1.1" 200 22593 "-" "Mozilla/5.0 (Linux; Android 6.0.1; Nexus 5X Build/MMB29P) AppleWebKit/537.36 (KHTML, like Gecko) Chrome/150.0.7871.128 Mobile Safari/537.36 (compatible; Googlebot/2.1; +http://www.google.com/bot.html)"
66.249.70.96 - - [27/Jul/2026:06:55:35 +0200] "GET /wp-content/plugins/elementor/assets/lib/dialog/dialog.min.js?ver=4.8.1 HTTP/1.1" 200 5549 "https://sipek-instalacije.si/?g=g2a1r2e0f7o5w1l7220" "Mozilla/5.0 (Linux; Android 6.0.1; Nexus 5X Build/MMB29P) AppleWebKit/537.36 (KHTML, like Gecko) Chrome/150.0.7871.128 Mobile Safari/537.36 (compatible; Googlebot/2.1; +http://www.google.com/bot.html)"
66.249.70.97 - - [27/Jul/2026:06:55:35 +0200] "GET /wp-content/plugins/elementor/assets/lib/dialog/dialog.min.js?ver=4.8.1 HTTP/1.1" 200 5549 "https://sipek-instalacije.si/?g=d9e2c1l0a7r2a1n7t74" "Mozilla/5.0 (Linux; Android 6.0.1; Nexus 5X Build/MMB29P) AppleWebKit/537.36 (KHTML, like Gecko) Chrome/150.0.7871.128 Mobile Safari/537.36 (compatible; Googlebot/2.1; +http://www.google.com/bot.html)"
66.249.76.225 - - [27/Jul/2026:06:55:35 +0200] "GET /wp-content/plugins/elementor/assets/lib/dialog/dialog.min.js?ver=4.8.1 HTTP/1.1" 200 5549 "https://sipek-instalacije.si/?g=a8g4e0n2c2y331465" "Mozilla/5.0 (Linux; Android 6.0.1; Nexus 5X Build/MMB29P) AppleWebKit/537.36 (KHTML, like Gecko) Chrome/150.0.7871.128 Mobile Safari/537.36 (compatible; Googlebot/2.1; +http://www.google.com/bot.html)"
57.141.0.50 - - [27/Jul/2026:06:55:35 +0200] "GET /?g=f6e9i1l4e336821 HTTP/1.1" 200 90811 "-" "Mozilla/5.0 (Windows NT 10.0; Win64; x64) AppleWebKit/537.36 (KHTML, like Gecko) Chrome/145.0.0.0 Safari/537.36 (compatible; meta-externalagent/1.1 (+https://developers.facebook.com/docs/sharing/webmasters/crawler))"
57.141.0.51 - - [27/Jul/2026:06:55:36 +0200] "GET /shops/ferdness/h6a2f0n8i3u6m1523 HTTP/1.1" 404 36596 "-" "Mozilla/5.0 (Windows NT 10.0; Win64; x64) AppleWebKit/537.36 (KHTML, like Gecko) Chrome/145.0.0.0 Safari/537.36 (compatible; meta-externalagent/1.1 (+https://developers.facebook.com/docs/sharing/webmasters/crawler))"
57.141.0.10 - - [27/Jul/2026:06:55:36 +0200] "GET /?g=c6o1r3n9i6c550365 HTTP/1.1" 200 90836 "-" "Mozilla/5.0 (Windows NT 10.0; Win64; x64) AppleWebKit/537.36 (KHTML, like Gecko) Chrome/145.0.0.0 Safari/537.36 (compatible; meta-externalagent/1.1 (+https://developers.facebook.com/docs/sharing/webmasters/crawler))"
57.141.0.48 - - [27/Jul/2026:06:55:36 +0200] "GET /?g=h6o3r7n9e8r452006 HTTP/1.1" 200 90838 "-" "Mozilla/5.0 (Windows NT 10.0; Win64; x64) AppleWebKit/537.36 (KHTML, like Gecko) Chrome/145.0.0.0 Safari/537.36 (compatible; meta-externalagent/1.1 (+https://developers.facebook.com/docs/sharing/webmasters/crawler))"
66.249.70.96 - - [27/Jul/2026:06:55:37 +0200] "GET /?sustained/32177423417 HTTP/1.1" 301 5548 "-" "Mozilla/5.0 (Linux; Android 6.0.1; Nexus 5X Build/MMB29P) AppleWebKit/537.36 (KHTML, like Gecko) Chrome/150.0.7871.128 Mobile Safari/537.36 (compatible; Googlebot/2.1; +http://www.google.com/bot.html)"
66.249.76.226 - - [27/Jul/2026:06:55:38 +0200] "GET /?sustained%2F32177423417 HTTP/1.1" 200 22591 "-" "Mozilla/5.0 (Linux; Android 6.0.1; Nexus 5X Build/MMB29P) AppleWebKit/537.36 (KHTML, like Gecko) Chrome/150.0.7871.128 Mobile Safari/537.36 (compatible; Googlebot/2.1; +http://www.google.com/bot.html)"
66.249.70.98 - - [27/Jul/2026:06:55:38 +0200] "GET /wp-content/plugins/elementor/assets/lib/dialog/dialog.min.js?ver=4.8.1 HTTP/1.1" 200 5549 "https://sipek-instalacije.si/?g=i5n3t7e3r3m8i9n6a6t3e2d" "Mozilla/5.0 (Linux; Android 6.0.1; Nexus 5X Build/MMB29P) AppleWebKit/537.36 (KHTML, like Gecko) Chrome/150.0.7871.128 Mobile Safari/537.36 (compatible; Googlebot/2.1; +http://www.google.com/bot.html)"
122.160.13.186 - - [27/Jul/2026:06:55:41 +0200] "POST /xmlrpc.php HTTP/1.1" 200 5907 "-" "Jetpack by WordPress.com"
66.249.76.224 - - [27/Jul/2026:06:55:43 +0200] "GET /wp-content/uploads/elementor/css/post-10942.css?ver=1626206205 HTTP/1.1" 200 5863 "https://sipek-instalacije.si/?g=u7n2c5t3i3o2n63510" "Mozilla/5.0 (Linux; Android 6.0.1; Nexus 5X Build/MMB29P) AppleWebKit/537.36 (KHTML, like Gecko) Chrome/150.0.7871.128 Mobile Safari/537.36 (compatible; Googlebot/2.1; +http://www.google.com/bot.html)"
57.141.0.17 - - [27/Jul/2026:06:55:44 +0200] "GET /shops/campylite/m6y2o8t3i6c846599 HTTP/1.1" 404 36596 "-" "Mozilla/5.0 (Windows NT 10.0; Win64; x64) AppleWebKit/537.36 (KHTML, like Gecko) Chrome/145.0.0.0 Safari/537.36 (compatible; meta-externalagent/1.1 (+https://developers.facebook.com/docs/sharing/webmasters/crawler))"
66.249.70.97 - - [27/Jul/2026:06:55:46 +0200] "GET /wp-content/plugins/elementor/assets/lib/dialog/dialog.min.js?ver=4.8.1 HTTP/1.1" 200 5549 "https://sipek-instalacije.si/?g=p0o1s2p8o7l5i2t7e524" "Mozilla/5.0 (Linux; Android 6.0.1; Nexus 5X Build/MMB29P) AppleWebKit/537.36 (KHTML, like Gecko) Chrome/150.0.7871.128 Mobile Safari/537.36 (compatible; Googlebot/2.1; +http://www.google.com/bot.html)"
66.249.76.226 - - [27/Jul/2026:06:55:47 +0200] "GET /wp-content/themes/rife/js/light-gallery/css/lightgallery.min.css?ver=1.6.9 HTTP/1.1" 200 5539 "https://sipek-instalacije.si/?g=p0o1s2p8o7l5i2t7e524" "Mozilla/5.0 (Linux; Android 6.0.1; Nexus 5X Build/MMB29P) AppleWebKit/537.36 (KHTML, like Gecko) Chrome/150.0.7871.128 Mobile Safari/537.36 (compatible; Googlebot/2.1; +http://www.google.com/bot.html)"
66.249.70.98 - - [27/Jul/2026:06:55:48 +0200] "GET /?g=o6b1l2i7t7e094772 HTTP/1.1" 200 22598 "-" "Mozilla/5.0 (Linux; Android 6.0.1; Nexus 5X Build/MMB29P) AppleWebKit/537.36 (KHTML, like Gecko) Chrome/150.0.7871.128 Mobile Safari/537.36 (compatible; Googlebot/2.1; +http://www.google.com/bot.html)"
122.160.13.186 - - [27/Jul/2026:06:55:52 +0200] "POST /xmlrpc.php HTTP/1.1" 200 5907 "-" "Jetpack/12.5; WordPress/6.2; http://site70494286.com"
66.249.70.109 - - [27/Jul/2026:06:55:54 +0200] "GET /shops/downs/m4e3s5o8t1r9o7c6h2a0l9 HTTP/1.1" 404 36596 "-" "Mozilla/5.0 (Linux; Android 6.0.1; Nexus 5X Build/MMB29P) AppleWebKit/537.36 (KHTML, like Gecko) Chrome/150.0.7871.128 Mobile Safari/537.36 (compatible; Googlebot/2.1; +http://www.google.com/bot.html)"
66.249.70.97 - - [27/Jul/2026:06:55:55 +0200] "GET /?g=u9n1e9q0u6a7l2537 HTTP/1.1" 200 22590 "-" "Mozilla/5.0 (Linux; Android 6.0.1; Nexus 5X Build/MMB29P) AppleWebKit/537.36 (KHTML, like Gecko) Chrome/150.0.7871.128 Mobile Safari/537.36 (compatible; Googlebot/2.1; +http://www.google.com/bot.html)"
66.249.70.97 - - [27/Jul/2026:06:55:56 +0200] "GET /?g=v2i3l5l9o5s4u6s6417 HTTP/1.1" 200 22600 "-" "Mozilla/5.0 (Linux; Android 6.0.1; Nexus 5X Build/MMB29P) AppleWebKit/537.36 (KHTML, like Gecko) Chrome/150.0.7871.128 Mobile Safari/537.36 (compatible; Googlebot/2.1; +http://www.google.com/bot.html)"
66.249.70.109 - - [27/Jul/2026:06:55:55 +0200] "GET /?g=i0l2l7u7t2a0t6i5o6n63 HTTP/1.1" 200 22603 "-" "Mozilla/5.0 (Linux; Android 6.0.1; Nexus 5X Build/MMB29P) AppleWebKit/537.36 (KHTML, like Gecko) Chrome/150.0.7871.128 Mobile Safari/537.36 (compatible; Googlebot/2.1; +http://www.google.com/bot.html)"
66.249.70.110 - - [27/Jul/2026:06:55:55 +0200] "GET /?g=a7p3p4l4e0j2o1h1n204 HTTP/1.1" 200 22600 "-" "Mozilla/5.0 (Linux; Android 6.0.1; Nexus 5X Build/MMB29P) AppleWebKit/537.36 (KHTML, like Gecko) Chrome/150.0.7871.128 Mobile Safari/537.36 (compatible; Googlebot/2.1; +http://www.google.com/bot.html)"
66.249.70.96 - - [27/Jul/2026:06:55:56 +0200] "GET /?g=c7o3o8p1e7r2s08617 HTTP/1.1" 200 22595 "-" "Mozilla/5.0 (Linux; Android 6.0.1; Nexus 5X Build/MMB29P) AppleWebKit/537.36 (KHTML, like Gecko) Chrome/150.0.7871.128 Mobile Safari/537.36 (compatible; Googlebot/2.1; +http://www.google.com/bot.html)"
66.249.70.110 - - [27/Jul/2026:06:55:58 +0200] "GET /online/De-Laine-Pour-Selle-De-Cheval-Brun-Longueur-85-Cm-371018 HTTP/1.1" 200 100211 "-" "Mozilla/5.0 (Linux; Android 6.0.1; Nexus 5X Build/MMB29P) AppleWebKit/537.36 (KHTML, like Gecko) Chrome/150.0.7871.128 Mobile Safari/537.36 (compatible; Googlebot/2.1; +http://www.google.com/bot.html)"
57.141.0.8 - - [27/Jul/2026:06:56:00 +0200] "GET /shops/embryoniferous/w6i1t8h4s2t5a5n2d9i0ng HTTP/1.1" 404 36596 "-" "Mozilla/5.0 (Windows NT 10.0; Win64; x64) AppleWebKit/537.36 (KHTML, like Gecko) Chrome/145.0.0.0 Safari/537.36 (compatible; meta-externalagent/1.1 (+https://developers.facebook.com/docs/sharing/webmasters/crawler))"
66.249.70.97 - - [27/Jul/2026:06:56:01 +0200] "GET /?g=n7o1n0c6o3m161892 HTTP/1.1" 200 22596 "-" "Mozilla/5.0 (Linux; Android 6.0.1; Nexus 5X Build/MMB29P) AppleWebKit/537.36 (KHTML, like Gecko) Chrome/150.0.7871.128 Mobile Safari/537.36 (compatible; Googlebot/2.1; +http://www.google.com/bot.html)"
66.249.76.225 - - [27/Jul/2026:06:56:01 +0200] "GET /?g=p7e3s2a4n5t6e6d0286 HTTP/1.1" 200 22591 "-" "Mozilla/5.0 (Linux; Android 6.0.1; Nexus 5X Build/MMB29P) AppleWebKit/537.36 (KHTML, like Gecko) Chrome/150.0.7871.128 Mobile Safari/537.36 (compatible; Googlebot/2.1; +http://www.google.com/bot.html)"
66.249.70.97 - - [27/Jul/2026:06:56:01 +0200] "GET /?g=v9a2l4e3n9t2i6n4e829 HTTP/1.1" 200 22594 "-" "Mozilla/5.0 (Linux; Android 6.0.1; Nexus 5X Build/MMB29P) AppleWebKit/537.36 (KHTML, like Gecko) Chrome/150.0.7871.128 Mobile Safari/537.36 (compatible; Googlebot/2.1; +http://www.google.com/bot.html)"
66.249.70.97 - - [27/Jul/2026:06:56:02 +0200] "GET /?g=c1r9e6v6i8c6e4043 HTTP/1.1" 200 22589 "-" "Mozilla/5.0 (Linux; Android 6.0.1; Nexus 5X Build/MMB29P) AppleWebKit/537.36 (KHTML, like Gecko) Chrome/150.0.7871.128 Mobile Safari/537.36 (compatible; Googlebot/2.1; +http://www.google.com/bot.html)"
66.249.70.109 - - [27/Jul/2026:06:56:02 +0200] "GET /?g=u2n1c5h9a5r8i3t3a9b7l6eness HTTP/1.1" 200 22599 "-" "Mozilla/5.0 (Linux; Android 6.0.1; Nexus 5X Build/MMB29P) AppleWebKit/537.36 (KHTML, like Gecko) Chrome/150.0.7871.128 Mobile Safari/537.36 (compatible; Googlebot/2.1; +http://www.google.com/bot.html)"
66.249.76.237 - - [27/Jul/2026:06:56:02 +0200] "GET /?g=e0r4l1e3n7m8e6y1e7r97 HTTP/1.1" 200 22593 "-" "Mozilla/5.0 (Linux; Android 6.0.1; Nexus 5X Build/MMB29P) AppleWebKit/537.36 (KHTML, like Gecko) Chrome/150.0.7871.128 Mobile Safari/537.36 (compatible; Googlebot/2.1; +http://www.google.com/bot.html)"
122.160.13.186 - - [27/Jul/2026:06:56:03 +0200] "POST /xmlrpc.php HTTP/1.1" 200 5907 "-" "Jetpack by WordPress.com (Jetpack 12.0; WordPress 6.2)"
66.249.76.238 - - [27/Jul/2026:06:56:02 +0200] "GET /?g=r1e1c8o2r6d7i6n8g407 HTTP/1.1" 200 22591 "-" "Mozilla/5.0 (Linux; Android 6.0.1; Nexus 5X Build/MMB29P) AppleWebKit/537.36 (KHTML, like Gecko) Chrome/150.0.7871.128 Mobile Safari/537.36 (compatible; Googlebot/2.1; +http://www.google.com/bot.html)"
66.249.76.225 - - [27/Jul/2026:06:56:03 +0200] "GET /?lightsensitive/02237326010 HTTP/1.1" 301 5553 "-" "Mozilla/5.0 (Linux; Android 6.0.1; Nexus 5X Build/MMB29P) AppleWebKit/537.36 (KHTML, like Gecko) Chrome/150.0.7871.128 Mobile Safari/537.36 (compatible; Googlebot/2.1; +http://www.google.com/bot.html)"
66.249.76.237 - - [27/Jul/2026:06:56:03 +0200] "GET /?g=j0a5v9a0n7e1s2e61 HTTP/1.1" 200 22587 "-" "Mozilla/5.0 (Linux; Android 6.0.1; Nexus 5X Build/MMB29P) AppleWebKit/537.36 (KHTML, like Gecko) Chrome/150.0.7871.128 Mobile Safari/537.36 (compatible; Googlebot/2.1; +http://www.google.com/bot.html)"
66.249.70.97 - - [27/Jul/2026:06:56:03 +0200] "GET /?lightsensitive%2F02237326010 HTTP/1.1" 200 22603 "-" "Mozilla/5.0 (Linux; Android 6.0.1; Nexus 5X Build/MMB29P) AppleWebKit/537.36 (KHTML, like Gecko) Chrome/150.0.7871.128 Mobile Safari/537.36 (compatible; Googlebot/2.1; +http://www.google.com/bot.html)"
66.249.76.238 - - [27/Jul/2026:06:56:05 +0200] "GET /wp-content/plugins/elementor/assets/lib/dialog/dialog.min.js?ver=4.8.1 HTTP/1.1" 200 5549 "https://sipek-instalacije.si/?g=i0l2l7u7t2a0t6i5o6n63" "Mozilla/5.0 (Linux; Android 6.0.1; Nexus 5X Build/MMB29P) AppleWebKit/537.36 (KHTML, like Gecko) Chrome/150.0.7871.128 Mobile Safari/537.36 (compatible; Googlebot/2.1; +http://www.google.com/bot.html)"
200.123.36.21 - - [27/Jul/2026:06:56:05 +0200] "POST /xmlrpc.php HTTP/1.1" 200 5907 "-" "Mozilla/5.0 (Linux; Android 10; arm64) AppleWebKit/537.36 (KHTML, like Gecko) Opera/67.0.0.0 Safari/537.36"
66.249.76.237 - - [27/Jul/2026:06:56:07 +0200] "GET /?g=a9f2r2i2c1a8n5d8e9r70 HTTP/1.1" 200 22591 "-" "Mozilla/5.0 (Linux; Android 6.0.1; Nexus 5X Build/MMB29P) AppleWebKit/537.36 (KHTML, like Gecko) Chrome/150.0.7871.128 Mobile Safari/537.36 (compatible; Googlebot/2.1; +http://www.google.com/bot.html)"
66.249.70.96 - - [27/Jul/2026:06:56:07 +0200] "GET /?g=t7e2t5r8a1n7t1h7e4r6a2 HTTP/1.1" 200 22599 "-" "Mozilla/5.0 (Linux; Android 6.0.1; Nexus 5X Build/MMB29P) AppleWebKit/537.36 (KHTML, like Gecko) Chrome/150.0.7871.128 Mobile Safari/537.36 (compatible; Googlebot/2.1; +http://www.google.com/bot.html)"
66.249.70.110 - - [27/Jul/2026:06:56:07 +0200] "GET /?g=e2n2t4o6z5o7o3n8864 HTTP/1.1" 200 22595 "-" "Mozilla/5.0 (Linux; Android 6.0.1; Nexus 5X Build/MMB29P) AppleWebKit/537.36 (KHTML, like Gecko) Chrome/150.0.7871.128 Mobile Safari/537.36 (compatible; Googlebot/2.1; +http://www.google.com/bot.html)"
57.141.0.52 - - [27/Jul/2026:06:56:07 +0200] "GET /?sessional/63872919214 HTTP/1.1" 301 5548 "-" "Mozilla/5.0 (Macintosh; Intel Mac OS X 10_15_7) AppleWebKit/537.36 (KHTML, like Gecko) Chrome/145.0.0.0 Safari/537.36 (compatible; meta-externalagent/1.1 (+https://developers.facebook.com/docs/sharing/webmasters/crawler))"
66.249.70.96 - - [27/Jul/2026:06:56:07 +0200] "GET /?g=t1e3n2i1o5i2d31278 HTTP/1.1" 200 22588 "-" "Mozilla/5.0 (Linux; Android 6.0.1; Nexus 5X Build/MMB29P) AppleWebKit/537.36 (KHTML, like Gecko) Chrome/150.0.7871.128 Mobile Safari/537.36 (compatible; Googlebot/2.1; +http://www.google.com/bot.html)"
66.249.76.238 - - [27/Jul/2026:06:56:08 +0200] "GET /?g=t2e1n3t1a0c8l9e6d134 HTTP/1.1" 200 22590 "-" "Mozilla/5.0 (Linux; Android 6.0.1; Nexus 5X Build/MMB29P) AppleWebKit/537.36 (KHTML, like Gecko) Chrome/150.0.7871.128 Mobile Safari/537.36 (compatible; Googlebot/2.1; +http://www.google.com/bot.html)"
66.249.76.237 - - [27/Jul/2026:06:56:08 +0200] "GET /?g=s2h1e1l2t7i3e78552 HTTP/1.1" 200 22589 "-" "Mozilla/5.0 (Linux; Android 6.0.1; Nexus 5X Build/MMB29P) AppleWebKit/537.36 (KHTML, like Gecko) Chrome/150.0.7871.128 Mobile Safari/537.36 (compatible; Googlebot/2.1; +http://www.google.com/bot.html)"
66.249.70.110 - - [27/Jul/2026:06:56:09 +0200] "GET /?g=i5d1y0l0l9364459 HTTP/1.1" 200 22588 "-" "Mozilla/5.0 (Linux; Android 6.0.1; Nexus 5X Build/MMB29P) AppleWebKit/537.36 (KHTML, like Gecko) Chrome/150.0.7871.128 Mobile Safari/537.36 (compatible; Googlebot/2.1; +http://www.google.com/bot.html)"
66.249.70.109 - - [27/Jul/2026:06:56:09 +0200] "GET /?konini/33236295652 HTTP/1.1" 301 5545 "-" "Mozilla/5.0 (Linux; Android 6.0.1; Nexus 5X Build/MMB29P) AppleWebKit/537.36 (KHTML, like Gecko) Chrome/150.0.7871.128 Mobile Safari/537.36 (compatible; Googlebot/2.1; +http://www.google.com/bot.html)"
66.249.70.109 - - [27/Jul/2026:06:56:10 +0200] "GET /?conqueror/52615571830 HTTP/1.1" 301 5548 "-" "Mozilla/5.0 (Linux; Android 6.0.1; Nexus 5X Build/MMB29P) AppleWebKit/537.36 (KHTML, like Gecko) Chrome/150.0.7871.128 Mobile Safari/537.36 (compatible; Googlebot/2.1; +http://www.google.com/bot.html)"
66.249.70.110 - - [27/Jul/2026:06:56:09 +0200] "GET /?konini%2F33236295652 HTTP/1.1" 200 22590 "-" "Mozilla/5.0 (Linux; Android 6.0.1; Nexus 5X Build/MMB29P) AppleWebKit/537.36 (KHTML, like Gecko) Chrome/150.0.7871.128 Mobile Safari/537.36 (compatible; Googlebot/2.1; +http://www.google.com/bot.html)"
66.249.70.109 - - [27/Jul/2026:06:56:10 +0200] "GET /?conqueror%2F52615571830 HTTP/1.1" 200 22590 "-" "Mozilla/5.0 (Linux; Android 6.0.1; Nexus 5X Build/MMB29P) AppleWebKit/537.36 (KHTML, like Gecko) Chrome/150.0.7871.128 Mobile Safari/537.36 (compatible; Googlebot/2.1; +http://www.google.com/bot.html)"
66.249.76.237 - - [27/Jul/2026:06:56:10 +0200] "GET /?latrine/31652911742 HTTP/1.1" 301 5546 "-" "Mozilla/5.0 (Linux; Android 6.0.1; Nexus 5X Build/MMB29P) AppleWebKit/537.36 (KHTML, like Gecko) Chrome/150.0.7871.128 Mobile Safari/537.36 (compatible; Googlebot/2.1; +http://www.google.com/bot.html)"
66.249.70.110 - - [27/Jul/2026:06:56:11 +0200] "GET /?latrine%2F31652911742 HTTP/1.1" 200 22599 "-" "Mozilla/5.0 (Linux; Android 6.0.1; Nexus 5X Build/MMB29P) AppleWebKit/537.36 (KHTML, like Gecko) Chrome/150.0.7871.128 Mobile Safari/537.36 (compatible; Googlebot/2.1; +http://www.google.com/bot.html)"
66.249.76.238 - - [27/Jul/2026:06:56:12 +0200] "GET /?g=t3r1i7p7l0i6c6o1s9t7a0te HTTP/1.1" 200 22594 "-" "Mozilla/5.0 (Linux; Android 6.0.1; Nexus 5X Build/MMB29P) AppleWebKit/537.36 (KHTML, like Gecko) Chrome/150.0.7871.128 Mobile Safari/537.36 (compatible; Googlebot/2.1; +http://www.google.com/bot.html)"
66.249.70.109 - - [27/Jul/2026:06:56:11 +0200] "GET /online/Pour-Homme-Mod-le-Shift-Noir-Taille-12-US-US-Men-510350 HTTP/1.1" 200 100452 "-" "Mozilla/5.0 (Linux; Android 6.0.1; Nexus 5X Build/MMB29P) AppleWebKit/537.36 (KHTML, like Gecko) Chrome/150.0.7871.128 Mobile Safari/537.36 (compatible; Googlebot/2.1; +http://www.google.com/bot.html)"
66.249.70.110 - - [27/Jul/2026:06:56:13 +0200] "GET /?g=f4l3o2r6i3d5a48380 HTTP/1.1" 200 22589 "-" "Mozilla/5.0 (Linux; Android 6.0.1; Nexus 5X Build/MMB29P) AppleWebKit/537.36 (KHTML, like Gecko) Chrome/150.0.7871.128 Mobile Safari/537.36 (compatible; Googlebot/2.1; +http://www.google.com/bot.html)"
57.141.0.48 - - [27/Jul/2026:06:56:13 +0200] "GET /?g=m6o4n2a5r7c6h7i3z6e6d HTTP/1.1" 200 90842 "-" "Mozilla/5.0 (Windows NT 10.0; Win64; x64) AppleWebKit/537.36 (KHTML, like Gecko) Chrome/145.0.0.0 Safari/537.36 (compatible; meta-externalagent/1.1 (+https://developers.facebook.com/docs/sharing/webmasters/crawler))"
66.249.76.237 - - [27/Jul/2026:06:56:13 +0200] "GET /?g=f2l1o0n7g676135 HTTP/1.1" 200 22587 "-" "Mozilla/5.0 (Linux; Android 6.0.1; Nexus 5X Build/MMB29P) AppleWebKit/537.36 (KHTML, like Gecko) Chrome/150.0.7871.128 Mobile Safari/537.36 (compatible; Googlebot/2.1; +http://www.google.com/bot.html)"
122.160.13.186 - - [27/Jul/2026:06:56:13 +0200] "POST /xmlrpc.php HTTP/1.1" 200 5907 "-" "WordPress.com; https://wordpress.com"
66.249.76.237 - - [27/Jul/2026:06:56:14 +0200] "GET /?g=s2a4n1d4e0r0s8w6o2o0d4 HTTP/1.1" 200 22592 "-" "Mozilla/5.0 (Linux; Android 6.0.1; Nexus 5X Build/MMB29P) AppleWebKit/537.36 (KHTML, like Gecko) Chrome/150.0.7871.128 Mobile Safari/537.36 (compatible; Googlebot/2.1; +http://www.google.com/bot.html)"
66.249.70.110 - - [27/Jul/2026:06:56:14 +0200] "GET /?g=i5m2m9u4n4i9t1i6e2s08 HTTP/1.1" 200 22591 "-" "Mozilla/5.0 (Linux; Android 6.0.1; Nexus 5X Build/MMB29P) AppleWebKit/537.36 (KHTML, like Gecko) Chrome/150.0.7871.128 Mobile Safari/537.36 (compatible; Googlebot/2.1; +http://www.google.com/bot.html)"
66.249.76.238 - - [27/Jul/2026:06:56:14 +0200] "GET /?g=i7m1p8p9o2l8e77684 HTTP/1.1" 200 22589 "-" "Mozilla/5.0 (Linux; Android 6.0.1; Nexus 5X Build/MMB29P) AppleWebKit/537.36 (KHTML, like Gecko) Chrome/150.0.7871.128 Mobile Safari/537.36 (compatible; Googlebot/2.1; +http://www.google.com/bot.html)"
66.249.70.110 - - [27/Jul/2026:06:56:14 +0200] "GET /?g=n2a4s2a8l0i8s5e324 HTTP/1.1" 200 22589 "-" "Mozilla/5.0 (Linux; Android 6.0.1; Nexus 5X Build/MMB29P) AppleWebKit/537.36 (KHTML, like Gecko) Chrome/150.0.7871.128 Mobile Safari/537.36 (compatible; Googlebot/2.1; +http://www.google.com/bot.html)"
66.249.70.109 - - [27/Jul/2026:06:56:13 +0200] "GET /?constellation/5721602485 HTTP/1.1" 301 5551 "-" "Mozilla/5.0 (Linux; Android 6.0.1; Nexus 5X Build/MMB29P) AppleWebKit/537.36 (KHTML, like Gecko) Chrome/150.0.7871.128 Mobile Safari/537.36 (compatible; Googlebot/2.1; +http://www.google.com/bot.html)"
66.249.70.109 - - [27/Jul/2026:06:56:15 +0200] "GET /?g=c2e2s7t0u7m169867 HTTP/1.1" 200 22594 "-" "Mozilla/5.0 (Linux; Android 6.0.1; Nexus 5X Build/MMB29P) AppleWebKit/537.36 (KHTML, like Gecko) Chrome/150.0.7871.128 Mobile Safari/537.36 (compatible; Googlebot/2.1; +http://www.google.com/bot.html)"
57.141.0.18 - - [27/Jul/2026:06:56:15 +0200] "GET /shops/urechitoxin/o6r1c1h5e4s7t7r6a4t8e2 HTTP/1.1" 404 36596 "-" "Mozilla/5.0 (Windows NT 10.0; Win64; x64) AppleWebKit/537.36 (KHTML, like Gecko) Chrome/145.0.0.0 Safari/537.36 (compatible; meta-externalagent/1.1 (+https://developers.facebook.com/docs/sharing/webmasters/crawler))"
57.141.0.53 - - [27/Jul/2026:06:56:15 +0200] "GET /gaumless/isobaric/64290094208 HTTP/1.1" 404 36596 "-" "Mozilla/5.0 (Windows NT 10.0; Win64; x64) AppleWebKit/537.36 (KHTML, like Gecko) Chrome/145.0.0.0 Safari/537.36 (compatible; meta-externalagent/1.1 (+https://developers.facebook.com/docs/sharing/webmasters/crawler))"
66.249.76.237 - - [27/Jul/2026:06:56:15 +0200] "GET /?constellation%2F5721602485 HTTP/1.1" 200 22597 "-" "Mozilla/5.0 (Linux; Android 6.0.1; Nexus 5X Build/MMB29P) AppleWebKit/537.36 (KHTML, like Gecko) Chrome/150.0.7871.128 Mobile Safari/537.36 (compatible; Googlebot/2.1; +http://www.google.com/bot.html)"
66.249.70.110 - - [27/Jul/2026:06:56:15 +0200] "GET /?g=o9v7e1r1h2a4u9l094 HTTP/1.1" 200 22589 "-" "Mozilla/5.0 (Linux; Android 6.0.1; Nexus 5X Build/MMB29P) AppleWebKit/537.36 (KHTML, like Gecko) Chrome/150.0.7871.128 Mobile Safari/537.36 (compatible; Googlebot/2.1; +http://www.google.com/bot.html)"
57.141.0.26 - - [27/Jul/2026:06:56:15 +0200] "GET /?g=f6r1o8c1k7307706 HTTP/1.1" 200 90835 "-" "Mozilla/5.0 (Windows NT 10.0; Win64; x64) AppleWebKit/537.36 (KHTML, like Gecko) Chrome/145.0.0.0 Safari/537.36 (compatible; meta-externalagent/1.1 (+https://developers.facebook.com/docs/sharing/webmasters/crawler))"
57.141.0.40 - - [27/Jul/2026:06:56:15 +0200] "GET /shops/misquote/h6a2n4o1v8e8r58798 HTTP/1.1" 404 36596 "-" "Mozilla/5.0 (Windows NT 10.0; Win64; x64) AppleWebKit/537.36 (KHTML, like Gecko) Chrome/145.0.0.0 Safari/537.36 (compatible; meta-externalagent/1.1 (+https://developers.facebook.com/docs/sharing/webmasters/crawler))"
66.249.66.205 - - [27/Jul/2026:06:56:15 +0200] "GET /?g=h9a5t5t6e0r39144 HTTP/1.1" 200 22591 "-" "Mozilla/5.0 (Linux; Android 6.0.1; Nexus 5X Build/MMB29P) AppleWebKit/537.36 (KHTML, like Gecko) Chrome/150.0.7871.128 Mobile Safari/537.36 (compatible; Googlebot/2.1; +http://www.google.com/bot.html)"
66.249.70.109 - - [27/Jul/2026:06:56:16 +0200] "GET /?g=o3r2i5g2e6n9i2s8t375 HTTP/1.1" 200 22591 "-" "Mozilla/5.0 (Linux; Android 6.0.1; Nexus 5X Build/MMB29P) AppleWebKit/537.36 (KHTML, like Gecko) Chrome/150.0.7871.128 Mobile Safari/537.36 (compatible; Googlebot/2.1; +http://www.google.com/bot.html)"
66.249.76.237 - - [27/Jul/2026:06:56:16 +0200] "GET /?loreto/91443096716 HTTP/1.1" 301 5545 "-" "Mozilla/5.0 (Linux; Android 6.0.1; Nexus 5X Build/MMB29P) AppleWebKit/537.36 (KHTML, like Gecko) Chrome/150.0.7871.128 Mobile Safari/537.36 (compatible; Googlebot/2.1; +http://www.google.com/bot.html)"
66.249.70.110 - - [27/Jul/2026:06:56:16 +0200] "GET /?g=p3a3p5i7l7l2a6e0106 HTTP/1.1" 200 22602 "-" "Mozilla/5.0 (Linux; Android 6.0.1; Nexus 5X Build/MMB29P) AppleWebKit/537.36 (KHTML, like Gecko) Chrome/150.0.7871.128 Mobile Safari/537.36 (compatible; Googlebot/2.1; +http://www.google.com/bot.html)"
66.249.70.109 - - [27/Jul/2026:06:56:17 +0200] "GET /?g=l5e1n4t8o9i0d69187 HTTP/1.1" 200 22596 "-" "Mozilla/5.0 (Linux; Android 6.0.1; Nexus 5X Build/MMB29P) AppleWebKit/537.36 (KHTML, like Gecko) Chrome/150.0.7871.128 Mobile Safari/537.36 (compatible; Googlebot/2.1; +http://www.google.com/bot.html)"
66.249.70.109 - - [27/Jul/2026:06:56:17 +0200] "GET /?g=b5a3s3s5o6r0i0l9i0e9v1o HTTP/1.1" 200 22592 "-" "Mozilla/5.0 (Linux; Android 6.0.1; Nexus 5X Build/MMB29P) AppleWebKit/537.36 (KHTML, like Gecko) Chrome/150.0.7871.128 Mobile Safari/537.36 (compatible; Googlebot/2.1; +http://www.google.com/bot.html)"
66.249.70.110 - - [27/Jul/2026:06:56:17 +0200] "GET /?loreto%2F91443096716 HTTP/1.1" 200 22599 "-" "Mozilla/5.0 (Linux; Android 6.0.1; Nexus 5X Build/MMB29P) AppleWebKit/537.36 (KHTML, like Gecko) Chrome/150.0.7871.128 Mobile Safari/537.36 (compatible; Googlebot/2.1; +http://www.google.com/bot.html)"
66.249.70.110 - - [27/Jul/2026:06:56:18 +0200] "GET /?g=i2n3t6e0r4c9o6m8m5u5n1ing HTTP/1.1" 200 22599 "-" "Mozilla/5.0 (Linux; Android 6.0.1; Nexus 5X Build/MMB29P) AppleWebKit/537.36 (KHTML, like Gecko) Chrome/150.0.7871.128 Mobile Safari/537.36 (compatible; Googlebot/2.1; +http://www.google.com/bot.html)"
66.249.70.109 - - [27/Jul/2026:06:56:18 +0200] "GET /?g=l1o1o5b0y3145165 HTTP/1.1" 200 22589 "-" "Mozilla/5.0 (Linux; Android 6.0.1; Nexus 5X Build/MMB29P) AppleWebKit/537.36 (KHTML, like Gecko) Chrome/150.0.7871.128 Mobile Safari/537.36 (compatible; Googlebot/2.1; +http://www.google.com/bot.html)"
66.249.70.110 - - [27/Jul/2026:06:56:18 +0200] "GET /?g=e6m2p3e4r1i1s9h4e1d75 HTTP/1.1" 200 22593 "-" "Mozilla/5.0 (Linux; Android 6.0.1; Nexus 5X Build/MMB29P) AppleWebKit/537.36 (KHTML, like Gecko) Chrome/150.0.7871.128 Mobile Safari/537.36 (compatible; Googlebot/2.1; +http://www.google.com/bot.html)"
66.249.76.238 - - [27/Jul/2026:06:56:18 +0200] "GET /?g=m0o9o6n9l9i6g4h0t24 HTTP/1.1" 200 22594 "-" "Mozilla/5.0 (Linux; Android 6.0.1; Nexus 5X Build/MMB29P) AppleWebKit/537.36 (KHTML, like Gecko) Chrome/150.0.7871.128 Mobile Safari/537.36 (compatible; Googlebot/2.1; +http://www.google.com/bot.html)"
66.249.70.109 - - [27/Jul/2026:06:56:19 +0200] "GET /?g=j5i6g5g1i9n5g1324 HTTP/1.1" 200 22590 "-" "Mozilla/5.0 (Linux; Android 6.0.1; Nexus 5X Build/MMB29P) AppleWebKit/537.36 (KHTML, like Gecko) Chrome/150.0.7871.128 Mobile Safari/537.36 (compatible; Googlebot/2.1; +http://www.google.com/bot.html)"
66.249.76.238 - - [27/Jul/2026:06:56:20 +0200] "GET /?porphyria/33431216407 HTTP/1.1" 301 5548 "-" "Mozilla/5.0 (Linux; Android 6.0.1; Nexus 5X Build/MMB29P) AppleWebKit/537.36 (KHTML, like Gecko) Chrome/150.0.7871.128 Mobile Safari/537.36 (compatible; Googlebot/2.1; +http://www.google.com/bot.html)"
66.249.70.110 - - [27/Jul/2026:06:56:20 +0200] "GET /?g=p4e1r9i6d4i4u7m329 HTTP/1.1" 200 22594 "-" "Mozilla/5.0 (Linux; Android 6.0.1; Nexus 5X Build/MMB29P) AppleWebKit/537.36 (KHTML, like Gecko) Chrome/150.0.7871.128 Mobile Safari/537.36 (compatible; Googlebot/2.1; +http://www.google.com/bot.html)"
66.249.70.96 - - [27/Jul/2026:06:56:20 +0200] "GET /?g=c1o4b0o1l3386660 HTTP/1.1" 200 22591 "-" "Mozilla/5.0 (Linux; Android 6.0.1; Nexus 5X Build/MMB29P) AppleWebKit/537.36 (KHTML, like Gecko) Chrome/150.0.7871.128 Mobile Safari/537.36 (compatible; Googlebot/2.1; +http://www.google.com/bot.html)"
66.249.70.96 - - [27/Jul/2026:06:56:20 +0200] "GET /?g=t9h2o5r6p9275160 HTTP/1.1" 200 22590 "-" "Mozilla/5.0 (Linux; Android 6.0.1; Nexus 5X Build/MMB29P) AppleWebKit/537.36 (KHTML, like Gecko) Chrome/150.0.7871.128 Mobile Safari/537.36 (compatible; Googlebot/2.1; +http://www.google.com/bot.html)"
66.249.76.238 - - [27/Jul/2026:06:56:21 +0200] "GET /?g=f9o9r7e0m2a0s5t294 HTTP/1.1" 200 22596 "-" "Mozilla/5.0 (Linux; Android 6.0.1; Nexus 5X Build/MMB29P) AppleWebKit/537.36 (KHTML, like Gecko) Chrome/150.0.7871.128 Mobile Safari/537.36 (compatible; Googlebot/2.1; +http://www.google.com/bot.html)"
66.249.76.224 - - [27/Jul/2026:06:56:21 +0200] "GET /?g=p9a4l0l2b4e2a9r1e0r39 HTTP/1.1" 200 22597 "-" "Mozilla/5.0 (Linux; Android 6.0.1; Nexus 5X Build/MMB29P) AppleWebKit/537.36 (KHTML, like Gecko) Chrome/150.0.7871.128 Mobile Safari/537.36 (compatible; Googlebot/2.1; +http://www.google.com/bot.html)"
66.249.70.109 - - [27/Jul/2026:06:56:21 +0200] "GET /?g=s5t3a7t7o2c9r4a1c4y79 HTTP/1.1" 200 22591 "-" "Mozilla/5.0 (Linux; Android 6.0.1; Nexus 5X Build/MMB29P) AppleWebKit/537.36 (KHTML, like Gecko) Chrome/150.0.7871.128 Mobile Safari/537.36 (compatible; Googlebot/2.1; +http://www.google.com/bot.html)"
66.249.76.237 - - [27/Jul/2026:06:56:21 +0200] "GET /?g=b9o2u5n7d6e2d4n2e9s7s3 HTTP/1.1" 200 22597 "-" "Mozilla/5.0 (Linux; Android 6.0.1; Nexus 5X Build/MMB29P) AppleWebKit/537.36 (KHTML, like Gecko) Chrome/150.0.7871.128 Mobile Safari/537.36 (compatible; Googlebot/2.1; +http://www.google.com/bot.html)"
66.249.76.237 - - [27/Jul/2026:06:56:21 +0200] "GET /?porphyria%2F33431216407 HTTP/1.1" 200 22601 "-" "Mozilla/5.0 (Linux; Android 6.0.1; Nexus 5X Build/MMB29P) AppleWebKit/537.36 (KHTML, like Gecko) Chrome/150.0.7871.128 Mobile Safari/537.36 (compatible; Googlebot/2.1; +http://www.google.com/bot.html)"
66.249.70.110 - - [27/Jul/2026:06:56:21 +0200] "GET /?g=k9i7n9k1e7d40513 HTTP/1.1" 200 22588 "-" "Mozilla/5.0 (Linux; Android 6.0.1; Nexus 5X Build/MMB29P) AppleWebKit/537.36 (KHTML, like Gecko) Chrome/150.0.7871.128 Mobile Safari/537.36 (compatible; Googlebot/2.1; +http://www.google.com/bot.html)"
66.249.70.110 - - [27/Jul/2026:06:56:22 +0200] "GET /?g=b9a3a5l6i2s8t59164 HTTP/1.1" 200 22596 "-" "Mozilla/5.0 (Linux; Android 6.0.1; Nexus 5X Build/MMB29P) AppleWebKit/537.36 (KHTML, like Gecko) Chrome/150.0.7871.128 Mobile Safari/537.36 (compatible; Googlebot/2.1; +http://www.google.com/bot.html)"
66.249.76.237 - - [27/Jul/2026:06:56:22 +0200] "GET /?g=d7e2s9i6n4e5n9c4e585 HTTP/1.1" 200 22598 "-" "Mozilla/5.0 (Linux; Android 6.0.1; Nexus 5X Build/MMB29P) AppleWebKit/537.36 (KHTML, like Gecko) Chrome/150.0.7871.128 Mobile Safari/537.36 (compatible; Googlebot/2.1; +http://www.google.com/bot.html)"
66.249.70.109 - - [27/Jul/2026:06:56:22 +0200] "GET /?g=p9l1a3t5e2t0r8o9p8e53 HTTP/1.1" 200 22592 "-" "Mozilla/5.0 (Linux; Android 6.0.1; Nexus 5X Build/MMB29P) AppleWebKit/537.36 (KHTML, like Gecko) Chrome/150.0.7871.128 Mobile Safari/537.36 (compatible; Googlebot/2.1; +http://www.google.com/bot.html)"
66.249.70.110 - - [27/Jul/2026:06:56:22 +0200] "GET /online/ABUS-702R-Rouge-Acier-Tremp-128x60-Mm-Pour-Cadenas-6x41-368915 HTTP/1.1" 200 100235 "-" "Mozilla/5.0 (Linux; Android 6.0.1; Nexus 5X Build/MMB29P) AppleWebKit/537.36 (KHTML, like Gecko) Chrome/150.0.7871.128 Mobile Safari/537.36 (compatible; Googlebot/2.1; +http://www.google.com/bot.html)"
66.249.76.224 - - [27/Jul/2026:06:56:23 +0200] "GET /?stolidity/13296858164 HTTP/1.1" 301 5548 "-" "Mozilla/5.0 (Linux; Android 6.0.1; Nexus 5X Build/MMB29P) AppleWebKit/537.36 (KHTML, like Gecko) Chrome/150.0.7871.128 Mobile Safari/537.36 (compatible; Googlebot/2.1; +http://www.google.com/bot.html)"
66.249.70.110 - - [27/Jul/2026:06:56:24 +0200] "GET /wp-content/themes/rife/style.css?ver=2.4.10 HTTP/1.1" 200 5507 "https://sipek-instalacije.si/?g=c1o4b0o1l3386660" "Mozilla/5.0 (Linux; Android 6.0.1; Nexus 5X Build/MMB29P) AppleWebKit/537.36 (KHTML, like Gecko) Chrome/150.0.7871.128 Mobile Safari/537.36 (compatible; Googlebot/2.1; +http://www.google.com/bot.html)"
66.249.76.237 - - [27/Jul/2026:06:56:23 +0200] "GET /?g=c0l4a2u6s4t7r0a7l764 HTTP/1.1" 200 22595 "-" "Mozilla/5.0 (Linux; Android 6.0.1; Nexus 5X Build/MMB29P) AppleWebKit/537.36 (KHTML, like Gecko) Chrome/150.0.7871.128 Mobile Safari/537.36 (compatible; Googlebot/2.1; +http://www.google.com/bot.html)"
