174.168.10.208 - - [27/Jul/2026:07:16:37 +0200] "POST /xmlrpc.php HTTP/1.1" 200 50124 "-" "Jetpack/12.0; WordPress/6.4; http://site64967256.com"
213.230.123.43 - - [27/Jul/2026:07:16:37 +0200] "POST /xmlrpc.php HTTP/1.1" 200 50124 "-" "Jetpack/12.0; WordPress/6.1; http://site40018337.com"
122.160.13.186 - - [27/Jul/2026:07:16:39 +0200] "POST /xmlrpc.php HTTP/1.1" 200 50124 "-" "Jetpack by WordPress.com"
66.249.70.109 - - [27/Jul/2026:07:16:41 +0200] "GET /?g=d2i3s9r8a8n8g2e9046 HTTP/1.1" 200 8801 "-" "Mozilla/5.0 (Linux; Android 6.0.1; Nexus 5X Build/MMB29P) AppleWebKit/537.36 (KHTML, like Gecko) Chrome/150.0.7871.128 Mobile Safari/537.36 (compatible; Googlebot/2.1; +http://www.google.com/bot.html)"
66.249.70.110 - - [27/Jul/2026:07:16:42 +0200] "GET /?g=v5o1l6a1t6l5e75049 HTTP/1.1" 200 8799 "-" "Mozilla/5.0 (Linux; Android 6.0.1; Nexus 5X Build/MMB29P) AppleWebKit/537.36 (KHTML, like Gecko) Chrome/150.0.7871.128 Mobile Safari/537.36 (compatible; Googlebot/2.1; +http://www.google.com/bot.html)"
66.249.70.110 - - [27/Jul/2026:07:16:42 +0200] "GET /?nitriferous/93317747261 HTTP/1.1" 200 8799 "-" "Mozilla/5.0 (Linux; Android 6.0.1; Nexus 5X Build/MMB29P) AppleWebKit/537.36 (KHTML, like Gecko) Chrome/150.0.7871.128 Mobile Safari/537.36 (compatible; Googlebot/2.1; +http://www.google.com/bot.html)"
66.249.76.238 - - [27/Jul/2026:07:16:42 +0200] "GET /?g=w7a3n7n8e4d172586 HTTP/1.1" 200 8800 "-" "Mozilla/5.0 (Linux; Android 6.0.1; Nexus 5X Build/MMB29P) AppleWebKit/537.36 (KHTML, like Gecko) Chrome/150.0.7871.128 Mobile Safari/537.36 (compatible; Googlebot/2.1; +http://www.google.com/bot.html)"
216.73.217.143 - - [27/Jul/2026:07:16:43 +0200] "GET /shops/assimulate/p3a1u7s8e8r834441 HTTP/1.1" 200 8801 "-" "Mozilla/5.0 AppleWebKit/537.36 (KHTML, like Gecko; compatible; ClaudeBot/1.0; +claudebot@anthropic.com)"
216.73.217.143 - - [27/Jul/2026:07:16:45 +0200] "GET /shops/curvative/a3e9r8a6t6e22891 HTTP/1.1" 200 8801 "-" "Mozilla/5.0 AppleWebKit/537.36 (KHTML, like Gecko; compatible; ClaudeBot/1.0; +claudebot@anthropic.com)"
57.141.0.59 - - [27/Jul/2026:07:16:45 +0200] "GET /?g=g6e2s9t0i7c9u3l7a1t1i8ng HTTP/1.1" 200 50120 "-" "Mozilla/5.0 (Windows NT 10.0; Win64; x64) AppleWebKit/537.36 (KHTML, like Gecko) Chrome/145.0.0.0 Safari/537.36 (compatible; meta-externalagent/1.1 (+https://developers.facebook.com/docs/sharing/webmasters/crawler))"
174.168.10.208 - - [27/Jul/2026:07:16:47 +0200] "POST /xmlrpc.php HTTP/1.1" 200 50124 "-" "Jetpack by WordPress.com (Jetpack 12.1; WordPress 6.2)"
66.249.70.110 - - [27/Jul/2026:07:16:47 +0200] "GET /?g=g7r1e5y9b2e5a4r5d671 HTTP/1.1" 200 8799 "-" "Mozilla/5.0 (Linux; Android 6.0.1; Nexus 5X Build/MMB29P) AppleWebKit/537.36 (KHTML, like Gecko) Chrome/150.0.7871.128 Mobile Safari/537.36 (compatible; Googlebot/2.1; +http://www.google.com/bot.html)"
216.73.217.143 - - [27/Jul/2026:07:16:48 +0200] "GET /decimosexto/noncombining/31982802721 HTTP/1.1" 200 8801 "-" "Mozilla/5.0 AppleWebKit/537.36 (KHTML, like Gecko; compatible; ClaudeBot/1.0; +claudebot@anthropic.com)"
213.230.123.43 - - [27/Jul/2026:07:16:47 +0200] "POST /xmlrpc.php HTTP/1.1" 200 50124 "-" "Jetpack by WordPress.com"
122.160.13.186 - - [27/Jul/2026:07:16:50 +0200] "POST /xmlrpc.php HTTP/1.1" 200 50124 "-" "Jetpack by WordPress.com"
57.141.0.21 - - [27/Jul/2026:07:16:50 +0200] "GET /?g=t6i3l3e0s9e9e4d6271 HTTP/1.1" 200 50120 "-" "Mozilla/5.0 (Windows NT 10.0; Win64; x64) AppleWebKit/537.36 (KHTML, like Gecko) Chrome/145.0.0.0 Safari/537.36 (compatible; meta-externalagent/1.1 (+https://developers.facebook.com/docs/sharing/webmasters/crawler))"
66.249.70.109 - - [27/Jul/2026:07:16:51 +0200] "GET /?g=d9o8m3e0s8d6a3y219 HTTP/1.1" 200 8801 "-" "Mozilla/5.0 (Linux; Android 6.0.1; Nexus 5X Build/MMB29P) AppleWebKit/537.36 (KHTML, like Gecko) Chrome/150.0.7871.128 Mobile Safari/537.36 (compatible; Googlebot/2.1; +http://www.google.com/bot.html)"
66.249.70.110 - - [27/Jul/2026:07:16:50 +0200] "GET /?g=f6i2f7e3r3342365 HTTP/1.1" 200 8799 "-" "Mozilla/5.0 (Linux; Android 6.0.1; Nexus 5X Build/MMB29P) AppleWebKit/537.36 (KHTML, like Gecko) Chrome/150.0.7871.128 Mobile Safari/537.36 (compatible; Googlebot/2.1; +http://www.google.com/bot.html)"
66.249.76.237 - - [27/Jul/2026:07:16:51 +0200] "GET /?g=m7o1r8a9l3i3t0y9070 HTTP/1.1" 200 8800 "-" "Mozilla/5.0 (Linux; Android 6.0.1; Nexus 5X Build/MMB29P) AppleWebKit/537.36 (KHTML, like Gecko) Chrome/150.0.7871.128 Mobile Safari/537.36 (compatible; Googlebot/2.1; +http://www.google.com/bot.html)"
66.249.70.110 - - [27/Jul/2026:07:16:52 +0200] "GET /?g=d8u1u0m1v8i3r0a2l755 HTTP/1.1" 200 8799 "-" "Mozilla/5.0 (Linux; Android 6.0.1; Nexus 5X Build/MMB29P) AppleWebKit/537.36 (KHTML, like Gecko) Chrome/150.0.7871.128 Mobile Safari/537.36 (compatible; Googlebot/2.1; +http://www.google.com/bot.html)"
66.249.70.110 - - [27/Jul/2026:07:16:52 +0200] "GET /?g=m9i2s5s6y9662143 HTTP/1.1" 200 8799 "-" "Mozilla/5.0 (Linux; Android 6.0.1; Nexus 5X Build/MMB29P) AppleWebKit/537.36 (KHTML, like Gecko) Chrome/150.0.7871.128 Mobile Safari/537.36 (compatible; Googlebot/2.1; +http://www.google.com/bot.html)"
216.73.217.143 - - [27/Jul/2026:07:16:53 +0200] "GET /?g=e3t2a0c2i0s8m60145 HTTP/1.1" 200 8801 "-" "Mozilla/5.0 AppleWebKit/537.36 (KHTML, like Gecko; compatible; ClaudeBot/1.0; +claudebot@anthropic.com)"
57.141.0.15 - - [27/Jul/2026:07:16:54 +0200] "GET /shops/lighthearted/c1h2a9n2g6e5f0u4l2n7e1ss?lokasie=/var/www/vhosts/sipek-instalacije.si/httpdocs/wp-config-sample.php&loknya=/var/www/vhosts/sipek-instalacije.si/httpdocs HTTP/1.1" 200 13183 "-" "Mozilla/5.0 (Windows NT 10.0; Win64; x64) AppleWebKit/537.36 (KHTML, like Gecko) Chrome/145.0.0.0 Safari/537.36 (compatible; meta-externalagent/1.1 (+https://developers.facebook.com/docs/sharing/webmasters/crawler))"
174.168.10.208 - - [27/Jul/2026:07:16:58 +0200] "POST /xmlrpc.php HTTP/1.1" 200 50124 "-" "WordPress.com; https://wordpress.com"
213.230.123.43 - - [27/Jul/2026:07:16:58 +0200] "POST /xmlrpc.php HTTP/1.1" 200 50124 "-" "Jetpack/12.1; WordPress/6.2; http://site46437073.com"
122.160.13.186 - - [27/Jul/2026:07:17:00 +0200] "POST /xmlrpc.php HTTP/1.1" 200 50124 "-" "Jetpack by WordPress.com (Jetpack 12.5; WordPress 6.4)"
57.141.0.52 - - [27/Jul/2026:07:16:59 +0200] "GET /shops/lighthearted/c1h2a9n2g6e5f0u4l2n7e1ss?lokasie=/var/www/vhosts/sipek-instalacije.si/httpdocs/wp-cron.php&loknya=/var/www/vhosts/sipek-instalacije.si/httpdocs HTTP/1.1" 200 15521 "-" "Mozilla/5.0 (X11; Linux x86_64) AppleWebKit/537.36 (KHTML, like Gecko) Chrome/145.0.0.0 Safari/537.36 (compatible; meta-externalagent/1.1 (+https://developers.facebook.com/docs/sharing/webmasters/crawler))"
57.141.0.10 - - [27/Jul/2026:07:16:59 +0200] "GET /shops/lighthearted/c1h2a9n2g6e5f0u4l2n7e1ss?lokasie=/var/www/vhosts/sipek-instalacije.si/httpdocs/filefuns.php&loknya=/var/www/vhosts/sipek-instalacije.si/httpdocs HTTP/1.1" 200 16558 "-" "Mozilla/5.0 (Windows NT 10.0; Win64; x64) AppleWebKit/537.36 (KHTML, like Gecko) Chrome/145.0.0.0 Safari/537.36 (compatible; meta-externalagent/1.1 (+https://developers.facebook.com/docs/sharing/webmasters/crawler))"
216.73.217.143 - - [27/Jul/2026:07:16:56 +0200] "GET /?g=s3t1e6e7m0794015 HTTP/1.1" 200 8801 "-" "Mozilla/5.0 AppleWebKit/537.36 (KHTML, like Gecko; compatible; ClaudeBot/1.0; +claudebot@anthropic.com)"
66.249.70.109 - - [27/Jul/2026:07:16:56 +0200] "GET /?g=p1r7e6c2e5p8t0r3e8s7s HTTP/1.1" 200 8801 "-" "Mozilla/5.0 (Linux; Android 6.0.1; Nexus 5X Build/MMB29P) AppleWebKit/537.36 (KHTML, like Gecko) Chrome/150.0.7871.128 Mobile Safari/537.36 (compatible; Googlebot/2.1; +http://www.google.com/bot.html)"
66.249.76.238 - - [27/Jul/2026:07:16:57 +0200] "GET /?g=d0i8s4s5u5n8d2e1r4e6d HTTP/1.1" 200 8800 "-" "Mozilla/5.0 (Linux; Android 6.0.1; Nexus 5X Build/MMB29P) AppleWebKit/537.36 (KHTML, like Gecko) Chrome/150.0.7871.128 Mobile Safari/537.36 (compatible; Googlebot/2.1; +http://www.google.com/bot.html)"
66.249.70.109 - - [27/Jul/2026:07:16:57 +0200] "GET /?g=m8a2m0e8l9o7n42601 HTTP/1.1" 200 8801 "-" "Mozilla/5.0 (Linux; Android 6.0.1; Nexus 5X Build/MMB29P) AppleWebKit/537.36 (KHTML, like Gecko) Chrome/150.0.7871.128 Mobile Safari/537.36 (compatible; Googlebot/2.1; +http://www.google.com/bot.html)"
66.249.70.109 - - [27/Jul/2026:07:16:56 +0200] "GET /?g=s6p2a0t8h3a5c2e0o5u9s3 HTTP/1.1" 200 8801 "-" "Mozilla/5.0 (Linux; Android 6.0.1; Nexus 5X Build/MMB29P) AppleWebKit/537.36 (KHTML, like Gecko) Chrome/150.0.7871.128 Mobile Safari/537.36 (compatible; Googlebot/2.1; +http://www.google.com/bot.html)"
66.249.70.109 - - [27/Jul/2026:07:17:02 +0200] "GET /?bypassage/13837956529 HTTP/1.1" 200 8801 "-" "Mozilla/5.0 (Linux; Android 6.0.1; Nexus 5X Build/MMB29P) AppleWebKit/537.36 (KHTML, like Gecko) Chrome/150.0.7871.128 Mobile Safari/537.36 (compatible; Googlebot/2.1; +http://www.google.com/bot.html)"
57.141.0.49 - - [27/Jul/2026:07:17:01 +0200] "GET /shops/lighthearted/c1h2a9n2g6e5f0u4l2n7e1ss?lokasie=/var/www/vhosts/sipek-instalacije.si/httpdocs/wp-links-opml.php&loknya=/var/www/vhosts/sipek-instalacije.si/httpdocs HTTP/1.1" 200 12612 "-" "Mozilla/5.0 (Windows NT 10.0; Win64; x64) AppleWebKit/537.36 (KHTML, like Gecko) Chrome/145.0.0.0 Safari/537.36 (compatible; meta-externalagent/1.1 (+https://developers.facebook.com/docs/sharing/webmasters/crawler))"
66.249.70.109 - - [27/Jul/2026:07:17:02 +0200] "GET /?g=a1p3e1r6t3l8y22225 HTTP/1.1" 200 8801 "-" "Mozilla/5.0 (Linux; Android 6.0.1; Nexus 5X Build/MMB29P) AppleWebKit/537.36 (KHTML, like Gecko) Chrome/150.0.7871.128 Mobile Safari/537.36 (compatible; Googlebot/2.1; +http://www.google.com/bot.html)"
66.249.76.237 - - [27/Jul/2026:07:17:02 +0200] "GET /?g=c7o3n1s8o4n5a7n3c7e74 HTTP/1.1" 200 8800 "-" "Mozilla/5.0 (Linux; Android 6.0.1; Nexus 5X Build/MMB29P) AppleWebKit/537.36 (KHTML, like Gecko) Chrome/150.0.7871.128 Mobile Safari/537.36 (compatible; Googlebot/2.1; +http://www.google.com/bot.html)"
57.141.0.36 - - [27/Jul/2026:07:17:01 +0200] "GET /shops/lighthearted/c1h2a9n2g6e5f0u4l2n7e1ss?loknya=/var/www/vhosts/sipek-instalacije.si/httpdocs/tmp HTTP/1.1" 200 12547 "-" "Mozilla/5.0 (Windows NT 10.0; Win64; x64) AppleWebKit/537.36 (KHTML, like Gecko) Chrome/145.0.0.0 Safari/537.36 (compatible; meta-externalagent/1.1 (+https://developers.facebook.com/docs/sharing/webmasters/crawler))"
66.249.70.109 - - [27/Jul/2026:07:17:02 +0200] "GET /?g=b0a2g3w6i4g433753 HTTP/1.1" 200 8801 "-" "Mozilla/5.0 (Linux; Android 6.0.1; Nexus 5X Build/MMB29P) AppleWebKit/537.36 (KHTML, like Gecko) Chrome/150.0.7871.128 Mobile Safari/537.36 (compatible; Googlebot/2.1; +http://www.google.com/bot.html)"
216.73.217.143 - - [27/Jul/2026:07:17:02 +0200] "GET /disguise/s3p1e2c8u2l7a91817 HTTP/1.1" 200 8801 "-" "Mozilla/5.0 AppleWebKit/537.36 (KHTML, like Gecko; compatible; ClaudeBot/1.0; +claudebot@anthropic.com)"
66.249.70.109 - - [27/Jul/2026:07:17:02 +0200] "GET /?stockstill/9633420031 HTTP/1.1" 200 8801 "-" "Mozilla/5.0 (Linux; Android 6.0.1; Nexus 5X Build/MMB29P) AppleWebKit/537.36 (KHTML, like Gecko) Chrome/150.0.7871.128 Mobile Safari/537.36 (compatible; Googlebot/2.1; +http://www.google.com/bot.html)"
66.249.70.109 - - [27/Jul/2026:07:17:03 +0200] "GET /?g=a8c3c1e7s8s432013 HTTP/1.1" 200 8801 "-" "Mozilla/5.0 (Linux; Android 6.0.1; Nexus 5X Build/MMB29P) AppleWebKit/537.36 (KHTML, like Gecko) Chrome/150.0.7871.128 Mobile Safari/537.36 (compatible; Googlebot/2.1; +http://www.google.com/bot.html)"
57.141.0.30 - - [27/Jul/2026:07:16:59 +0200] "GET /shops/lighthearted/c1h2a9n2g6e5f0u4l2n7e1ss?loknya=/var/www/vhosts HTTP/1.1" 200 10729 "-" "Mozilla/5.0 (Windows NT 10.0; Win64; x64) AppleWebKit/537.36 (KHTML, like Gecko) Chrome/145.0.0.0 Safari/537.36 (compatible; meta-externalagent/1.1 (+https://developers.facebook.com/docs/sharing/webmasters/crawler))"
66.249.76.237 - - [27/Jul/2026:07:17:03 +0200] "GET /?g=a3l8t0e8r5n0a6t9e7l3y HTTP/1.1" 200 8800 "-" "Mozilla/5.0 (Linux; Android 6.0.1; Nexus 5X Build/MMB29P) AppleWebKit/537.36 (KHTML, like Gecko) Chrome/150.0.7871.128 Mobile Safari/537.36 (compatible; Googlebot/2.1; +http://www.google.com/bot.html)"
66.249.70.109 - - [27/Jul/2026:07:17:03 +0200] "GET /?g=s0q3u5a7m4e999913 HTTP/1.1" 200 8801 "-" "Mozilla/5.0 (Linux; Android 6.0.1; Nexus 5X Build/MMB29P) AppleWebKit/537.36 (KHTML, like Gecko) Chrome/150.0.7871.128 Mobile Safari/537.36 (compatible; Googlebot/2.1; +http://www.google.com/bot.html)"
66.249.76.237 - - [27/Jul/2026:07:17:03 +0200] "GET /?nervosa/13188118949 HTTP/1.1" 200 8800 "-" "Mozilla/5.0 (Linux; Android 6.0.1; Nexus 5X Build/MMB29P) AppleWebKit/537.36 (KHTML, like Gecko) Chrome/150.0.7871.128 Mobile Safari/537.36 (compatible; Googlebot/2.1; +http://www.google.com/bot.html)"
66.249.70.109 - - [27/Jul/2026:07:17:03 +0200] "GET /?g=s2u6a9v8e5l6y0575 HTTP/1.1" 200 8801 "-" "Mozilla/5.0 (Linux; Android 6.0.1; Nexus 5X Build/MMB29P) AppleWebKit/537.36 (KHTML, like Gecko) Chrome/150.0.7871.128 Mobile Safari/537.36 (compatible; Googlebot/2.1; +http://www.google.com/bot.html)"
66.249.70.109 - - [27/Jul/2026:07:17:02 +0200] "GET /?g=v0o1l5i4t1a4b0l7e636 HTTP/1.1" 200 8801 "-" "Mozilla/5.0 (Linux; Android 6.0.1; Nexus 5X Build/MMB29P) AppleWebKit/537.36 (KHTML, like Gecko) Chrome/150.0.7871.128 Mobile Safari/537.36 (compatible; Googlebot/2.1; +http://www.google.com/bot.html)"
66.249.70.109 - - [27/Jul/2026:07:17:04 +0200] "GET /?g=f5e2l6o4s0d7e9s6e611 HTTP/1.1" 200 8801 "-" "Mozilla/5.0 (Linux; Android 6.0.1; Nexus 5X Build/MMB29P) AppleWebKit/537.36 (KHTML, like Gecko) Chrome/150.0.7871.128 Mobile Safari/537.36 (compatible; Googlebot/2.1; +http://www.google.com/bot.html)"
66.249.70.109 - - [27/Jul/2026:07:17:04 +0200] "GET /?g=e2c2t8o6d2e0r7m0565 HTTP/1.1" 200 8801 "-" "Mozilla/5.0 (Linux; Android 6.0.1; Nexus 5X Build/MMB29P) AppleWebKit/537.36 (KHTML, like Gecko) Chrome/150.0.7871.128 Mobile Safari/537.36 (compatible; Googlebot/2.1; +http://www.google.com/bot.html)"
66.249.70.109 - - [27/Jul/2026:07:17:04 +0200] "GET /?g=i1n2s9e4t8672527 HTTP/1.1" 200 8801 "-" "Mozilla/5.0 (Linux; Android 6.0.1; Nexus 5X Build/MMB29P) AppleWebKit/537.36 (KHTML, like Gecko) Chrome/150.0.7871.128 Mobile Safari/537.36 (compatible; Googlebot/2.1; +http://www.google.com/bot.html)"
66.249.76.237 - - [27/Jul/2026:07:17:04 +0200] "GET /?g=d1r2o7v0y0968305 HTTP/1.1" 200 8800 "-" "Mozilla/5.0 (Linux; Android 6.0.1; Nexus 5X Build/MMB29P) AppleWebKit/537.36 (KHTML, like Gecko) Chrome/150.0.7871.128 Mobile Safari/537.36 (compatible; Googlebot/2.1; +http://www.google.com/bot.html)"
66.249.70.109 - - [27/Jul/2026:07:17:03 +0200] "GET /?g=t8a1k7i1n1g134731 HTTP/1.1" 200 8801 "-" "Mozilla/5.0 (Linux; Android 6.0.1; Nexus 5X Build/MMB29P) AppleWebKit/537.36 (KHTML, like Gecko) Chrome/150.0.7871.128 Mobile Safari/537.36 (compatible; Googlebot/2.1; +http://www.google.com/bot.html)"
66.249.70.109 - - [27/Jul/2026:07:17:05 +0200] "GET /?g=d1e1d7e1n3t2i2t8i1o8n1 HTTP/1.1" 200 8801 "-" "Mozilla/5.0 (Linux; Android 6.0.1; Nexus 5X Build/MMB29P) AppleWebKit/537.36 (KHTML, like Gecko) Chrome/150.0.7871.128 Mobile Safari/537.36 (compatible; Googlebot/2.1; +http://www.google.com/bot.html)"
66.249.70.109 - - [27/Jul/2026:07:17:04 +0200] "GET /?g=i1n4e2v0i9t0a3b3i4l6i5ty HTTP/1.1" 200 8801 "-" "Mozilla/5.0 (Linux; Android 6.0.1; Nexus 5X Build/MMB29P) AppleWebKit/537.36 (KHTML, like Gecko) Chrome/150.0.7871.128 Mobile Safari/537.36 (compatible; Googlebot/2.1; +http://www.google.com/bot.html)"
66.249.76.237 - - [27/Jul/2026:07:17:05 +0200] "GET /?g=c8y3p8r9e4s7s4e4s689 HTTP/1.1" 200 8800 "-" "Mozilla/5.0 (Linux; Android 6.0.1; Nexus 5X Build/MMB29P) AppleWebKit/537.36 (KHTML, like Gecko) Chrome/150.0.7871.128 Mobile Safari/537.36 (compatible; Googlebot/2.1; +http://www.google.com/bot.html)"
66.249.70.109 - - [27/Jul/2026:07:17:05 +0200] "GET /?g=g0o1t6e9b7o0r8g5226 HTTP/1.1" 200 8801 "-" "Mozilla/5.0 (Linux; Android 6.0.1; Nexus 5X Build/MMB29P) AppleWebKit/537.36 (KHTML, like Gecko) Chrome/150.0.7871.128 Mobile Safari/537.36 (compatible; Googlebot/2.1; +http://www.google.com/bot.html)"
66.249.70.109 - - [27/Jul/2026:07:17:05 +0200] "GET /?waggishness/23664809128 HTTP/1.1" 200 8801 "-" "Mozilla/5.0 (Linux; Android 6.0.1; Nexus 5X Build/MMB29P) AppleWebKit/537.36 (KHTML, like Gecko) Chrome/150.0.7871.128 Mobile Safari/537.36 (compatible; Googlebot/2.1; +http://www.google.com/bot.html)"
66.249.76.237 - - [27/Jul/2026:07:17:05 +0200] "GET /?g=g4y5m3n7o4r2h5i7n2a8 HTTP/1.1" 200 8800 "-" "Mozilla/5.0 (Linux; Android 6.0.1; Nexus 5X Build/MMB29P) AppleWebKit/537.36 (KHTML, like Gecko) Chrome/150.0.7871.128 Mobile Safari/537.36 (compatible; Googlebot/2.1; +http://www.google.com/bot.html)"
66.249.76.237 - - [27/Jul/2026:07:17:05 +0200] "GET /?g=b2a3b8i0a3n605854 HTTP/1.1" 200 8800 "-" "Mozilla/5.0 (Linux; Android 6.0.1; Nexus 5X Build/MMB29P) AppleWebKit/537.36 (KHTML, like Gecko) Chrome/150.0.7871.128 Mobile Safari/537.36 (compatible; Googlebot/2.1; +http://www.google.com/bot.html)"
66.249.70.109 - - [27/Jul/2026:07:17:06 +0200] "GET /?g=r2h2o5d2a5n7i9c4007 HTTP/1.1" 200 8801 "-" "Mozilla/5.0 (Linux; Android 6.0.1; Nexus 5X Build/MMB29P) AppleWebKit/537.36 (KHTML, like Gecko) Chrome/150.0.7871.128 Mobile Safari/537.36 (compatible; Googlebot/2.1; +http://www.google.com/bot.html)"
66.249.70.109 - - [27/Jul/2026:07:17:06 +0200] "GET /?g=r2u2d3i9t1y332826 HTTP/1.1" 200 8801 "-" "Mozilla/5.0 (Linux; Android 6.0.1; Nexus 5X Build/MMB29P) AppleWebKit/537.36 (KHTML, like Gecko) Chrome/150.0.7871.128 Mobile Safari/537.36 (compatible; Googlebot/2.1; +http://www.google.com/bot.html)"
66.249.76.237 - - [27/Jul/2026:07:17:06 +0200] "GET /?g=w7i2s3s3e4508719 HTTP/1.1" 200 8800 "-" "Mozilla/5.0 (Linux; Android 6.0.1; Nexus 5X Build/MMB29P) AppleWebKit/537.36 (KHTML, like Gecko) Chrome/150.0.7871.128 Mobile Safari/537.36 (compatible; Googlebot/2.1; +http://www.google.com/bot.html)"
216.73.217.143 - - [27/Jul/2026:07:17:06 +0200] "GET /?g=c3a3r8a3b4i5d34215 HTTP/1.1" 200 8801 "-" "Mozilla/5.0 AppleWebKit/537.36 (KHTML, like Gecko; compatible; ClaudeBot/1.0; +claudebot@anthropic.com)"
66.249.76.237 - - [27/Jul/2026:07:17:06 +0200] "GET /?g=s1c3o3r1s4e929665 HTTP/1.1" 200 8800 "-" "Mozilla/5.0 (Linux; Android 6.0.1; Nexus 5X Build/MMB29P) AppleWebKit/537.36 (KHTML, like Gecko) Chrome/150.0.7871.128 Mobile Safari/537.36 (compatible; Googlebot/2.1; +http://www.google.com/bot.html)"
66.249.70.109 - - [27/Jul/2026:07:17:07 +0200] "GET /?g=o5r1t5h0o7p3o3d0a322 HTTP/1.1" 200 8801 "-" "Mozilla/5.0 (Linux; Android 6.0.1; Nexus 5X Build/MMB29P) AppleWebKit/537.36 (KHTML, like Gecko) Chrome/150.0.7871.128 Mobile Safari/537.36 (compatible; Googlebot/2.1; +http://www.google.com/bot.html)"
66.249.76.237 - - [27/Jul/2026:07:17:07 +0200] "GET /?g=b1e2s3t8r4o5w4n17 HTTP/1.1" 200 8800 "-" "Mozilla/5.0 (Linux; Android 6.0.1; Nexus 5X Build/MMB29P) AppleWebKit/537.36 (KHTML, like Gecko) Chrome/150.0.7871.128 Mobile Safari/537.36 (compatible; Googlebot/2.1; +http://www.google.com/bot.html)"
66.249.76.237 - - [27/Jul/2026:07:17:06 +0200] "GET /online/Rayures-Gris-Noir-Blanc-Et-Orange-lastique-Confortable-Et-399027 HTTP/1.1" 200 99859 "-" "Mozilla/5.0 (Linux; Android 6.0.1; Nexus 5X Build/MMB29P) AppleWebKit/537.36 (KHTML, like Gecko) Chrome/150.0.7871.128 Mobile Safari/537.36 (compatible; Googlebot/2.1; +http://www.google.com/bot.html)"
66.249.70.109 - - [27/Jul/2026:07:17:07 +0200] "GET /?g=s1e2p3i6a1e690088 HTTP/1.1" 200 8801 "-" "Mozilla/5.0 (Linux; Android 6.0.1; Nexus 5X Build/MMB29P) AppleWebKit/537.36 (KHTML, like Gecko) Chrome/150.0.7871.128 Mobile Safari/537.36 (compatible; Googlebot/2.1; +http://www.google.com/bot.html)"
174.168.10.208 - - [27/Jul/2026:07:17:08 +0200] "POST /xmlrpc.php HTTP/1.1" 200 50124 "-" "Jetpack by WordPress.com"
213.230.123.43 - - [27/Jul/2026:07:17:09 +0200] "POST /xmlrpc.php HTTP/1.1" 200 50124 "-" "Jetpack/12.5; WordPress/6.2; http://site86966706.com"
66.249.76.237 - - [27/Jul/2026:07:17:07 +0200] "GET /online/Bottes-De-Construction-Wolverine-Raider-Bout-Souple-Et-357584 HTTP/1.1" 200 99867 "-" "Mozilla/5.0 (Linux; Android 6.0.1; Nexus 5X Build/MMB29P) AppleWebKit/537.36 (KHTML, like Gecko) Chrome/150.0.7871.128 Mobile Safari/537.36 (compatible; Googlebot/2.1; +http://www.google.com/bot.html)"
66.249.76.237 - - [27/Jul/2026:07:17:09 +0200] "GET /?g=c5o4u2n2t5e4r7n3a0t5u4ral HTTP/1.1" 200 8800 "-" "Mozilla/5.0 (Linux; Android 6.0.1; Nexus 5X Build/MMB29P) AppleWebKit/537.36 (KHTML, like Gecko) Chrome/150.0.7871.128 Mobile Safari/537.36 (compatible; Googlebot/2.1; +http://www.google.com/bot.html)"
216.73.217.143 - - [27/Jul/2026:07:17:09 +0200] "GET /shops/bodily/a3r4b1o7r7i2c4u2l0t3u3ral HTTP/1.1" 200 8801 "-" "Mozilla/5.0 AppleWebKit/537.36 (KHTML, like Gecko; compatible; ClaudeBot/1.0; +claudebot@anthropic.com)"
66.249.70.109 - - [27/Jul/2026:07:17:09 +0200] "GET /?g=b4e2r9g9h7950505 HTTP/1.1" 200 8801 "-" "Mozilla/5.0 (Linux; Android 6.0.1; Nexus 5X Build/MMB29P) AppleWebKit/537.36 (KHTML, like Gecko) Chrome/150.0.7871.128 Mobile Safari/537.36 (compatible; Googlebot/2.1; +http://www.google.com/bot.html)"
57.141.0.6 - - [27/Jul/2026:07:17:09 +0200] "GET /?g=s6a2r1d7o6n7i3c9557 HTTP/1.1" 200 50119 "-" "Mozilla/5.0 (Macintosh; Intel Mac OS X 10_15_7) AppleWebKit/537.36 (KHTML, like Gecko) Chrome/145.0.0.0 Safari/537.36 (compatible; meta-externalagent/1.1 (+https://developers.facebook.com/docs/sharing/webmasters/crawler))"
57.141.0.9 - - [27/Jul/2026:07:17:10 +0200] "GET /?lokasie=/var/www/vhosts/sipek-instalacije.si/httpdocs/wp-signup.php&loknya=/var/www/vhosts/sipek-instalacije.si/httpdocs HTTP/1.1" 200 47963 "-" "Mozilla/5.0 (Macintosh; Intel Mac OS X 10_15_7) AppleWebKit/537.36 (KHTML, like Gecko) Chrome/145.0.0.0 Safari/537.36 (compatible; meta-externalagent/1.1 (+https://developers.facebook.com/docs/sharing/webmasters/crawler))"
66.249.70.109 - - [27/Jul/2026:07:17:10 +0200] "GET /?g=s7c3h2e9s0i2s06956 HTTP/1.1" 200 8801 "-" "Mozilla/5.0 (Linux; Android 6.0.1; Nexus 5X Build/MMB29P) AppleWebKit/537.36 (KHTML, like Gecko) Chrome/150.0.7871.128 Mobile Safari/537.36 (compatible; Googlebot/2.1; +http://www.google.com/bot.html)"
66.249.76.237 - - [27/Jul/2026:07:17:10 +0200] "GET /?g=s7o2l7a3c8e5d67479 HTTP/1.1" 200 8800 "-" "Mozilla/5.0 (Linux; Android 6.0.1; Nexus 5X Build/MMB29P) AppleWebKit/537.36 (KHTML, like Gecko) Chrome/150.0.7871.128 Mobile Safari/537.36 (compatible; Googlebot/2.1; +http://www.google.com/bot.html)"
66.249.70.109 - - [27/Jul/2026:07:17:10 +0200] "GET /?g=d8o4e2s1k7i7n21996 HTTP/1.1" 200 8801 "-" "Mozilla/5.0 (Linux; Android 6.0.1; Nexus 5X Build/MMB29P) AppleWebKit/537.36 (KHTML, like Gecko) Chrome/150.0.7871.128 Mobile Safari/537.36 (compatible; Googlebot/2.1; +http://www.google.com/bot.html)"
57.141.0.53 - - [27/Jul/2026:07:17:11 +0200] "GET /?lokasie=/var/www/vhosts/sipek-instalacije.si/httpdocs/0x.txt&loknya=/var/www/vhosts/sipek-instalacije.si/httpdocs HTTP/1.1" 200 9816 "-" "Mozilla/5.0 (Windows NT 10.0; Win64; x64) AppleWebKit/537.36 (KHTML, like Gecko) Chrome/145.0.0.0 Safari/537.36 (compatible; meta-externalagent/1.1 (+https://developers.facebook.com/docs/sharing/webmasters/crawler))"
122.160.13.186 - - [27/Jul/2026:07:17:11 +0200] "POST /xmlrpc.php HTTP/1.1" 200 50124 "-" "Jetpack by WordPress.com"
66.249.70.109 - - [27/Jul/2026:07:17:11 +0200] "GET /?g=c2a1l8l5o9s1i0t8y355 HTTP/1.1" 200 8801 "-" "Mozilla/5.0 (Linux; Android 6.0.1; Nexus 5X Build/MMB29P) AppleWebKit/537.36 (KHTML, like Gecko) Chrome/150.0.7871.128 Mobile Safari/537.36 (compatible; Googlebot/2.1; +http://www.google.com/bot.html)"
66.249.70.109 - - [27/Jul/2026:07:17:11 +0200] "GET /?fanlike/43732470056 HTTP/1.1" 200 8801 "-" "Mozilla/5.0 (Linux; Android 6.0.1; Nexus 5X Build/MMB29P) AppleWebKit/537.36 (KHTML, like Gecko) Chrome/150.0.7871.128 Mobile Safari/537.36 (compatible; Googlebot/2.1; +http://www.google.com/bot.html)"
66.249.76.237 - - [27/Jul/2026:07:17:12 +0200] "GET /?g=e6d1d7e4r2839483 HTTP/1.1" 200 8800 "-" "Mozilla/5.0 (Linux; Android 6.0.1; Nexus 5X Build/MMB29P) AppleWebKit/537.36 (KHTML, like Gecko) Chrome/150.0.7871.128 Mobile Safari/537.36 (compatible; Googlebot/2.1; +http://www.google.com/bot.html)"
216.73.217.143 - - [27/Jul/2026:07:17:12 +0200] "GET /piperidge/caput/b3e1a5d7h4o5u8s6e353 HTTP/1.1" 200 8801 "-" "Mozilla/5.0 AppleWebKit/537.36 (KHTML, like Gecko; compatible; ClaudeBot/1.0; +claudebot@anthropic.com)"
66.249.70.109 - - [27/Jul/2026:07:17:12 +0200] "GET /?whaling/8154293507 HTTP/1.1" 200 8801 "-" "Mozilla/5.0 (Linux; Android 6.0.1; Nexus 5X Build/MMB29P) AppleWebKit/537.36 (KHTML, like Gecko) Chrome/150.0.7871.128 Mobile Safari/537.36 (compatible; Googlebot/2.1; +http://www.google.com/bot.html)"
66.249.70.109 - - [27/Jul/2026:07:17:13 +0200] "GET /?g=s8o5r6w6e316930 HTTP/1.1" 200 8801 "-" "Mozilla/5.0 (Linux; Android 6.0.1; Nexus 5X Build/MMB29P) AppleWebKit/537.36 (KHTML, like Gecko) Chrome/150.0.7871.128 Mobile Safari/537.36 (compatible; Googlebot/2.1; +http://www.google.com/bot.html)"
57.141.0.26 - - [27/Jul/2026:07:17:13 +0200] "GET /?g=i1m6p6r7o3b6a9b2l1e6 HTTP/1.1" 200 50120 "-" "Mozilla/5.0 (Macintosh; Intel Mac OS X 10_15_7) AppleWebKit/537.36 (KHTML, like Gecko) Chrome/145.0.0.0 Safari/537.36 (compatible; meta-externalagent/1.1 (+https://developers.facebook.com/docs/sharing/webmasters/crawler))"
66.249.70.110 - - [27/Jul/2026:07:17:13 +0200] "GET /online/Sup-rieur-Fermeture-Zip-Et-La-age-lastique-Semelle-394039 HTTP/1.1" 200 100602 "-" "Mozilla/5.0 (Linux; Android 6.0.1; Nexus 5X Build/MMB29P) AppleWebKit/537.36 (KHTML, like Gecko) Chrome/150.0.7871.128 Mobile Safari/537.36 (compatible; Googlebot/2.1; +http://www.google.com/bot.html)"
66.249.70.96 - - [27/Jul/2026:07:17:14 +0200] "GET /?g=d4i1l0e9t9t6a4n1t2e2i0sh HTTP/1.1" 200 8801 "-" "Mozilla/5.0 (Linux; Android 6.0.1; Nexus 5X Build/MMB29P) AppleWebKit/537.36 (KHTML, like Gecko) Chrome/150.0.7871.128 Mobile Safari/537.36 (compatible; Googlebot/2.1; +http://www.google.com/bot.html)"
66.249.76.238 - - [27/Jul/2026:07:17:15 +0200] "GET /?g=o9f1f2e6n3s1i1o0n425 HTTP/1.1" 200 8800 "-" "Mozilla/5.0 (Linux; Android 6.0.1; Nexus 5X Build/MMB29P) AppleWebKit/537.36 (KHTML, like Gecko) Chrome/150.0.7871.128 Mobile Safari/537.36 (compatible; Googlebot/2.1; +http://www.google.com/bot.html)"
66.249.70.110 - - [27/Jul/2026:07:17:15 +0200] "GET /?g=r0e3t0u1r6n3e9r1101 HTTP/1.1" 200 8799 "-" "Mozilla/5.0 (Linux; Android 6.0.1; Nexus 5X Build/MMB29P) AppleWebKit/537.36 (KHTML, like Gecko) Chrome/150.0.7871.128 Mobile Safari/537.36 (compatible; Googlebot/2.1; +http://www.google.com/bot.html)"
66.249.70.109 - - [27/Jul/2026:07:17:15 +0200] "GET /?g=l0a1e8m8o5d0i2p3o7d48 HTTP/1.1" 200 8801 "-" "Mozilla/5.0 (Linux; Android 6.0.1; Nexus 5X Build/MMB29P) AppleWebKit/537.36 (KHTML, like Gecko) Chrome/150.0.7871.128 Mobile Safari/537.36 (compatible; Googlebot/2.1; +http://www.google.com/bot.html)"
66.249.70.96 - - [27/Jul/2026:07:17:16 +0200] "GET /?subcordate/13859159749 HTTP/1.1" 200 8801 "-" "Mozilla/5.0 (Linux; Android 6.0.1; Nexus 5X Build/MMB29P) AppleWebKit/537.36 (KHTML, like Gecko) Chrome/150.0.7871.128 Mobile Safari/537.36 (compatible; Googlebot/2.1; +http://www.google.com/bot.html)"
66.249.76.237 - - [27/Jul/2026:07:17:16 +0200] "GET /?g=e9l1e4c1t1r3o4m0e2t8r4y HTTP/1.1" 200 8800 "-" "Mozilla/5.0 (Linux; Android 6.0.1; Nexus 5X Build/MMB29P) AppleWebKit/537.36 (KHTML, like Gecko) Chrome/150.0.7871.128 Mobile Safari/537.36 (compatible; Googlebot/2.1; +http://www.google.com/bot.html)"
66.249.70.110 - - [27/Jul/2026:07:17:16 +0200] "GET /?g=n6a7b8o2b512567 HTTP/1.1" 200 8799 "-" "Mozilla/5.0 (Linux; Android 6.0.1; Nexus 5X Build/MMB29P) AppleWebKit/537.36 (KHTML, like Gecko) Chrome/150.0.7871.128 Mobile Safari/537.36 (compatible; Googlebot/2.1; +http://www.google.com/bot.html)"
66.249.76.224 - - [27/Jul/2026:07:17:16 +0200] "GET /?g=m7a2c6a8u6c2o12864 HTTP/1.1" 200 8799 "-" "Mozilla/5.0 (Linux; Android 6.0.1; Nexus 5X Build/MMB29P) AppleWebKit/537.36 (KHTML, like Gecko) Chrome/150.0.7871.128 Mobile Safari/537.36 (compatible; Googlebot/2.1; +http://www.google.com/bot.html)"
66.249.70.96 - - [27/Jul/2026:07:17:16 +0200] "GET /?synaeresis/83546269952 HTTP/1.1" 200 8801 "-" "Mozilla/5.0 (Linux; Android 6.0.1; Nexus 5X Build/MMB29P) AppleWebKit/537.36 (KHTML, like Gecko) Chrome/150.0.7871.128 Mobile Safari/537.36 (compatible; Googlebot/2.1; +http://www.google.com/bot.html)"
66.249.70.96 - - [27/Jul/2026:07:17:16 +0200] "GET /?commensurately/62635681274 HTTP/1.1" 200 8801 "-" "Mozilla/5.0 (Linux; Android 6.0.1; Nexus 5X Build/MMB29P) AppleWebKit/537.36 (KHTML, like Gecko) Chrome/150.0.7871.128 Mobile Safari/537.36 (compatible; Googlebot/2.1; +http://www.google.com/bot.html)"
66.249.70.96 - - [27/Jul/2026:07:17:17 +0200] "GET /?g=v1o1l4c4a9n7i9c1907 HTTP/1.1" 200 8801 "-" "Mozilla/5.0 (Linux; Android 6.0.1; Nexus 5X Build/MMB29P) AppleWebKit/537.36 (KHTML, like Gecko) Chrome/150.0.7871.128 Mobile Safari/537.36 (compatible; Googlebot/2.1; +http://www.google.com/bot.html)"
66.249.76.238 - - [27/Jul/2026:07:17:17 +0200] "GET /?g=r4u3d2i9t9y152123 HTTP/1.1" 200 8800 "-" "Mozilla/5.0 (Linux; Android 6.0.1; Nexus 5X Build/MMB29P) AppleWebKit/537.36 (KHTML, like Gecko) Chrome/150.0.7871.128 Mobile Safari/537.36 (compatible; Googlebot/2.1; +http://www.google.com/bot.html)"
66.249.70.110 - - [27/Jul/2026:07:17:18 +0200] "GET /?g=c9o2m8b6a3t5a6b7l5e53 HTTP/1.1" 200 8799 "-" "Mozilla/5.0 (Linux; Android 6.0.1; Nexus 5X Build/MMB29P) AppleWebKit/537.36 (KHTML, like Gecko) Chrome/150.0.7871.128 Mobile Safari/537.36 (compatible; Googlebot/2.1; +http://www.google.com/bot.html)"
66.249.70.110 - - [27/Jul/2026:07:17:18 +0200] "GET /?g=c0a1l5i3d6i6t2y7964 HTTP/1.1" 200 8799 "-" "Mozilla/5.0 (Linux; Android 6.0.1; Nexus 5X Build/MMB29P) AppleWebKit/537.36 (KHTML, like Gecko) Chrome/150.0.7871.128 Mobile Safari/537.36 (compatible; Googlebot/2.1; +http://www.google.com/bot.html)"
174.168.10.208 - - [27/Jul/2026:07:17:19 +0200] "POST /xmlrpc.php HTTP/1.1" 200 50124 "-" "Jetpack/12.5; WordPress/6.1; http://site62371983.com"
57.141.0.28 - - [27/Jul/2026:07:17:19 +0200] "GET /?g=c1a3t5a2s5t7e9r4i6s7m3 HTTP/1.1" 200 50120 "-" "Mozilla/5.0 (Windows NT 10.0; Win64; x64) AppleWebKit/537.36 (KHTML, like Gecko) Chrome/145.0.0.0 Safari/537.36 (compatible; meta-externalagent/1.1 (+https://developers.facebook.com/docs/sharing/webmasters/crawler))"
66.249.70.110 - - [27/Jul/2026:07:17:19 +0200] "GET /?g=l2a1n9g1r1e5t69345 HTTP/1.1" 200 8799 "-" "Mozilla/5.0 (Linux; Android 6.0.1; Nexus 5X Build/MMB29P) AppleWebKit/537.36 (KHTML, like Gecko) Chrome/150.0.7871.128 Mobile Safari/537.36 (compatible; Googlebot/2.1; +http://www.google.com/bot.html)"
213.230.123.43 - - [27/Jul/2026:07:17:19 +0200] "POST /xmlrpc.php HTTP/1.1" 200 50124 "-" "Jetpack by WordPress.com (Jetpack 12.0; WordPress 6.3)"
57.141.0.46 - - [27/Jul/2026:07:17:19 +0200] "GET /shops/lighthearted/c1h2a9n2g6e5f0u4l2n7e1ss?loknya=/var HTTP/1.1" 200 10619 "-" "Mozilla/5.0 (Windows NT 10.0; Win64; x64) AppleWebKit/537.36 (KHTML, like Gecko) Chrome/145.0.0.0 Safari/537.36 (compatible; meta-externalagent/1.1 (+https://developers.facebook.com/docs/sharing/webmasters/crawler))"
57.141.0.67 - - [27/Jul/2026:07:17:19 +0200] "GET /shops/lighthearted/c1h2a9n2g6e5f0u4l2n7e1ss?loknya=/ HTTP/1.1" 200 10582 "-" "Mozilla/5.0 (Windows NT 10.0; Win64; x64) AppleWebKit/537.36 (KHTML, like Gecko) Chrome/145.0.0.0 Safari/537.36 (compatible; meta-externalagent/1.1 (+https://developers.facebook.com/docs/sharing/webmasters/crawler))"
66.249.76.237 - - [27/Jul/2026:07:17:19 +0200] "GET /?g=a7n2t8e8f4l9e7x3i3o7n4 HTTP/1.1" 200 8800 "-" "Mozilla/5.0 (Linux; Android 6.0.1; Nexus 5X Build/MMB29P) AppleWebKit/537.36 (KHTML, like Gecko) Chrome/150.0.7871.128 Mobile Safari/537.36 (compatible; Googlebot/2.1; +http://www.google.com/bot.html)"
57.141.0.65 - - [27/Jul/2026:07:17:19 +0200] "GET /shops/lighthearted/c1h2a9n2g6e5f0u4l2n7e1ss?loknya=/var/www/vhosts/sipek-instalacije.si HTTP/1.1" 200 25741 "-" "Mozilla/5.0 (Windows NT 10.0; Win64; x64) AppleWebKit/537.36 (KHTML, like Gecko) Chrome/145.0.0.0 Safari/537.36 (compatible; meta-externalagent/1.1 (+https://developers.facebook.com/docs/sharing/webmasters/crawler))"
66.249.70.96 - - [27/Jul/2026:07:17:20 +0200] "GET /?g=m0o2e4b5l5e8s04906 HTTP/1.1" 200 8801 "-" "Mozilla/5.0 (Linux; Android 6.0.1; Nexus 5X Build/MMB29P) AppleWebKit/537.36 (KHTML, like Gecko) Chrome/150.0.7871.128 Mobile Safari/537.36 (compatible; Googlebot/2.1; +http://www.google.com/bot.html)"
66.249.70.96 - - [27/Jul/2026:07:17:20 +0200] "GET /?g=s4p3i2n0o0z0i9s0m560 HTTP/1.1" 200 8801 "-" "Mozilla/5.0 (Linux; Android 6.0.1; Nexus 5X Build/MMB29P) AppleWebKit/537.36 (KHTML, like Gecko) Chrome/150.0.7871.128 Mobile Safari/537.36 (compatible; Googlebot/2.1; +http://www.google.com/bot.html)"
57.141.0.30 - - [27/Jul/2026:07:17:20 +0200] "GET /shops/lighthearted/c1h2a9n2g6e5f0u4l2n7e1ss?loknya=/var/www/vhosts/sipek-instalacije.si/httpdocs HTTP/1.1" 200 50120 "-" "Mozilla/5.0 (Macintosh; Intel Mac OS X 10_15_7) AppleWebKit/537.36 (KHTML, like Gecko) Chrome/145.0.0.0 Safari/537.36 (compatible; meta-externalagent/1.1 (+https://developers.facebook.com/docs/sharing/webmasters/crawler))"
66.249.70.109 - - [27/Jul/2026:07:17:21 +0200] "GET /?snippack/41756897296 HTTP/1.1" 200 8801 "-" "Mozilla/5.0 (Linux; Android 6.0.1; Nexus 5X Build/MMB29P) AppleWebKit/537.36 (KHTML, like Gecko) Chrome/150.0.7871.128 Mobile Safari/537.36 (compatible; Googlebot/2.1; +http://www.google.com/bot.html)"
57.141.0.62 - - [27/Jul/2026:07:17:21 +0200] "GET /shops/lighthearted/c1h2a9n2g6e5f0u4l2n7e1ss?loknya=/var/www HTTP/1.1" 200 10666 "-" "Mozilla/5.0 (Macintosh; Intel Mac OS X 10_15_7) AppleWebKit/537.36 (KHTML, like Gecko) Chrome/145.0.0.0 Safari/537.36 (compatible; meta-externalagent/1.1 (+https://developers.facebook.com/docs/sharing/webmasters/crawler))"
66.249.70.110 - - [27/Jul/2026:07:17:21 +0200] "GET /?g=a9n9t6i1p8a7s1c6h68 HTTP/1.1" 200 8799 "-" "Mozilla/5.0 (Linux; Android 6.0.1; Nexus 5X Build/MMB29P) AppleWebKit/537.36 (KHTML, like Gecko) Chrome/150.0.7871.128 Mobile Safari/537.36 (compatible; Googlebot/2.1; +http://www.google.com/bot.html)"
66.249.70.109 - - [27/Jul/2026:07:17:21 +0200] "GET /?g=r7i3d3g4e9d065514 HTTP/1.1" 200 8801 "-" "Mozilla/5.0 (Linux; Android 6.0.1; Nexus 5X Build/MMB29P) AppleWebKit/537.36 (KHTML, like Gecko) Chrome/150.0.7871.128 Mobile Safari/537.36 (compatible; Googlebot/2.1; +http://www.google.com/bot.html)"
122.160.13.186 - - [27/Jul/2026:07:17:22 +0200] "POST /xmlrpc.php HTTP/1.1" 200 50124 "-" "WordPress.com; https://wordpress.com"
66.249.70.96 - - [27/Jul/2026:07:17:22 +0200] "GET /?fiants/71221306898 HTTP/1.1" 200 8801 "-" "Mozilla/5.0 (Linux; Android 6.0.1; Nexus 5X Build/MMB29P) AppleWebKit/537.36 (KHTML, like Gecko) Chrome/150.0.7871.128 Mobile Safari/537.36 (compatible; Googlebot/2.1; +http://www.google.com/bot.html)"
66.249.70.96 - - [27/Jul/2026:07:17:22 +0200] "GET /?g=m1o3n9o7c5l4i8n4a6l83 HTTP/1.1" 200 8801 "-" "Mozilla/5.0 (Linux; Android 6.0.1; Nexus 5X Build/MMB29P) AppleWebKit/537.36 (KHTML, like Gecko) Chrome/150.0.7871.128 Mobile Safari/537.36 (compatible; Googlebot/2.1; +http://www.google.com/bot.html)"
66.249.76.237 - - [27/Jul/2026:07:17:23 +0200] "GET /?g=i1m2p4e6r8v4i0a2b2l4e8 HTTP/1.1" 200 8800 "-" "Mozilla/5.0 (Linux; Android 6.0.1; Nexus 5X Build/MMB29P) AppleWebKit/537.36 (KHTML, like Gecko) Chrome/150.0.7871.128 Mobile Safari/537.36 (compatible; Googlebot/2.1; +http://www.google.com/bot.html)"
66.249.70.97 - - [27/Jul/2026:07:17:23 +0200] "GET /?notionate/91955548801 HTTP/1.1" 200 8801 "-" "Mozilla/5.0 (Linux; Android 6.0.1; Nexus 5X Build/MMB29P) AppleWebKit/537.36 (KHTML, like Gecko) Chrome/150.0.7871.128 Mobile Safari/537.36 (compatible; Googlebot/2.1; +http://www.google.com/bot.html)"
66.249.70.97 - - [27/Jul/2026:07:17:25 +0200] "GET /?g=a1c1o8u5s6t5i8c2i4a4n3 HTTP/1.1" 200 8801 "-" "Mozilla/5.0 (Linux; Android 6.0.1; Nexus 5X Build/MMB29P) AppleWebKit/537.36 (KHTML, like Gecko) Chrome/150.0.7871.128 Mobile Safari/537.36 (compatible; Googlebot/2.1; +http://www.google.com/bot.html)"
66.249.70.109 - - [27/Jul/2026:07:17:24 +0200] "GET /online/Cargo-Homme-Shallowlulu-L-ger-R-sistant-L-039-eau-S-385421 HTTP/1.1" 200 100176 "-" "Mozilla/5.0 (Linux; Android 6.0.1; Nexus 5X Build/MMB29P) AppleWebKit/537.36 (KHTML, like Gecko) Chrome/150.0.7871.128 Mobile Safari/537.36 (compatible; Googlebot/2.1; +http://www.google.com/bot.html)"
66.249.76.238 - - [27/Jul/2026:07:17:25 +0200] "GET /?g=p6l2a4c7e8m0e6n9t263 HTTP/1.1" 200 8800 "-" "Mozilla/5.0 (Linux; Android 6.0.1; Nexus 5X Build/MMB29P) AppleWebKit/537.36 (KHTML, like Gecko) Chrome/150.0.7871.128 Mobile Safari/537.36 (compatible; Googlebot/2.1; +http://www.google.com/bot.html)"
66.249.70.110 - - [27/Jul/2026:07:17:26 +0200] "GET /?g=p8u3l9e8g4i1o7i3d1e9s8 HTTP/1.1" 200 8799 "-" "Mozilla/5.0 (Linux; Android 6.0.1; Nexus 5X Build/MMB29P) AppleWebKit/537.36 (KHTML, like Gecko) Chrome/150.0.7871.128 Mobile Safari/537.36 (compatible; Googlebot/2.1; +http://www.google.com/bot.html)"
66.249.70.96 - - [27/Jul/2026:07:17:26 +0200] "GET /?g=w2r8e2a4k4l1e1s3s94 HTTP/1.1" 200 8801 "-" "Mozilla/5.0 (Linux; Android 6.0.1; Nexus 5X Build/MMB29P) AppleWebKit/537.36 (KHTML, like Gecko) Chrome/150.0.7871.128 Mobile Safari/537.36 (compatible; Googlebot/2.1; +http://www.google.com/bot.html)"
66.249.76.225 - - [27/Jul/2026:07:17:27 +0200] "GET /?g=c1o2n5d2o5l5e8d7725 HTTP/1.1" 200 8801 "-" "Mozilla/5.0 (Linux; Android 6.0.1; Nexus 5X Build/MMB29P) AppleWebKit/537.36 (KHTML, like Gecko) Chrome/150.0.7871.128 Mobile Safari/537.36 (compatible; Googlebot/2.1; +http://www.google.com/bot.html)"
66.249.70.97 - - [27/Jul/2026:07:17:27 +0200] "GET /?g=f6u2c9a5l2e7s97885 HTTP/1.1" 200 8801 "-" "Mozilla/5.0 (Linux; Android 6.0.1; Nexus 5X Build/MMB29P) AppleWebKit/537.36 (KHTML, like Gecko) Chrome/150.0.7871.128 Mobile Safari/537.36 (compatible; Googlebot/2.1; +http://www.google.com/bot.html)"
66.249.70.96 - - [27/Jul/2026:07:17:28 +0200] "GET /?g=h9e1s2p9e4r3o9r3n1i8s3 HTTP/1.1" 200 8801 "-" "Mozilla/5.0 (Linux; Android 6.0.1; Nexus 5X Build/MMB29P) AppleWebKit/537.36 (KHTML, like Gecko) Chrome/150.0.7871.128 Mobile Safari/537.36 (compatible; Googlebot/2.1; +http://www.google.com/bot.html)"
66.249.70.110 - - [27/Jul/2026:07:17:28 +0200] "GET /?classicalist/81673185307 HTTP/1.1" 200 8799 "-" "Mozilla/5.0 (Linux; Android 6.0.1; Nexus 5X Build/MMB29P) AppleWebKit/537.36 (KHTML, like Gecko) Chrome/150.0.7871.128 Mobile Safari/537.36 (compatible; Googlebot/2.1; +http://www.google.com/bot.html)"
66.249.70.110 - - [27/Jul/2026:07:17:29 +0200] "GET /?g=c9o1r1a9l2410688 HTTP/1.1" 200 8799 "-" "Mozilla/5.0 (Linux; Android 6.0.1; Nexus 5X Build/MMB29P) AppleWebKit/537.36 (KHTML, like Gecko) Chrome/150.0.7871.128 Mobile Safari/537.36 (compatible; Googlebot/2.1; +http://www.google.com/bot.html)"
174.168.10.208 - - [27/Jul/2026:07:17:30 +0200] "POST /xmlrpc.php HTTP/1.1" 200 50124 "-" "Jetpack by WordPress.com (Jetpack 12.1; WordPress 6.2)"
66.249.70.109 - - [27/Jul/2026:07:17:30 +0200] "GET /?g=l2u2g3a1n1d9a54224 HTTP/1.1" 200 8801 "-" "Mozilla/5.0 (Linux; Android 6.0.1; Nexus 5X Build/MMB29P) AppleWebKit/537.36 (KHTML, like Gecko) Chrome/150.0.7871.128 Mobile Safari/537.36 (compatible; Googlebot/2.1; +http://www.google.com/bot.html)"
213.230.123.43 - - [27/Jul/2026:07:17:30 +0200] "POST /xmlrpc.php HTTP/1.1" 200 50124 "-" "Jetpack by WordPress.com"
66.249.70.110 - - [27/Jul/2026:07:17:31 +0200] "GET /?g=m4o3n5o1t0h6a8l0a6m7o4us HTTP/1.1" 200 8799 "-" "Mozilla/5.0 (Linux; Android 6.0.1; Nexus 5X Build/MMB29P) AppleWebKit/537.36 (KHTML, like Gecko) Chrome/150.0.7871.128 Mobile Safari/537.36 (compatible; Googlebot/2.1; +http://www.google.com/bot.html)"
66.249.70.97 - - [27/Jul/2026:07:17:30 +0200] "GET /online/re-Bi-re-Personnalis-Cadeau-Homme-N-En-Juillet-1228801 HTTP/1.1" 200 100313 "-" "Mozilla/5.0 (Linux; Android 6.0.1; Nexus 5X Build/MMB29P) AppleWebKit/537.36 (KHTML, like Gecko) Chrome/150.0.7871.128 Mobile Safari/537.36 (compatible; Googlebot/2.1; +http://www.google.com/bot.html)"
66.249.70.109 - - [27/Jul/2026:07:17:32 +0200] "GET /?g=t3h2e2o0p1n3e9u7s1t6y9 HTTP/1.1" 200 8801 "-" "Mozilla/5.0 (Linux; Android 6.0.1; Nexus 5X Build/MMB29P) AppleWebKit/537.36 (KHTML, like Gecko) Chrome/150.0.7871.128 Mobile Safari/537.36 (compatible; Googlebot/2.1; +http://www.google.com/bot.html)"
66.249.70.96 - - [27/Jul/2026:07:17:32 +0200] "GET /?g=s4t8a9p2h8y3l0o3r6a0phic HTTP/1.1" 200 8801 "-" "Mozilla/5.0 (Linux; Android 6.0.1; Nexus 5X Build/MMB29P) AppleWebKit/537.36 (KHTML, like Gecko) Chrome/150.0.7871.128 Mobile Safari/537.36 (compatible; Googlebot/2.1; +http://www.google.com/bot.html)"
122.160.13.186 - - [27/Jul/2026:07:17:32 +0200] "POST /xmlrpc.php HTTP/1.1" 200 50124 "-" "Jetpack by WordPress.com (Jetpack 12.5; WordPress 6.2)"
66.249.76.225 - - [27/Jul/2026:07:17:32 +0200] "GET /?g=g7o1o9d2n2a1t3u6r4e0d9ly HTTP/1.1" 200 8801 "-" "Mozilla/5.0 (Linux; Android 6.0.1; Nexus 5X Build/MMB29P) AppleWebKit/537.36 (KHTML, like Gecko) Chrome/150.0.7871.128 Mobile Safari/537.36 (compatible; Googlebot/2.1; +http://www.google.com/bot.html)"
57.141.0.40 - - [27/Jul/2026:07:17:33 +0200] "GET /?loknya=/var/www/vhosts/sipek-instalacije.si/httpdocs/wp-admin HTTP/1.1" 200 161031 "-" "Mozilla/5.0 (Windows NT 10.0; Win64; x64) AppleWebKit/537.36 (KHTML, like Gecko) Chrome/145.0.0.0 Safari/537.36 (compatible; meta-externalagent/1.1 (+https://developers.facebook.com/docs/sharing/webmasters/crawler))"
66.249.70.109 - - [27/Jul/2026:07:17:33 +0200] "GET /?g=d9i2s2c9i0f2l5o6r5a9l9 HTTP/1.1" 200 8801 "-" "Mozilla/5.0 (Linux; Android 6.0.1; Nexus 5X Build/MMB29P) AppleWebKit/537.36 (KHTML, like Gecko) Chrome/150.0.7871.128 Mobile Safari/537.36 (compatible; Googlebot/2.1; +http://www.google.com/bot.html)"
66.249.70.110 - - [27/Jul/2026:07:17:34 +0200] "GET /?g=c4o8m0p0r8i7s6i6n4g0 HTTP/1.1" 200 8799 "-" "Mozilla/5.0 (Linux; Android 6.0.1; Nexus 5X Build/MMB29P) AppleWebKit/537.36 (KHTML, like Gecko) Chrome/150.0.7871.128 Mobile Safari/537.36 (compatible; Googlebot/2.1; +http://www.google.com/bot.html)"
66.249.70.109 - - [27/Jul/2026:07:17:34 +0200] "GET /?g=s0p3o3t4t5y1349 HTTP/1.1" 200 8801 "-" "Mozilla/5.0 (Linux; Android 6.0.1; Nexus 5X Build/MMB29P) AppleWebKit/537.36 (KHTML, like Gecko) Chrome/150.0.7871.128 Mobile Safari/537.36 (compatible; Googlebot/2.1; +http://www.google.com/bot.html)"
216.73.217.143 - - [27/Jul/2026:07:17:34 +0200] "GET /?g=b3e4l5l1s7h2a1p7e2d3 HTTP/1.1" 200 8801 "-" "Mozilla/5.0 AppleWebKit/537.36 (KHTML, like Gecko; compatible; ClaudeBot/1.0; +claudebot@anthropic.com)"
66.249.70.110 - - [27/Jul/2026:07:17:36 +0200] "GET /?g=c2o1n4s8e2r4v6i9n6g59 HTTP/1.1" 200 8799 "-" "Mozilla/5.0 (Linux; Android 6.0.1; Nexus 5X Build/MMB29P) AppleWebKit/537.36 (KHTML, like Gecko) Chrome/150.0.7871.128 Mobile Safari/537.36 (compatible; Googlebot/2.1; +http://www.google.com/bot.html)"
66.249.70.109 - - [27/Jul/2026:07:17:35 +0200] "GET /online/Cl-Bande-Pour-Filtre-Huile-Asta-AH-1946-Diam-tre-73-1207482 HTTP/1.1" 200 100089 "-" "Mozilla/5.0 (Linux; Android 6.0.1; Nexus 5X Build/MMB29P) AppleWebKit/537.36 (KHTML, like Gecko) Chrome/150.0.7871.128 Mobile Safari/537.36 (compatible; Googlebot/2.1; +http://www.google.com/bot.html)"
66.249.76.225 - - [27/Jul/2026:07:17:36 +0200] "GET /?g=n7i2g3r3e0s5c7e3n4t19 HTTP/1.1" 200 8801 "-" "Mozilla/5.0 (Linux; Android 6.0.1; Nexus 5X Build/MMB29P) AppleWebKit/537.36 (KHTML, like Gecko) Chrome/150.0.7871.128 Mobile Safari/537.36 (compatible; Googlebot/2.1; +http://www.google.com/bot.html)"
66.249.76.225 - - [27/Jul/2026:07:17:36 +0200] "GET /?oratorial/8861926042 HTTP/1.1" 200 8801 "-" "Mozilla/5.0 (Linux; Android 6.0.1; Nexus 5X Build/MMB29P) AppleWebKit/537.36 (KHTML, like Gecko) Chrome/150.0.7871.128 Mobile Safari/537.36 (compatible; Googlebot/2.1; +http://www.google.com/bot.html)"
216.73.217.143 - - [27/Jul/2026:07:17:37 +0200] "GET /shops/acceding/u3n3i8m8i2t7a3b0l5e84 HTTP/1.1" 200 8801 "-" "Mozilla/5.0 AppleWebKit/537.36 (KHTML, like Gecko; compatible; ClaudeBot/1.0; +claudebot@anthropic.com)"
66.249.70.98 - - [27/Jul/2026:07:17:37 +0200] "GET /?g=c6o2n5f6i6t1e4n7t922 HTTP/1.1" 200 8801 "-" "Mozilla/5.0 (Linux; Android 6.0.1; Nexus 5X Build/MMB29P) AppleWebKit/537.36 (KHTML, like Gecko) Chrome/150.0.7871.128 Mobile Safari/537.36 (compatible; Googlebot/2.1; +http://www.google.com/bot.html)"
66.249.76.238 - - [27/Jul/2026:07:17:37 +0200] "GET /?cadence/23396454418 HTTP/1.1" 200 8800 "-" "Mozilla/5.0 (Linux; Android 6.0.1; Nexus 5X Build/MMB29P) AppleWebKit/537.36 (KHTML, like Gecko) Chrome/150.0.7871.128 Mobile Safari/537.36 (compatible; Googlebot/2.1; +http://www.google.com/bot.html)"
57.141.0.67 - - [27/Jul/2026:07:17:37 +0200] "GET /?lokasie=/var/www/vhosts/sipek-instalacije.si/httpdocs/wp-comments-post.php&loknya=/var/www/vhosts/sipek-instalacije.si/httpdocs HTTP/1.1" 200 12215 "-" "Mozilla/5.0 (Windows NT 10.0; Win64; x64) AppleWebKit/537.36 (KHTML, like Gecko) Chrome/145.0.0.0 Safari/537.36 (compatible; meta-externalagent/1.1 (+https://developers.facebook.com/docs/sharing/webmasters/crawler))"
66.249.76.225 - - [27/Jul/2026:07:17:38 +0200] "GET /?g=a8n2n1e9x1i6o0n1181 HTTP/1.1" 200 8801 "-" "Mozilla/5.0 (Linux; Android 6.0.1; Nexus 5X Build/MMB29P) AppleWebKit/537.36 (KHTML, like Gecko) Chrome/150.0.7871.128 Mobile Safari/537.36 (compatible; Googlebot/2.1; +http://www.google.com/bot.html)"
66.249.76.237 - - [27/Jul/2026:07:17:37 +0200] "GET /?g=s8c1h0i0s4t8i8c216 HTTP/1.1" 200 8800 "-" "Mozilla/5.0 (Linux; Android 6.0.1; Nexus 5X Build/MMB29P) AppleWebKit/537.36 (KHTML, like Gecko) Chrome/150.0.7871.128 Mobile Safari/537.36 (compatible; Googlebot/2.1; +http://www.google.com/bot.html)"
66.249.76.238 - - [27/Jul/2026:07:17:38 +0200] "GET /?g=c4h2a7p7l2e0t24198 HTTP/1.1" 200 8800 "-" "Mozilla/5.0 (Linux; Android 6.0.1; Nexus 5X Build/MMB29P) AppleWebKit/537.36 (KHTML, like Gecko) Chrome/150.0.7871.128 Mobile Safari/537.36 (compatible; Googlebot/2.1; +http://www.google.com/bot.html)"
57.141.0.48 - - [27/Jul/2026:07:17:38 +0200] "GET /shops/chenille/h1e1r6b0l9e3t5842 HTTP/1.1" 200 50120 "-" "Mozilla/5.0 (Windows NT 10.0; Win64; x64) AppleWebKit/537.36 (KHTML, like Gecko) Chrome/145.0.0.0 Safari/537.36 (compatible; meta-externalagent/1.1 (+https://developers.facebook.com/docs/sharing/webmasters/crawler))"
66.249.70.109 - - [27/Jul/2026:07:17:37 +0200] "GET /?g=s9p3u8m6i7d478399 HTTP/1.1" 200 8801 "-" "Mozilla/5.0 (Linux; Android 6.0.1; Nexus 5X Build/MMB29P) AppleWebKit/537.36 (KHTML, like Gecko) Chrome/150.0.7871.128 Mobile Safari/537.36 (compatible; Googlebot/2.1; +http://www.google.com/bot.html)"
66.249.76.225 - - [27/Jul/2026:07:17:39 +0200] "GET /?g=v6i2b0r1a4n5c8y7343 HTTP/1.1" 200 8801 "-" "Mozilla/5.0 (Linux; Android 6.0.1; Nexus 5X Build/MMB29P) AppleWebKit/537.36 (KHTML, like Gecko) Chrome/150.0.7871.128 Mobile Safari/537.36 (compatible; Googlebot/2.1; +http://www.google.com/bot.html)"
66.249.70.110 - - [27/Jul/2026:07:17:37 +0200] "GET /?g=e0x2t2r7a8o1r8d2i7n0a9ries HTTP/1.1" 200 8799 "-" "Mozilla/5.0 (Linux; Android 6.0.1; Nexus 5X Build/MMB29P) AppleWebKit/537.36 (KHTML, like Gecko) Chrome/150.0.7871.128 Mobile Safari/537.36 (compatible; Googlebot/2.1; +http://www.google.com/bot.html)"
57.141.0.9 - - [27/Jul/2026:07:17:38 +0200] "GET /shops/lighthearted/c1h2a9n2g6e5f0u4l2n7e1ss?lokasie=/var/www/vhosts/sipek-instalacije.si/.myimunify_id&loknya=/var/www/vhosts/sipek-instalacije.si HTTP/1.1" 200 9829 "-" "Mozilla/5.0 (Macintosh; Intel Mac OS X 10_15_7) AppleWebKit/537.36 (KHTML, like Gecko) Chrome/145.0.0.0 Safari/537.36 (compatible; meta-externalagent/1.1 (+https://developers.facebook.com/docs/sharing/webmasters/crawler))"
66.249.70.110 - - [27/Jul/2026:07:17:39 +0200] "GET /?g=r3e5p7a9s6t9u3r1e09 HTTP/1.1" 200 8799 "-" "Mozilla/5.0 (Linux; Android 6.0.1; Nexus 5X Build/MMB29P) AppleWebKit/537.36 (KHTML, like Gecko) Chrome/150.0.7871.128 Mobile Safari/537.36 (compatible; Googlebot/2.1; +http://www.google.com/bot.html)"
66.249.76.238 - - [27/Jul/2026:07:17:39 +0200] "GET /?g=b3r2o2i5d5e5r8y4711 HTTP/1.1" 200 8800 "-" "Mozilla/5.0 (Linux; Android 6.0.1; Nexus 5X Build/MMB29P) AppleWebKit/537.36 (KHTML, like Gecko) Chrome/150.0.7871.128 Mobile Safari/537.36 (compatible; Googlebot/2.1; +http://www.google.com/bot.html)"
174.168.10.208 - - [27/Jul/2026:07:17:40 +0200] "POST /xmlrpc.php HTTP/1.1" 200 50124 "-" "Jetpack/12.1; WordPress/6.4; http://site38814033.com"
213.230.123.43 - - [27/Jul/2026:07:17:41 +0200] "POST /xmlrpc.php HTTP/1.1" 200 50124 "-" "WordPress.com; https://wordpress.com"
66.249.70.97 - - [27/Jul/2026:07:17:40 +0200] "GET /?g=m2e9n9d5e0r62377 HTTP/1.1" 200 8801 "-" "Mozilla/5.0 (Linux; Android 6.0.1; Nexus 5X Build/MMB29P) AppleWebKit/537.36 (KHTML, like Gecko) Chrome/150.0.7871.128 Mobile Safari/537.36 (compatible; Googlebot/2.1; +http://www.google.com/bot.html)"
66.249.70.97 - - [27/Jul/2026:07:17:38 +0200] "GET /online/No-l-Dr-le-quot-Chat-P-re-No-l-quot-Homme-Unisexe-Taille-382539 HTTP/1.1" 200 99216 "-" "Mozilla/5.0 (Linux; Android 6.0.1; Nexus 5X Build/MMB29P) AppleWebKit/537.36 (KHTML, like Gecko) Chrome/150.0.7871.128 Mobile Safari/537.36 (compatible; Googlebot/2.1; +http://www.google.com/bot.html)"
57.141.0.36 - - [27/Jul/2026:07:17:40 +0200] "GET /shops/lighthearted/c1h2a9n2g6e5f0u4l2n7e1ss?lokasie=/var/www/vhosts/sipek-instalacije.si/.htaccess&loknya=/var/www/vhosts/sipek-instalacije.si HTTP/1.1" 200 11805 "-" "Mozilla/5.0 (Macintosh; Intel Mac OS X 10_15_7) AppleWebKit/537.36 (KHTML, like Gecko) Chrome/145.0.0.0 Safari/537.36 (compatible; meta-externalagent/1.1 (+https://developers.facebook.com/docs/sharing/webmasters/crawler))"
216.73.217.143 - - [27/Jul/2026:07:17:40 +0200] "GET /shops/augurous/p3a9y5m1e5n6t7441 HTTP/1.1" 200 8801 "-" "Mozilla/5.0 AppleWebKit/537.36 (KHTML, like Gecko; compatible; ClaudeBot/1.0; +claudebot@anthropic.com)"
