66.249.76.238 - - [27/Jul/2026:06:53:58 +0200] "GET /?g=c9l1i9m7b2d1o3w9n962 HTTP/1.1" 200 22602 "-" "Mozilla/5.0 (Linux; Android 6.0.1; Nexus 5X Build/MMB29P) AppleWebKit/537.36 (KHTML, like Gecko) Chrome/150.0.7871.128 Mobile Safari/537.36 (compatible; Googlebot/2.1; +http://www.google.com/bot.html)"
66.249.76.238 - - [27/Jul/2026:06:53:58 +0200] "GET /wp-content/plugins/elementor/assets/lib/dialog/dialog.min.js?ver=4.8.1 HTTP/1.1" 200 5549 "https://sipek-instalacije.si/?g=h8i3l4l9b8i5r3d00" "Mozilla/5.0 (Linux; Android 6.0.1; Nexus 5X Build/MMB29P) AppleWebKit/537.36 (KHTML, like Gecko) Chrome/150.0.7871.128 Mobile Safari/537.36 (compatible; Googlebot/2.1; +http://www.google.com/bot.html)"
66.249.70.101 - - [27/Jul/2026:06:53:59 +0200] "GET /?g=g8l1o0b0e5564333 HTTP/1.1" 200 22587 "-" "Mozilla/5.0 (Linux; Android 6.0.1; Nexus 5X Build/MMB29P) AppleWebKit/537.36 (KHTML, like Gecko) Chrome/150.0.7871.128 Mobile Safari/537.36 (compatible; Googlebot/2.1; +http://www.google.com/bot.html)"
66.249.70.110 - - [27/Jul/2026:06:54:01 +0200] "GET /wp-content/plugins/elementor/assets/lib/dialog/dialog.min.js?ver=4.8.1 HTTP/1.1" 200 5549 "https://sipek-instalacije.si/?g=t5e4r0e5b5r5a0t9i2o9n3" "Mozilla/5.0 (Linux; Android 6.0.1; Nexus 5X Build/MMB29P) AppleWebKit/537.36 (KHTML, like Gecko) Chrome/150.0.7871.128 Mobile Safari/537.36 (compatible; Googlebot/2.1; +http://www.google.com/bot.html)"
66.249.70.97 - - [27/Jul/2026:06:54:02 +0200] "GET /?g=d0a2v1i8t5353164 HTTP/1.1" 200 22588 "-" "Mozilla/5.0 (Linux; Android 6.0.1; Nexus 5X Build/MMB29P) AppleWebKit/537.36 (KHTML, like Gecko) Chrome/150.0.7871.128 Mobile Safari/537.36 (compatible; Googlebot/2.1; +http://www.google.com/bot.html)"
66.249.70.96 - - [27/Jul/2026:06:54:03 +0200] "GET /wp-content/plugins/elementor/assets/lib/dialog/dialog.min.js?ver=4.8.1 HTTP/1.1" 200 5549 "https://sipek-instalacije.si/?g=s4e9p4t4u4o5r9698" "Mozilla/5.0 (Linux; Android 6.0.1; Nexus 5X Build/MMB29P) AppleWebKit/537.36 (KHTML, like Gecko) Chrome/150.0.7871.128 Mobile Safari/537.36 (compatible; Googlebot/2.1; +http://www.google.com/bot.html)"
66.249.70.100 - - [27/Jul/2026:06:54:03 +0200] "GET /wp-content/themes/rife/js/light-gallery/js/lightgallery-all.min.js?ver=1.6.9 HTTP/1.1" 200 5555 "https://sipek-instalacije.si/?g=s4e9p4t4u4o5r9698" "Mozilla/5.0 (Linux; Android 6.0.1; Nexus 5X Build/MMB29P) AppleWebKit/537.36 (KHTML, like Gecko) Chrome/150.0.7871.128 Mobile Safari/537.36 (compatible; Googlebot/2.1; +http://www.google.com/bot.html)"
66.249.70.97 - - [27/Jul/2026:06:54:04 +0200] "GET /wp-content/themes/rife/js/light-gallery/js/lightgallery-all.min.js?ver=1.6.9 HTTP/1.1" 200 5555 "https://sipek-instalacije.si/?g=w0a2t9e4r4i9s0h0n3e7s2s" "Mozilla/5.0 (Linux; Android 6.0.1; Nexus 5X Build/MMB29P) AppleWebKit/537.36 (KHTML, like Gecko) Chrome/150.0.7871.128 Mobile Safari/537.36 (compatible; Googlebot/2.1; +http://www.google.com/bot.html)"
66.249.76.226 - - [27/Jul/2026:06:54:03 +0200] "GET /?g=d1y4s0a7e8s1t6h4e2s5i2a HTTP/1.1" 200 22594 "-" "Mozilla/5.0 (Linux; Android 6.0.1; Nexus 5X Build/MMB29P) AppleWebKit/537.36 (KHTML, like Gecko) Chrome/150.0.7871.128 Mobile Safari/537.36 (compatible; Googlebot/2.1; +http://www.google.com/bot.html)"
66.249.76.227 - - [27/Jul/2026:06:54:04 +0200] "GET /wp-content/plugins/elementor/assets/lib/dialog/dialog.min.js?ver=4.8.1 HTTP/1.1" 200 5549 "https://sipek-instalacije.si/?g=w0a2t9e4r4i9s0h0n3e7s2s" "Mozilla/5.0 (Linux; Android 6.0.1; Nexus 5X Build/MMB29P) AppleWebKit/537.36 (KHTML, like Gecko) Chrome/150.0.7871.128 Mobile Safari/537.36 (compatible; Googlebot/2.1; +http://www.google.com/bot.html)"
122.160.13.186 - - [27/Jul/2026:06:54:04 +0200] "POST /xmlrpc.php HTTP/1.1" 200 5907 "-" "Jetpack by WordPress.com"
20.54.134.42 - - [27/Jul/2026:06:54:04 +0200] "GET /wp-login.php HTTP/1.1" 200 8470 "-" "Mozilla/5.0 (Windows NT 10.0; Win64; x64) AppleWebKit/537.36 (KHTML, like Gecko) Chrome/150.0.0.0 Safari/537.36"
200.123.36.21 - - [27/Jul/2026:06:54:04 +0200] "POST /xmlrpc.php HTTP/1.1" 200 5907 "-" "Mozilla/5.0 (X11; Ubuntu; Linux x86_64; x64) AppleWebKit/537.36 (KHTML, like Gecko) Chrome/88.0.0.0 Safari/537.36"
20.54.134.42 - - [27/Jul/2026:06:54:05 +0200] "POST /wp-login.php HTTP/1.1" 200 8611 "https://sipek-instalacije.si/wp-login.php" "Mozilla/5.0 (Windows NT 10.0; Win64; x64) AppleWebKit/537.36 (KHTML, like Gecko) Chrome/150.0.0.0 Safari/537.36"
66.249.76.238 - - [27/Jul/2026:06:54:06 +0200] "GET /shops/skiff/m1a2n5l8i3e9r48476 HTTP/1.1" 404 36596 "-" "Mozilla/5.0 (Linux; Android 6.0.1; Nexus 5X Build/MMB29P) AppleWebKit/537.36 (KHTML, like Gecko) Chrome/150.0.7871.128 Mobile Safari/537.36 (compatible; Googlebot/2.1; +http://www.google.com/bot.html)"
66.249.76.225 - - [27/Jul/2026:06:54:05 +0200] "GET /?g=b8u8t6t9o7n1w8e4e8d9 HTTP/1.1" 200 22596 "-" "Mozilla/5.0 (Linux; Android 6.0.1; Nexus 5X Build/MMB29P) AppleWebKit/537.36 (KHTML, like Gecko) Chrome/150.0.7871.128 Mobile Safari/537.36 (compatible; Googlebot/2.1; +http://www.google.com/bot.html)"
66.249.70.110 - - [27/Jul/2026:06:54:09 +0200] "GET /wp-includes/js/mediaelement/mediaelement-migrate.min.js?ver=6.9.4 HTTP/1.1" 200 5544 "https://sipek-instalacije.si/?g=b8u8t6t9o7n1w8e4e8d9" "Mozilla/5.0 (Linux; Android 6.0.1; Nexus 5X Build/MMB29P) AppleWebKit/537.36 (KHTML, like Gecko) Chrome/150.0.7871.128 Mobile Safari/537.36 (compatible; Googlebot/2.1; +http://www.google.com/bot.html)"
66.249.76.225 - - [27/Jul/2026:06:54:09 +0200] "GET /?g=t4o1n9o3m6e0t3r9y839 HTTP/1.1" 200 22594 "-" "Mozilla/5.0 (Linux; Android 6.0.1; Nexus 5X Build/MMB29P) AppleWebKit/537.36 (KHTML, like Gecko) Chrome/150.0.7871.128 Mobile Safari/537.36 (compatible; Googlebot/2.1; +http://www.google.com/bot.html)"
66.249.70.96 - - [27/Jul/2026:06:54:10 +0200] "GET /?g=c5o2a3d9j7u4t2a7n4t91 HTTP/1.1" 200 22593 "-" "Mozilla/5.0 (Linux; Android 6.0.1; Nexus 5X Build/MMB29P) AppleWebKit/537.36 (KHTML, like Gecko) Chrome/150.0.7871.128 Mobile Safari/537.36 (compatible; Googlebot/2.1; +http://www.google.com/bot.html)"
66.249.70.97 - - [27/Jul/2026:06:54:10 +0200] "GET /?g=b7a3r4r1u9l5e5t2914 HTTP/1.1" 200 22589 "-" "Mozilla/5.0 (Linux; Android 6.0.1; Nexus 5X Build/MMB29P) AppleWebKit/537.36 (KHTML, like Gecko) Chrome/150.0.7871.128 Mobile Safari/537.36 (compatible; Googlebot/2.1; +http://www.google.com/bot.html)"
66.249.70.109 - - [27/Jul/2026:06:54:12 +0200] "GET /wp-content/plugins/elementor/assets/lib/dialog/dialog.min.js?ver=4.8.1 HTTP/1.1" 200 5549 "https://sipek-instalacije.si/?g=r2e2n1i3t9e3n1c1e712" "Mozilla/5.0 (Linux; Android 6.0.1; Nexus 5X Build/MMB29P) AppleWebKit/537.36 (KHTML, like Gecko) Chrome/150.0.7871.128 Mobile Safari/537.36 (compatible; Googlebot/2.1; +http://www.google.com/bot.html)"
66.249.76.237 - - [27/Jul/2026:06:54:13 +0200] "GET /wp-includes/js/mediaelement/mediaelement-migrate.min.js?ver=6.9.4 HTTP/1.1" 200 5544 "https://sipek-instalacije.si/?g=t4o1n9o3m6e0t3r9y839" "Mozilla/5.0 (Linux; Android 6.0.1; Nexus 5X Build/MMB29P) AppleWebKit/537.36 (KHTML, like Gecko) Chrome/150.0.7871.128 Mobile Safari/537.36 (compatible; Googlebot/2.1; +http://www.google.com/bot.html)"
66.249.70.97 - - [27/Jul/2026:06:54:14 +0200] "GET /wp-includes/js/mediaelement/mediaelement-migrate.min.js?ver=6.9.4 HTTP/1.1" 200 5544 "https://sipek-instalacije.si/?g=c9l1i9m7b2d1o3w9n962" "Mozilla/5.0 (Linux; Android 6.0.1; Nexus 5X Build/MMB29P) AppleWebKit/537.36 (KHTML, like Gecko) Chrome/150.0.7871.128 Mobile Safari/537.36 (compatible; Googlebot/2.1; +http://www.google.com/bot.html)"
122.160.13.186 - - [27/Jul/2026:06:54:15 +0200] "POST /xmlrpc.php HTTP/1.1" 200 5907 "-" "WordPress.com; https://wordpress.com"
57.141.0.22 - - [27/Jul/2026:06:54:15 +0200] "GET /shops/involved/g6o3n6i2o9m9e4t1r7i5c8al HTTP/1.1" 404 36596 "-" "Mozilla/5.0 (Windows NT 10.0; Win64; x64) AppleWebKit/537.36 (KHTML, like Gecko) Chrome/145.0.0.0 Safari/537.36 (compatible; meta-externalagent/1.1 (+https://developers.facebook.com/docs/sharing/webmasters/crawler))"
66.249.70.109 - - [27/Jul/2026:06:54:16 +0200] "GET /wp-content/plugins/elementor/assets/lib/dialog/dialog.min.js?ver=4.8.1 HTTP/1.1" 200 5549 "https://sipek-instalacije.si/?g=i8r3o6n8i9s9h27423" "Mozilla/5.0 (Linux; Android 6.0.1; Nexus 5X Build/MMB29P) AppleWebKit/537.36 (KHTML, like Gecko) Chrome/150.0.7871.128 Mobile Safari/537.36 (compatible; Googlebot/2.1; +http://www.google.com/bot.html)"
66.249.70.110 - - [27/Jul/2026:06:54:16 +0200] "GET /?g=c7l2a3m2o5s5a71657 HTTP/1.1" 200 22588 "-" "Mozilla/5.0 (Linux; Android 6.0.1; Nexus 5X Build/MMB29P) AppleWebKit/537.36 (KHTML, like Gecko) Chrome/150.0.7871.128 Mobile Safari/537.36 (compatible; Googlebot/2.1; +http://www.google.com/bot.html)"
66.249.76.224 - - [27/Jul/2026:06:54:17 +0200] "GET /?g=s2q6u9i6r3t8e5r796 HTTP/1.1" 200 22589 "-" "Mozilla/5.0 (Linux; Android 6.0.1; Nexus 5X Build/MMB29P) AppleWebKit/537.36 (KHTML, like Gecko) Chrome/150.0.7871.128 Mobile Safari/537.36 (compatible; Googlebot/2.1; +http://www.google.com/bot.html)"
66.249.70.110 - - [27/Jul/2026:06:54:17 +0200] "GET /?g=i0n3d2e2s3t5r8u7c7t7ibly HTTP/1.1" 200 22595 "-" "Mozilla/5.0 (Linux; Android 6.0.1; Nexus 5X Build/MMB29P) AppleWebKit/537.36 (KHTML, like Gecko) Chrome/150.0.7871.128 Mobile Safari/537.36 (compatible; Googlebot/2.1; +http://www.google.com/bot.html)"
66.249.76.238 - - [27/Jul/2026:06:54:17 +0200] "GET /?g=v1e3r8i2l6y157046 HTTP/1.1" 200 22591 "-" "Mozilla/5.0 (Linux; Android 6.0.1; Nexus 5X Build/MMB29P) AppleWebKit/537.36 (KHTML, like Gecko) Chrome/150.0.7871.128 Mobile Safari/537.36 (compatible; Googlebot/2.1; +http://www.google.com/bot.html)"
66.249.70.110 - - [27/Jul/2026:06:54:17 +0200] "GET /?g=t1i1t4m0i1c6e09438 HTTP/1.1" 200 22587 "-" "Mozilla/5.0 (Linux; Android 6.0.1; Nexus 5X Build/MMB29P) AppleWebKit/537.36 (KHTML, like Gecko) Chrome/150.0.7871.128 Mobile Safari/537.36 (compatible; Googlebot/2.1; +http://www.google.com/bot.html)"
66.249.70.96 - - [27/Jul/2026:06:54:18 +0200] "GET /wp-content/plugins/elementor/assets/lib/dialog/dialog.min.js?ver=4.8.1 HTTP/1.1" 200 5549 "https://sipek-instalacije.si/?g=h7e2a0d3s2u2p12060" "Mozilla/5.0 (Linux; Android 6.0.1; Nexus 5X Build/MMB29P) AppleWebKit/537.36 (KHTML, like Gecko) Chrome/150.0.7871.128 Mobile Safari/537.36 (compatible; Googlebot/2.1; +http://www.google.com/bot.html)"
66.249.70.109 - - [27/Jul/2026:06:54:17 +0200] "GET /?terrestrialness/02727430825 HTTP/1.1" 301 5554 "-" "Mozilla/5.0 (Linux; Android 6.0.1; Nexus 5X Build/MMB29P) AppleWebKit/537.36 (KHTML, like Gecko) Chrome/150.0.7871.128 Mobile Safari/537.36 (compatible; Googlebot/2.1; +http://www.google.com/bot.html)"
66.249.76.224 - - [27/Jul/2026:06:54:18 +0200] "GET /?g=f3e1l6t6e9r883453 HTTP/1.1" 200 22590 "-" "Mozilla/5.0 (Linux; Android 6.0.1; Nexus 5X Build/MMB29P) AppleWebKit/537.36 (KHTML, like Gecko) Chrome/150.0.7871.128 Mobile Safari/537.36 (compatible; Googlebot/2.1; +http://www.google.com/bot.html)"
66.249.76.237 - - [27/Jul/2026:06:54:19 +0200] "GET /?terrestrialness%2F02727430825 HTTP/1.1" 200 22593 "-" "Mozilla/5.0 (Linux; Android 6.0.1; Nexus 5X Build/MMB29P) AppleWebKit/537.36 (KHTML, like Gecko) Chrome/150.0.7871.128 Mobile Safari/537.36 (compatible; Googlebot/2.1; +http://www.google.com/bot.html)"
57.141.0.30 - - [27/Jul/2026:06:54:20 +0200] "GET /?g=d6i1s5t6r7a1i9t9165 HTTP/1.1" 200 90838 "-" "Mozilla/5.0 (Windows NT 10.0; Win64; x64) AppleWebKit/537.36 (KHTML, like Gecko) Chrome/145.0.0.0 Safari/537.36 (compatible; meta-externalagent/1.1 (+https://developers.facebook.com/docs/sharing/webmasters/crawler))"
66.249.70.110 - - [27/Jul/2026:06:54:21 +0200] "GET /wp-includes/js/mediaelement/mediaelement-migrate.min.js?ver=6.9.4 HTTP/1.1" 200 5544 "https://sipek-instalacije.si/?g=v1e3r8i2l6y157046" "Mozilla/5.0 (Linux; Android 6.0.1; Nexus 5X Build/MMB29P) AppleWebKit/537.36 (KHTML, like Gecko) Chrome/150.0.7871.128 Mobile Safari/537.36 (compatible; Googlebot/2.1; +http://www.google.com/bot.html)"
66.249.76.237 - - [27/Jul/2026:06:54:21 +0200] "GET /?servaline/33550765957 HTTP/1.1" 301 5548 "-" "Mozilla/5.0 (Linux; Android 6.0.1; Nexus 5X Build/MMB29P) AppleWebKit/537.36 (KHTML, like Gecko) Chrome/150.0.7871.128 Mobile Safari/537.36 (compatible; Googlebot/2.1; +http://www.google.com/bot.html)"
66.249.76.238 - - [27/Jul/2026:06:54:21 +0200] "GET /?g=p4u3f3f6l8e9g05860 HTTP/1.1" 200 22598 "-" "Mozilla/5.0 (Linux; Android 6.0.1; Nexus 5X Build/MMB29P) AppleWebKit/537.36 (KHTML, like Gecko) Chrome/150.0.7871.128 Mobile Safari/537.36 (compatible; Googlebot/2.1; +http://www.google.com/bot.html)"
66.249.76.238 - - [27/Jul/2026:06:54:21 +0200] "GET /?henceforth/14253710654 HTTP/1.1" 301 5549 "-" "Mozilla/5.0 (Linux; Android 6.0.1; Nexus 5X Build/MMB29P) AppleWebKit/537.36 (KHTML, like Gecko) Chrome/150.0.7871.128 Mobile Safari/537.36 (compatible; Googlebot/2.1; +http://www.google.com/bot.html)"
66.249.76.237 - - [27/Jul/2026:06:54:21 +0200] "GET /?servaline%2F33550765957 HTTP/1.1" 200 22589 "-" "Mozilla/5.0 (Linux; Android 6.0.1; Nexus 5X Build/MMB29P) AppleWebKit/537.36 (KHTML, like Gecko) Chrome/150.0.7871.128 Mobile Safari/537.36 (compatible; Googlebot/2.1; +http://www.google.com/bot.html)"
66.249.70.110 - - [27/Jul/2026:06:54:22 +0200] "GET /wp-content/plugins/elementor/assets/lib/dialog/dialog.min.js?ver=4.8.1 HTTP/1.1" 200 5549 "https://sipek-instalacije.si/?g=l0u1s8t6r2a4t5i9n3g71" "Mozilla/5.0 (Linux; Android 6.0.1; Nexus 5X Build/MMB29P) AppleWebKit/537.36 (KHTML, like Gecko) Chrome/150.0.7871.128 Mobile Safari/537.36 (compatible; Googlebot/2.1; +http://www.google.com/bot.html)"
66.249.70.110 - - [27/Jul/2026:06:54:22 +0200] "GET /?henceforth%2F14253710654 HTTP/1.1" 200 22587 "-" "Mozilla/5.0 (Linux; Android 6.0.1; Nexus 5X Build/MMB29P) AppleWebKit/537.36 (KHTML, like Gecko) Chrome/150.0.7871.128 Mobile Safari/537.36 (compatible; Googlebot/2.1; +http://www.google.com/bot.html)"
66.249.70.109 - - [27/Jul/2026:06:54:23 +0200] "GET /wp-content/plugins/elementor/assets/lib/dialog/dialog.min.js?ver=4.8.1 HTTP/1.1" 200 5549 "https://sipek-instalacije.si/?g=p9r1e2t7e0r9i2s0t818" "Mozilla/5.0 (Linux; Android 6.0.1; Nexus 5X Build/MMB29P) AppleWebKit/537.36 (KHTML, like Gecko) Chrome/150.0.7871.128 Mobile Safari/537.36 (compatible; Googlebot/2.1; +http://www.google.com/bot.html)"
66.249.70.110 - - [27/Jul/2026:06:54:25 +0200] "GET /wp-content/plugins/elementor/assets/lib/dialog/dialog.min.js?ver=4.8.1 HTTP/1.1" 200 5549 "https://sipek-instalacije.si/?g=m2e4s1m4e8r8i1z6i9n9g6" "Mozilla/5.0 (Linux; Android 6.0.1; Nexus 5X Build/MMB29P) AppleWebKit/537.36 (KHTML, like Gecko) Chrome/150.0.7871.128 Mobile Safari/537.36 (compatible; Googlebot/2.1; +http://www.google.com/bot.html)"
57.141.0.32 - - [27/Jul/2026:06:54:25 +0200] "GET /gossipy/callosamia/u6n4d4e0r6l9e8a2s3e8 HTTP/1.1" 403 5700 "-" "Mozilla/5.0 (Windows NT 10.0; Win64; x64) AppleWebKit/537.36 (KHTML, like Gecko) Chrome/145.0.0.0 Safari/537.36 (compatible; meta-externalagent/1.1 (+https://developers.facebook.com/docs/sharing/webmasters/crawler))"
66.249.70.110 - - [27/Jul/2026:06:54:24 +0200] "GET /online/4-72m-4-90m-Anti-UV-Coupe-vent-Noir-orange-507267 HTTP/1.1" 200 99798 "-" "Mozilla/5.0 (Linux; Android 6.0.1; Nexus 5X Build/MMB29P) AppleWebKit/537.36 (KHTML, like Gecko) Chrome/150.0.7871.128 Mobile Safari/537.36 (compatible; Googlebot/2.1; +http://www.google.com/bot.html)"
66.249.70.110 - - [27/Jul/2026:06:54:26 +0200] "GET /wp-content/plugins/elementor/assets/lib/dialog/dialog.min.js?ver=4.8.1 HTTP/1.1" 200 5549 "https://sipek-instalacije.si/?g=n2o2p0a1l2r6y38235" "Mozilla/5.0 (Linux; Android 6.0.1; Nexus 5X Build/MMB29P) AppleWebKit/537.36 (KHTML, like Gecko) Chrome/150.0.7871.128 Mobile Safari/537.36 (compatible; Googlebot/2.1; +http://www.google.com/bot.html)"
66.249.76.238 - - [27/Jul/2026:06:54:26 +0200] "GET /wp-content/plugins/elementor/assets/lib/dialog/dialog.min.js?ver=4.8.1 HTTP/1.1" 200 5549 "https://sipek-instalacije.si/?g=p8h3i3l4a1n9d1e0r6e1r5" "Mozilla/5.0 (Linux; Android 6.0.1; Nexus 5X Build/MMB29P) AppleWebKit/537.36 (KHTML, like Gecko) Chrome/150.0.7871.128 Mobile Safari/537.36 (compatible; Googlebot/2.1; +http://www.google.com/bot.html)"
66.249.70.110 - - [27/Jul/2026:06:54:26 +0200] "GET /wp-content/plugins/elementor/assets/lib/dialog/dialog.min.js?ver=4.8.1 HTTP/1.1" 200 5549 "https://sipek-instalacije.si/?g=h2y2l2i4d3a9e4527" "Mozilla/5.0 (Linux; Android 6.0.1; Nexus 5X Build/MMB29P) AppleWebKit/537.36 (KHTML, like Gecko) Chrome/150.0.7871.128 Mobile Safari/537.36 (compatible; Googlebot/2.1; +http://www.google.com/bot.html)"
122.160.13.186 - - [27/Jul/2026:06:54:26 +0200] "POST /xmlrpc.php HTTP/1.1" 200 5907 "-" "Jetpack by WordPress.com"
66.249.76.238 - - [27/Jul/2026:06:54:25 +0200] "GET /?g=s4t4r5a5t0u7m3627 HTTP/1.1" 200 22601 "-" "Mozilla/5.0 (Linux; Android 6.0.1; Nexus 5X Build/MMB29P) AppleWebKit/537.36 (KHTML, like Gecko) Chrome/150.0.7871.128 Mobile Safari/537.36 (compatible; Googlebot/2.1; +http://www.google.com/bot.html)"
91.237.33.134 - - [27/Jul/2026:06:54:26 +0200] "POST /wp-cron.php?doing_wp_cron=1785128066.3464028835296630859375 HTTP/1.1" 200 5535 "-" "WordPress/6.9.4; https://sipek-instalacije.si"
66.249.70.110 - - [27/Jul/2026:06:54:25 +0200] "GET /?g=e7x3e2n6t5e3r8a8t2i6o2n HTTP/1.1" 200 22593 "-" "Mozilla/5.0 (Linux; Android 6.0.1; Nexus 5X Build/MMB29P) AppleWebKit/537.36 (KHTML, like Gecko) Chrome/150.0.7871.128 Mobile Safari/537.36 (compatible; Googlebot/2.1; +http://www.google.com/bot.html)"
66.249.70.110 - - [27/Jul/2026:06:54:25 +0200] "GET /?g=c4o1n2c8r1e2t6e2015 HTTP/1.1" 200 22588 "-" "Mozilla/5.0 (Linux; Android 6.0.1; Nexus 5X Build/MMB29P) AppleWebKit/537.36 (KHTML, like Gecko) Chrome/150.0.7871.128 Mobile Safari/537.36 (compatible; Googlebot/2.1; +http://www.google.com/bot.html)"
66.249.70.110 - - [27/Jul/2026:06:54:27 +0200] "GET /wp-content/plugins/elementor/assets/lib/dialog/dialog.min.js?ver=4.8.1 HTTP/1.1" 200 5549 "https://sipek-instalacije.si/?g=s2q6u9i6r3t8e5r796" "Mozilla/5.0 (Linux; Android 6.0.1; Nexus 5X Build/MMB29P) AppleWebKit/537.36 (KHTML, like Gecko) Chrome/150.0.7871.128 Mobile Safari/537.36 (compatible; Googlebot/2.1; +http://www.google.com/bot.html)"
66.249.76.237 - - [27/Jul/2026:06:54:26 +0200] "GET /?helispherical/11483113684 HTTP/1.1" 301 5552 "-" "Mozilla/5.0 (Linux; Android 6.0.1; Nexus 5X Build/MMB29P) AppleWebKit/537.36 (KHTML, like Gecko) Chrome/150.0.7871.128 Mobile Safari/537.36 (compatible; Googlebot/2.1; +http://www.google.com/bot.html)"
66.249.70.110 - - [27/Jul/2026:06:54:27 +0200] "GET /?g=i4n3c1e8n8t2i4v7e5l3y2 HTTP/1.1" 200 22593 "-" "Mozilla/5.0 (Linux; Android 6.0.1; Nexus 5X Build/MMB29P) AppleWebKit/537.36 (KHTML, like Gecko) Chrome/150.0.7871.128 Mobile Safari/537.36 (compatible; Googlebot/2.1; +http://www.google.com/bot.html)"
66.249.76.237 - - [27/Jul/2026:06:54:27 +0200] "GET /?g=m8u4s0s9e3l71834 HTTP/1.1" 200 22589 "-" "Mozilla/5.0 (Linux; Android 6.0.1; Nexus 5X Build/MMB29P) AppleWebKit/537.36 (KHTML, like Gecko) Chrome/150.0.7871.128 Mobile Safari/537.36 (compatible; Googlebot/2.1; +http://www.google.com/bot.html)"
66.249.70.110 - - [27/Jul/2026:06:54:28 +0200] "GET /?helispherical%2F11483113684 HTTP/1.1" 200 22598 "-" "Mozilla/5.0 (Linux; Android 6.0.1; Nexus 5X Build/MMB29P) AppleWebKit/537.36 (KHTML, like Gecko) Chrome/150.0.7871.128 Mobile Safari/537.36 (compatible; Googlebot/2.1; +http://www.google.com/bot.html)"
200.123.36.21 - - [27/Jul/2026:06:54:30 +0200] "POST /xmlrpc.php HTTP/1.1" 200 5907 "-" "Mozilla/5.0 (X11; Ubuntu; Linux x86_64; x86) AppleWebKit/537.36 (KHTML, like Gecko) Firefox/92.0.0.0 Safari/537.36"
66.249.76.237 - - [27/Jul/2026:06:54:31 +0200] "GET /?g=k2e8r3c3h1e6r6e9d87 HTTP/1.1" 200 22591 "-" "Mozilla/5.0 (Linux; Android 6.0.1; Nexus 5X Build/MMB29P) AppleWebKit/537.36 (KHTML, like Gecko) Chrome/150.0.7871.128 Mobile Safari/537.36 (compatible; Googlebot/2.1; +http://www.google.com/bot.html)"
66.249.70.110 - - [27/Jul/2026:06:54:34 +0200] "GET /?g=g2a1r2e0f7o5w1l7220 HTTP/1.1" 200 22597 "-" "Mozilla/5.0 (Linux; Android 6.0.1; Nexus 5X Build/MMB29P) AppleWebKit/537.36 (KHTML, like Gecko) Chrome/150.0.7871.128 Mobile Safari/537.36 (compatible; Googlebot/2.1; +http://www.google.com/bot.html)"
66.249.70.110 - - [27/Jul/2026:06:54:32 +0200] "GET /?g=b0u2l5t6o2n5g56858 HTTP/1.1" 200 22589 "-" "Mozilla/5.0 (Linux; Android 6.0.1; Nexus 5X Build/MMB29P) AppleWebKit/537.36 (KHTML, like Gecko) Chrome/150.0.7871.128 Mobile Safari/537.36 (compatible; Googlebot/2.1; +http://www.google.com/bot.html)"
66.249.70.109 - - [27/Jul/2026:06:54:33 +0200] "GET /?g=h1e6u2r4i3s5t5i1c8a8lly HTTP/1.1" 200 22595 "-" "Mozilla/5.0 (Linux; Android 6.0.1; Nexus 5X Build/MMB29P) AppleWebKit/537.36 (KHTML, like Gecko) Chrome/150.0.7871.128 Mobile Safari/537.36 (compatible; Googlebot/2.1; +http://www.google.com/bot.html)"
66.249.70.110 - - [27/Jul/2026:06:54:34 +0200] "GET /?g=d8u7t2i3a0b4l9e043 HTTP/1.1" 200 22593 "-" "Mozilla/5.0 (Linux; Android 6.0.1; Nexus 5X Build/MMB29P) AppleWebKit/537.36 (KHTML, like Gecko) Chrome/150.0.7871.128 Mobile Safari/537.36 (compatible; Googlebot/2.1; +http://www.google.com/bot.html)"
122.160.13.186 - - [27/Jul/2026:06:54:36 +0200] "POST /xmlrpc.php HTTP/1.1" 200 5907 "-" "Jetpack/12.1; WordPress/6.1; http://site63963989.com"
66.249.70.110 - - [27/Jul/2026:06:54:38 +0200] "GET /wp-content/plugins/elementor/assets/lib/dialog/dialog.min.js?ver=4.8.1 HTTP/1.1" 200 5549 "https://sipek-instalacije.si/?parabola%2F33947277077" "Mozilla/5.0 (Linux; Android 6.0.1; Nexus 5X Build/MMB29P) AppleWebKit/537.36 (KHTML, like Gecko) Chrome/150.0.7871.128 Mobile Safari/537.36 (compatible; Googlebot/2.1; +http://www.google.com/bot.html)"
66.249.76.237 - - [27/Jul/2026:06:54:38 +0200] "GET /wp-content/plugins/elementor/assets/lib/dialog/dialog.min.js?ver=4.8.1 HTTP/1.1" 200 5549 "https://sipek-instalacije.si/?g=l6y3o1n6n6a5i8s0006" "Mozilla/5.0 (Linux; Android 6.0.1; Nexus 5X Build/MMB29P) AppleWebKit/537.36 (KHTML, like Gecko) Chrome/150.0.7871.128 Mobile Safari/537.36 (compatible; Googlebot/2.1; +http://www.google.com/bot.html)"
57.141.0.30 - - [27/Jul/2026:06:54:38 +0200] "GET /shops/trucking/s6c2e8l0e3r6a2t6510 HTTP/1.1" 404 36596 "-" "Mozilla/5.0 (Macintosh; Intel Mac OS X 10_15_7) AppleWebKit/537.36 (KHTML, like Gecko) Chrome/145.0.0.0 Safari/537.36 (compatible; meta-externalagent/1.1 (+https://developers.facebook.com/docs/sharing/webmasters/crawler))"
57.141.0.67 - - [27/Jul/2026:06:54:39 +0200] "GET /vapidness/quinoxaline/614393275 HTTP/1.1" 404 36596 "-" "Mozilla/5.0 (Macintosh; Intel Mac OS X 10.15; rv:147.0) Gecko/20100101 Firefox/147.0 (compatible; meta-externalagent/1.1 (+https://developers.facebook.com/docs/sharing/webmasters/crawler))"
57.141.0.54 - - [27/Jul/2026:06:54:39 +0200] "GET /?g=a6d3e3n6a1l7g3i3a513 HTTP/1.1" 200 90839 "-" "Mozilla/5.0 (Windows NT 10.0; Win64; x64) AppleWebKit/537.36 (KHTML, like Gecko) Chrome/145.0.0.0 Safari/537.36 (compatible; meta-externalagent/1.1 (+https://developers.facebook.com/docs/sharing/webmasters/crawler))"
57.141.0.34 - - [27/Jul/2026:06:54:39 +0200] "GET /?g=h6e2n3d8e3c2a1s4y4l9l5able HTTP/1.1" 200 90847 "-" "Mozilla/5.0 (Windows NT 10.0; Win64; x64) AppleWebKit/537.36 (KHTML, like Gecko) Chrome/145.0.0.0 Safari/537.36 (compatible; meta-externalagent/1.1 (+https://developers.facebook.com/docs/sharing/webmasters/crawler))"
66.249.70.110 - - [27/Jul/2026:06:54:39 +0200] "GET /?g=a8g4e0n2c2y331465 HTTP/1.1" 200 22592 "-" "Mozilla/5.0 (Linux; Android 6.0.1; Nexus 5X Build/MMB29P) AppleWebKit/537.36 (KHTML, like Gecko) Chrome/150.0.7871.128 Mobile Safari/537.36 (compatible; Googlebot/2.1; +http://www.google.com/bot.html)"
66.249.70.110 - - [27/Jul/2026:06:54:40 +0200] "GET /?refrigerium/92374949461 HTTP/1.1" 301 5550 "-" "Mozilla/5.0 (Linux; Android 6.0.1; Nexus 5X Build/MMB29P) AppleWebKit/537.36 (KHTML, like Gecko) Chrome/150.0.7871.128 Mobile Safari/537.36 (compatible; Googlebot/2.1; +http://www.google.com/bot.html)"
57.141.0.10 - - [27/Jul/2026:06:54:40 +0200] "GET /hippodrome/r6e1v8o0l9t949394 HTTP/1.1" 404 36620 "-" "Mozilla/5.0 (Windows NT 10.0; Win64; x64) AppleWebKit/537.36 (KHTML, like Gecko) Chrome/145.0.0.0 Safari/537.36 (compatible; meta-externalagent/1.1 (+https://developers.facebook.com/docs/sharing/webmasters/crawler))"
66.249.70.109 - - [27/Jul/2026:06:54:41 +0200] "GET /?refrigerium%2F92374949461 HTTP/1.1" 200 22590 "-" "Mozilla/5.0 (Linux; Android 6.0.1; Nexus 5X Build/MMB29P) AppleWebKit/537.36 (KHTML, like Gecko) Chrome/150.0.7871.128 Mobile Safari/537.36 (compatible; Googlebot/2.1; +http://www.google.com/bot.html)"
66.249.70.110 - - [27/Jul/2026:06:54:41 +0200] "GET /?g=e3x1t9i5r0p2a9t8i3n9g0 HTTP/1.1" 200 22594 "-" "Mozilla/5.0 (Linux; Android 6.0.1; Nexus 5X Build/MMB29P) AppleWebKit/537.36 (KHTML, like Gecko) Chrome/150.0.7871.128 Mobile Safari/537.36 (compatible; Googlebot/2.1; +http://www.google.com/bot.html)"
57.141.0.28 - - [27/Jul/2026:06:54:41 +0200] "GET /?g=d6i3s5c6o0l4o5r4088 HTTP/1.1" 200 90840 "-" "Mozilla/5.0 (Windows NT 10.0; Win64; x64) AppleWebKit/537.36 (KHTML, like Gecko) Chrome/145.0.0.0 Safari/537.36 (compatible; meta-externalagent/1.1 (+https://developers.facebook.com/docs/sharing/webmasters/crawler))"
66.249.70.109 - - [27/Jul/2026:06:54:41 +0200] "GET /?g=e9p3i2c3t0e6t9i1a1n0 HTTP/1.1" 200 22601 "-" "Mozilla/5.0 (Linux; Android 6.0.1; Nexus 5X Build/MMB29P) AppleWebKit/537.36 (KHTML, like Gecko) Chrome/150.0.7871.128 Mobile Safari/537.36 (compatible; Googlebot/2.1; +http://www.google.com/bot.html)"
66.249.70.109 - - [27/Jul/2026:06:54:42 +0200] "GET /?g=m7a3r3g4i5n3e4d59 HTTP/1.1" 200 22595 "-" "Mozilla/5.0 (Linux; Android 6.0.1; Nexus 5X Build/MMB29P) AppleWebKit/537.36 (KHTML, like Gecko) Chrome/150.0.7871.128 Mobile Safari/537.36 (compatible; Googlebot/2.1; +http://www.google.com/bot.html)"
66.249.70.110 - - [27/Jul/2026:06:54:42 +0200] "GET /?laniate/93731181086 HTTP/1.1" 301 5546 "-" "Mozilla/5.0 (Linux; Android 6.0.1; Nexus 5X Build/MMB29P) AppleWebKit/537.36 (KHTML, like Gecko) Chrome/150.0.7871.128 Mobile Safari/537.36 (compatible; Googlebot/2.1; +http://www.google.com/bot.html)"
66.249.76.237 - - [27/Jul/2026:06:54:43 +0200] "GET /?g=l8e2v6i7s2t2i4c3u0m39 HTTP/1.1" 200 22596 "-" "Mozilla/5.0 (Linux; Android 6.0.1; Nexus 5X Build/MMB29P) AppleWebKit/537.36 (KHTML, like Gecko) Chrome/150.0.7871.128 Mobile Safari/537.36 (compatible; Googlebot/2.1; +http://www.google.com/bot.html)"
66.249.70.109 - - [27/Jul/2026:06:54:43 +0200] "GET /?laniate%2F93731181086 HTTP/1.1" 200 22587 "-" "Mozilla/5.0 (Linux; Android 6.0.1; Nexus 5X Build/MMB29P) AppleWebKit/537.36 (KHTML, like Gecko) Chrome/150.0.7871.128 Mobile Safari/537.36 (compatible; Googlebot/2.1; +http://www.google.com/bot.html)"
66.249.70.110 - - [27/Jul/2026:06:54:44 +0200] "GET /?caltha/882991162 HTTP/1.1" 301 5543 "-" "Mozilla/5.0 (Linux; Android 6.0.1; Nexus 5X Build/MMB29P) AppleWebKit/537.36 (KHTML, like Gecko) Chrome/150.0.7871.128 Mobile Safari/537.36 (compatible; Googlebot/2.1; +http://www.google.com/bot.html)"
66.249.76.237 - - [27/Jul/2026:06:54:44 +0200] "GET /?g=h1i1l1o8s3o6p3h5i5z3i7ng HTTP/1.1" 200 22595 "-" "Mozilla/5.0 (Linux; Android 6.0.1; Nexus 5X Build/MMB29P) AppleWebKit/537.36 (KHTML, like Gecko) Chrome/150.0.7871.128 Mobile Safari/537.36 (compatible; Googlebot/2.1; +http://www.google.com/bot.html)"
66.249.76.237 - - [27/Jul/2026:06:54:44 +0200] "GET /?caltha%2F882991162 HTTP/1.1" 200 22596 "-" "Mozilla/5.0 (Linux; Android 6.0.1; Nexus 5X Build/MMB29P) AppleWebKit/537.36 (KHTML, like Gecko) Chrome/150.0.7871.128 Mobile Safari/537.36 (compatible; Googlebot/2.1; +http://www.google.com/bot.html)"
66.249.70.109 - - [27/Jul/2026:06:54:45 +0200] "GET /?g=t2y2p2i3f2y556991 HTTP/1.1" 200 22596 "-" "Mozilla/5.0 (Linux; Android 6.0.1; Nexus 5X Build/MMB29P) AppleWebKit/537.36 (KHTML, like Gecko) Chrome/150.0.7871.128 Mobile Safari/537.36 (compatible; Googlebot/2.1; +http://www.google.com/bot.html)"
66.249.70.110 - - [27/Jul/2026:06:54:45 +0200] "GET /?g=t2y2b6u9r7n579755 HTTP/1.1" 200 22588 "-" "Mozilla/5.0 (Linux; Android 6.0.1; Nexus 5X Build/MMB29P) AppleWebKit/537.36 (KHTML, like Gecko) Chrome/150.0.7871.128 Mobile Safari/537.36 (compatible; Googlebot/2.1; +http://www.google.com/bot.html)"
66.249.76.238 - - [27/Jul/2026:06:54:46 +0200] "GET /?g=n8e1m6e2r9t7i8d3120 HTTP/1.1" 200 22589 "-" "Mozilla/5.0 (Linux; Android 6.0.1; Nexus 5X Build/MMB29P) AppleWebKit/537.36 (KHTML, like Gecko) Chrome/150.0.7871.128 Mobile Safari/537.36 (compatible; Googlebot/2.1; +http://www.google.com/bot.html)"
66.249.70.110 - - [27/Jul/2026:06:54:46 +0200] "GET /?g=b4e5w6i4l5d1e2r4e1d2ness HTTP/1.1" 200 22594 "-" "Mozilla/5.0 (Linux; Android 6.0.1; Nexus 5X Build/MMB29P) AppleWebKit/537.36 (KHTML, like Gecko) Chrome/150.0.7871.128 Mobile Safari/537.36 (compatible; Googlebot/2.1; +http://www.google.com/bot.html)"
57.141.0.7 - - [27/Jul/2026:06:54:46 +0200] "GET /?g=c6r2e9e4p8956978 HTTP/1.1" 200 90813 "-" "Mozilla/5.0 (Windows NT 10.0; Win64; x64) AppleWebKit/537.36 (KHTML, like Gecko) Chrome/145.0.0.0 Safari/537.36 (compatible; meta-externalagent/1.1 (+https://developers.facebook.com/docs/sharing/webmasters/crawler))"
66.249.70.96 - - [27/Jul/2026:06:54:46 +0200] "GET /?g=c1i2p0o9l3i4n79740 HTTP/1.1" 200 22588 "-" "Mozilla/5.0 (Linux; Android 6.0.1; Nexus 5X Build/MMB29P) AppleWebKit/537.36 (KHTML, like Gecko) Chrome/150.0.7871.128 Mobile Safari/537.36 (compatible; Googlebot/2.1; +http://www.google.com/bot.html)"
122.160.13.186 - - [27/Jul/2026:06:54:47 +0200] "POST /xmlrpc.php HTTP/1.1" 200 5907 "-" "Jetpack by WordPress.com (Jetpack 12.0; WordPress 6.1)"
66.249.70.96 - - [27/Jul/2026:06:54:47 +0200] "GET /?powdermill/2654187998 HTTP/1.1" 301 5548 "-" "Mozilla/5.0 (Linux; Android 6.0.1; Nexus 5X Build/MMB29P) AppleWebKit/537.36 (KHTML, like Gecko) Chrome/150.0.7871.128 Mobile Safari/537.36 (compatible; Googlebot/2.1; +http://www.google.com/bot.html)"
66.249.70.109 - - [27/Jul/2026:06:54:47 +0200] "GET /?g=g4l9a3d2s7o3m2e9l3y8 HTTP/1.1" 200 22595 "-" "Mozilla/5.0 (Linux; Android 6.0.1; Nexus 5X Build/MMB29P) AppleWebKit/537.36 (KHTML, like Gecko) Chrome/150.0.7871.128 Mobile Safari/537.36 (compatible; Googlebot/2.1; +http://www.google.com/bot.html)"
66.249.70.110 - - [27/Jul/2026:06:54:48 +0200] "GET /wp-content/plugins/elementor/assets/lib/dialog/dialog.min.js?ver=4.8.1 HTTP/1.1" 200 5549 "https://sipek-instalacije.si/?g=h1u2c5k1s7t7e5r4i0ng" "Mozilla/5.0 (Linux; Android 6.0.1; Nexus 5X Build/MMB29P) AppleWebKit/537.36 (KHTML, like Gecko) Chrome/150.0.7871.128 Mobile Safari/537.36 (compatible; Googlebot/2.1; +http://www.google.com/bot.html)"
66.249.70.110 - - [27/Jul/2026:06:54:48 +0200] "GET /?powdermill%2F2654187998 HTTP/1.1" 200 22597 "-" "Mozilla/5.0 (Linux; Android 6.0.1; Nexus 5X Build/MMB29P) AppleWebKit/537.36 (KHTML, like Gecko) Chrome/150.0.7871.128 Mobile Safari/537.36 (compatible; Googlebot/2.1; +http://www.google.com/bot.html)"
66.249.70.110 - - [27/Jul/2026:06:54:48 +0200] "GET /?g=r0i1c5h8a9r1d7s6o2n5i9 HTTP/1.1" 200 22593 "-" "Mozilla/5.0 (Linux; Android 6.0.1; Nexus 5X Build/MMB29P) AppleWebKit/537.36 (KHTML, like Gecko) Chrome/150.0.7871.128 Mobile Safari/537.36 (compatible; Googlebot/2.1; +http://www.google.com/bot.html)"
66.249.76.238 - - [27/Jul/2026:06:54:49 +0200] "GET /wp-content/plugins/elementor/assets/lib/dialog/dialog.min.js?ver=4.8.1 HTTP/1.1" 200 5549 "https://sipek-instalacije.si/?g=g8e1r4m1i8n3a3t3i2n2g8" "Mozilla/5.0 (Linux; Android 6.0.1; Nexus 5X Build/MMB29P) AppleWebKit/537.36 (KHTML, like Gecko) Chrome/150.0.7871.128 Mobile Safari/537.36 (compatible; Googlebot/2.1; +http://www.google.com/bot.html)"
66.249.70.110 - - [27/Jul/2026:06:54:49 +0200] "GET /wp-content/plugins/elementor/assets/lib/dialog/dialog.min.js?ver=4.8.1 HTTP/1.1" 200 5549 "https://sipek-instalacije.si/?g=b2u1t7y2r0o3u0s0560" "Mozilla/5.0 (Linux; Android 6.0.1; Nexus 5X Build/MMB29P) AppleWebKit/537.36 (KHTML, like Gecko) Chrome/150.0.7871.128 Mobile Safari/537.36 (compatible; Googlebot/2.1; +http://www.google.com/bot.html)"
66.249.76.224 - - [27/Jul/2026:06:54:49 +0200] "GET /?g=o3l2i9v1a6r8i3s7926 HTTP/1.1" 200 22592 "-" "Mozilla/5.0 (Linux; Android 6.0.1; Nexus 5X Build/MMB29P) AppleWebKit/537.36 (KHTML, like Gecko) Chrome/150.0.7871.128 Mobile Safari/537.36 (compatible; Googlebot/2.1; +http://www.google.com/bot.html)"
66.249.70.109 - - [27/Jul/2026:06:54:49 +0200] "GET /?g=s7u9p6p0l8e9m1e0n9t0ary HTTP/1.1" 200 22595 "-" "Mozilla/5.0 (Linux; Android 6.0.1; Nexus 5X Build/MMB29P) AppleWebKit/537.36 (KHTML, like Gecko) Chrome/150.0.7871.128 Mobile Safari/537.36 (compatible; Googlebot/2.1; +http://www.google.com/bot.html)"
66.249.70.96 - - [27/Jul/2026:06:54:50 +0200] "GET /?g=e3x9c6r6u5c6i3a8t1i6ngly HTTP/1.1" 200 22595 "-" "Mozilla/5.0 (Linux; Android 6.0.1; Nexus 5X Build/MMB29P) AppleWebKit/537.36 (KHTML, like Gecko) Chrome/150.0.7871.128 Mobile Safari/537.36 (compatible; Googlebot/2.1; +http://www.google.com/bot.html)"
66.249.70.97 - - [27/Jul/2026:06:54:51 +0200] "GET /?g=o4v1e7r1p3r2o1d1u0c9t5ion HTTP/1.1" 200 22597 "-" "Mozilla/5.0 (Linux; Android 6.0.1; Nexus 5X Build/MMB29P) AppleWebKit/537.36 (KHTML, like Gecko) Chrome/150.0.7871.128 Mobile Safari/537.36 (compatible; Googlebot/2.1; +http://www.google.com/bot.html)"
66.249.76.225 - - [27/Jul/2026:06:54:52 +0200] "GET /wp-content/plugins/elementor/assets/lib/dialog/dialog.min.js?ver=4.8.1 HTTP/1.1" 200 5549 "https://sipek-instalacije.si/?g=a1f4f6a1b3r6o4u7s81" "Mozilla/5.0 (Linux; Android 6.0.1; Nexus 5X Build/MMB29P) AppleWebKit/537.36 (KHTML, like Gecko) Chrome/150.0.7871.128 Mobile Safari/537.36 (compatible; Googlebot/2.1; +http://www.google.com/bot.html)"
66.249.76.237 - - [27/Jul/2026:06:54:52 +0200] "GET /?g=p7h3l0o3m0i6s34210 HTTP/1.1" 200 22591 "-" "Mozilla/5.0 (Linux; Android 6.0.1; Nexus 5X Build/MMB29P) AppleWebKit/537.36 (KHTML, like Gecko) Chrome/150.0.7871.128 Mobile Safari/537.36 (compatible; Googlebot/2.1; +http://www.google.com/bot.html)"
66.249.70.110 - - [27/Jul/2026:06:54:53 +0200] "GET /online/Cadran-Ultra-Mince-Bracelet-Maille-Acier-Inoxydable-tanche-405047 HTTP/1.1" 200 99728 "-" "Mozilla/5.0 (Linux; Android 6.0.1; Nexus 5X Build/MMB29P) AppleWebKit/537.36 (KHTML, like Gecko) Chrome/150.0.7871.128 Mobile Safari/537.36 (compatible; Googlebot/2.1; +http://www.google.com/bot.html)"
66.249.70.96 - - [27/Jul/2026:06:54:54 +0200] "GET /?g=h2e2m0e8r2o6b4i4u9s87 HTTP/1.1" 200 22594 "-" "Mozilla/5.0 (Linux; Android 6.0.1; Nexus 5X Build/MMB29P) AppleWebKit/537.36 (KHTML, like Gecko) Chrome/150.0.7871.128 Mobile Safari/537.36 (compatible; Googlebot/2.1; +http://www.google.com/bot.html)"
66.249.76.224 - - [27/Jul/2026:06:54:54 +0200] "GET /?g=o1c4t0u7o2r596966 HTTP/1.1" 200 22589 "-" "Mozilla/5.0 (Linux; Android 6.0.1; Nexus 5X Build/MMB29P) AppleWebKit/537.36 (KHTML, like Gecko) Chrome/150.0.7871.128 Mobile Safari/537.36 (compatible; Googlebot/2.1; +http://www.google.com/bot.html)"
66.249.70.97 - - [27/Jul/2026:06:54:54 +0200] "GET /?g=d3o6l5e7n5t2e1068 HTTP/1.1" 200 22589 "-" "Mozilla/5.0 (Linux; Android 6.0.1; Nexus 5X Build/MMB29P) AppleWebKit/537.36 (KHTML, like Gecko) Chrome/150.0.7871.128 Mobile Safari/537.36 (compatible; Googlebot/2.1; +http://www.google.com/bot.html)"
66.249.70.109 - - [27/Jul/2026:06:54:54 +0200] "GET /?g=i7n2f3l6i0c7t4i6n9g84 HTTP/1.1" 200 22592 "-" "Mozilla/5.0 (Linux; Android 6.0.1; Nexus 5X Build/MMB29P) AppleWebKit/537.36 (KHTML, like Gecko) Chrome/150.0.7871.128 Mobile Safari/537.36 (compatible; Googlebot/2.1; +http://www.google.com/bot.html)"
66.249.76.225 - - [27/Jul/2026:06:54:55 +0200] "GET /?g=e3x4s2u2f2f1l0a3t6e26 HTTP/1.1" 200 22593 "-" "Mozilla/5.0 (Linux; Android 6.0.1; Nexus 5X Build/MMB29P) AppleWebKit/537.36 (KHTML, like Gecko) Chrome/150.0.7871.128 Mobile Safari/537.36 (compatible; Googlebot/2.1; +http://www.google.com/bot.html)"
66.249.70.96 - - [27/Jul/2026:06:54:55 +0200] "GET /?g=s9u2f9f7e5r7a3n1c3e13 HTTP/1.1" 200 22593 "-" "Mozilla/5.0 (Linux; Android 6.0.1; Nexus 5X Build/MMB29P) AppleWebKit/537.36 (KHTML, like Gecko) Chrome/150.0.7871.128 Mobile Safari/537.36 (compatible; Googlebot/2.1; +http://www.google.com/bot.html)"
66.249.76.224 - - [27/Jul/2026:06:54:55 +0200] "GET /?g=e4l2e5c1t3u8a2r8i0e8s8 HTTP/1.1" 200 22592 "-" "Mozilla/5.0 (Linux; Android 6.0.1; Nexus 5X Build/MMB29P) AppleWebKit/537.36 (KHTML, like Gecko) Chrome/150.0.7871.128 Mobile Safari/537.36 (compatible; Googlebot/2.1; +http://www.google.com/bot.html)"
66.249.76.224 - - [27/Jul/2026:06:54:55 +0200] "GET /?g=a1n2t6a6g4o1n3i8s8t08 HTTP/1.1" 200 22591 "-" "Mozilla/5.0 (Linux; Android 6.0.1; Nexus 5X Build/MMB29P) AppleWebKit/537.36 (KHTML, like Gecko) Chrome/150.0.7871.128 Mobile Safari/537.36 (compatible; Googlebot/2.1; +http://www.google.com/bot.html)"
66.249.70.96 - - [27/Jul/2026:06:54:56 +0200] "GET /?g=e9l2a6t4i3n0e64577 HTTP/1.1" 200 22589 "-" "Mozilla/5.0 (Linux; Android 6.0.1; Nexus 5X Build/MMB29P) AppleWebKit/537.36 (KHTML, like Gecko) Chrome/150.0.7871.128 Mobile Safari/537.36 (compatible; Googlebot/2.1; +http://www.google.com/bot.html)"
66.249.76.225 - - [27/Jul/2026:06:54:56 +0200] "GET /?g=c1h1r2o4n7o7l1o9g4i2e8s HTTP/1.1" 200 22594 "-" "Mozilla/5.0 (Linux; Android 6.0.1; Nexus 5X Build/MMB29P) AppleWebKit/537.36 (KHTML, like Gecko) Chrome/150.0.7871.128 Mobile Safari/537.36 (compatible; Googlebot/2.1; +http://www.google.com/bot.html)"
66.249.70.97 - - [27/Jul/2026:06:54:56 +0200] "GET /?g=w4i3s7h4b8o5n1e3713 HTTP/1.1" 200 22592 "-" "Mozilla/5.0 (Linux; Android 6.0.1; Nexus 5X Build/MMB29P) AppleWebKit/537.36 (KHTML, like Gecko) Chrome/150.0.7871.128 Mobile Safari/537.36 (compatible; Googlebot/2.1; +http://www.google.com/bot.html)"
200.123.36.21 - - [27/Jul/2026:06:54:56 +0200] "POST /xmlrpc.php HTTP/1.1" 200 5907 "-" "Mozilla/5.0 (Windows NT 6.2; arm64) AppleWebKit/537.36 (KHTML, like Gecko) Edge/93.0.0.0 Safari/537.36"
57.141.0.36 - - [27/Jul/2026:06:54:56 +0200] "GET /?g=t6h2a7u2g6h7t35120 HTTP/1.1" 200 90837 "-" "Mozilla/5.0 (Windows NT 10.0; Win64; x64) AppleWebKit/537.36 (KHTML, like Gecko) Chrome/145.0.0.0 Safari/537.36 (compatible; meta-externalagent/1.1 (+https://developers.facebook.com/docs/sharing/webmasters/crawler))"
66.249.76.238 - - [27/Jul/2026:06:54:57 +0200] "GET /wp-content/plugins/elementor/assets/lib/dialog/dialog.min.js?ver=4.8.1 HTTP/1.1" 200 5549 "https://sipek-instalacije.si/?g=m6u1r5d8e2r979078" "Mozilla/5.0 (Linux; Android 6.0.1; Nexus 5X Build/MMB29P) AppleWebKit/537.36 (KHTML, like Gecko) Chrome/150.0.7871.128 Mobile Safari/537.36 (compatible; Googlebot/2.1; +http://www.google.com/bot.html)"
66.249.70.97 - - [27/Jul/2026:06:54:57 +0200] "GET /?g=s1c4i1e2n6c1e6s8908 HTTP/1.1" 200 22591 "-" "Mozilla/5.0 (Linux; Android 6.0.1; Nexus 5X Build/MMB29P) AppleWebKit/537.36 (KHTML, like Gecko) Chrome/150.0.7871.128 Mobile Safari/537.36 (compatible; Googlebot/2.1; +http://www.google.com/bot.html)"
66.249.76.224 - - [27/Jul/2026:06:54:56 +0200] "GET /online/Esprit-Coupe-R-guli-re-Taille-27-28-Blue-Medium-Wash-491049 HTTP/1.1" 200 99721 "-" "Mozilla/5.0 (Linux; Android 6.0.1; Nexus 5X Build/MMB29P) AppleWebKit/537.36 (KHTML, like Gecko) Chrome/150.0.7871.128 Mobile Safari/537.36 (compatible; Googlebot/2.1; +http://www.google.com/bot.html)"
66.249.70.96 - - [27/Jul/2026:06:54:57 +0200] "GET /?g=s8l2a9t1t1e6r6n6l1i6n4ess HTTP/1.1" 200 22595 "-" "Mozilla/5.0 (Linux; Android 6.0.1; Nexus 5X Build/MMB29P) AppleWebKit/537.36 (KHTML, like Gecko) Chrome/150.0.7871.128 Mobile Safari/537.36 (compatible; Googlebot/2.1; +http://www.google.com/bot.html)"
66.249.70.110 - - [27/Jul/2026:06:54:58 +0200] "GET /?g=p0l3a0y9a6245927 HTTP/1.1" 200 22588 "-" "Mozilla/5.0 (Linux; Android 6.0.1; Nexus 5X Build/MMB29P) AppleWebKit/537.36 (KHTML, like Gecko) Chrome/150.0.7871.128 Mobile Safari/537.36 (compatible; Googlebot/2.1; +http://www.google.com/bot.html)"
122.160.13.186 - - [27/Jul/2026:06:54:58 +0200] "POST /xmlrpc.php HTTP/1.1" 200 5907 "-" "Jetpack by WordPress.com (Jetpack 12.0; WordPress 6.3)"
66.249.76.224 - - [27/Jul/2026:06:54:58 +0200] "GET /?g=c1h1a6r7c4a4r7o2d6o4n7 HTTP/1.1" 200 22592 "-" "Mozilla/5.0 (Linux; Android 6.0.1; Nexus 5X Build/MMB29P) AppleWebKit/537.36 (KHTML, like Gecko) Chrome/150.0.7871.128 Mobile Safari/537.36 (compatible; Googlebot/2.1; +http://www.google.com/bot.html)"
66.249.70.97 - - [27/Jul/2026:06:54:58 +0200] "GET /?g=d3e3p9l5o3i0t5a4t4i6o1n HTTP/1.1" 200 22594 "-" "Mozilla/5.0 (Linux; Android 6.0.1; Nexus 5X Build/MMB29P) AppleWebKit/537.36 (KHTML, like Gecko) Chrome/150.0.7871.128 Mobile Safari/537.36 (compatible; Googlebot/2.1; +http://www.google.com/bot.html)"
66.249.70.96 - - [27/Jul/2026:06:55:01 +0200] "GET /?g=e1x8t9r3a4g8e1n3e3o0us HTTP/1.1" 200 22594 "-" "Mozilla/5.0 (Linux; Android 6.0.1; Nexus 5X Build/MMB29P) AppleWebKit/537.36 (KHTML, like Gecko) Chrome/150.0.7871.128 Mobile Safari/537.36 (compatible; Googlebot/2.1; +http://www.google.com/bot.html)"
66.249.70.96 - - [27/Jul/2026:06:55:01 +0200] "GET /?g=p9e4r0s9i2s8t94470 HTTP/1.1" 200 22589 "-" "Mozilla/5.0 (Linux; Android 6.0.1; Nexus 5X Build/MMB29P) AppleWebKit/537.36 (KHTML, like Gecko) Chrome/150.0.7871.128 Mobile Safari/537.36 (compatible; Googlebot/2.1; +http://www.google.com/bot.html)"
66.249.70.96 - - [27/Jul/2026:06:55:02 +0200] "GET /wp-content/plugins/elementor/assets/lib/dialog/dialog.min.js?ver=4.8.1 HTTP/1.1" 200 5549 "https://sipek-instalacije.si/?g=r9e1t3e9n5t4i7v4e1l1y0" "Mozilla/5.0 (Linux; Android 6.0.1; Nexus 5X Build/MMB29P) AppleWebKit/537.36 (KHTML, like Gecko) Chrome/150.0.7871.128 Mobile Safari/537.36 (compatible; Googlebot/2.1; +http://www.google.com/bot.html)"
66.249.70.96 - - [27/Jul/2026:06:55:01 +0200] "GET /?g=p0r1e9s8c9r4i1b0e7d92 HTTP/1.1" 200 22592 "-" "Mozilla/5.0 (Linux; Android 6.0.1; Nexus 5X Build/MMB29P) AppleWebKit/537.36 (KHTML, like Gecko) Chrome/150.0.7871.128 Mobile Safari/537.36 (compatible; Googlebot/2.1; +http://www.google.com/bot.html)"
66.249.70.109 - - [27/Jul/2026:06:55:01 +0200] "GET /?g=p1l4e8u1r4o5t7o9m0a7e HTTP/1.1" 200 22601 "-" "Mozilla/5.0 (Linux; Android 6.0.1; Nexus 5X Build/MMB29P) AppleWebKit/537.36 (KHTML, like Gecko) Chrome/150.0.7871.128 Mobile Safari/537.36 (compatible; Googlebot/2.1; +http://www.google.com/bot.html)"
66.249.76.237 - - [27/Jul/2026:06:55:02 +0200] "GET /?g=e0x7e4c2t746313 HTTP/1.1" 200 22596 "-" "Mozilla/5.0 (Linux; Android 6.0.1; Nexus 5X Build/MMB29P) AppleWebKit/537.36 (KHTML, like Gecko) Chrome/150.0.7871.128 Mobile Safari/537.36 (compatible; Googlebot/2.1; +http://www.google.com/bot.html)"
66.249.76.237 - - [27/Jul/2026:06:55:02 +0200] "GET /?g=e2n6c1o4m0i2a4s5t4i6cally HTTP/1.1" 200 22606 "-" "Mozilla/5.0 (Linux; Android 6.0.1; Nexus 5X Build/MMB29P) AppleWebKit/537.36 (KHTML, like Gecko) Chrome/150.0.7871.128 Mobile Safari/537.36 (compatible; Googlebot/2.1; +http://www.google.com/bot.html)"
66.249.76.237 - - [27/Jul/2026:06:55:03 +0200] "GET /?g=m0a5r9e8s5n7e2s6t56 HTTP/1.1" 200 22591 "-" "Mozilla/5.0 (Linux; Android 6.0.1; Nexus 5X Build/MMB29P) AppleWebKit/537.36 (KHTML, like Gecko) Chrome/150.0.7871.128 Mobile Safari/537.36 (compatible; Googlebot/2.1; +http://www.google.com/bot.html)"
66.249.76.237 - - [27/Jul/2026:06:55:04 +0200] "GET /?g=c6a3t0e7c1h8i4s2e0d16 HTTP/1.1" 200 22593 "-" "Mozilla/5.0 (Linux; Android 6.0.1; Nexus 5X Build/MMB29P) AppleWebKit/537.36 (KHTML, like Gecko) Chrome/150.0.7871.128 Mobile Safari/537.36 (compatible; Googlebot/2.1; +http://www.google.com/bot.html)"
66.249.70.109 - - [27/Jul/2026:06:55:03 +0200] "GET /?g=f8o2d9i7e7n5s46848 HTTP/1.1" 200 22594 "-" "Mozilla/5.0 (Linux; Android 6.0.1; Nexus 5X Build/MMB29P) AppleWebKit/537.36 (KHTML, like Gecko) Chrome/150.0.7871.128 Mobile Safari/537.36 (compatible; Googlebot/2.1; +http://www.google.com/bot.html)"
66.249.76.224 - - [27/Jul/2026:06:55:04 +0200] "GET /online/Classeur-Extensible-Smead-12-Poches-Format-Lettre-Polyester-387852 HTTP/1.1" 200 99694 "-" "Mozilla/5.0 (Linux; Android 6.0.1; Nexus 5X Build/MMB29P) AppleWebKit/537.36 (KHTML, like Gecko) Chrome/150.0.7871.128 Mobile Safari/537.36 (compatible; Googlebot/2.1; +http://www.google.com/bot.html)"
66.249.76.238 - - [27/Jul/2026:06:55:06 +0200] "GET /wp-content/plugins/elementor/assets/lib/dialog/dialog.min.js?ver=4.8.1 HTTP/1.1" 200 5549 "https://sipek-instalacije.si/?g=m7a3r3g4i5n3e4d59" "Mozilla/5.0 (Linux; Android 6.0.1; Nexus 5X Build/MMB29P) AppleWebKit/537.36 (KHTML, like Gecko) Chrome/150.0.7871.128 Mobile Safari/537.36 (compatible; Googlebot/2.1; +http://www.google.com/bot.html)"
66.249.70.109 - - [27/Jul/2026:06:55:06 +0200] "GET /?g=p8o1s7t4p3a3l7a1t6i8n1e HTTP/1.1" 200 22598 "-" "Mozilla/5.0 (Linux; Android 6.0.1; Nexus 5X Build/MMB29P) AppleWebKit/537.36 (KHTML, like Gecko) Chrome/150.0.7871.128 Mobile Safari/537.36 (compatible; Googlebot/2.1; +http://www.google.com/bot.html)"
66.249.70.110 - - [27/Jul/2026:06:55:07 +0200] "GET /?accouple/12542198504 HTTP/1.1" 301 5547 "-" "Mozilla/5.0 (Linux; Android 6.0.1; Nexus 5X Build/MMB29P) AppleWebKit/537.36 (KHTML, like Gecko) Chrome/150.0.7871.128 Mobile Safari/537.36 (compatible; Googlebot/2.1; +http://www.google.com/bot.html)"
66.249.76.237 - - [27/Jul/2026:06:55:07 +0200] "GET /?g=t7u7n2g9u8s8i6c947 HTTP/1.1" 200 22594 "-" "Mozilla/5.0 (Linux; Android 6.0.1; Nexus 5X Build/MMB29P) AppleWebKit/537.36 (KHTML, like Gecko) Chrome/150.0.7871.128 Mobile Safari/537.36 (compatible; Googlebot/2.1; +http://www.google.com/bot.html)"
66.249.70.110 - - [27/Jul/2026:06:55:07 +0200] "GET /?g=n2e4a2n2d0e3r1t4h9a8l6oid HTTP/1.1" 200 22607 "-" "Mozilla/5.0 (Linux; Android 6.0.1; Nexus 5X Build/MMB29P) AppleWebKit/537.36 (KHTML, like Gecko) Chrome/150.0.7871.128 Mobile Safari/537.36 (compatible; Googlebot/2.1; +http://www.google.com/bot.html)"
66.249.76.237 - - [27/Jul/2026:06:55:07 +0200] "GET /?accouple%2F12542198504 HTTP/1.1" 200 22597 "-" "Mozilla/5.0 (Linux; Android 6.0.1; Nexus 5X Build/MMB29P) AppleWebKit/537.36 (KHTML, like Gecko) Chrome/150.0.7871.128 Mobile Safari/537.36 (compatible; Googlebot/2.1; +http://www.google.com/bot.html)"
66.249.70.109 - - [27/Jul/2026:06:55:07 +0200] "GET /?g=i0n1t2e5r4p3a3l4e792 HTTP/1.1" 200 22590 "-" "Mozilla/5.0 (Linux; Android 6.0.1; Nexus 5X Build/MMB29P) AppleWebKit/537.36 (KHTML, like Gecko) Chrome/150.0.7871.128 Mobile Safari/537.36 (compatible; Googlebot/2.1; +http://www.google.com/bot.html)"
66.249.70.109 - - [27/Jul/2026:06:55:08 +0200] "GET /?g=r1o2t6t6e3n6n5e8s3s06 HTTP/1.1" 200 22592 "-" "Mozilla/5.0 (Linux; Android 6.0.1; Nexus 5X Build/MMB29P) AppleWebKit/537.36 (KHTML, like Gecko) Chrome/150.0.7871.128 Mobile Safari/537.36 (compatible; Googlebot/2.1; +http://www.google.com/bot.html)"
66.249.76.238 - - [27/Jul/2026:06:55:08 +0200] "GET /?g=b4e2g5e2m9971043 HTTP/1.1" 200 22596 "-" "Mozilla/5.0 (Linux; Android 6.0.1; Nexus 5X Build/MMB29P) AppleWebKit/537.36 (KHTML, like Gecko) Chrome/150.0.7871.128 Mobile Safari/537.36 (compatible; Googlebot/2.1; +http://www.google.com/bot.html)"
66.249.70.110 - - [27/Jul/2026:06:55:07 +0200] "GET /?g=r7e3c5e6s9s9i1n3g597 HTTP/1.1" 200 22591 "-" "Mozilla/5.0 (Linux; Android 6.0.1; Nexus 5X Build/MMB29P) AppleWebKit/537.36 (KHTML, like Gecko) Chrome/150.0.7871.128 Mobile Safari/537.36 (compatible; Googlebot/2.1; +http://www.google.com/bot.html)"
66.249.70.109 - - [27/Jul/2026:06:55:09 +0200] "GET /?knowingness/24202048658 HTTP/1.1" 301 5550 "-" "Mozilla/5.0 (Linux; Android 6.0.1; Nexus 5X Build/MMB29P) AppleWebKit/537.36 (KHTML, like Gecko) Chrome/150.0.7871.128 Mobile Safari/537.36 (compatible; Googlebot/2.1; +http://www.google.com/bot.html)"
66.249.70.109 - - [27/Jul/2026:06:55:09 +0200] "GET /wp-content/plugins/elementor/assets/lib/dialog/dialog.min.js?ver=4.8.1 HTTP/1.1" 200 5549 "https://sipek-instalacije.si/?g=c1i2p0o9l3i4n79740" "Mozilla/5.0 (Linux; Android 6.0.1; Nexus 5X Build/MMB29P) AppleWebKit/537.36 (KHTML, like Gecko) Chrome/150.0.7871.128 Mobile Safari/537.36 (compatible; Googlebot/2.1; +http://www.google.com/bot.html)"
66.249.70.109 - - [27/Jul/2026:06:55:09 +0200] "GET /?g=d1e4c2r6e2p9i2t8a9t3e3 HTTP/1.1" 200 22595 "-" "Mozilla/5.0 (Linux; Android 6.0.1; Nexus 5X Build/MMB29P) AppleWebKit/537.36 (KHTML, like Gecko) Chrome/150.0.7871.128 Mobile Safari/537.36 (compatible; Googlebot/2.1; +http://www.google.com/bot.html)"
57.141.0.5 - - [27/Jul/2026:06:55:09 +0200] "GET /?g=r6h3o1d4i2a5n34492 HTTP/1.1" 200 90839 "-" "Mozilla/5.0 (Macintosh; Intel Mac OS X 10_15_7) AppleWebKit/537.36 (KHTML, like Gecko) Chrome/145.0.0.0 Safari/537.36 (compatible; meta-externalagent/1.1 (+https://developers.facebook.com/docs/sharing/webmasters/crawler))"
66.249.70.109 - - [27/Jul/2026:06:55:09 +0200] "GET /?g=b1a3s4a5l0n0e1r7v7e8d5 HTTP/1.1" 200 22592 "-" "Mozilla/5.0 (Linux; Android 6.0.1; Nexus 5X Build/MMB29P) AppleWebKit/537.36 (KHTML, like Gecko) Chrome/150.0.7871.128 Mobile Safari/537.36 (compatible; Googlebot/2.1; +http://www.google.com/bot.html)"
66.249.70.109 - - [27/Jul/2026:06:55:10 +0200] "GET /?knowingness%2F24202048658 HTTP/1.1" 200 22597 "-" "Mozilla/5.0 (Linux; Android 6.0.1; Nexus 5X Build/MMB29P) AppleWebKit/537.36 (KHTML, like Gecko) Chrome/150.0.7871.128 Mobile Safari/537.36 (compatible; Googlebot/2.1; +http://www.google.com/bot.html)"
66.249.70.109 - - [27/Jul/2026:06:55:10 +0200] "GET /?g=i2n3t3e1r8t0w3i0n8e5d2 HTTP/1.1" 200 22592 "-" "Mozilla/5.0 (Linux; Android 6.0.1; Nexus 5X Build/MMB29P) AppleWebKit/537.36 (KHTML, like Gecko) Chrome/150.0.7871.128 Mobile Safari/537.36 (compatible; Googlebot/2.1; +http://www.google.com/bot.html)"
66.249.70.110 - - [27/Jul/2026:06:55:11 +0200] "GET /wp-content/plugins/elementor/assets/lib/dialog/dialog.min.js?ver=4.8.1 HTTP/1.1" 200 5549 "https://sipek-instalacije.si/?g=p9e4r0s9i2s8t94470" "Mozilla/5.0 (Linux; Android 6.0.1; Nexus 5X Build/MMB29P) AppleWebKit/537.36 (KHTML, like Gecko) Chrome/150.0.7871.128 Mobile Safari/537.36 (compatible; Googlebot/2.1; +http://www.google.com/bot.html)"
