66.249.76.228 - - [26/Jul/2026:07:09:27 +0200] "GET /?g=e5s2c6r6i1t9o8r3i1a9l9 HTTP/1.1" 200 81711 "-" "Mozilla/5.0 (Linux; Android 6.0.1; Nexus 5X Build/MMB29P) AppleWebKit/537.36 (KHTML, like Gecko) Chrome/150.0.7871.128 Mobile Safari/537.36 (compatible; Googlebot/2.1; +http://www.google.com/bot.html)"
216.73.216.104 - - [26/Jul/2026:07:09:27 +0200] "GET /?g=c9a4n1t2a7l9e2u7p087 HTTP/1.1" 200 22595 "-" "Mozilla/5.0 AppleWebKit/537.36 (KHTML, like Gecko; compatible; ClaudeBot/1.0; +claudebot@anthropic.com)"
91.237.33.134 - - [26/Jul/2026:07:09:27 +0200] "POST /wp-cron.php?doing_wp_cron=1785042567.8219559192657470703125 HTTP/1.1" 200 5535 "-" "WordPress/6.9.4; https://sipek-instalacije.si"
66.249.76.237 - - [26/Jul/2026:07:09:27 +0200] "GET /?g=c3r4u7e8l569493 HTTP/1.1" 200 80193 "-" "Mozilla/5.0 (Linux; Android 6.0.1; Nexus 5X Build/MMB29P) AppleWebKit/537.36 (KHTML, like Gecko) Chrome/150.0.7871.128 Mobile Safari/537.36 (compatible; Googlebot/2.1; +http://www.google.com/bot.html)"
66.249.70.103 - - [26/Jul/2026:07:09:27 +0200] "GET /?g=c9h5r1o8m2i2d5110 HTTP/1.1" 200 80863 "-" "Mozilla/5.0 (Linux; Android 6.0.1; Nexus 5X Build/MMB29P) AppleWebKit/537.36 (KHTML, like Gecko) Chrome/150.0.7871.128 Mobile Safari/537.36 (compatible; Googlebot/2.1; +http://www.google.com/bot.html)"
66.249.70.104 - - [26/Jul/2026:07:09:29 +0200] "GET /?g=s0m2o0c1k4071869 HTTP/1.1" 200 83968 "-" "Mozilla/5.0 (Linux; Android 6.0.1; Nexus 5X Build/MMB29P) AppleWebKit/537.36 (KHTML, like Gecko) Chrome/150.0.7871.128 Mobile Safari/537.36 (compatible; Googlebot/2.1; +http://www.google.com/bot.html)"
66.249.70.107 - - [26/Jul/2026:07:09:29 +0200] "GET /?g=h0a3c7k9n5e6y4m1a2n81 HTTP/1.1" 200 81675 "-" "Mozilla/5.0 (Linux; Android 6.0.1; Nexus 5X Build/MMB29P) AppleWebKit/537.36 (KHTML, like Gecko) Chrome/150.0.7871.128 Mobile Safari/537.36 (compatible; Googlebot/2.1; +http://www.google.com/bot.html)"
66.249.76.234 - - [26/Jul/2026:07:09:28 +0200] "GET /?g=a0b3o1l4i8s0h3m4e6n2t6 HTTP/1.1" 200 80939 "-" "Mozilla/5.0 (Linux; Android 6.0.1; Nexus 5X Build/MMB29P) AppleWebKit/537.36 (KHTML, like Gecko) Chrome/150.0.7871.128 Mobile Safari/537.36 (compatible; Googlebot/2.1; +http://www.google.com/bot.html)"
66.249.70.99 - - [26/Jul/2026:07:09:30 +0200] "GET /?g=s3n1u0f8f0l6e0r9983 HTTP/1.1" 200 81502 "-" "Mozilla/5.0 (Linux; Android 6.0.1; Nexus 5X Build/MMB29P) AppleWebKit/537.36 (KHTML, like Gecko) Chrome/150.0.7871.128 Mobile Safari/537.36 (compatible; Googlebot/2.1; +http://www.google.com/bot.html)"
66.249.76.224 - - [26/Jul/2026:07:09:31 +0200] "GET /?g=o1l4d5e3n5l9a0n9d5ia HTTP/1.1" 200 81603 "-" "Mozilla/5.0 (Linux; Android 6.0.1; Nexus 5X Build/MMB29P) AppleWebKit/537.36 (KHTML, like Gecko) Chrome/150.0.7871.128 Mobile Safari/537.36 (compatible; Googlebot/2.1; +http://www.google.com/bot.html)"
66.249.76.231 - - [26/Jul/2026:07:09:31 +0200] "GET /?g=l0e1g5i0o9n5a7r4i2e7s3 HTTP/1.1" 200 81826 "-" "Mozilla/5.0 (Linux; Android 6.0.1; Nexus 5X Build/MMB29P) AppleWebKit/537.36 (KHTML, like Gecko) Chrome/150.0.7871.128 Mobile Safari/537.36 (compatible; Googlebot/2.1; +http://www.google.com/bot.html)"
66.249.70.99 - - [26/Jul/2026:07:09:31 +0200] "GET /?g=s3i8n1g0l9e46205 HTTP/1.1" 200 82678 "-" "Mozilla/5.0 (Linux; Android 6.0.1; Nexus 5X Build/MMB29P) AppleWebKit/537.36 (KHTML, like Gecko) Chrome/150.0.7871.128 Mobile Safari/537.36 (compatible; Googlebot/2.1; +http://www.google.com/bot.html)"
66.249.70.101 - - [26/Jul/2026:07:09:32 +0200] "GET /?g=a4b2s7o4l3v0e9d6482 HTTP/1.1" 200 82153 "-" "Mozilla/5.0 (Linux; Android 6.0.1; Nexus 5X Build/MMB29P) AppleWebKit/537.36 (KHTML, like Gecko) Chrome/150.0.7871.128 Mobile Safari/537.36 (compatible; Googlebot/2.1; +http://www.google.com/bot.html)"
216.73.216.104 - - [26/Jul/2026:07:09:33 +0200] "GET /?g=f9o3i1s6t8i7e4d5862 HTTP/1.1" 200 22590 "-" "Mozilla/5.0 AppleWebKit/537.36 (KHTML, like Gecko; compatible; ClaudeBot/1.0; +claudebot@anthropic.com)"
66.249.70.101 - - [26/Jul/2026:07:09:32 +0200] "GET /?g=p1e1r4t5u3r0b6a4t8i3v0e HTTP/1.1" 200 79769 "-" "Mozilla/5.0 (Linux; Android 6.0.1; Nexus 5X Build/MMB29P) AppleWebKit/537.36 (KHTML, like Gecko) Chrome/150.0.7871.128 Mobile Safari/537.36 (compatible; Googlebot/2.1; +http://www.google.com/bot.html)"
66.249.70.110 - - [26/Jul/2026:07:09:32 +0200] "GET /?g=g4a3s1t3r8o0d3i8s4c HTTP/1.1" 200 83177 "-" "Mozilla/5.0 (Linux; Android 6.0.1; Nexus 5X Build/MMB29P) AppleWebKit/537.36 (KHTML, like Gecko) Chrome/150.0.7871.128 Mobile Safari/537.36 (compatible; Googlebot/2.1; +http://www.google.com/bot.html)"
66.249.76.230 - - [26/Jul/2026:07:09:34 +0200] "GET /?g=o6b4s0o3l1e7t0u5s731 HTTP/1.1" 200 80629 "-" "Mozilla/5.0 (Linux; Android 6.0.1; Nexus 5X Build/MMB29P) AppleWebKit/537.36 (KHTML, like Gecko) Chrome/150.0.7871.128 Mobile Safari/537.36 (compatible; Googlebot/2.1; +http://www.google.com/bot.html)"
66.249.70.104 - - [26/Jul/2026:07:09:33 +0200] "GET /?g=s0i3g9a6u8l7t2i8a8n91 HTTP/1.1" 200 85029 "-" "Mozilla/5.0 (Linux; Android 6.0.1; Nexus 5X Build/MMB29P) AppleWebKit/537.36 (KHTML, like Gecko) Chrome/150.0.7871.128 Mobile Safari/537.36 (compatible; Googlebot/2.1; +http://www.google.com/bot.html)"
66.249.70.97 - - [26/Jul/2026:07:09:34 +0200] "GET /?g=e7m1p1e2r6e2s6s1270 HTTP/1.1" 200 82065 "-" "Mozilla/5.0 (Linux; Android 6.0.1; Nexus 5X Build/MMB29P) AppleWebKit/537.36 (KHTML, like Gecko) Chrome/150.0.7871.128 Mobile Safari/537.36 (compatible; Googlebot/2.1; +http://www.google.com/bot.html)"
66.249.76.225 - - [26/Jul/2026:07:09:34 +0200] "GET /?g=a8g5g7r6e8g1a4t8i0n8g HTTP/1.1" 200 81405 "-" "Mozilla/5.0 (Linux; Android 6.0.1; Nexus 5X Build/MMB29P) AppleWebKit/537.36 (KHTML, like Gecko) Chrome/150.0.7871.128 Mobile Safari/537.36 (compatible; Googlebot/2.1; +http://www.google.com/bot.html)"
66.249.70.110 - - [26/Jul/2026:07:09:36 +0200] "GET /?g=s8t3u6f7f3i1n2e7s8s38 HTTP/1.1" 200 80616 "-" "Mozilla/5.0 (Linux; Android 6.0.1; Nexus 5X Build/MMB29P) AppleWebKit/537.36 (KHTML, like Gecko) Chrome/150.0.7871.128 Mobile Safari/537.36 (compatible; Googlebot/2.1; +http://www.google.com/bot.html)"
66.249.70.101 - - [26/Jul/2026:07:09:35 +0200] "GET /?g=a9i1d8e0d138493 HTTP/1.1" 200 82118 "-" "Mozilla/5.0 (Linux; Android 6.0.1; Nexus 5X Build/MMB29P) AppleWebKit/537.36 (KHTML, like Gecko) Chrome/150.0.7871.128 Mobile Safari/537.36 (compatible; Googlebot/2.1; +http://www.google.com/bot.html)"
216.73.216.104 - - [26/Jul/2026:07:09:35 +0200] "GET /?g=t9e1s9t1i1c6u1l2a8t4e4 HTTP/1.1" 200 22593 "-" "Mozilla/5.0 AppleWebKit/537.36 (KHTML, like Gecko; compatible; ClaudeBot/1.0; +claudebot@anthropic.com)"
66.249.70.110 - - [26/Jul/2026:07:09:37 +0200] "GET /?g=n3o4p2a4l7r3i6e2s579 HTTP/1.1" 200 80620 "-" "Mozilla/5.0 (Linux; Android 6.0.1; Nexus 5X Build/MMB29P) AppleWebKit/537.36 (KHTML, like Gecko) Chrome/150.0.7871.128 Mobile Safari/537.36 (compatible; Googlebot/2.1; +http://www.google.com/bot.html)"
66.249.70.100 - - [26/Jul/2026:07:09:37 +0200] "GET /?g=a1n9t9i5m8e9r6e912 HTTP/1.1" 200 81683 "-" "Mozilla/5.0 (Linux; Android 6.0.1; Nexus 5X Build/MMB29P) AppleWebKit/537.36 (KHTML, like Gecko) Chrome/150.0.7871.128 Mobile Safari/537.36 (compatible; Googlebot/2.1; +http://www.google.com/bot.html)"
66.249.70.99 - - [26/Jul/2026:07:09:37 +0200] "GET /?geometrician/33949187867 HTTP/1.1" 200 82602 "-" "Mozilla/5.0 (Linux; Android 6.0.1; Nexus 5X Build/MMB29P) AppleWebKit/537.36 (KHTML, like Gecko) Chrome/150.0.7871.128 Mobile Safari/537.36 (compatible; Googlebot/2.1; +http://www.google.com/bot.html)"
66.249.70.102 - - [26/Jul/2026:07:09:38 +0200] "GET /?g=a3b2a3s8e2818969 HTTP/1.1" 200 81629 "-" "Mozilla/5.0 (Linux; Android 6.0.1; Nexus 5X Build/MMB29P) AppleWebKit/537.36 (KHTML, like Gecko) Chrome/150.0.7871.128 Mobile Safari/537.36 (compatible; Googlebot/2.1; +http://www.google.com/bot.html)"
216.73.216.104 - - [26/Jul/2026:07:09:38 +0200] "GET /shops/overshadowing/d9i7a4p6h5a7n9o9t4y3pe HTTP/1.1" 404 36596 "-" "Mozilla/5.0 AppleWebKit/537.36 (KHTML, like Gecko; compatible; ClaudeBot/1.0; +claudebot@anthropic.com)"
66.249.70.99 - - [26/Jul/2026:07:09:38 +0200] "GET /?g=e6r8i6s8t6a7l8i3s HTTP/1.1" 200 81543 "-" "Mozilla/5.0 (Linux; Android 6.0.1; Nexus 5X Build/MMB29P) AppleWebKit/537.36 (KHTML, like Gecko) Chrome/150.0.7871.128 Mobile Safari/537.36 (compatible; Googlebot/2.1; +http://www.google.com/bot.html)"
66.249.70.97 - - [26/Jul/2026:07:09:38 +0200] "GET /?recriminate/61257585404 HTTP/1.1" 200 81342 "-" "Mozilla/5.0 (Linux; Android 6.0.1; Nexus 5X Build/MMB29P) AppleWebKit/537.36 (KHTML, like Gecko) Chrome/150.0.7871.128 Mobile Safari/537.36 (compatible; Googlebot/2.1; +http://www.google.com/bot.html)"
66.249.70.103 - - [26/Jul/2026:07:09:39 +0200] "GET /?g=p7o6t3e4s3t2a2t1e10 HTTP/1.1" 200 83227 "-" "Mozilla/5.0 (Linux; Android 6.0.1; Nexus 5X Build/MMB29P) AppleWebKit/537.36 (KHTML, like Gecko) Chrome/150.0.7871.128 Mobile Safari/537.36 (compatible; Googlebot/2.1; +http://www.google.com/bot.html)"
66.249.70.109 - - [26/Jul/2026:07:09:40 +0200] "GET /?g=s3l1i1v4e8r1e6d0274 HTTP/1.1" 200 81696 "-" "Mozilla/5.0 (Linux; Android 6.0.1; Nexus 5X Build/MMB29P) AppleWebKit/537.36 (KHTML, like Gecko) Chrome/150.0.7871.128 Mobile Safari/537.36 (compatible; Googlebot/2.1; +http://www.google.com/bot.html)"
66.249.76.226 - - [26/Jul/2026:07:09:40 +0200] "GET /?succumbed/72567486958 HTTP/1.1" 200 81225 "-" "Mozilla/5.0 (Linux; Android 6.0.1; Nexus 5X Build/MMB29P) AppleWebKit/537.36 (KHTML, like Gecko) Chrome/150.0.7871.128 Mobile Safari/537.36 (compatible; Googlebot/2.1; +http://www.google.com/bot.html)"
66.249.76.226 - - [26/Jul/2026:07:09:40 +0200] "GET /?g=o2v2e3r9t1h3e5c0o7u5n6ter HTTP/1.1" 200 81428 "-" "Mozilla/5.0 (Linux; Android 6.0.1; Nexus 5X Build/MMB29P) AppleWebKit/537.36 (KHTML, like Gecko) Chrome/150.0.7871.128 Mobile Safari/537.36 (compatible; Googlebot/2.1; +http://www.google.com/bot.html)"
66.249.70.109 - - [26/Jul/2026:07:09:41 +0200] "GET /online/039-oreilles-Pendantes-Xenox-XS3513RN-Argent-Sterling-925-507227 HTTP/1.1" 200 100188 "-" "Mozilla/5.0 (Linux; Android 6.0.1; Nexus 5X Build/MMB29P) AppleWebKit/537.36 (KHTML, like Gecko) Chrome/150.0.7871.128 Mobile Safari/537.36 (compatible; Googlebot/2.1; +http://www.google.com/bot.html)"
216.73.216.104 - - [26/Jul/2026:07:09:41 +0200] "GET /shops/synalepha/s9u4n6r9o6o5f090 HTTP/1.1" 404 36596 "-" "Mozilla/5.0 AppleWebKit/537.36 (KHTML, like Gecko; compatible; ClaudeBot/1.0; +claudebot@anthropic.com)"
66.249.70.99 - - [26/Jul/2026:07:09:41 +0200] "GET /online/TOPModel-10-Feuilles-Lettres-Enveloppes-Autocollants-1010193 HTTP/1.1" 200 100342 "-" "Mozilla/5.0 (Linux; Android 6.0.1; Nexus 5X Build/MMB29P) AppleWebKit/537.36 (KHTML, like Gecko) Chrome/150.0.7871.128 Mobile Safari/537.36 (compatible; Googlebot/2.1; +http://www.google.com/bot.html)"
66.249.76.230 - - [26/Jul/2026:07:09:42 +0200] "GET /online/Droite-Boule-50-Mm-Canal-75-Mm-Capacit-3500-Lbs-1242345 HTTP/1.1" 200 100465 "-" "Mozilla/5.0 (Linux; Android 6.0.1; Nexus 5X Build/MMB29P) AppleWebKit/537.36 (KHTML, like Gecko) Chrome/150.0.7871.128 Mobile Safari/537.36 (compatible; Googlebot/2.1; +http://www.google.com/bot.html)"
66.249.70.102 - - [26/Jul/2026:07:09:41 +0200] "GET /?g=t8u2r0n7i5n4g9n4e2s2s3 HTTP/1.1" 200 80990 "-" "Mozilla/5.0 (Linux; Android 6.0.1; Nexus 5X Build/MMB29P) AppleWebKit/537.36 (KHTML, like Gecko) Chrome/150.0.7871.128 Mobile Safari/537.36 (compatible; Googlebot/2.1; +http://www.google.com/bot.html)"
66.249.70.110 - - [26/Jul/2026:07:09:43 +0200] "GET /?g=l3o1a0t2h2e788621 HTTP/1.1" 200 81292 "-" "Mozilla/5.0 (Linux; Android 6.0.1; Nexus 5X Build/MMB29P) AppleWebKit/537.36 (KHTML, like Gecko) Chrome/150.0.7871.128 Mobile Safari/537.36 (compatible; Googlebot/2.1; +http://www.google.com/bot.html)"
66.249.70.109 - - [26/Jul/2026:07:09:43 +0200] "GET /online/Baro-Homme-Technologie-Dry-Plus-Poches-Zipp-es-585215 HTTP/1.1" 200 100635 "-" "Mozilla/5.0 (Linux; Android 6.0.1; Nexus 5X Build/MMB29P) AppleWebKit/537.36 (KHTML, like Gecko) Chrome/150.0.7871.128 Mobile Safari/537.36 (compatible; Googlebot/2.1; +http://www.google.com/bot.html)"
66.249.76.224 - - [26/Jul/2026:07:09:43 +0200] "GET /?religionize/82768012027 HTTP/1.1" 200 82752 "-" "Mozilla/5.0 (Linux; Android 6.0.1; Nexus 5X Build/MMB29P) AppleWebKit/537.36 (KHTML, like Gecko) Chrome/150.0.7871.128 Mobile Safari/537.36 (compatible; Googlebot/2.1; +http://www.google.com/bot.html)"
66.249.76.237 - - [26/Jul/2026:07:09:43 +0200] "GET /?g=l3o3w2d3o2w8n5233 HTTP/1.1" 200 81772 "-" "Mozilla/5.0 (Linux; Android 6.0.1; Nexus 5X Build/MMB29P) AppleWebKit/537.36 (KHTML, like Gecko) Chrome/150.0.7871.128 Mobile Safari/537.36 (compatible; Googlebot/2.1; +http://www.google.com/bot.html)"
216.73.216.104 - - [26/Jul/2026:07:09:44 +0200] "GET /shops/theophany/u9n2k5i2s2s521116 HTTP/1.1" 404 36596 "-" "Mozilla/5.0 AppleWebKit/537.36 (KHTML, like Gecko; compatible; ClaudeBot/1.0; +claudebot@anthropic.com)"
66.249.70.105 - - [26/Jul/2026:07:09:45 +0200] "GET /?canuck/4355573776 HTTP/1.1" 200 82755 "-" "Mozilla/5.0 (Linux; Android 6.0.1; Nexus 5X Build/MMB29P) AppleWebKit/537.36 (KHTML, like Gecko) Chrome/150.0.7871.128 Mobile Safari/537.36 (compatible; Googlebot/2.1; +http://www.google.com/bot.html)"
66.249.76.227 - - [26/Jul/2026:07:09:45 +0200] "GET /?negaprion/01471653055 HTTP/1.1" 200 82056 "-" "Mozilla/5.0 (Linux; Android 6.0.1; Nexus 5X Build/MMB29P) AppleWebKit/537.36 (KHTML, like Gecko) Chrome/150.0.7871.128 Mobile Safari/537.36 (compatible; Googlebot/2.1; +http://www.google.com/bot.html)"
66.249.76.227 - - [26/Jul/2026:07:09:45 +0200] "GET /?g=h4e9m2o5l3y5s9i8s82 HTTP/1.1" 200 81476 "-" "Mozilla/5.0 (Linux; Android 6.0.1; Nexus 5X Build/MMB29P) AppleWebKit/537.36 (KHTML, like Gecko) Chrome/150.0.7871.128 Mobile Safari/537.36 (compatible; Googlebot/2.1; +http://www.google.com/bot.html)"
66.249.76.236 - - [26/Jul/2026:07:09:45 +0200] "GET /?g=r5e1f4i8t8m0e4n7t508 HTTP/1.1" 200 81738 "-" "Mozilla/5.0 (Linux; Android 6.0.1; Nexus 5X Build/MMB29P) AppleWebKit/537.36 (KHTML, like Gecko) Chrome/150.0.7871.128 Mobile Safari/537.36 (compatible; Googlebot/2.1; +http://www.google.com/bot.html)"
66.249.70.101 - - [26/Jul/2026:07:09:46 +0200] "GET /?g=o4n3o8m1a1n2c8y0853 HTTP/1.1" 200 81876 "-" "Mozilla/5.0 (Linux; Android 6.0.1; Nexus 5X Build/MMB29P) AppleWebKit/537.36 (KHTML, like Gecko) Chrome/150.0.7871.128 Mobile Safari/537.36 (compatible; Googlebot/2.1; +http://www.google.com/bot.html)"
216.73.216.104 - - [26/Jul/2026:07:09:47 +0200] "GET /shops/discovert/p9a1r1a5p2h1i2m9o3s2i4s HTTP/1.1" 404 36596 "-" "Mozilla/5.0 AppleWebKit/537.36 (KHTML, like Gecko; compatible; ClaudeBot/1.0; +claudebot@anthropic.com)"
66.249.76.225 - - [26/Jul/2026:07:09:47 +0200] "GET /?g=e4a4t0i0n1g612820 HTTP/1.1" 200 81277 "-" "Mozilla/5.0 (Linux; Android 6.0.1; Nexus 5X Build/MMB29P) AppleWebKit/537.36 (KHTML, like Gecko) Chrome/150.0.7871.128 Mobile Safari/537.36 (compatible; Googlebot/2.1; +http://www.google.com/bot.html)"
66.249.70.97 - - [26/Jul/2026:07:09:47 +0200] "GET /?g=s7t3r0a9n6g8u2l8a9t0i1on HTTP/1.1" 200 82766 "-" "Mozilla/5.0 (Linux; Android 6.0.1; Nexus 5X Build/MMB29P) AppleWebKit/537.36 (KHTML, like Gecko) Chrome/150.0.7871.128 Mobile Safari/537.36 (compatible; Googlebot/2.1; +http://www.google.com/bot.html)"
66.249.70.102 - - [26/Jul/2026:07:09:47 +0200] "GET /?securifera/23655290638 HTTP/1.1" 200 81877 "-" "Mozilla/5.0 (Linux; Android 6.0.1; Nexus 5X Build/MMB29P) AppleWebKit/537.36 (KHTML, like Gecko) Chrome/150.0.7871.128 Mobile Safari/537.36 (compatible; Googlebot/2.1; +http://www.google.com/bot.html)"
66.249.70.101 - - [26/Jul/2026:07:09:48 +0200] "GET /?g=d5r2o2u9t2h395924 HTTP/1.1" 200 84188 "-" "Mozilla/5.0 (Linux; Android 6.0.1; Nexus 5X Build/MMB29P) AppleWebKit/537.36 (KHTML, like Gecko) Chrome/150.0.7871.128 Mobile Safari/537.36 (compatible; Googlebot/2.1; +http://www.google.com/bot.html)"
66.249.76.230 - - [26/Jul/2026:07:09:48 +0200] "GET /?g=b3i4t0t7e4r770521 HTTP/1.1" 200 80766 "-" "Mozilla/5.0 (Linux; Android 6.0.1; Nexus 5X Build/MMB29P) AppleWebKit/537.36 (KHTML, like Gecko) Chrome/150.0.7871.128 Mobile Safari/537.36 (compatible; Googlebot/2.1; +http://www.google.com/bot.html)"
66.249.70.108 - - [26/Jul/2026:07:09:49 +0200] "GET /?g=c0h1e4r6i5m6o8y8e6r29 HTTP/1.1" 200 82311 "-" "Mozilla/5.0 (Linux; Android 6.0.1; Nexus 5X Build/MMB29P) AppleWebKit/537.36 (KHTML, like Gecko) Chrome/150.0.7871.128 Mobile Safari/537.36 (compatible; Googlebot/2.1; +http://www.google.com/bot.html)"
66.249.76.227 - - [26/Jul/2026:07:09:49 +0200] "GET /?g=o0r4t1a4l2i8s11517 HTTP/1.1" 200 81970 "-" "Mozilla/5.0 (Linux; Android 6.0.1; Nexus 5X Build/MMB29P) AppleWebKit/537.36 (KHTML, like Gecko) Chrome/150.0.7871.128 Mobile Safari/537.36 (compatible; Googlebot/2.1; +http://www.google.com/bot.html)"
216.73.216.104 - - [26/Jul/2026:07:09:50 +0200] "GET /?g=d9o3g1r8o9s8e04667 HTTP/1.1" 200 22592 "-" "Mozilla/5.0 AppleWebKit/537.36 (KHTML, like Gecko; compatible; ClaudeBot/1.0; +claudebot@anthropic.com)"
66.249.76.225 - - [26/Jul/2026:07:09:50 +0200] "GET /?arcane/73433939188 HTTP/1.1" 200 84336 "-" "Mozilla/5.0 (Linux; Android 6.0.1; Nexus 5X Build/MMB29P) AppleWebKit/537.36 (KHTML, like Gecko) Chrome/150.0.7871.128 Mobile Safari/537.36 (compatible; Googlebot/2.1; +http://www.google.com/bot.html)"
66.249.70.100 - - [26/Jul/2026:07:09:50 +0200] "GET /online/Jean-Droit-Femme-Cross-Rose-Taille-Haute-Coupe-Droite-98-529774 HTTP/1.1" 200 100935 "-" "Mozilla/5.0 (Linux; Android 6.0.1; Nexus 5X Build/MMB29P) AppleWebKit/537.36 (KHTML, like Gecko) Chrome/150.0.7871.128 Mobile Safari/537.36 (compatible; Googlebot/2.1; +http://www.google.com/bot.html)"
66.249.70.99 - - [26/Jul/2026:07:09:51 +0200] "GET /?g=v4a1n7i6l1o0q1u4e5n1c5e HTTP/1.1" 200 81242 "-" "Mozilla/5.0 (Linux; Android 6.0.1; Nexus 5X Build/MMB29P) AppleWebKit/537.36 (KHTML, like Gecko) Chrome/150.0.7871.128 Mobile Safari/537.36 (compatible; Googlebot/2.1; +http://www.google.com/bot.html)"
66.249.76.224 - - [26/Jul/2026:07:09:51 +0200] "GET /?g=e3q1u5a3t7e0d08076 HTTP/1.1" 200 82174 "-" "Mozilla/5.0 (Linux; Android 6.0.1; Nexus 5X Build/MMB29P) AppleWebKit/537.36 (KHTML, like Gecko) Chrome/150.0.7871.128 Mobile Safari/537.36 (compatible; Googlebot/2.1; +http://www.google.com/bot.html)"
66.249.70.108 - - [26/Jul/2026:07:09:52 +0200] "GET /online/Bricolage-P-ques-264-Pi-ces-En-Bois-pendentifs-Cordes-1213093 HTTP/1.1" 200 100390 "-" "Mozilla/5.0 (Linux; Android 6.0.1; Nexus 5X Build/MMB29P) AppleWebKit/537.36 (KHTML, like Gecko) Chrome/150.0.7871.128 Mobile Safari/537.36 (compatible; Googlebot/2.1; +http://www.google.com/bot.html)"
66.249.70.103 - - [26/Jul/2026:07:09:52 +0200] "GET /?g=p8a1r2a6d7o7x4i2c3a6l6ly HTTP/1.1" 200 81645 "-" "Mozilla/5.0 (Linux; Android 6.0.1; Nexus 5X Build/MMB29P) AppleWebKit/537.36 (KHTML, like Gecko) Chrome/150.0.7871.128 Mobile Safari/537.36 (compatible; Googlebot/2.1; +http://www.google.com/bot.html)"
66.249.70.98 - - [26/Jul/2026:07:09:53 +0200] "GET /?g=e4x2p1r3e6s4s4i2v8e42 HTTP/1.1" 200 80826 "-" "Mozilla/5.0 (Linux; Android 6.0.1; Nexus 5X Build/MMB29P) AppleWebKit/537.36 (KHTML, like Gecko) Chrome/150.0.7871.128 Mobile Safari/537.36 (compatible; Googlebot/2.1; +http://www.google.com/bot.html)"
216.73.216.104 - - [26/Jul/2026:07:09:53 +0200] "GET /?g=s9c3l4e2r0o3d9e4r3m4i8c HTTP/1.1" 200 22595 "-" "Mozilla/5.0 AppleWebKit/537.36 (KHTML, like Gecko; compatible; ClaudeBot/1.0; +claudebot@anthropic.com)"
66.249.70.106 - - [26/Jul/2026:07:09:53 +0200] "GET /?g=t2i3t5i0l6l4a8t7e3d80 HTTP/1.1" 200 81925 "-" "Mozilla/5.0 (Linux; Android 6.0.1; Nexus 5X Build/MMB29P) AppleWebKit/537.36 (KHTML, like Gecko) Chrome/150.0.7871.128 Mobile Safari/537.36 (compatible; Googlebot/2.1; +http://www.google.com/bot.html)"
66.249.76.229 - - [26/Jul/2026:07:09:54 +0200] "GET /?g=h9y2p8e1r0i9c1u2m854 HTTP/1.1" 200 81823 "-" "Mozilla/5.0 (Linux; Android 6.0.1; Nexus 5X Build/MMB29P) AppleWebKit/537.36 (KHTML, like Gecko) Chrome/150.0.7871.128 Mobile Safari/537.36 (compatible; Googlebot/2.1; +http://www.google.com/bot.html)"
66.249.70.109 - - [26/Jul/2026:07:09:54 +0200] "GET /?g=b7r4a0n6c0h3i1f6e9r7o9us HTTP/1.1" 200 82327 "-" "Mozilla/5.0 (Linux; Android 6.0.1; Nexus 5X Build/MMB29P) AppleWebKit/537.36 (KHTML, like Gecko) Chrome/150.0.7871.128 Mobile Safari/537.36 (compatible; Googlebot/2.1; +http://www.google.com/bot.html)"
66.249.70.97 - - [26/Jul/2026:07:09:54 +0200] "GET /online/Rebelle-Dangereuse-FIESTAS-GUIRCA-Taille-7-9-Ans-125-135-Cm-471308 HTTP/1.1" 200 100273 "-" "Mozilla/5.0 (Linux; Android 6.0.1; Nexus 5X Build/MMB29P) AppleWebKit/537.36 (KHTML, like Gecko) Chrome/150.0.7871.128 Mobile Safari/537.36 (compatible; Googlebot/2.1; +http://www.google.com/bot.html)"
66.249.76.226 - - [26/Jul/2026:07:09:55 +0200] "GET /online/West-Coast-Choppers-OG-Classic-Homme-Logo-Iron-Cross-Coupe-732375 HTTP/1.1" 200 100034 "-" "Mozilla/5.0 (Linux; Android 6.0.1; Nexus 5X Build/MMB29P) AppleWebKit/537.36 (KHTML, like Gecko) Chrome/150.0.7871.128 Mobile Safari/537.36 (compatible; Googlebot/2.1; +http://www.google.com/bot.html)"
66.249.70.109 - - [26/Jul/2026:07:09:55 +0200] "GET /?g=o1s2t4e8o8p0a7t4h7y93 HTTP/1.1" 200 80340 "-" "Mozilla/5.0 (Linux; Android 6.0.1; Nexus 5X Build/MMB29P) AppleWebKit/537.36 (KHTML, like Gecko) Chrome/150.0.7871.128 Mobile Safari/537.36 (compatible; Googlebot/2.1; +http://www.google.com/bot.html)"
66.249.70.104 - - [26/Jul/2026:07:09:56 +0200] "GET /?g=a5m2p4h4i6l2o5g9i9s2m7 HTTP/1.1" 200 81836 "-" "Mozilla/5.0 (Linux; Android 6.0.1; Nexus 5X Build/MMB29P) AppleWebKit/537.36 (KHTML, like Gecko) Chrome/150.0.7871.128 Mobile Safari/537.36 (compatible; Googlebot/2.1; +http://www.google.com/bot.html)"
66.249.70.96 - - [26/Jul/2026:07:09:56 +0200] "GET /?g=s2i1r1m3a3r3k06814 HTTP/1.1" 200 81227 "-" "Mozilla/5.0 (Linux; Android 6.0.1; Nexus 5X Build/MMB29P) AppleWebKit/537.36 (KHTML, like Gecko) Chrome/150.0.7871.128 Mobile Safari/537.36 (compatible; Googlebot/2.1; +http://www.google.com/bot.html)"
216.73.216.104 - - [26/Jul/2026:07:09:56 +0200] "GET /?g=a9d1a8m3a6n1t6e0u7s80 HTTP/1.1" 200 22591 "-" "Mozilla/5.0 AppleWebKit/537.36 (KHTML, like Gecko; compatible; ClaudeBot/1.0; +claudebot@anthropic.com)"
66.249.70.103 - - [26/Jul/2026:07:09:57 +0200] "GET /?g=s5h1r4o6v9e1t0i2d7e8 HTTP/1.1" 200 80691 "-" "Mozilla/5.0 (Linux; Android 6.0.1; Nexus 5X Build/MMB29P) AppleWebKit/537.36 (KHTML, like Gecko) Chrome/150.0.7871.128 Mobile Safari/537.36 (compatible; Googlebot/2.1; +http://www.google.com/bot.html)"
66.249.76.232 - - [26/Jul/2026:07:09:57 +0200] "GET /?g=b2r1e4a6k6i1n9396 HTTP/1.1" 200 81720 "-" "Mozilla/5.0 (Linux; Android 6.0.1; Nexus 5X Build/MMB29P) AppleWebKit/537.36 (KHTML, like Gecko) Chrome/150.0.7871.128 Mobile Safari/537.36 (compatible; Googlebot/2.1; +http://www.google.com/bot.html)"
66.249.76.224 - - [26/Jul/2026:07:09:58 +0200] "GET /online/Elho-Corsica-Vert-Citron-25-Cm-De-Diam-tre-En-Plastique-484849 HTTP/1.1" 200 100584 "-" "Mozilla/5.0 (Linux; Android 6.0.1; Nexus 5X Build/MMB29P) AppleWebKit/537.36 (KHTML, like Gecko) Chrome/150.0.7871.128 Mobile Safari/537.36 (compatible; Googlebot/2.1; +http://www.google.com/bot.html)"
66.249.70.99 - - [26/Jul/2026:07:09:59 +0200] "GET /?g=s5t1r9a3i2n3a3b5l6e06 HTTP/1.1" 200 82024 "-" "Mozilla/5.0 (Linux; Android 6.0.1; Nexus 5X Build/MMB29P) AppleWebKit/537.36 (KHTML, like Gecko) Chrome/150.0.7871.128 Mobile Safari/537.36 (compatible; Googlebot/2.1; +http://www.google.com/bot.html)"
66.249.70.100 - - [26/Jul/2026:07:09:58 +0200] "GET /?g=i3m1b3i5b4i8n2g336 HTTP/1.1" 200 80083 "-" "Mozilla/5.0 (Linux; Android 6.0.1; Nexus 5X Build/MMB29P) AppleWebKit/537.36 (KHTML, like Gecko) Chrome/150.0.7871.128 Mobile Safari/537.36 (compatible; Googlebot/2.1; +http://www.google.com/bot.html)"
66.249.76.226 - - [26/Jul/2026:07:09:59 +0200] "GET /?g=b6a2b5b5i7t1i6n0g462 HTTP/1.1" 200 82270 "-" "Mozilla/5.0 (Linux; Android 6.0.1; Nexus 5X Build/MMB29P) AppleWebKit/537.36 (KHTML, like Gecko) Chrome/150.0.7871.128 Mobile Safari/537.36 (compatible; Googlebot/2.1; +http://www.google.com/bot.html)"
216.73.216.104 - - [26/Jul/2026:07:10:00 +0200] "GET /?g=s9y1d5e6r2o1l2i7t8e09 HTTP/1.1" 200 22593 "-" "Mozilla/5.0 AppleWebKit/537.36 (KHTML, like Gecko; compatible; ClaudeBot/1.0; +claudebot@anthropic.com)"
66.249.70.99 - - [26/Jul/2026:07:10:00 +0200] "GET /?g=w4r2e6s4t3e3r56305 HTTP/1.1" 200 81108 "-" "Mozilla/5.0 (Linux; Android 6.0.1; Nexus 5X Build/MMB29P) AppleWebKit/537.36 (KHTML, like Gecko) Chrome/150.0.7871.128 Mobile Safari/537.36 (compatible; Googlebot/2.1; +http://www.google.com/bot.html)"
66.249.76.237 - - [26/Jul/2026:07:10:00 +0200] "GET /?pisolitic/22251984698 HTTP/1.1" 200 81002 "-" "Mozilla/5.0 (Linux; Android 6.0.1; Nexus 5X Build/MMB29P) AppleWebKit/537.36 (KHTML, like Gecko) Chrome/150.0.7871.128 Mobile Safari/537.36 (compatible; Googlebot/2.1; +http://www.google.com/bot.html)"
66.249.70.105 - - [26/Jul/2026:07:10:00 +0200] "GET /?g=s3o4l2u7t2i6v0e6163 HTTP/1.1" 200 82271 "-" "Mozilla/5.0 (Linux; Android 6.0.1; Nexus 5X Build/MMB29P) AppleWebKit/537.36 (KHTML, like Gecko) Chrome/150.0.7871.128 Mobile Safari/537.36 (compatible; Googlebot/2.1; +http://www.google.com/bot.html)"
66.249.70.103 - - [26/Jul/2026:07:10:02 +0200] "GET /online/Rectangulaire-Oxford-Bleu-Aqua-22x7x4-Cm-lastique-De-433489 HTTP/1.1" 200 100569 "-" "Mozilla/5.0 (Linux; Android 6.0.1; Nexus 5X Build/MMB29P) AppleWebKit/537.36 (KHTML, like Gecko) Chrome/150.0.7871.128 Mobile Safari/537.36 (compatible; Googlebot/2.1; +http://www.google.com/bot.html)"
66.249.76.229 - - [26/Jul/2026:07:10:01 +0200] "GET /?g=a4u9d4i6t9i8o0n325 HTTP/1.1" 200 80824 "-" "Mozilla/5.0 (Linux; Android 6.0.1; Nexus 5X Build/MMB29P) AppleWebKit/537.36 (KHTML, like Gecko) Chrome/150.0.7871.128 Mobile Safari/537.36 (compatible; Googlebot/2.1; +http://www.google.com/bot.html)"
66.249.70.106 - - [26/Jul/2026:07:10:02 +0200] "GET /?g=h6e4a1r2t1h3r7u4g228 HTTP/1.1" 200 82318 "-" "Mozilla/5.0 (Linux; Android 6.0.1; Nexus 5X Build/MMB29P) AppleWebKit/537.36 (KHTML, like Gecko) Chrome/150.0.7871.128 Mobile Safari/537.36 (compatible; Googlebot/2.1; +http://www.google.com/bot.html)"
66.249.70.102 - - [26/Jul/2026:07:10:02 +0200] "GET /?g=s0p3e9e4d6e3r51481 HTTP/1.1" 200 81074 "-" "Mozilla/5.0 (Linux; Android 6.0.1; Nexus 5X Build/MMB29P) AppleWebKit/537.36 (KHTML, like Gecko) Chrome/150.0.7871.128 Mobile Safari/537.36 (compatible; Googlebot/2.1; +http://www.google.com/bot.html)"
216.73.216.104 - - [26/Jul/2026:07:10:03 +0200] "GET /?g=l9i2m5b1e0r9n6e6s9s33 HTTP/1.1" 200 22592 "-" "Mozilla/5.0 AppleWebKit/537.36 (KHTML, like Gecko; compatible; ClaudeBot/1.0; +claudebot@anthropic.com)"
66.249.76.227 - - [26/Jul/2026:07:10:03 +0200] "GET /?g=b1e1r9g2h1646158 HTTP/1.1" 200 81007 "-" "Mozilla/5.0 (Linux; Android 6.0.1; Nexus 5X Build/MMB29P) AppleWebKit/537.36 (KHTML, like Gecko) Chrome/150.0.7871.128 Mobile Safari/537.36 (compatible; Googlebot/2.1; +http://www.google.com/bot.html)"
66.249.70.96 - - [26/Jul/2026:07:10:03 +0200] "GET /?g=s5a1f1e1t0y905289 HTTP/1.1" 200 81717 "-" "Mozilla/5.0 (Linux; Android 6.0.1; Nexus 5X Build/MMB29P) AppleWebKit/537.36 (KHTML, like Gecko) Chrome/150.0.7871.128 Mobile Safari/537.36 (compatible; Googlebot/2.1; +http://www.google.com/bot.html)"
66.249.70.101 - - [26/Jul/2026:07:10:04 +0200] "GET /?g=n5o2t2t7h8e2a0d1e0d61 HTTP/1.1" 200 82871 "-" "Mozilla/5.0 (Linux; Android 6.0.1; Nexus 5X Build/MMB29P) AppleWebKit/537.36 (KHTML, like Gecko) Chrome/150.0.7871.128 Mobile Safari/537.36 (compatible; Googlebot/2.1; +http://www.google.com/bot.html)"
66.249.76.227 - - [26/Jul/2026:07:10:05 +0200] "GET /?g=c6o1n3v2o6y655340 HTTP/1.1" 200 80293 "-" "Mozilla/5.0 (Linux; Android 6.0.1; Nexus 5X Build/MMB29P) AppleWebKit/537.36 (KHTML, like Gecko) Chrome/150.0.7871.128 Mobile Safari/537.36 (compatible; Googlebot/2.1; +http://www.google.com/bot.html)"
66.249.70.107 - - [26/Jul/2026:07:10:04 +0200] "GET /online/eau-Sur-Toile-Mosqu-e-Islandburner-170x80-Cm-5-Pi-ces-876679 HTTP/1.1" 200 100248 "-" "Mozilla/5.0 (Linux; Android 6.0.1; Nexus 5X Build/MMB29P) AppleWebKit/537.36 (KHTML, like Gecko) Chrome/150.0.7871.128 Mobile Safari/537.36 (compatible; Googlebot/2.1; +http://www.google.com/bot.html)"
66.249.70.99 - - [26/Jul/2026:07:10:05 +0200] "GET /?g=e3q1u2i2n8u9m1e3r4a9n5t HTTP/1.1" 200 82812 "-" "Mozilla/5.0 (Linux; Android 6.0.1; Nexus 5X Build/MMB29P) AppleWebKit/537.36 (KHTML, like Gecko) Chrome/150.0.7871.128 Mobile Safari/537.36 (compatible; Googlebot/2.1; +http://www.google.com/bot.html)"
66.249.76.236 - - [26/Jul/2026:07:10:06 +0200] "GET /?g=r3e1p8r3o2v2e5d1093 HTTP/1.1" 200 83203 "-" "Mozilla/5.0 (Linux; Android 6.0.1; Nexus 5X Build/MMB29P) AppleWebKit/537.36 (KHTML, like Gecko) Chrome/150.0.7871.128 Mobile Safari/537.36 (compatible; Googlebot/2.1; +http://www.google.com/bot.html)"
216.73.216.104 - - [26/Jul/2026:07:10:06 +0200] "GET /?g=i9m1p9e9n7t470664 HTTP/1.1" 200 22592 "-" "Mozilla/5.0 AppleWebKit/537.36 (KHTML, like Gecko; compatible; ClaudeBot/1.0; +claudebot@anthropic.com)"
66.249.70.99 - - [26/Jul/2026:07:10:06 +0200] "GET /?g=i6n2d2e4x1i9n1g7270 HTTP/1.1" 200 80886 "-" "Mozilla/5.0 (Linux; Android 6.0.1; Nexus 5X Build/MMB29P) AppleWebKit/537.36 (KHTML, like Gecko) Chrome/150.0.7871.128 Mobile Safari/537.36 (compatible; Googlebot/2.1; +http://www.google.com/bot.html)"
66.249.70.103 - - [26/Jul/2026:07:10:07 +0200] "GET /?kernish/41830729396 HTTP/1.1" 200 80671 "-" "Mozilla/5.0 (Linux; Android 6.0.1; Nexus 5X Build/MMB29P) AppleWebKit/537.36 (KHTML, like Gecko) Chrome/150.0.7871.128 Mobile Safari/537.36 (compatible; Googlebot/2.1; +http://www.google.com/bot.html)"
66.249.76.236 - - [26/Jul/2026:07:10:08 +0200] "GET /online/Fils-Et-Sa-Fianc-e-Fait-Main-Paillettes-Strass-16x16-Cm-421794 HTTP/1.1" 200 100177 "-" "Mozilla/5.0 (Linux; Android 6.0.1; Nexus 5X Build/MMB29P) AppleWebKit/537.36 (KHTML, like Gecko) Chrome/150.0.7871.128 Mobile Safari/537.36 (compatible; Googlebot/2.1; +http://www.google.com/bot.html)"
66.249.70.107 - - [26/Jul/2026:07:10:07 +0200] "GET /?g=e8x2u1v8i1a7t6e8971 HTTP/1.1" 200 85257 "-" "Mozilla/5.0 (Linux; Android 6.0.1; Nexus 5X Build/MMB29P) AppleWebKit/537.36 (KHTML, like Gecko) Chrome/150.0.7871.128 Mobile Safari/537.36 (compatible; Googlebot/2.1; +http://www.google.com/bot.html)"
66.249.70.107 - - [26/Jul/2026:07:10:08 +0200] "GET /?g=b5e3m1a7d3350848 HTTP/1.1" 200 85655 "-" "Mozilla/5.0 (Linux; Android 6.0.1; Nexus 5X Build/MMB29P) AppleWebKit/537.36 (KHTML, like Gecko) Chrome/150.0.7871.128 Mobile Safari/537.36 (compatible; Googlebot/2.1; +http://www.google.com/bot.html)"
66.249.76.235 - - [26/Jul/2026:07:10:09 +0200] "GET /?g=c0o3r6n3a0g4e74724 HTTP/1.1" 200 81838 "-" "Mozilla/5.0 (Linux; Android 6.0.1; Nexus 5X Build/MMB29P) AppleWebKit/537.36 (KHTML, like Gecko) Chrome/150.0.7871.128 Mobile Safari/537.36 (compatible; Googlebot/2.1; +http://www.google.com/bot.html)"
216.73.216.104 - - [26/Jul/2026:07:10:09 +0200] "GET /?g=l9e3a9n8n8e9s0s6355 HTTP/1.1" 200 22594 "-" "Mozilla/5.0 AppleWebKit/537.36 (KHTML, like Gecko; compatible; ClaudeBot/1.0; +claudebot@anthropic.com)"
66.249.70.108 - - [26/Jul/2026:07:10:09 +0200] "GET /?g=d8r1u2g0s9t5o3r6e360 HTTP/1.1" 200 82340 "-" "Mozilla/5.0 (Linux; Android 6.0.1; Nexus 5X Build/MMB29P) AppleWebKit/537.36 (KHTML, like Gecko) Chrome/150.0.7871.128 Mobile Safari/537.36 (compatible; Googlebot/2.1; +http://www.google.com/bot.html)"
66.249.76.229 - - [26/Jul/2026:07:10:10 +0200] "GET /?g=d0e1b3a8t0e1f5u3l127 HTTP/1.1" 200 83909 "-" "Mozilla/5.0 (Linux; Android 6.0.1; Nexus 5X Build/MMB29P) AppleWebKit/537.36 (KHTML, like Gecko) Chrome/150.0.7871.128 Mobile Safari/537.36 (compatible; Googlebot/2.1; +http://www.google.com/bot.html)"
66.249.76.230 - - [26/Jul/2026:07:10:10 +0200] "GET /?g=b7r3a3t6t9i5c0e8452 HTTP/1.1" 200 84972 "-" "Mozilla/5.0 (Linux; Android 6.0.1; Nexus 5X Build/MMB29P) AppleWebKit/537.36 (KHTML, like Gecko) Chrome/150.0.7871.128 Mobile Safari/537.36 (compatible; Googlebot/2.1; +http://www.google.com/bot.html)"
66.249.76.235 - - [26/Jul/2026:07:10:10 +0200] "GET /?g=a5r3t8i3f8i1c6i4a5l3ity HTTP/1.1" 200 83090 "-" "Mozilla/5.0 (Linux; Android 6.0.1; Nexus 5X Build/MMB29P) AppleWebKit/537.36 (KHTML, like Gecko) Chrome/150.0.7871.128 Mobile Safari/537.36 (compatible; Googlebot/2.1; +http://www.google.com/bot.html)"
66.249.70.99 - - [26/Jul/2026:07:10:11 +0200] "GET /?g=e5q1u5a2l0i5s5e1d401 HTTP/1.1" 200 83168 "-" "Mozilla/5.0 (Linux; Android 6.0.1; Nexus 5X Build/MMB29P) AppleWebKit/537.36 (KHTML, like Gecko) Chrome/150.0.7871.128 Mobile Safari/537.36 (compatible; Googlebot/2.1; +http://www.google.com/bot.html)"
66.249.76.229 - - [26/Jul/2026:07:10:11 +0200] "GET /?g=m3a3p0l3e9l0e8a8f688 HTTP/1.1" 200 81629 "-" "Mozilla/5.0 (Linux; Android 6.0.1; Nexus 5X Build/MMB29P) AppleWebKit/537.36 (KHTML, like Gecko) Chrome/150.0.7871.128 Mobile Safari/537.36 (compatible; Googlebot/2.1; +http://www.google.com/bot.html)"
66.249.76.236 - - [26/Jul/2026:07:10:12 +0200] "GET /?g=b7h3i7s7t6i247730 HTTP/1.1" 200 85570 "-" "Mozilla/5.0 (Linux; Android 6.0.1; Nexus 5X Build/MMB29P) AppleWebKit/537.36 (KHTML, like Gecko) Chrome/150.0.7871.128 Mobile Safari/537.36 (compatible; Googlebot/2.1; +http://www.google.com/bot.html)"
216.73.216.104 - - [26/Jul/2026:07:10:12 +0200] "GET /?g=a9b3s4e7n5t9a4n9e0o2u9s HTTP/1.1" 200 22598 "-" "Mozilla/5.0 AppleWebKit/537.36 (KHTML, like Gecko; compatible; ClaudeBot/1.0; +claudebot@anthropic.com)"
66.249.76.226 - - [26/Jul/2026:07:10:13 +0200] "GET /?g=d0e1c7a4g2o5n9859 HTTP/1.1" 200 83707 "-" "Mozilla/5.0 (Linux; Android 6.0.1; Nexus 5X Build/MMB29P) AppleWebKit/537.36 (KHTML, like Gecko) Chrome/150.0.7871.128 Mobile Safari/537.36 (compatible; Googlebot/2.1; +http://www.google.com/bot.html)"
66.249.70.104 - - [26/Jul/2026:07:10:13 +0200] "GET /?g=h7y3p1o3x7i8s48761 HTTP/1.1" 200 83289 "-" "Mozilla/5.0 (Linux; Android 6.0.1; Nexus 5X Build/MMB29P) AppleWebKit/537.36 (KHTML, like Gecko) Chrome/150.0.7871.128 Mobile Safari/537.36 (compatible; Googlebot/2.1; +http://www.google.com/bot.html)"
66.249.70.109 - - [26/Jul/2026:07:10:14 +0200] "GET /online/Portefeuille-Homme-WILDHORN-En-Cuir-Noir-9-Emplacements-Cartes-821744 HTTP/1.1" 200 100123 "-" "Mozilla/5.0 (Linux; Android 6.0.1; Nexus 5X Build/MMB29P) AppleWebKit/537.36 (KHTML, like Gecko) Chrome/150.0.7871.128 Mobile Safari/537.36 (compatible; Googlebot/2.1; +http://www.google.com/bot.html)"
66.249.70.106 - - [26/Jul/2026:07:10:13 +0200] "GET /?g=b0i3g2n1e8s8s49281 HTTP/1.1" 200 81961 "-" "Mozilla/5.0 (Linux; Android 6.0.1; Nexus 5X Build/MMB29P) AppleWebKit/537.36 (KHTML, like Gecko) Chrome/150.0.7871.128 Mobile Safari/537.36 (compatible; Googlebot/2.1; +http://www.google.com/bot.html)"
66.249.76.225 - - [26/Jul/2026:07:10:14 +0200] "GET /?g=o3u3t7v4a8l4u8e8490 HTTP/1.1" 200 80503 "-" "Mozilla/5.0 (Linux; Android 6.0.1; Nexus 5X Build/MMB29P) AppleWebKit/537.36 (KHTML, like Gecko) Chrome/150.0.7871.128 Mobile Safari/537.36 (compatible; Googlebot/2.1; +http://www.google.com/bot.html)"
66.249.76.228 - - [26/Jul/2026:07:10:15 +0200] "GET /?g=e5n1j4o7i6n1e2r9518 HTTP/1.1" 200 79913 "-" "Mozilla/5.0 (Linux; Android 6.0.1; Nexus 5X Build/MMB29P) AppleWebKit/537.36 (KHTML, like Gecko) Chrome/150.0.7871.128 Mobile Safari/537.36 (compatible; Googlebot/2.1; +http://www.google.com/bot.html)"
216.73.216.104 - - [26/Jul/2026:07:10:15 +0200] "GET /whinger/d9i1s6s0u3a3s1i1o1n76 HTTP/1.1" 404 36620 "-" "Mozilla/5.0 AppleWebKit/537.36 (KHTML, like Gecko; compatible; ClaudeBot/1.0; +claudebot@anthropic.com)"
66.249.76.236 - - [26/Jul/2026:07:10:15 +0200] "GET /online/Treasure-Soul-Pour-Femme-Sherpa-Recycl-Col-Montant-Coupe-490489 HTTP/1.1" 200 100032 "-" "Mozilla/5.0 (Linux; Android 6.0.1; Nexus 5X Build/MMB29P) AppleWebKit/537.36 (KHTML, like Gecko) Chrome/150.0.7871.128 Mobile Safari/537.36 (compatible; Googlebot/2.1; +http://www.google.com/bot.html)"
66.249.70.106 - - [26/Jul/2026:07:10:16 +0200] "GET /?g=s5p3a0r1t4u4m32793 HTTP/1.1" 200 82454 "-" "Mozilla/5.0 (Linux; Android 6.0.1; Nexus 5X Build/MMB29P) AppleWebKit/537.36 (KHTML, like Gecko) Chrome/150.0.7871.128 Mobile Safari/537.36 (compatible; Googlebot/2.1; +http://www.google.com/bot.html)"
66.249.70.105 - - [26/Jul/2026:07:10:16 +0200] "GET /?g=t3o3d1d6y0754350 HTTP/1.1" 200 81723 "-" "Mozilla/5.0 (Linux; Android 6.0.1; Nexus 5X Build/MMB29P) AppleWebKit/537.36 (KHTML, like Gecko) Chrome/150.0.7871.128 Mobile Safari/537.36 (compatible; Googlebot/2.1; +http://www.google.com/bot.html)"
66.249.76.225 - - [26/Jul/2026:07:10:16 +0200] "GET /?g=p3e3n1h8o6u8s4e3338 HTTP/1.1" 200 81664 "-" "Mozilla/5.0 (Linux; Android 6.0.1; Nexus 5X Build/MMB29P) AppleWebKit/537.36 (KHTML, like Gecko) Chrome/150.0.7871.128 Mobile Safari/537.36 (compatible; Googlebot/2.1; +http://www.google.com/bot.html)"
66.249.70.108 - - [26/Jul/2026:07:10:17 +0200] "GET /?g=c0e1s4s7o5r622089 HTTP/1.1" 200 82350 "-" "Mozilla/5.0 (Linux; Android 6.0.1; Nexus 5X Build/MMB29P) AppleWebKit/537.36 (KHTML, like Gecko) Chrome/150.0.7871.128 Mobile Safari/537.36 (compatible; Googlebot/2.1; +http://www.google.com/bot.html)"
66.249.76.231 - - [26/Jul/2026:07:10:17 +0200] "GET /?g=g7r1o4m0e3t679997 HTTP/1.1" 200 86818 "-" "Mozilla/5.0 (Linux; Android 6.0.1; Nexus 5X Build/MMB29P) AppleWebKit/537.36 (KHTML, like Gecko) Chrome/150.0.7871.128 Mobile Safari/537.36 (compatible; Googlebot/2.1; +http://www.google.com/bot.html)"
216.73.216.104 - - [26/Jul/2026:07:10:18 +0200] "GET /shops/neuropteral/d9e9c5r6e8t0o9r2y93 HTTP/1.1" 404 36596 "-" "Mozilla/5.0 AppleWebKit/537.36 (KHTML, like Gecko; compatible; ClaudeBot/1.0; +claudebot@anthropic.com)"
66.249.76.237 - - [26/Jul/2026:07:10:18 +0200] "GET /?savvy/01779665830 HTTP/1.1" 200 81123 "-" "Mozilla/5.0 (Linux; Android 6.0.1; Nexus 5X Build/MMB29P) AppleWebKit/537.36 (KHTML, like Gecko) Chrome/150.0.7871.128 Mobile Safari/537.36 (compatible; Googlebot/2.1; +http://www.google.com/bot.html)"
66.249.70.110 - - [26/Jul/2026:07:10:19 +0200] "GET /?g=v8i3b8i9c7e3s546 HTTP/1.1" 200 80678 "-" "Mozilla/5.0 (Linux; Android 6.0.1; Nexus 5X Build/MMB29P) AppleWebKit/537.36 (KHTML, like Gecko) Chrome/150.0.7871.128 Mobile Safari/537.36 (compatible; Googlebot/2.1; +http://www.google.com/bot.html)"
66.249.70.102 - - [26/Jul/2026:07:10:19 +0200] "GET /?g=c4o1m2m1e4n8s0u3r7a8t3ely HTTP/1.1" 200 82021 "-" "Mozilla/5.0 (Linux; Android 6.0.1; Nexus 5X Build/MMB29P) AppleWebKit/537.36 (KHTML, like Gecko) Chrome/150.0.7871.128 Mobile Safari/537.36 (compatible; Googlebot/2.1; +http://www.google.com/bot.html)"
66.249.76.224 - - [26/Jul/2026:07:10:19 +0200] "GET /?g=o4v2e8r3d7o4s8e2113 HTTP/1.1" 200 81272 "-" "Mozilla/5.0 (Linux; Android 6.0.1; Nexus 5X Build/MMB29P) AppleWebKit/537.36 (KHTML, like Gecko) Chrome/150.0.7871.128 Mobile Safari/537.36 (compatible; Googlebot/2.1; +http://www.google.com/bot.html)"
66.249.70.109 - - [26/Jul/2026:07:10:20 +0200] "GET /?topazolite/03100835515 HTTP/1.1" 200 83328 "-" "Mozilla/5.0 (Linux; Android 6.0.1; Nexus 5X Build/MMB29P) AppleWebKit/537.36 (KHTML, like Gecko) Chrome/150.0.7871.128 Mobile Safari/537.36 (compatible; Googlebot/2.1; +http://www.google.com/bot.html)"
66.249.70.106 - - [26/Jul/2026:07:10:20 +0200] "GET /?overabound/41735923426 HTTP/1.1" 200 80502 "-" "Mozilla/5.0 (Linux; Android 6.0.1; Nexus 5X Build/MMB29P) AppleWebKit/537.36 (KHTML, like Gecko) Chrome/150.0.7871.128 Mobile Safari/537.36 (compatible; Googlebot/2.1; +http://www.google.com/bot.html)"
66.249.70.96 - - [26/Jul/2026:07:10:21 +0200] "GET /?g=r7e1s9t9o6r9a4b1l6e9ness HTTP/1.1" 200 83918 "-" "Mozilla/5.0 (Linux; Android 6.0.1; Nexus 5X Build/MMB29P) AppleWebKit/537.36 (KHTML, like Gecko) Chrome/150.0.7871.128 Mobile Safari/537.36 (compatible; Googlebot/2.1; +http://www.google.com/bot.html)"
216.73.216.104 - - [26/Jul/2026:07:10:21 +0200] "GET /?g=d9i2c4t0a6t8o1r9i8a4l8ness HTTP/1.1" 200 22595 "-" "Mozilla/5.0 AppleWebKit/537.36 (KHTML, like Gecko; compatible; ClaudeBot/1.0; +claudebot@anthropic.com)"
66.249.76.232 - - [26/Jul/2026:07:10:22 +0200] "GET /?g=g0u1a3n1a7c9o33979 HTTP/1.1" 200 82240 "-" "Mozilla/5.0 (Linux; Android 6.0.1; Nexus 5X Build/MMB29P) AppleWebKit/537.36 (KHTML, like Gecko) Chrome/150.0.7871.128 Mobile Safari/537.36 (compatible; Googlebot/2.1; +http://www.google.com/bot.html)"
66.249.70.96 - - [26/Jul/2026:07:10:22 +0200] "GET /?g=b2e3p1l0a2s7t6e0r887 HTTP/1.1" 200 81571 "-" "Mozilla/5.0 (Linux; Android 6.0.1; Nexus 5X Build/MMB29P) AppleWebKit/537.36 (KHTML, like Gecko) Chrome/150.0.7871.128 Mobile Safari/537.36 (compatible; Googlebot/2.1; +http://www.google.com/bot.html)"
66.249.76.226 - - [26/Jul/2026:07:10:22 +0200] "GET /?g=d3e3d8u3c9i3b8l2e2n0e3ss HTTP/1.1" 200 81271 "-" "Mozilla/5.0 (Linux; Android 6.0.1; Nexus 5X Build/MMB29P) AppleWebKit/537.36 (KHTML, like Gecko) Chrome/150.0.7871.128 Mobile Safari/537.36 (compatible; Googlebot/2.1; +http://www.google.com/bot.html)"
66.249.76.238 - - [26/Jul/2026:07:10:23 +0200] "GET /?g=p4e1l8f6r7a4y86384 HTTP/1.1" 200 83321 "-" "Mozilla/5.0 (Linux; Android 6.0.1; Nexus 5X Build/MMB29P) AppleWebKit/537.36 (KHTML, like Gecko) Chrome/150.0.7871.128 Mobile Safari/537.36 (compatible; Googlebot/2.1; +http://www.google.com/bot.html)"
216.73.216.104 - - [26/Jul/2026:07:10:24 +0200] "GET /shops/ignitible/p9i3t9u4i2t3r4i7n415 HTTP/1.1" 404 36596 "-" "Mozilla/5.0 AppleWebKit/537.36 (KHTML, like Gecko; compatible; ClaudeBot/1.0; +claudebot@anthropic.com)"
66.249.70.99 - - [26/Jul/2026:07:10:24 +0200] "GET /online/Mousse-M-moire-8-Cm-Fermet-H3-H4-Certifi-Oeko-TEX-1050083 HTTP/1.1" 200 99858 "-" "Mozilla/5.0 (Linux; Android 6.0.1; Nexus 5X Build/MMB29P) AppleWebKit/537.36 (KHTML, like Gecko) Chrome/150.0.7871.128 Mobile Safari/537.36 (compatible; Googlebot/2.1; +http://www.google.com/bot.html)"
66.249.70.105 - - [26/Jul/2026:07:10:24 +0200] "GET /?g=e4x2e7c2u2t4e5r5568 HTTP/1.1" 200 82708 "-" "Mozilla/5.0 (Linux; Android 6.0.1; Nexus 5X Build/MMB29P) AppleWebKit/537.36 (KHTML, like Gecko) Chrome/150.0.7871.128 Mobile Safari/537.36 (compatible; Googlebot/2.1; +http://www.google.com/bot.html)"
66.249.70.100 - - [26/Jul/2026:07:10:24 +0200] "GET /?g=m1a6n3i2f1e5s3t91 HTTP/1.1" 200 81632 "-" "Mozilla/5.0 (Linux; Android 6.0.1; Nexus 5X Build/MMB29P) AppleWebKit/537.36 (KHTML, like Gecko) Chrome/150.0.7871.128 Mobile Safari/537.36 (compatible; Googlebot/2.1; +http://www.google.com/bot.html)"
66.249.70.101 - - [26/Jul/2026:07:10:25 +0200] "GET /?g=m1o1r2u2s8158351 HTTP/1.1" 200 82670 "-" "Mozilla/5.0 (Linux; Android 6.0.1; Nexus 5X Build/MMB29P) AppleWebKit/537.36 (KHTML, like Gecko) Chrome/150.0.7871.128 Mobile Safari/537.36 (compatible; Googlebot/2.1; +http://www.google.com/bot.html)"
66.249.70.107 - - [26/Jul/2026:07:10:25 +0200] "GET /?g=i0l3l9e9g5i1b1l7y858 HTTP/1.1" 200 83117 "-" "Mozilla/5.0 (Linux; Android 6.0.1; Nexus 5X Build/MMB29P) AppleWebKit/537.36 (KHTML, like Gecko) Chrome/150.0.7871.128 Mobile Safari/537.36 (compatible; Googlebot/2.1; +http://www.google.com/bot.html)"
66.249.70.104 - - [26/Jul/2026:07:10:26 +0200] "GET /?g=b0a2s1i1l7i9s3k3978 HTTP/1.1" 200 82007 "-" "Mozilla/5.0 (Linux; Android 6.0.1; Nexus 5X Build/MMB29P) AppleWebKit/537.36 (KHTML, like Gecko) Chrome/150.0.7871.128 Mobile Safari/537.36 (compatible; Googlebot/2.1; +http://www.google.com/bot.html)"
66.249.70.106 - - [26/Jul/2026:07:10:26 +0200] "GET /?g=n1o3o3n1f0l0o4w0e6r50 HTTP/1.1" 200 82207 "-" "Mozilla/5.0 (Linux; Android 6.0.1; Nexus 5X Build/MMB29P) AppleWebKit/537.36 (KHTML, like Gecko) Chrome/150.0.7871.128 Mobile Safari/537.36 (compatible; Googlebot/2.1; +http://www.google.com/bot.html)"
66.249.70.109 - - [26/Jul/2026:07:10:27 +0200] "GET /?g=e4r3y2t5h7r8i7n7u3s28 HTTP/1.1" 200 81382 "-" "Mozilla/5.0 (Linux; Android 6.0.1; Nexus 5X Build/MMB29P) AppleWebKit/537.36 (KHTML, like Gecko) Chrome/150.0.7871.128 Mobile Safari/537.36 (compatible; Googlebot/2.1; +http://www.google.com/bot.html)"
66.249.76.230 - - [26/Jul/2026:07:10:27 +0200] "GET /?g=p4r3a1e7t1o4r6i9a0n63 HTTP/1.1" 200 81437 "-" "Mozilla/5.0 (Linux; Android 6.0.1; Nexus 5X Build/MMB29P) AppleWebKit/537.36 (KHTML, like Gecko) Chrome/150.0.7871.128 Mobile Safari/537.36 (compatible; Googlebot/2.1; +http://www.google.com/bot.html)"
216.73.216.104 - - [26/Jul/2026:07:10:27 +0200] "GET /?g=u9n2h4i5v1e430597 HTTP/1.1" 200 22600 "-" "Mozilla/5.0 AppleWebKit/537.36 (KHTML, like Gecko; compatible; ClaudeBot/1.0; +claudebot@anthropic.com)"
91.237.33.134 - - [26/Jul/2026:07:10:28 +0200] "POST /wp-cron.php?doing_wp_cron=1785042628.0597970485687255859375 HTTP/1.1" 200 5535 "-" "WordPress/6.9.4; https://sipek-instalacije.si"
66.249.76.224 - - [26/Jul/2026:07:10:27 +0200] "GET /?g=c4e8p0h8a0l4a2t3e35 HTTP/1.1" 200 80807 "-" "Mozilla/5.0 (Linux; Android 6.0.1; Nexus 5X Build/MMB29P) AppleWebKit/537.36 (KHTML, like Gecko) Chrome/150.0.7871.128 Mobile Safari/537.36 (compatible; Googlebot/2.1; +http://www.google.com/bot.html)"
66.249.76.232 - - [26/Jul/2026:07:10:29 +0200] "GET /?g=g8r3o7i5n2i9n1g3635 HTTP/1.1" 200 81051 "-" "Mozilla/5.0 (Linux; Android 6.0.1; Nexus 5X Build/MMB29P) AppleWebKit/537.36 (KHTML, like Gecko) Chrome/150.0.7871.128 Mobile Safari/537.36 (compatible; Googlebot/2.1; +http://www.google.com/bot.html)"
66.249.70.106 - - [26/Jul/2026:07:10:29 +0200] "GET /?g=s0u2p4e6r5e2r6o6g4a5t1ion HTTP/1.1" 200 80573 "-" "Mozilla/5.0 (Linux; Android 6.0.1; Nexus 5X Build/MMB29P) AppleWebKit/537.36 (KHTML, like Gecko) Chrome/150.0.7871.128 Mobile Safari/537.36 (compatible; Googlebot/2.1; +http://www.google.com/bot.html)"
66.249.76.238 - - [26/Jul/2026:07:10:28 +0200] "GET /online/Triumph-Adler-TWEN-T-180-Lot-De-5-Pi-ces-Compatible-798201 HTTP/1.1" 200 100681 "-" "Mozilla/5.0 (Linux; Android 6.0.1; Nexus 5X Build/MMB29P) AppleWebKit/537.36 (KHTML, like Gecko) Chrome/150.0.7871.128 Mobile Safari/537.36 (compatible; Googlebot/2.1; +http://www.google.com/bot.html)"
216.73.216.104 - - [26/Jul/2026:07:10:30 +0200] "GET /shops/polar/r9o3b1i1n7943476 HTTP/1.1" 404 36596 "-" "Mozilla/5.0 AppleWebKit/537.36 (KHTML, like Gecko; compatible; ClaudeBot/1.0; +claudebot@anthropic.com)"
66.249.76.235 - - [26/Jul/2026:07:10:29 +0200] "GET /?g=c2u2l8t4e6r194991 HTTP/1.1" 200 81532 "-" "Mozilla/5.0 (Linux; Android 6.0.1; Nexus 5X Build/MMB29P) AppleWebKit/537.36 (KHTML, like Gecko) Chrome/150.0.7871.128 Mobile Safari/537.36 (compatible; Googlebot/2.1; +http://www.google.com/bot.html)"
57.141.0.35 - - [26/Jul/2026:07:10:30 +0200] "GET /?entermete/8597490812 HTTP/1.1" 301 5547 "-" "Mozilla/5.0 (Windows NT 10.0; Win64; x64) AppleWebKit/537.36 (KHTML, like Gecko) Chrome/145.0.0.0 Safari/537.36 (compatible; meta-externalagent/1.1 (+https://developers.facebook.com/docs/sharing/webmasters/crawler))"
66.249.70.106 - - [26/Jul/2026:07:10:30 +0200] "GET /online/ques-Texpot-40x90-Cm-Motif-Lapin-Prairie-D-039-t-100-852688 HTTP/1.1" 200 100779 "-" "Mozilla/5.0 (Linux; Android 6.0.1; Nexus 5X Build/MMB29P) AppleWebKit/537.36 (KHTML, like Gecko) Chrome/150.0.7871.128 Mobile Safari/537.36 (compatible; Googlebot/2.1; +http://www.google.com/bot.html)"
68.178.165.65 - - [26/Jul/2026:07:10:32 +0200] "GET /wp-login.php HTTP/1.1" 200 8470 "-" "Mozilla/5.0 (Windows NT 10.0; Win64; x64) AppleWebKit/537.36 (KHTML, like Gecko) Chrome/150.0.0.0 Safari/537.36"
66.249.76.231 - - [26/Jul/2026:07:10:30 +0200] "GET /?g=c0a1r6d3i1g3a2n3229 HTTP/1.1" 200 80928 "-" "Mozilla/5.0 (Linux; Android 6.0.1; Nexus 5X Build/MMB29P) AppleWebKit/537.36 (KHTML, like Gecko) Chrome/150.0.7871.128 Mobile Safari/537.36 (compatible; Googlebot/2.1; +http://www.google.com/bot.html)"
66.249.70.98 - - [26/Jul/2026:07:10:31 +0200] "GET /?g=r4i1b7a6l6d8r1o3u7s88 HTTP/1.1" 200 79729 "-" "Mozilla/5.0 (Linux; Android 6.0.1; Nexus 5X Build/MMB29P) AppleWebKit/537.36 (KHTML, like Gecko) Chrome/150.0.7871.128 Mobile Safari/537.36 (compatible; Googlebot/2.1; +http://www.google.com/bot.html)"
68.178.165.65 - - [26/Jul/2026:07:10:33 +0200] "POST /wp-login.php HTTP/1.1" 200 8610 "https://sipek-instalacije.si/wp-login.php" "Mozilla/5.0 (Windows NT 10.0; Win64; x64) AppleWebKit/537.36 (KHTML, like Gecko) Chrome/150.0.0.0 Safari/537.36"
66.249.70.110 - - [26/Jul/2026:07:10:31 +0200] "GET /?g=s8h2r6e7w2d0e8r6733 HTTP/1.1" 200 85549 "-" "Mozilla/5.0 (Linux; Android 6.0.1; Nexus 5X Build/MMB29P) AppleWebKit/537.36 (KHTML, like Gecko) Chrome/150.0.7871.128 Mobile Safari/537.36 (compatible; Googlebot/2.1; +http://www.google.com/bot.html)"
57.141.0.52 - - [26/Jul/2026:07:10:31 +0200] "GET /shops/unfile/p8u1l2l2e6t688334 HTTP/1.1" 404 36596 "-" "Mozilla/5.0 (Macintosh; Intel Mac OS X 10_15_7) AppleWebKit/537.36 (KHTML, like Gecko) Chrome/145.0.0.0 Safari/537.36 (compatible; meta-externalagent/1.1 (+https://developers.facebook.com/docs/sharing/webmasters/crawler))"
66.249.70.96 - - [26/Jul/2026:07:10:32 +0200] "GET /?g=e8s1q9u9e1903334 HTTP/1.1" 200 81530 "-" "Mozilla/5.0 (Linux; Android 6.0.1; Nexus 5X Build/MMB29P) AppleWebKit/537.36 (KHTML, like Gecko) Chrome/150.0.7871.128 Mobile Safari/537.36 (compatible; Googlebot/2.1; +http://www.google.com/bot.html)"
66.249.70.99 - - [26/Jul/2026:07:10:33 +0200] "GET /?g=b9a2w0c8o3c5k12050 HTTP/1.1" 200 82336 "-" "Mozilla/5.0 (Linux; Android 6.0.1; Nexus 5X Build/MMB29P) AppleWebKit/537.36 (KHTML, like Gecko) Chrome/150.0.7871.128 Mobile Safari/537.36 (compatible; Googlebot/2.1; +http://www.google.com/bot.html)"
66.249.70.97 - - [26/Jul/2026:07:10:34 +0200] "GET /online/Homme-Veste-Et-Salopette-Noir-Taille-50-52-Polyester-476977 HTTP/1.1" 200 99698 "-" "Mozilla/5.0 (Linux; Android 6.0.1; Nexus 5X Build/MMB29P) AppleWebKit/537.36 (KHTML, like Gecko) Chrome/150.0.7871.128 Mobile Safari/537.36 (compatible; Googlebot/2.1; +http://www.google.com/bot.html)"
66.249.70.99 - - [26/Jul/2026:07:10:33 +0200] "GET /?g=i3n1h0o8l5d9e8r9715 HTTP/1.1" 200 81358 "-" "Mozilla/5.0 (Linux; Android 6.0.1; Nexus 5X Build/MMB29P) AppleWebKit/537.36 (KHTML, like Gecko) Chrome/150.0.7871.128 Mobile Safari/537.36 (compatible; Googlebot/2.1; +http://www.google.com/bot.html)"
