66.249.70.98 - - [26/Jul/2026:07:00:45 +0200] "GET /?g=j8a1n1g1l7e599726 HTTP/1.1" 200 81983 "-" "Mozilla/5.0 (Linux; Android 6.0.1; Nexus 5X Build/MMB29P) AppleWebKit/537.36 (KHTML, like Gecko) Chrome/150.0.7871.128 Mobile Safari/537.36 (compatible; Googlebot/2.1; +http://www.google.com/bot.html)"
66.249.70.110 - - [26/Jul/2026:07:00:45 +0200] "GET /?g=m8e2d7i9c8s614955 HTTP/1.1" 200 82969 "-" "Mozilla/5.0 (Linux; Android 6.0.1; Nexus 5X Build/MMB29P) AppleWebKit/537.36 (KHTML, like Gecko) Chrome/150.0.7871.128 Mobile Safari/537.36 (compatible; Googlebot/2.1; +http://www.google.com/bot.html)"
18.189.20.173 - - [26/Jul/2026:07:00:46 +0200] "GET /.env.save HTTP/1.1" 301 5645 "-" "Mozilla/5.0 (Macintosh; Intel Mac OS X 10_15_7) AppleWebKit/537.36 (KHTML, like Gecko) Chrome/131.0.0.0 Safari/537.36"
66.249.70.98 - - [26/Jul/2026:07:00:45 +0200] "GET /?g=p7r1o4p3e9r500311 HTTP/1.1" 200 82460 "-" "Mozilla/5.0 (Linux; Android 6.0.1; Nexus 5X Build/MMB29P) AppleWebKit/537.36 (KHTML, like Gecko) Chrome/150.0.7871.128 Mobile Safari/537.36 (compatible; Googlebot/2.1; +http://www.google.com/bot.html)"
216.73.216.104 - - [26/Jul/2026:07:00:45 +0200] "GET /?g=a9d5a1n9s9o5n3i5a87 HTTP/1.1" 200 22589 "-" "Mozilla/5.0 AppleWebKit/537.36 (KHTML, like Gecko; compatible; ClaudeBot/1.0; +claudebot@anthropic.com)"
66.249.70.109 - - [26/Jul/2026:07:00:46 +0200] "GET /?g=s0t3o1m6a6t9o4d9e057 HTTP/1.1" 200 82588 "-" "Mozilla/5.0 (Linux; Android 6.0.1; Nexus 5X Build/MMB29P) AppleWebKit/537.36 (KHTML, like Gecko) Chrome/150.0.7871.128 Mobile Safari/537.36 (compatible; Googlebot/2.1; +http://www.google.com/bot.html)"
18.189.20.173 - - [26/Jul/2026:07:00:47 +0200] "GET /.env.save HTTP/1.1" 404 36620 "-" "Mozilla/5.0 (Macintosh; Intel Mac OS X 10_15_7) AppleWebKit/537.36 (KHTML, like Gecko) Chrome/131.0.0.0 Safari/537.36"
18.189.20.173 - - [26/Jul/2026:07:00:47 +0200] "GET /.env.old HTTP/1.1" 301 5644 "-" "Mozilla/5.0 (Macintosh; Intel Mac OS X 10_15_7) AppleWebKit/537.36 (KHTML, like Gecko) Chrome/131.0.0.0 Safari/537.36"
66.249.70.110 - - [26/Jul/2026:07:00:47 +0200] "GET /online/MMA-GYSMI-160P-230V-1-6-4mm-Avec-lectrodes-Rutiles-682137 HTTP/1.1" 200 100195 "-" "Mozilla/5.0 (Linux; Android 6.0.1; Nexus 5X Build/MMB29P) AppleWebKit/537.36 (KHTML, like Gecko) Chrome/150.0.7871.128 Mobile Safari/537.36 (compatible; Googlebot/2.1; +http://www.google.com/bot.html)"
66.249.76.238 - - [26/Jul/2026:07:00:47 +0200] "GET /?g=w7a1t8e1r1i5s7h2401 HTTP/1.1" 200 80961 "-" "Mozilla/5.0 (Linux; Android 6.0.1; Nexus 5X Build/MMB29P) AppleWebKit/537.36 (KHTML, like Gecko) Chrome/150.0.7871.128 Mobile Safari/537.36 (compatible; Googlebot/2.1; +http://www.google.com/bot.html)"
66.249.76.224 - - [26/Jul/2026:07:00:47 +0200] "GET /?g=i7n4t1e0g8r2a8b5l7e91 HTTP/1.1" 200 85581 "-" "Mozilla/5.0 (Linux; Android 6.0.1; Nexus 5X Build/MMB29P) AppleWebKit/537.36 (KHTML, like Gecko) Chrome/150.0.7871.128 Mobile Safari/537.36 (compatible; Googlebot/2.1; +http://www.google.com/bot.html)"
18.189.20.173 - - [26/Jul/2026:07:00:48 +0200] "GET /.env.old HTTP/1.1" 404 36620 "-" "Mozilla/5.0 (Macintosh; Intel Mac OS X 10_15_7) AppleWebKit/537.36 (KHTML, like Gecko) Chrome/131.0.0.0 Safari/537.36"
66.249.70.110 - - [26/Jul/2026:07:00:48 +0200] "GET /online/De-6-Rouleaux-De-Film-tirable-Ultra-R-sistant-Pour-Palettes-433248 HTTP/1.1" 200 100393 "-" "Mozilla/5.0 (Linux; Android 6.0.1; Nexus 5X Build/MMB29P) AppleWebKit/537.36 (KHTML, like Gecko) Chrome/150.0.7871.128 Mobile Safari/537.36 (compatible; Googlebot/2.1; +http://www.google.com/bot.html)"
216.73.216.104 - - [26/Jul/2026:07:00:48 +0200] "GET /?g=a9v3i0a3r1y966739 HTTP/1.1" 200 22599 "-" "Mozilla/5.0 AppleWebKit/537.36 (KHTML, like Gecko; compatible; ClaudeBot/1.0; +claudebot@anthropic.com)"
18.189.20.173 - - [26/Jul/2026:07:00:49 +0200] "GET /.env.sample HTTP/1.1" 301 5647 "-" "Mozilla/5.0 (Macintosh; Intel Mac OS X 10_15_7) AppleWebKit/537.36 (KHTML, like Gecko) Chrome/131.0.0.0 Safari/537.36"
66.249.70.96 - - [26/Jul/2026:07:00:48 +0200] "GET /?g=i4n2t6e1r5m5a6r3r2y87 HTTP/1.1" 200 79470 "-" "Mozilla/5.0 (Linux; Android 6.0.1; Nexus 5X Build/MMB29P) AppleWebKit/537.36 (KHTML, like Gecko) Chrome/150.0.7871.128 Mobile Safari/537.36 (compatible; Googlebot/2.1; +http://www.google.com/bot.html)"
66.249.70.98 - - [26/Jul/2026:07:00:49 +0200] "GET /?g=f5a6c0e9t3e43473 HTTP/1.1" 200 84127 "-" "Mozilla/5.0 (Linux; Android 6.0.1; Nexus 5X Build/MMB29P) AppleWebKit/537.36 (KHTML, like Gecko) Chrome/150.0.7871.128 Mobile Safari/537.36 (compatible; Googlebot/2.1; +http://www.google.com/bot.html)"
66.249.70.109 - - [26/Jul/2026:07:00:49 +0200] "GET /?g=d1e1t2u0r4p3a7t2e110 HTTP/1.1" 200 83759 "-" "Mozilla/5.0 (Linux; Android 6.0.1; Nexus 5X Build/MMB29P) AppleWebKit/537.36 (KHTML, like Gecko) Chrome/150.0.7871.128 Mobile Safari/537.36 (compatible; Googlebot/2.1; +http://www.google.com/bot.html)"
18.189.20.173 - - [26/Jul/2026:07:00:50 +0200] "GET /.env.sample HTTP/1.1" 404 36620 "-" "Mozilla/5.0 (Macintosh; Intel Mac OS X 10_15_7) AppleWebKit/537.36 (KHTML, like Gecko) Chrome/131.0.0.0 Safari/537.36"
66.249.70.109 - - [26/Jul/2026:07:00:50 +0200] "GET /?g=s8a3r1c1o6p8h6a1g2u1s0 HTTP/1.1" 200 79892 "-" "Mozilla/5.0 (Linux; Android 6.0.1; Nexus 5X Build/MMB29P) AppleWebKit/537.36 (KHTML, like Gecko) Chrome/150.0.7871.128 Mobile Safari/537.36 (compatible; Googlebot/2.1; +http://www.google.com/bot.html)"
18.189.20.173 - - [26/Jul/2026:07:00:51 +0200] "GET /.env.example HTTP/1.1" 301 5648 "-" "Mozilla/5.0 (Macintosh; Intel Mac OS X 10_15_7) AppleWebKit/537.36 (KHTML, like Gecko) Chrome/131.0.0.0 Safari/537.36"
66.249.70.109 - - [26/Jul/2026:07:00:50 +0200] "GET /?g=c5z2e8c7h2o2s2l8o2v6a9kian HTTP/1.1" 200 82066 "-" "Mozilla/5.0 (Linux; Android 6.0.1; Nexus 5X Build/MMB29P) AppleWebKit/537.36 (KHTML, like Gecko) Chrome/150.0.7871.128 Mobile Safari/537.36 (compatible; Googlebot/2.1; +http://www.google.com/bot.html)"
66.249.70.97 - - [26/Jul/2026:07:00:50 +0200] "GET /?g=c4o5n7t0e7n0d4745 HTTP/1.1" 200 80205 "-" "Mozilla/5.0 (Linux; Android 6.0.1; Nexus 5X Build/MMB29P) AppleWebKit/537.36 (KHTML, like Gecko) Chrome/150.0.7871.128 Mobile Safari/537.36 (compatible; Googlebot/2.1; +http://www.google.com/bot.html)"
66.249.70.99 - - [26/Jul/2026:07:00:49 +0200] "GET /?g=s9t1o3v6a8i8n21938 HTTP/1.1" 200 81527 "-" "Mozilla/5.0 (Linux; Android 6.0.1; Nexus 5X Build/MMB29P) AppleWebKit/537.36 (KHTML, like Gecko) Chrome/150.0.7871.128 Mobile Safari/537.36 (compatible; Googlebot/2.1; +http://www.google.com/bot.html)"
18.189.20.173 - - [26/Jul/2026:07:00:52 +0200] "GET /.env.example HTTP/1.1" 404 36620 "-" "Mozilla/5.0 (Macintosh; Intel Mac OS X 10_15_7) AppleWebKit/537.36 (KHTML, like Gecko) Chrome/131.0.0.0 Safari/537.36"
216.73.216.104 - - [26/Jul/2026:07:00:51 +0200] "GET /outofbreath/harborer/94017073429 HTTP/1.1" 404 36596 "-" "Mozilla/5.0 AppleWebKit/537.36 (KHTML, like Gecko; compatible; ClaudeBot/1.0; +claudebot@anthropic.com)"
18.189.20.173 - - [26/Jul/2026:07:00:53 +0200] "GET /.env.dev HTTP/1.1" 301 5644 "-" "Mozilla/5.0 (Macintosh; Intel Mac OS X 10_15_7) AppleWebKit/537.36 (KHTML, like Gecko) Chrome/131.0.0.0 Safari/537.36"
66.249.70.97 - - [26/Jul/2026:07:00:52 +0200] "GET /?g=u1n6b1o9w8e1l8i0n9g6 HTTP/1.1" 200 79968 "-" "Mozilla/5.0 (Linux; Android 6.0.1; Nexus 5X Build/MMB29P) AppleWebKit/537.36 (KHTML, like Gecko) Chrome/150.0.7871.128 Mobile Safari/537.36 (compatible; Googlebot/2.1; +http://www.google.com/bot.html)"
66.249.70.109 - - [26/Jul/2026:07:00:52 +0200] "GET /?g=d4a2k9r1u5m7a03558 HTTP/1.1" 200 80011 "-" "Mozilla/5.0 (Linux; Android 6.0.1; Nexus 5X Build/MMB29P) AppleWebKit/537.36 (KHTML, like Gecko) Chrome/150.0.7871.128 Mobile Safari/537.36 (compatible; Googlebot/2.1; +http://www.google.com/bot.html)"
66.249.70.97 - - [26/Jul/2026:07:00:52 +0200] "GET /?g=g3l3a2s1s3w6o8r4t796 HTTP/1.1" 200 81844 "-" "Mozilla/5.0 (Linux; Android 6.0.1; Nexus 5X Build/MMB29P) AppleWebKit/537.36 (KHTML, like Gecko) Chrome/150.0.7871.128 Mobile Safari/537.36 (compatible; Googlebot/2.1; +http://www.google.com/bot.html)"
66.249.70.97 - - [26/Jul/2026:07:00:52 +0200] "GET /?g=t8e1n7n8y9s6o3n3i1a1n6 HTTP/1.1" 200 84688 "-" "Mozilla/5.0 (Linux; Android 6.0.1; Nexus 5X Build/MMB29P) AppleWebKit/537.36 (KHTML, like Gecko) Chrome/150.0.7871.128 Mobile Safari/537.36 (compatible; Googlebot/2.1; +http://www.google.com/bot.html)"
18.189.20.173 - - [26/Jul/2026:07:00:53 +0200] "GET /.env.dev HTTP/1.1" 404 36620 "-" "Mozilla/5.0 (Macintosh; Intel Mac OS X 10_15_7) AppleWebKit/537.36 (KHTML, like Gecko) Chrome/131.0.0.0 Safari/537.36"
216.73.216.104 - - [26/Jul/2026:07:00:54 +0200] "GET /shops/childless/g9r8o9u6n9d21544 HTTP/1.1" 404 36596 "-" "Mozilla/5.0 AppleWebKit/537.36 (KHTML, like Gecko; compatible; ClaudeBot/1.0; +claudebot@anthropic.com)"
18.189.20.173 - - [26/Jul/2026:07:00:54 +0200] "GET /.env.prod HTTP/1.1" 301 5645 "-" "Mozilla/5.0 (Macintosh; Intel Mac OS X 10_15_7) AppleWebKit/537.36 (KHTML, like Gecko) Chrome/131.0.0.0 Safari/537.36"
66.249.76.238 - - [26/Jul/2026:07:00:54 +0200] "GET /?g=w8a9i0t6r7e8s1s466 HTTP/1.1" 200 83412 "-" "Mozilla/5.0 (Linux; Android 6.0.1; Nexus 5X Build/MMB29P) AppleWebKit/537.36 (KHTML, like Gecko) Chrome/150.0.7871.128 Mobile Safari/537.36 (compatible; Googlebot/2.1; +http://www.google.com/bot.html)"
66.249.70.98 - - [26/Jul/2026:07:00:54 +0200] "GET /?g=s4u3p3e2r7h6e3a4t4e2r HTTP/1.1" 200 81420 "-" "Mozilla/5.0 (Linux; Android 6.0.1; Nexus 5X Build/MMB29P) AppleWebKit/537.36 (KHTML, like Gecko) Chrome/150.0.7871.128 Mobile Safari/537.36 (compatible; Googlebot/2.1; +http://www.google.com/bot.html)"
18.189.20.173 - - [26/Jul/2026:07:00:55 +0200] "GET /.env.prod HTTP/1.1" 404 36620 "-" "Mozilla/5.0 (Macintosh; Intel Mac OS X 10_15_7) AppleWebKit/537.36 (KHTML, like Gecko) Chrome/131.0.0.0 Safari/537.36"
66.249.76.238 - - [26/Jul/2026:07:00:54 +0200] "GET /?g=u9n4t1h1r5i6f2t4y659 HTTP/1.1" 200 81109 "-" "Mozilla/5.0 (Linux; Android 6.0.1; Nexus 5X Build/MMB29P) AppleWebKit/537.36 (KHTML, like Gecko) Chrome/150.0.7871.128 Mobile Safari/537.36 (compatible; Googlebot/2.1; +http://www.google.com/bot.html)"
18.189.20.173 - - [26/Jul/2026:07:00:56 +0200] "GET /.env.stage HTTP/1.1" 301 5646 "-" "Mozilla/5.0 (Macintosh; Intel Mac OS X 10_15_7) AppleWebKit/537.36 (KHTML, like Gecko) Chrome/131.0.0.0 Safari/537.36"
66.249.70.110 - - [26/Jul/2026:07:00:54 +0200] "GET /?allumette/0473965325 HTTP/1.1" 200 81594 "-" "Mozilla/5.0 (Linux; Android 6.0.1; Nexus 5X Build/MMB29P) AppleWebKit/537.36 (KHTML, like Gecko) Chrome/150.0.7871.128 Mobile Safari/537.36 (compatible; Googlebot/2.1; +http://www.google.com/bot.html)"
66.249.70.109 - - [26/Jul/2026:07:00:56 +0200] "GET /?g=u5n2c0a9r8d6i2n6a7l17 HTTP/1.1" 200 83597 "-" "Mozilla/5.0 (Linux; Android 6.0.1; Nexus 5X Build/MMB29P) AppleWebKit/537.36 (KHTML, like Gecko) Chrome/150.0.7871.128 Mobile Safari/537.36 (compatible; Googlebot/2.1; +http://www.google.com/bot.html)"
18.189.20.173 - - [26/Jul/2026:07:00:56 +0200] "GET /.env.stage HTTP/1.1" 404 36620 "-" "Mozilla/5.0 (Macintosh; Intel Mac OS X 10_15_7) AppleWebKit/537.36 (KHTML, like Gecko) Chrome/131.0.0.0 Safari/537.36"
66.249.70.110 - - [26/Jul/2026:07:00:56 +0200] "GET /?g=d4u4c2t8i7l6i0m0e8t8e2r HTTP/1.1" 200 81779 "-" "Mozilla/5.0 (Linux; Android 6.0.1; Nexus 5X Build/MMB29P) AppleWebKit/537.36 (KHTML, like Gecko) Chrome/150.0.7871.128 Mobile Safari/537.36 (compatible; Googlebot/2.1; +http://www.google.com/bot.html)"
66.249.70.97 - - [26/Jul/2026:07:00:56 +0200] "GET /online/Gonflable-Halloween-Citrouille-9-M-tres-Avec-Lumi-res-LED-931595 HTTP/1.1" 200 99791 "-" "Mozilla/5.0 (Linux; Android 6.0.1; Nexus 5X Build/MMB29P) AppleWebKit/537.36 (KHTML, like Gecko) Chrome/150.0.7871.128 Mobile Safari/537.36 (compatible; Googlebot/2.1; +http://www.google.com/bot.html)"
18.189.20.173 - - [26/Jul/2026:07:00:57 +0200] "GET /.env.ci HTTP/1.1" 301 5643 "-" "Mozilla/5.0 (Macintosh; Intel Mac OS X 10_15_7) AppleWebKit/537.36 (KHTML, like Gecko) Chrome/131.0.0.0 Safari/537.36"
66.249.76.224 - - [26/Jul/2026:07:00:57 +0200] "GET /?g=n0o3n0y2l7i5c82983 HTTP/1.1" 200 81826 "-" "Mozilla/5.0 (Linux; Android 6.0.1; Nexus 5X Build/MMB29P) AppleWebKit/537.36 (KHTML, like Gecko) Chrome/150.0.7871.128 Mobile Safari/537.36 (compatible; Googlebot/2.1; +http://www.google.com/bot.html)"
18.189.20.173 - - [26/Jul/2026:07:00:58 +0200] "GET /.env.ci HTTP/1.1" 404 36620 "-" "Mozilla/5.0 (Macintosh; Intel Mac OS X 10_15_7) AppleWebKit/537.36 (KHTML, like Gecko) Chrome/131.0.0.0 Safari/537.36"
66.249.70.109 - - [26/Jul/2026:07:00:57 +0200] "GET /?g=a4b4s2t6r4u3s5e6733 HTTP/1.1" 200 82335 "-" "Mozilla/5.0 (Linux; Android 6.0.1; Nexus 5X Build/MMB29P) AppleWebKit/537.36 (KHTML, like Gecko) Chrome/150.0.7871.128 Mobile Safari/537.36 (compatible; Googlebot/2.1; +http://www.google.com/bot.html)"
66.249.70.96 - - [26/Jul/2026:07:00:58 +0200] "GET /?g=t1r1u7c9e3b4r4e0a6k7e7r HTTP/1.1" 200 80755 "-" "Mozilla/5.0 (Linux; Android 6.0.1; Nexus 5X Build/MMB29P) AppleWebKit/537.36 (KHTML, like Gecko) Chrome/150.0.7871.128 Mobile Safari/537.36 (compatible; Googlebot/2.1; +http://www.google.com/bot.html)"
66.249.70.109 - - [26/Jul/2026:07:00:58 +0200] "GET /?g=u0r9c1e0o3l0a5r014 HTTP/1.1" 200 81431 "-" "Mozilla/5.0 (Linux; Android 6.0.1; Nexus 5X Build/MMB29P) AppleWebKit/537.36 (KHTML, like Gecko) Chrome/150.0.7871.128 Mobile Safari/537.36 (compatible; Googlebot/2.1; +http://www.google.com/bot.html)"
18.189.20.173 - - [26/Jul/2026:07:00:59 +0200] "GET /.env.docker HTTP/1.1" 301 5647 "-" "Mozilla/5.0 (Macintosh; Intel Mac OS X 10_15_7) AppleWebKit/537.36 (KHTML, like Gecko) Chrome/131.0.0.0 Safari/537.36"
18.189.20.173 - - [26/Jul/2026:07:01:00 +0200] "GET /.env.docker HTTP/1.1" 404 36620 "-" "Mozilla/5.0 (Macintosh; Intel Mac OS X 10_15_7) AppleWebKit/537.36 (KHTML, like Gecko) Chrome/131.0.0.0 Safari/537.36"
66.249.70.99 - - [26/Jul/2026:07:00:59 +0200] "GET /?g=i3n2e6y3e6971526 HTTP/1.1" 200 80801 "-" "Mozilla/5.0 (Linux; Android 6.0.1; Nexus 5X Build/MMB29P) AppleWebKit/537.36 (KHTML, like Gecko) Chrome/150.0.7871.128 Mobile Safari/537.36 (compatible; Googlebot/2.1; +http://www.google.com/bot.html)"
66.249.70.100 - - [26/Jul/2026:07:00:59 +0200] "GET /?g=a4b3b4o7t7735633 HTTP/1.1" 200 83125 "-" "Mozilla/5.0 (Linux; Android 6.0.1; Nexus 5X Build/MMB29P) AppleWebKit/537.36 (KHTML, like Gecko) Chrome/150.0.7871.128 Mobile Safari/537.36 (compatible; Googlebot/2.1; +http://www.google.com/bot.html)"
66.249.70.110 - - [26/Jul/2026:07:01:00 +0200] "GET /?g=m4a1l6a8r7i9o8u5s035 HTTP/1.1" 200 81961 "-" "Mozilla/5.0 (Linux; Android 6.0.1; Nexus 5X Build/MMB29P) AppleWebKit/537.36 (KHTML, like Gecko) Chrome/150.0.7871.128 Mobile Safari/537.36 (compatible; Googlebot/2.1; +http://www.google.com/bot.html)"
66.249.76.228 - - [26/Jul/2026:07:00:59 +0200] "GET /?g=c8o2n7s8t2r4u7c2t0i0v0ely HTTP/1.1" 200 82227 "-" "Mozilla/5.0 (Linux; Android 6.0.1; Nexus 5X Build/MMB29P) AppleWebKit/537.36 (KHTML, like Gecko) Chrome/150.0.7871.128 Mobile Safari/537.36 (compatible; Googlebot/2.1; +http://www.google.com/bot.html)"
18.189.20.173 - - [26/Jul/2026:07:01:00 +0200] "GET /.env.live HTTP/1.1" 301 5645 "-" "Mozilla/5.0 (Macintosh; Intel Mac OS X 10_15_7) AppleWebKit/537.36 (KHTML, like Gecko) Chrome/131.0.0.0 Safari/537.36"
216.73.216.104 - - [26/Jul/2026:07:01:01 +0200] "GET /?g=c9o1n7c9a6v0e6279 HTTP/1.1" 200 22595 "-" "Mozilla/5.0 AppleWebKit/537.36 (KHTML, like Gecko; compatible; ClaudeBot/1.0; +claudebot@anthropic.com)"
18.189.20.173 - - [26/Jul/2026:07:01:01 +0200] "GET /.env.live HTTP/1.1" 404 36620 "-" "Mozilla/5.0 (Macintosh; Intel Mac OS X 10_15_7) AppleWebKit/537.36 (KHTML, like Gecko) Chrome/131.0.0.0 Safari/537.36"
66.249.76.226 - - [26/Jul/2026:07:01:01 +0200] "GET /?g=s0u3b9i5s7153344 HTTP/1.1" 200 82719 "-" "Mozilla/5.0 (Linux; Android 6.0.1; Nexus 5X Build/MMB29P) AppleWebKit/537.36 (KHTML, like Gecko) Chrome/150.0.7871.128 Mobile Safari/537.36 (compatible; Googlebot/2.1; +http://www.google.com/bot.html)"
66.249.70.96 - - [26/Jul/2026:07:01:01 +0200] "GET /?g=p1l1e7g8a1d2i2s2181 HTTP/1.1" 200 81659 "-" "Mozilla/5.0 (Linux; Android 6.0.1; Nexus 5X Build/MMB29P) AppleWebKit/537.36 (KHTML, like Gecko) Chrome/150.0.7871.128 Mobile Safari/537.36 (compatible; Googlebot/2.1; +http://www.google.com/bot.html)"
18.189.20.173 - - [26/Jul/2026:07:01:02 +0200] "GET /.env.preprod HTTP/1.1" 301 5648 "-" "Mozilla/5.0 (Macintosh; Intel Mac OS X 10_15_7) AppleWebKit/537.36 (KHTML, like Gecko) Chrome/131.0.0.0 Safari/537.36"
66.249.70.110 - - [26/Jul/2026:07:01:01 +0200] "GET /?g=e1n2a6n2t1i1o9p5a2t6h6ic HTTP/1.1" 200 81619 "-" "Mozilla/5.0 (Linux; Android 6.0.1; Nexus 5X Build/MMB29P) AppleWebKit/537.36 (KHTML, like Gecko) Chrome/150.0.7871.128 Mobile Safari/537.36 (compatible; Googlebot/2.1; +http://www.google.com/bot.html)"
18.189.20.173 - - [26/Jul/2026:07:01:03 +0200] "GET /.env.preprod HTTP/1.1" 404 36620 "-" "Mozilla/5.0 (Macintosh; Intel Mac OS X 10_15_7) AppleWebKit/537.36 (KHTML, like Gecko) Chrome/131.0.0.0 Safari/537.36"
66.249.70.98 - - [26/Jul/2026:07:01:02 +0200] "GET /?g=f4l3a1n4e9u0r13954 HTTP/1.1" 200 83151 "-" "Mozilla/5.0 (Linux; Android 6.0.1; Nexus 5X Build/MMB29P) AppleWebKit/537.36 (KHTML, like Gecko) Chrome/150.0.7871.128 Mobile Safari/537.36 (compatible; Googlebot/2.1; +http://www.google.com/bot.html)"
66.249.76.238 - - [26/Jul/2026:07:01:01 +0200] "GET /?g=a8c1i8d8i5t5y83625 HTTP/1.1" 200 81492 "-" "Mozilla/5.0 (Linux; Android 6.0.1; Nexus 5X Build/MMB29P) AppleWebKit/537.36 (KHTML, like Gecko) Chrome/150.0.7871.128 Mobile Safari/537.36 (compatible; Googlebot/2.1; +http://www.google.com/bot.html)"
18.189.20.173 - - [26/Jul/2026:07:01:03 +0200] "GET /.env.uat HTTP/1.1" 301 5644 "-" "Mozilla/5.0 (Macintosh; Intel Mac OS X 10_15_7) AppleWebKit/537.36 (KHTML, like Gecko) Chrome/131.0.0.0 Safari/537.36"
66.249.70.110 - - [26/Jul/2026:07:01:03 +0200] "GET /?beshrew/12692871349 HTTP/1.1" 200 82148 "-" "Mozilla/5.0 (Linux; Android 6.0.1; Nexus 5X Build/MMB29P) AppleWebKit/537.36 (KHTML, like Gecko) Chrome/150.0.7871.128 Mobile Safari/537.36 (compatible; Googlebot/2.1; +http://www.google.com/bot.html)"
66.249.76.224 - - [26/Jul/2026:07:01:03 +0200] "GET /?g=m4i1d8s5h0i5p1m5a9n23 HTTP/1.1" 200 82648 "-" "Mozilla/5.0 (Linux; Android 6.0.1; Nexus 5X Build/MMB29P) AppleWebKit/537.36 (KHTML, like Gecko) Chrome/150.0.7871.128 Mobile Safari/537.36 (compatible; Googlebot/2.1; +http://www.google.com/bot.html)"
18.189.20.173 - - [26/Jul/2026:07:01:04 +0200] "GET /.env.uat HTTP/1.1" 404 36620 "-" "Mozilla/5.0 (Macintosh; Intel Mac OS X 10_15_7) AppleWebKit/537.36 (KHTML, like Gecko) Chrome/131.0.0.0 Safari/537.36"
66.249.70.97 - - [26/Jul/2026:07:01:04 +0200] "GET /?g=d3i8s1s6e4n2t9e7d19 HTTP/1.1" 200 81276 "-" "Mozilla/5.0 (Linux; Android 6.0.1; Nexus 5X Build/MMB29P) AppleWebKit/537.36 (KHTML, like Gecko) Chrome/150.0.7871.128 Mobile Safari/537.36 (compatible; Googlebot/2.1; +http://www.google.com/bot.html)"
66.249.70.99 - - [26/Jul/2026:07:01:04 +0200] "GET /?g=m3e3l1a7n1u1r3u4m636 HTTP/1.1" 200 80576 "-" "Mozilla/5.0 (Linux; Android 6.0.1; Nexus 5X Build/MMB29P) AppleWebKit/537.36 (KHTML, like Gecko) Chrome/150.0.7871.128 Mobile Safari/537.36 (compatible; Googlebot/2.1; +http://www.google.com/bot.html)"
18.189.20.173 - - [26/Jul/2026:07:01:05 +0200] "GET /.env.dist HTTP/1.1" 301 5645 "-" "Mozilla/5.0 (Macintosh; Intel Mac OS X 10_15_7) AppleWebKit/537.36 (KHTML, like Gecko) Chrome/131.0.0.0 Safari/537.36"
66.249.70.99 - - [26/Jul/2026:07:01:04 +0200] "GET /?dishonoring/8158511992 HTTP/1.1" 200 82632 "-" "Mozilla/5.0 (Linux; Android 6.0.1; Nexus 5X Build/MMB29P) AppleWebKit/537.36 (KHTML, like Gecko) Chrome/150.0.7871.128 Mobile Safari/537.36 (compatible; Googlebot/2.1; +http://www.google.com/bot.html)"
66.249.76.225 - - [26/Jul/2026:07:01:05 +0200] "GET /?g=s2e1v9e8n4t1h7i7r9t7i9es HTTP/1.1" 200 81755 "-" "Mozilla/5.0 (Linux; Android 6.0.1; Nexus 5X Build/MMB29P) AppleWebKit/537.36 (KHTML, like Gecko) Chrome/150.0.7871.128 Mobile Safari/537.36 (compatible; Googlebot/2.1; +http://www.google.com/bot.html)"
216.73.216.104 - - [26/Jul/2026:07:01:04 +0200] "GET /?g=p9i4l2o0t8e3d90284 HTTP/1.1" 200 22602 "-" "Mozilla/5.0 AppleWebKit/537.36 (KHTML, like Gecko; compatible; ClaudeBot/1.0; +claudebot@anthropic.com)"
18.189.20.173 - - [26/Jul/2026:07:01:06 +0200] "GET /.env.dist HTTP/1.1" 404 36620 "-" "Mozilla/5.0 (Macintosh; Intel Mac OS X 10_15_7) AppleWebKit/537.36 (KHTML, like Gecko) Chrome/131.0.0.0 Safari/537.36"
18.189.20.173 - - [26/Jul/2026:07:01:07 +0200] "GET /.env.swp HTTP/1.1" 301 5644 "-" "Mozilla/5.0 (Macintosh; Intel Mac OS X 10_15_7) AppleWebKit/537.36 (KHTML, like Gecko) Chrome/131.0.0.0 Safari/537.36"
66.249.76.238 - - [26/Jul/2026:07:01:06 +0200] "GET /?g=w2o3o8d9r5o8c5k3006 HTTP/1.1" 200 82054 "-" "Mozilla/5.0 (Linux; Android 6.0.1; Nexus 5X Build/MMB29P) AppleWebKit/537.36 (KHTML, like Gecko) Chrome/150.0.7871.128 Mobile Safari/537.36 (compatible; Googlebot/2.1; +http://www.google.com/bot.html)"
216.73.216.104 - - [26/Jul/2026:07:01:07 +0200] "GET /?g=s9t2a7g1i0r3i6t8e403 HTTP/1.1" 200 22596 "-" "Mozilla/5.0 AppleWebKit/537.36 (KHTML, like Gecko; compatible; ClaudeBot/1.0; +claudebot@anthropic.com)"
66.249.76.227 - - [26/Jul/2026:07:01:06 +0200] "GET /?g=a8c3c6e4s7s2o4r7i9ness HTTP/1.1" 200 82625 "-" "Mozilla/5.0 (Linux; Android 6.0.1; Nexus 5X Build/MMB29P) AppleWebKit/537.36 (KHTML, like Gecko) Chrome/150.0.7871.128 Mobile Safari/537.36 (compatible; Googlebot/2.1; +http://www.google.com/bot.html)"
66.249.70.110 - - [26/Jul/2026:07:01:06 +0200] "GET /?g=r7o1m9a3n0c5e82782 HTTP/1.1" 200 81584 "-" "Mozilla/5.0 (Linux; Android 6.0.1; Nexus 5X Build/MMB29P) AppleWebKit/537.36 (KHTML, like Gecko) Chrome/150.0.7871.128 Mobile Safari/537.36 (compatible; Googlebot/2.1; +http://www.google.com/bot.html)"
66.249.76.227 - - [26/Jul/2026:07:01:06 +0200] "GET /online/GY21984-Pi-ce-D-039-origine-Pour-Tracteur-Et-quipement-489812 HTTP/1.1" 200 99931 "-" "Mozilla/5.0 (Linux; Android 6.0.1; Nexus 5X Build/MMB29P) AppleWebKit/537.36 (KHTML, like Gecko) Chrome/150.0.7871.128 Mobile Safari/537.36 (compatible; Googlebot/2.1; +http://www.google.com/bot.html)"
18.189.20.173 - - [26/Jul/2026:07:01:07 +0200] "GET /.env.swp HTTP/1.1" 404 36620 "-" "Mozilla/5.0 (Macintosh; Intel Mac OS X 10_15_7) AppleWebKit/537.36 (KHTML, like Gecko) Chrome/131.0.0.0 Safari/537.36"
66.249.76.238 - - [26/Jul/2026:07:01:07 +0200] "GET /?g=a8d9r3o5i8t26020 HTTP/1.1" 200 80834 "-" "Mozilla/5.0 (Linux; Android 6.0.1; Nexus 5X Build/MMB29P) AppleWebKit/537.36 (KHTML, like Gecko) Chrome/150.0.7871.128 Mobile Safari/537.36 (compatible; Googlebot/2.1; +http://www.google.com/bot.html)"
18.189.20.173 - - [26/Jul/2026:07:01:08 +0200] "GET /.env~ HTTP/1.1" 301 5641 "-" "Mozilla/5.0 (Macintosh; Intel Mac OS X 10_15_7) AppleWebKit/537.36 (KHTML, like Gecko) Chrome/131.0.0.0 Safari/537.36"
66.249.70.96 - - [26/Jul/2026:07:01:08 +0200] "GET /?g=l6a2m1a8n2t8i1n0e210 HTTP/1.1" 200 79670 "-" "Mozilla/5.0 (Linux; Android 6.0.1; Nexus 5X Build/MMB29P) AppleWebKit/537.36 (KHTML, like Gecko) Chrome/150.0.7871.128 Mobile Safari/537.36 (compatible; Googlebot/2.1; +http://www.google.com/bot.html)"
66.249.70.98 - - [26/Jul/2026:07:01:08 +0200] "GET /?g=p9r5o1v6i6n6c8i4a1l3izing HTTP/1.1" 200 81004 "-" "Mozilla/5.0 (Linux; Android 6.0.1; Nexus 5X Build/MMB29P) AppleWebKit/537.36 (KHTML, like Gecko) Chrome/150.0.7871.128 Mobile Safari/537.36 (compatible; Googlebot/2.1; +http://www.google.com/bot.html)"
18.189.20.173 - - [26/Jul/2026:07:01:09 +0200] "GET /.env~ HTTP/1.1" 404 36620 "-" "Mozilla/5.0 (Macintosh; Intel Mac OS X 10_15_7) AppleWebKit/537.36 (KHTML, like Gecko) Chrome/131.0.0.0 Safari/537.36"
66.249.70.97 - - [26/Jul/2026:07:01:08 +0200] "GET /?encysted/83545660007 HTTP/1.1" 200 81789 "-" "Mozilla/5.0 (Linux; Android 6.0.1; Nexus 5X Build/MMB29P) AppleWebKit/537.36 (KHTML, like Gecko) Chrome/150.0.7871.128 Mobile Safari/537.36 (compatible; Googlebot/2.1; +http://www.google.com/bot.html)"
216.73.216.104 - - [26/Jul/2026:07:01:10 +0200] "GET /shops/krishnas/r9a2t1i2o4c1i4n7a4t5o9ry HTTP/1.1" 404 36596 "-" "Mozilla/5.0 AppleWebKit/537.36 (KHTML, like Gecko; compatible; ClaudeBot/1.0; +claudebot@anthropic.com)"
66.249.70.109 - - [26/Jul/2026:07:01:09 +0200] "GET /?g=s3t1e6r0n3e5b0r9a791 HTTP/1.1" 200 81408 "-" "Mozilla/5.0 (Linux; Android 6.0.1; Nexus 5X Build/MMB29P) AppleWebKit/537.36 (KHTML, like Gecko) Chrome/150.0.7871.128 Mobile Safari/537.36 (compatible; Googlebot/2.1; +http://www.google.com/bot.html)"
18.189.20.173 - - [26/Jul/2026:07:01:10 +0200] "GET /.env1 HTTP/1.1" 301 5641 "-" "Mozilla/5.0 (Macintosh; Intel Mac OS X 10_15_7) AppleWebKit/537.36 (KHTML, like Gecko) Chrome/131.0.0.0 Safari/537.36"
66.249.70.110 - - [26/Jul/2026:07:01:09 +0200] "GET /?g=t7y6l5e3r241154 HTTP/1.1" 200 83881 "-" "Mozilla/5.0 (Linux; Android 6.0.1; Nexus 5X Build/MMB29P) AppleWebKit/537.36 (KHTML, like Gecko) Chrome/150.0.7871.128 Mobile Safari/537.36 (compatible; Googlebot/2.1; +http://www.google.com/bot.html)"
18.189.20.173 - - [26/Jul/2026:07:01:10 +0200] "GET /.env1 HTTP/1.1" 404 36620 "-" "Mozilla/5.0 (Macintosh; Intel Mac OS X 10_15_7) AppleWebKit/537.36 (KHTML, like Gecko) Chrome/131.0.0.0 Safari/537.36"
66.249.70.97 - - [26/Jul/2026:07:01:10 +0200] "GET /?g=s4i1g4h4t9f0u9l3n6e5s4s HTTP/1.1" 200 83272 "-" "Mozilla/5.0 (Linux; Android 6.0.1; Nexus 5X Build/MMB29P) AppleWebKit/537.36 (KHTML, like Gecko) Chrome/150.0.7871.128 Mobile Safari/537.36 (compatible; Googlebot/2.1; +http://www.google.com/bot.html)"
66.249.76.228 - - [26/Jul/2026:07:01:10 +0200] "GET /?g=r0a2s8k3o7l7n6i4k4i38 HTTP/1.1" 200 85571 "-" "Mozilla/5.0 (Linux; Android 6.0.1; Nexus 5X Build/MMB29P) AppleWebKit/537.36 (KHTML, like Gecko) Chrome/150.0.7871.128 Mobile Safari/537.36 (compatible; Googlebot/2.1; +http://www.google.com/bot.html)"
18.189.20.173 - - [26/Jul/2026:07:01:11 +0200] "GET /.env2 HTTP/1.1" 301 5641 "-" "Mozilla/5.0 (Macintosh; Intel Mac OS X 10_15_7) AppleWebKit/537.36 (KHTML, like Gecko) Chrome/131.0.0.0 Safari/537.36"
66.249.76.225 - - [26/Jul/2026:07:01:11 +0200] "GET /?g=e8m2b0r3y9o8n8a6l653 HTTP/1.1" 200 81876 "-" "Mozilla/5.0 (Linux; Android 6.0.1; Nexus 5X Build/MMB29P) AppleWebKit/537.36 (KHTML, like Gecko) Chrome/150.0.7871.128 Mobile Safari/537.36 (compatible; Googlebot/2.1; +http://www.google.com/bot.html)"
66.249.76.228 - - [26/Jul/2026:07:01:11 +0200] "GET /?g=t3w5i3n2l1i7k9e3n7e6ss HTTP/1.1" 200 85623 "-" "Mozilla/5.0 (Linux; Android 6.0.1; Nexus 5X Build/MMB29P) AppleWebKit/537.36 (KHTML, like Gecko) Chrome/150.0.7871.128 Mobile Safari/537.36 (compatible; Googlebot/2.1; +http://www.google.com/bot.html)"
18.189.20.173 - - [26/Jul/2026:07:01:12 +0200] "GET /.env2 HTTP/1.1" 404 36620 "-" "Mozilla/5.0 (Macintosh; Intel Mac OS X 10_15_7) AppleWebKit/537.36 (KHTML, like Gecko) Chrome/131.0.0.0 Safari/537.36"
18.189.20.173 - - [26/Jul/2026:07:01:13 +0200] "GET /.env_copy HTTP/1.1" 403 5704 "-" "Mozilla/5.0 (Macintosh; Intel Mac OS X 10_15_7) AppleWebKit/537.36 (KHTML, like Gecko) Chrome/131.0.0.0 Safari/537.36"
66.249.70.96 - - [26/Jul/2026:07:01:12 +0200] "GET /?g=g4r2o9w9l6e4d72789 HTTP/1.1" 200 81248 "-" "Mozilla/5.0 (Linux; Android 6.0.1; Nexus 5X Build/MMB29P) AppleWebKit/537.36 (KHTML, like Gecko) Chrome/150.0.7871.128 Mobile Safari/537.36 (compatible; Googlebot/2.1; +http://www.google.com/bot.html)"
18.189.20.173 - - [26/Jul/2026:07:01:13 +0200] "GET /.env.txt HTTP/1.1" 301 5644 "-" "Mozilla/5.0 (Macintosh; Intel Mac OS X 10_15_7) AppleWebKit/537.36 (KHTML, like Gecko) Chrome/131.0.0.0 Safari/537.36"
66.249.70.97 - - [26/Jul/2026:07:01:12 +0200] "GET /?g=f8a1c0i0e6347578 HTTP/1.1" 200 81579 "-" "Mozilla/5.0 (Linux; Android 6.0.1; Nexus 5X Build/MMB29P) AppleWebKit/537.36 (KHTML, like Gecko) Chrome/150.0.7871.128 Mobile Safari/537.36 (compatible; Googlebot/2.1; +http://www.google.com/bot.html)"
66.249.76.227 - - [26/Jul/2026:07:01:12 +0200] "GET /?g=m4a4i8o3i1d24125 HTTP/1.1" 200 80251 "-" "Mozilla/5.0 (Linux; Android 6.0.1; Nexus 5X Build/MMB29P) AppleWebKit/537.36 (KHTML, like Gecko) Chrome/150.0.7871.128 Mobile Safari/537.36 (compatible; Googlebot/2.1; +http://www.google.com/bot.html)"
18.189.20.173 - - [26/Jul/2026:07:01:14 +0200] "GET /.env.txt HTTP/1.1" 404 36620 "-" "Mozilla/5.0 (Macintosh; Intel Mac OS X 10_15_7) AppleWebKit/537.36 (KHTML, like Gecko) Chrome/131.0.0.0 Safari/537.36"
18.189.20.173 - - [26/Jul/2026:07:01:14 +0200] "GET /.env.json HTTP/1.1" 301 5645 "-" "Mozilla/5.0 (Macintosh; Intel Mac OS X 10_15_7) AppleWebKit/537.36 (KHTML, like Gecko) Chrome/131.0.0.0 Safari/537.36"
66.249.70.96 - - [26/Jul/2026:07:01:13 +0200] "GET /?g=o8r1t5h7o5g9a1m2y465 HTTP/1.1" 200 82301 "-" "Mozilla/5.0 (Linux; Android 6.0.1; Nexus 5X Build/MMB29P) AppleWebKit/537.36 (KHTML, like Gecko) Chrome/150.0.7871.128 Mobile Safari/537.36 (compatible; Googlebot/2.1; +http://www.google.com/bot.html)"
18.189.20.173 - - [26/Jul/2026:07:01:15 +0200] "GET /.env.json HTTP/1.1" 404 36620 "-" "Mozilla/5.0 (Macintosh; Intel Mac OS X 10_15_7) AppleWebKit/537.36 (KHTML, like Gecko) Chrome/131.0.0.0 Safari/537.36"
66.249.70.96 - - [26/Jul/2026:07:01:14 +0200] "GET /?g=l7o1r8e8n3718520 HTTP/1.1" 200 81253 "-" "Mozilla/5.0 (Linux; Android 6.0.1; Nexus 5X Build/MMB29P) AppleWebKit/537.36 (KHTML, like Gecko) Chrome/150.0.7871.128 Mobile Safari/537.36 (compatible; Googlebot/2.1; +http://www.google.com/bot.html)"
66.249.70.101 - - [26/Jul/2026:07:01:15 +0200] "GET /?g=p8a5n1t2a1s4c8o3p7i5c HTTP/1.1" 200 82330 "-" "Mozilla/5.0 (Linux; Android 6.0.1; Nexus 5X Build/MMB29P) AppleWebKit/537.36 (KHTML, like Gecko) Chrome/150.0.7871.128 Mobile Safari/537.36 (compatible; Googlebot/2.1; +http://www.google.com/bot.html)"
66.249.76.232 - - [26/Jul/2026:07:01:14 +0200] "GET /?g=b8l3i6v0e8975165 HTTP/1.1" 200 82835 "-" "Mozilla/5.0 (Linux; Android 6.0.1; Nexus 5X Build/MMB29P) AppleWebKit/537.36 (KHTML, like Gecko) Chrome/150.0.7871.128 Mobile Safari/537.36 (compatible; Googlebot/2.1; +http://www.google.com/bot.html)"
18.189.20.173 - - [26/Jul/2026:07:01:16 +0200] "GET /.env.yaml HTTP/1.1" 301 5645 "-" "Mozilla/5.0 (Macintosh; Intel Mac OS X 10_15_7) AppleWebKit/537.36 (KHTML, like Gecko) Chrome/131.0.0.0 Safari/537.36"
66.249.76.224 - - [26/Jul/2026:07:01:15 +0200] "GET /?g=a4r4g2u7l1u8s83985 HTTP/1.1" 200 81427 "-" "Mozilla/5.0 (Linux; Android 6.0.1; Nexus 5X Build/MMB29P) AppleWebKit/537.36 (KHTML, like Gecko) Chrome/150.0.7871.128 Mobile Safari/537.36 (compatible; Googlebot/2.1; +http://www.google.com/bot.html)"
18.189.20.173 - - [26/Jul/2026:07:01:17 +0200] "GET /.env.yaml HTTP/1.1" 404 36620 "-" "Mozilla/5.0 (Macintosh; Intel Mac OS X 10_15_7) AppleWebKit/537.36 (KHTML, like Gecko) Chrome/131.0.0.0 Safari/537.36"
66.249.76.228 - - [26/Jul/2026:07:01:16 +0200] "GET /?g=d8a4c0t8y7l7o3t7h6e8c4a HTTP/1.1" 200 80939 "-" "Mozilla/5.0 (Linux; Android 6.0.1; Nexus 5X Build/MMB29P) AppleWebKit/537.36 (KHTML, like Gecko) Chrome/150.0.7871.128 Mobile Safari/537.36 (compatible; Googlebot/2.1; +http://www.google.com/bot.html)"
66.249.76.234 - - [26/Jul/2026:07:01:17 +0200] "GET /?g=a4g1i9t2a6t7e42299 HTTP/1.1" 200 82791 "-" "Mozilla/5.0 (Linux; Android 6.0.1; Nexus 5X Build/MMB29P) AppleWebKit/537.36 (KHTML, like Gecko) Chrome/150.0.7871.128 Mobile Safari/537.36 (compatible; Googlebot/2.1; +http://www.google.com/bot.html)"
66.249.76.228 - - [26/Jul/2026:07:01:16 +0200] "GET /?g=c6h1r4i0s9t0o5l6o4g3y HTTP/1.1" 200 81499 "-" "Mozilla/5.0 (Linux; Android 6.0.1; Nexus 5X Build/MMB29P) AppleWebKit/537.36 (KHTML, like Gecko) Chrome/150.0.7871.128 Mobile Safari/537.36 (compatible; Googlebot/2.1; +http://www.google.com/bot.html)"
18.189.20.173 - - [26/Jul/2026:07:01:17 +0200] "GET /.env.yml HTTP/1.1" 301 5644 "-" "Mozilla/5.0 (Macintosh; Intel Mac OS X 10_15_7) AppleWebKit/537.36 (KHTML, like Gecko) Chrome/131.0.0.0 Safari/537.36"
66.249.70.100 - - [26/Jul/2026:07:01:17 +0200] "GET /?g=h6e2m8e1r6o5b9i3d657 HTTP/1.1" 200 81055 "-" "Mozilla/5.0 (Linux; Android 6.0.1; Nexus 5X Build/MMB29P) AppleWebKit/537.36 (KHTML, like Gecko) Chrome/150.0.7871.128 Mobile Safari/537.36 (compatible; Googlebot/2.1; +http://www.google.com/bot.html)"
18.189.20.173 - - [26/Jul/2026:07:01:18 +0200] "GET /.env.yml HTTP/1.1" 404 36620 "-" "Mozilla/5.0 (Macintosh; Intel Mac OS X 10_15_7) AppleWebKit/537.36 (KHTML, like Gecko) Chrome/131.0.0.0 Safari/537.36"
66.249.70.100 - - [26/Jul/2026:07:01:18 +0200] "GET /?g=o0f1f6u2s6c6a8t1e479 HTTP/1.1" 200 82774 "-" "Mozilla/5.0 (Linux; Android 6.0.1; Nexus 5X Build/MMB29P) AppleWebKit/537.36 (KHTML, like Gecko) Chrome/150.0.7871.128 Mobile Safari/537.36 (compatible; Googlebot/2.1; +http://www.google.com/bot.html)"
66.249.70.102 - - [26/Jul/2026:07:01:18 +0200] "GET /?g=p8r4e4s4t0i7d5i2g9i1tator HTTP/1.1" 200 82432 "-" "Mozilla/5.0 (Linux; Android 6.0.1; Nexus 5X Build/MMB29P) AppleWebKit/537.36 (KHTML, like Gecko) Chrome/150.0.7871.128 Mobile Safari/537.36 (compatible; Googlebot/2.1; +http://www.google.com/bot.html)"
66.249.70.103 - - [26/Jul/2026:07:01:18 +0200] "GET /online/Baskets-Sperry-Top-Sider-Striper-II-CVO-Pour-Homme-Toile-De-564004 HTTP/1.1" 200 100076 "-" "Mozilla/5.0 (Linux; Android 6.0.1; Nexus 5X Build/MMB29P) AppleWebKit/537.36 (KHTML, like Gecko) Chrome/150.0.7871.128 Mobile Safari/537.36 (compatible; Googlebot/2.1; +http://www.google.com/bot.html)"
66.249.70.98 - - [26/Jul/2026:07:01:19 +0200] "GET /?g=s2u2r4g4e5l6e4s2s315 HTTP/1.1" 200 79892 "-" "Mozilla/5.0 (Linux; Android 6.0.1; Nexus 5X Build/MMB29P) AppleWebKit/537.36 (KHTML, like Gecko) Chrome/150.0.7871.128 Mobile Safari/537.36 (compatible; Googlebot/2.1; +http://www.google.com/bot.html)"
216.73.216.104 - - [26/Jul/2026:07:01:19 +0200] "GET /?g=l9a4t2i4g3o049699 HTTP/1.1" 200 22595 "-" "Mozilla/5.0 AppleWebKit/537.36 (KHTML, like Gecko; compatible; ClaudeBot/1.0; +claudebot@anthropic.com)"
18.189.20.173 - - [26/Jul/2026:07:01:19 +0200] "GET /app/.env HTTP/1.1" 301 5644 "-" "Mozilla/5.0 (Macintosh; Intel Mac OS X 10_15_7) AppleWebKit/537.36 (KHTML, like Gecko) Chrome/131.0.0.0 Safari/537.36"
66.249.70.102 - - [26/Jul/2026:07:01:20 +0200] "GET /?g=c2a9r8n7a8l4m9i6n2ded HTTP/1.1" 200 81181 "-" "Mozilla/5.0 (Linux; Android 6.0.1; Nexus 5X Build/MMB29P) AppleWebKit/537.36 (KHTML, like Gecko) Chrome/150.0.7871.128 Mobile Safari/537.36 (compatible; Googlebot/2.1; +http://www.google.com/bot.html)"
66.249.76.237 - - [26/Jul/2026:07:01:20 +0200] "GET /?g=o1v2e9r5s6m7e0n7321 HTTP/1.1" 200 80917 "-" "Mozilla/5.0 (Linux; Android 6.0.1; Nexus 5X Build/MMB29P) AppleWebKit/537.36 (KHTML, like Gecko) Chrome/150.0.7871.128 Mobile Safari/537.36 (compatible; Googlebot/2.1; +http://www.google.com/bot.html)"
18.189.20.173 - - [26/Jul/2026:07:01:21 +0200] "GET /app/.env HTTP/1.1" 404 36620 "-" "Mozilla/5.0 (Macintosh; Intel Mac OS X 10_15_7) AppleWebKit/537.36 (KHTML, like Gecko) Chrome/131.0.0.0 Safari/537.36"
66.249.70.108 - - [26/Jul/2026:07:01:20 +0200] "GET /?g=a8n2t7i0b1a0l0l2i0s3t9ic HTTP/1.1" 200 82004 "-" "Mozilla/5.0 (Linux; Android 6.0.1; Nexus 5X Build/MMB29P) AppleWebKit/537.36 (KHTML, like Gecko) Chrome/150.0.7871.128 Mobile Safari/537.36 (compatible; Googlebot/2.1; +http://www.google.com/bot.html)"
66.249.70.105 - - [26/Jul/2026:07:01:21 +0200] "GET /?g=c8r4i2m7i3n3o9l1o3g1ist HTTP/1.1" 200 79567 "-" "Mozilla/5.0 (Linux; Android 6.0.1; Nexus 5X Build/MMB29P) AppleWebKit/537.36 (KHTML, like Gecko) Chrome/150.0.7871.128 Mobile Safari/537.36 (compatible; Googlebot/2.1; +http://www.google.com/bot.html)"
216.73.216.104 - - [26/Jul/2026:07:01:22 +0200] "GET /?g=p9a2h5l6a1v9i64437 HTTP/1.1" 200 22591 "-" "Mozilla/5.0 AppleWebKit/537.36 (KHTML, like Gecko; compatible; ClaudeBot/1.0; +claudebot@anthropic.com)"
18.189.20.173 - - [26/Jul/2026:07:01:22 +0200] "GET /apps/.env HTTP/1.1" 301 5645 "-" "Mozilla/5.0 (Macintosh; Intel Mac OS X 10_15_7) AppleWebKit/537.36 (KHTML, like Gecko) Chrome/131.0.0.0 Safari/537.36"
66.249.76.232 - - [26/Jul/2026:07:01:23 +0200] "GET /?g=m5i1n5e8r1080603 HTTP/1.1" 200 84544 "-" "Mozilla/5.0 (Linux; Android 6.0.1; Nexus 5X Build/MMB29P) AppleWebKit/537.36 (KHTML, like Gecko) Chrome/150.0.7871.128 Mobile Safari/537.36 (compatible; Googlebot/2.1; +http://www.google.com/bot.html)"
18.189.20.173 - - [26/Jul/2026:07:01:23 +0200] "GET /apps/.env HTTP/1.1" 404 36620 "-" "Mozilla/5.0 (Macintosh; Intel Mac OS X 10_15_7) AppleWebKit/537.36 (KHTML, like Gecko) Chrome/131.0.0.0 Safari/537.36"
66.249.76.229 - - [26/Jul/2026:07:01:22 +0200] "GET /?g=i5n5s8t2r9u0m9e1n1t1alism HTTP/1.1" 200 81738 "-" "Mozilla/5.0 (Linux; Android 6.0.1; Nexus 5X Build/MMB29P) AppleWebKit/537.36 (KHTML, like Gecko) Chrome/150.0.7871.128 Mobile Safari/537.36 (compatible; Googlebot/2.1; +http://www.google.com/bot.html)"
66.249.76.228 - - [26/Jul/2026:07:01:22 +0200] "GET /?g=c9o3r8k2e7d455375 HTTP/1.1" 200 82751 "-" "Mozilla/5.0 (Linux; Android 6.0.1; Nexus 5X Build/MMB29P) AppleWebKit/537.36 (KHTML, like Gecko) Chrome/150.0.7871.128 Mobile Safari/537.36 (compatible; Googlebot/2.1; +http://www.google.com/bot.html)"
66.249.76.234 - - [26/Jul/2026:07:01:22 +0200] "GET /?g=t1o2n0g1u0e9s1h0e2l4l0 HTTP/1.1" 200 81218 "-" "Mozilla/5.0 (Linux; Android 6.0.1; Nexus 5X Build/MMB29P) AppleWebKit/537.36 (KHTML, like Gecko) Chrome/150.0.7871.128 Mobile Safari/537.36 (compatible; Googlebot/2.1; +http://www.google.com/bot.html)"
18.189.20.173 - - [26/Jul/2026:07:01:24 +0200] "GET /api/.env HTTP/1.1" 301 5644 "-" "Mozilla/5.0 (Macintosh; Intel Mac OS X 10_15_7) AppleWebKit/537.36 (KHTML, like Gecko) Chrome/131.0.0.0 Safari/537.36"
66.249.70.97 - - [26/Jul/2026:07:01:24 +0200] "GET /?g=c8h1i1n9k3y208969 HTTP/1.1" 200 80890 "-" "Mozilla/5.0 (Linux; Android 6.0.1; Nexus 5X Build/MMB29P) AppleWebKit/537.36 (KHTML, like Gecko) Chrome/150.0.7871.128 Mobile Safari/537.36 (compatible; Googlebot/2.1; +http://www.google.com/bot.html)"
91.237.33.134 - - [26/Jul/2026:07:01:26 +0200] "POST /wp-cron.php?doing_wp_cron=1785042086.0395081043243408203125 HTTP/1.1" 200 5535 "-" "WordPress/6.9.4; https://sipek-instalacije.si"
18.189.20.173 - - [26/Jul/2026:07:01:25 +0200] "GET /api/.env HTTP/1.1" 404 36620 "-" "Mozilla/5.0 (Macintosh; Intel Mac OS X 10_15_7) AppleWebKit/537.36 (KHTML, like Gecko) Chrome/131.0.0.0 Safari/537.36"
66.249.70.103 - - [26/Jul/2026:07:01:25 +0200] "GET /?g=c4a1b2o5b5625904 HTTP/1.1" 200 81388 "-" "Mozilla/5.0 (Linux; Android 6.0.1; Nexus 5X Build/MMB29P) AppleWebKit/537.36 (KHTML, like Gecko) Chrome/150.0.7871.128 Mobile Safari/537.36 (compatible; Googlebot/2.1; +http://www.google.com/bot.html)"
66.249.70.107 - - [26/Jul/2026:07:01:25 +0200] "GET /?g=w4e3a0r6i0l8y52223 HTTP/1.1" 200 81062 "-" "Mozilla/5.0 (Linux; Android 6.0.1; Nexus 5X Build/MMB29P) AppleWebKit/537.36 (KHTML, like Gecko) Chrome/150.0.7871.128 Mobile Safari/537.36 (compatible; Googlebot/2.1; +http://www.google.com/bot.html)"
18.189.20.173 - - [26/Jul/2026:07:01:26 +0200] "GET /web/.env HTTP/1.1" 301 5644 "-" "Mozilla/5.0 (Macintosh; Intel Mac OS X 10_15_7) AppleWebKit/537.36 (KHTML, like Gecko) Chrome/131.0.0.0 Safari/537.36"
91.237.33.134 - - [26/Jul/2026:07:01:26 +0200] "POST /wp-cron.php?doing_wp_cron=1785042086.3271100521087646484375 HTTP/1.1" 200 5535 "-" "WordPress/6.9.4; https://sipek-instalacije.si"
216.73.216.104 - - [26/Jul/2026:07:01:25 +0200] "GET /spermatin/m9a1s5t3i8t4i4s3921 HTTP/1.1" 404 36620 "-" "Mozilla/5.0 AppleWebKit/537.36 (KHTML, like Gecko; compatible; ClaudeBot/1.0; +claudebot@anthropic.com)"
18.189.20.173 - - [26/Jul/2026:07:01:27 +0200] "GET /web/.env HTTP/1.1" 404 36620 "-" "Mozilla/5.0 (Macintosh; Intel Mac OS X 10_15_7) AppleWebKit/537.36 (KHTML, like Gecko) Chrome/131.0.0.0 Safari/537.36"
66.249.70.107 - - [26/Jul/2026:07:01:25 +0200] "GET /?shrubbiness/82071335117 HTTP/1.1" 200 80622 "-" "Mozilla/5.0 (Linux; Android 6.0.1; Nexus 5X Build/MMB29P) AppleWebKit/537.36 (KHTML, like Gecko) Chrome/150.0.7871.128 Mobile Safari/537.36 (compatible; Googlebot/2.1; +http://www.google.com/bot.html)"
66.249.70.103 - - [26/Jul/2026:07:01:26 +0200] "GET /?g=b3e2n8g2a5l0e3n0s8e46 HTTP/1.1" 200 80969 "-" "Mozilla/5.0 (Linux; Android 6.0.1; Nexus 5X Build/MMB29P) AppleWebKit/537.36 (KHTML, like Gecko) Chrome/150.0.7871.128 Mobile Safari/537.36 (compatible; Googlebot/2.1; +http://www.google.com/bot.html)"
66.249.76.238 - - [26/Jul/2026:07:01:27 +0200] "GET /?g=r8i4g0o4l9390249 HTTP/1.1" 200 82676 "-" "Mozilla/5.0 (Linux; Android 6.0.1; Nexus 5X Build/MMB29P) AppleWebKit/537.36 (KHTML, like Gecko) Chrome/150.0.7871.128 Mobile Safari/537.36 (compatible; Googlebot/2.1; +http://www.google.com/bot.html)"
18.189.20.173 - - [26/Jul/2026:07:01:27 +0200] "GET /site/.env HTTP/1.1" 301 5645 "-" "Mozilla/5.0 (Macintosh; Intel Mac OS X 10_15_7) AppleWebKit/537.36 (KHTML, like Gecko) Chrome/131.0.0.0 Safari/537.36"
66.249.70.106 - - [26/Jul/2026:07:01:26 +0200] "GET /online/Rolltop-Bomence-Baseline-L-ger-470g-tanche-812675 HTTP/1.1" 200 100678 "-" "Mozilla/5.0 (Linux; Android 6.0.1; Nexus 5X Build/MMB29P) AppleWebKit/537.36 (KHTML, like Gecko) Chrome/150.0.7871.128 Mobile Safari/537.36 (compatible; Googlebot/2.1; +http://www.google.com/bot.html)"
216.73.216.104 - - [26/Jul/2026:07:01:28 +0200] "GET /shops/sylvius/c9o3n3s1e1c0u9t8i1v3e1ly HTTP/1.1" 404 36596 "-" "Mozilla/5.0 AppleWebKit/537.36 (KHTML, like Gecko; compatible; ClaudeBot/1.0; +claudebot@anthropic.com)"
66.249.76.225 - - [26/Jul/2026:07:01:28 +0200] "GET /?g=o6b5s1c3u2r1e4n4e1s5s HTTP/1.1" 200 82713 "-" "Mozilla/5.0 (Linux; Android 6.0.1; Nexus 5X Build/MMB29P) AppleWebKit/537.36 (KHTML, like Gecko) Chrome/150.0.7871.128 Mobile Safari/537.36 (compatible; Googlebot/2.1; +http://www.google.com/bot.html)"
66.249.76.229 - - [26/Jul/2026:07:01:28 +0200] "GET /?infighting/61251131089 HTTP/1.1" 200 81695 "-" "Mozilla/5.0 (Linux; Android 6.0.1; Nexus 5X Build/MMB29P) AppleWebKit/537.36 (KHTML, like Gecko) Chrome/150.0.7871.128 Mobile Safari/537.36 (compatible; Googlebot/2.1; +http://www.google.com/bot.html)"
66.249.70.102 - - [26/Jul/2026:07:01:28 +0200] "GET /?g=b3r2i9c2k0m3a9k3i2n8g8 HTTP/1.1" 200 80492 "-" "Mozilla/5.0 (Linux; Android 6.0.1; Nexus 5X Build/MMB29P) AppleWebKit/537.36 (KHTML, like Gecko) Chrome/150.0.7871.128 Mobile Safari/537.36 (compatible; Googlebot/2.1; +http://www.google.com/bot.html)"
18.189.20.173 - - [26/Jul/2026:07:01:28 +0200] "GET /site/.env HTTP/1.1" 404 36620 "-" "Mozilla/5.0 (Macintosh; Intel Mac OS X 10_15_7) AppleWebKit/537.36 (KHTML, like Gecko) Chrome/131.0.0.0 Safari/537.36"
66.249.70.110 - - [26/Jul/2026:07:01:28 +0200] "GET /?g=l4i3x3i6v3i6o3u3s228 HTTP/1.1" 200 81298 "-" "Mozilla/5.0 (Linux; Android 6.0.1; Nexus 5X Build/MMB29P) AppleWebKit/537.36 (KHTML, like Gecko) Chrome/150.0.7871.128 Mobile Safari/537.36 (compatible; Googlebot/2.1; +http://www.google.com/bot.html)"
18.189.20.173 - - [26/Jul/2026:07:01:30 +0200] "GET /public/.env HTTP/1.1" 301 5647 "-" "Mozilla/5.0 (Macintosh; Intel Mac OS X 10_15_7) AppleWebKit/537.36 (KHTML, like Gecko) Chrome/131.0.0.0 Safari/537.36"
66.249.76.237 - - [26/Jul/2026:07:01:29 +0200] "GET /?g=p0a3v6o9n2i5a93181 HTTP/1.1" 200 81482 "-" "Mozilla/5.0 (Linux; Android 6.0.1; Nexus 5X Build/MMB29P) AppleWebKit/537.36 (KHTML, like Gecko) Chrome/150.0.7871.128 Mobile Safari/537.36 (compatible; Googlebot/2.1; +http://www.google.com/bot.html)"
66.249.76.234 - - [26/Jul/2026:07:01:29 +0200] "GET /?g=s8t1e0n7o1p3h5y2l8l0o3us HTTP/1.1" 200 82590 "-" "Mozilla/5.0 (Linux; Android 6.0.1; Nexus 5X Build/MMB29P) AppleWebKit/537.36 (KHTML, like Gecko) Chrome/150.0.7871.128 Mobile Safari/537.36 (compatible; Googlebot/2.1; +http://www.google.com/bot.html)"
66.249.70.99 - - [26/Jul/2026:07:01:30 +0200] "GET /?g=a4c4c1e9s3s0a4r6i0e4s8 HTTP/1.1" 200 81746 "-" "Mozilla/5.0 (Linux; Android 6.0.1; Nexus 5X Build/MMB29P) AppleWebKit/537.36 (KHTML, like Gecko) Chrome/150.0.7871.128 Mobile Safari/537.36 (compatible; Googlebot/2.1; +http://www.google.com/bot.html)"
18.189.20.173 - - [26/Jul/2026:07:01:31 +0200] "GET /public/.env HTTP/1.1" 404 36620 "-" "Mozilla/5.0 (Macintosh; Intel Mac OS X 10_15_7) AppleWebKit/537.36 (KHTML, like Gecko) Chrome/131.0.0.0 Safari/537.36"
66.249.76.232 - - [26/Jul/2026:07:01:30 +0200] "GET /?g=i5n8s3u4b7m3e8r0g6ible HTTP/1.1" 200 82300 "-" "Mozilla/5.0 (Linux; Android 6.0.1; Nexus 5X Build/MMB29P) AppleWebKit/537.36 (KHTML, like Gecko) Chrome/150.0.7871.128 Mobile Safari/537.36 (compatible; Googlebot/2.1; +http://www.google.com/bot.html)"
18.189.20.173 - - [26/Jul/2026:07:01:32 +0200] "GET /admin/.env HTTP/1.1" 301 5646 "-" "Mozilla/5.0 (Macintosh; Intel Mac OS X 10_15_7) AppleWebKit/537.36 (KHTML, like Gecko) Chrome/131.0.0.0 Safari/537.36"
66.249.76.227 - - [26/Jul/2026:07:01:31 +0200] "GET /?g=h3o1m1e9c1o8m6i0n5g HTTP/1.1" 200 81824 "-" "Mozilla/5.0 (Linux; Android 6.0.1; Nexus 5X Build/MMB29P) AppleWebKit/537.36 (KHTML, like Gecko) Chrome/150.0.7871.128 Mobile Safari/537.36 (compatible; Googlebot/2.1; +http://www.google.com/bot.html)"
66.249.70.101 - - [26/Jul/2026:07:01:31 +0200] "GET /?endognath/2718356473 HTTP/1.1" 200 81162 "-" "Mozilla/5.0 (Linux; Android 6.0.1; Nexus 5X Build/MMB29P) AppleWebKit/537.36 (KHTML, like Gecko) Chrome/150.0.7871.128 Mobile Safari/537.36 (compatible; Googlebot/2.1; +http://www.google.com/bot.html)"
18.189.20.173 - - [26/Jul/2026:07:01:32 +0200] "GET /admin/.env HTTP/1.1" 404 36620 "-" "Mozilla/5.0 (Macintosh; Intel Mac OS X 10_15_7) AppleWebKit/537.36 (KHTML, like Gecko) Chrome/131.0.0.0 Safari/537.36"
66.249.76.237 - - [26/Jul/2026:07:01:32 +0200] "GET /?g=c3h2i1c5l5e941493 HTTP/1.1" 200 81034 "-" "Mozilla/5.0 (Linux; Android 6.0.1; Nexus 5X Build/MMB29P) AppleWebKit/537.36 (KHTML, like Gecko) Chrome/150.0.7871.128 Mobile Safari/537.36 (compatible; Googlebot/2.1; +http://www.google.com/bot.html)"
66.249.70.109 - - [26/Jul/2026:07:01:32 +0200] "GET /?g=e6q3u4i4p0a7r6a3b8l2e0 HTTP/1.1" 200 80819 "-" "Mozilla/5.0 (Linux; Android 6.0.1; Nexus 5X Build/MMB29P) AppleWebKit/537.36 (KHTML, like Gecko) Chrome/150.0.7871.128 Mobile Safari/537.36 (compatible; Googlebot/2.1; +http://www.google.com/bot.html)"
18.189.20.173 - - [26/Jul/2026:07:01:33 +0200] "GET /backend/.env HTTP/1.1" 301 5648 "-" "Mozilla/5.0 (Macintosh; Intel Mac OS X 10_15_7) AppleWebKit/537.36 (KHTML, like Gecko) Chrome/131.0.0.0 Safari/537.36"
66.249.70.107 - - [26/Jul/2026:07:01:33 +0200] "GET /?g=h5a2r4m6l3e7s3s6n2e1s1s HTTP/1.1" 200 82171 "-" "Mozilla/5.0 (Linux; Android 6.0.1; Nexus 5X Build/MMB29P) AppleWebKit/537.36 (KHTML, like Gecko) Chrome/150.0.7871.128 Mobile Safari/537.36 (compatible; Googlebot/2.1; +http://www.google.com/bot.html)"
66.249.76.228 - - [26/Jul/2026:07:01:33 +0200] "GET /?g=s4u3r6r1o3u6n4d9i3n2g3 HTTP/1.1" 200 81358 "-" "Mozilla/5.0 (Linux; Android 6.0.1; Nexus 5X Build/MMB29P) AppleWebKit/537.36 (KHTML, like Gecko) Chrome/150.0.7871.128 Mobile Safari/537.36 (compatible; Googlebot/2.1; +http://www.google.com/bot.html)"
18.189.20.173 - - [26/Jul/2026:07:01:34 +0200] "GET /backend/.env HTTP/1.1" 404 36620 "-" "Mozilla/5.0 (Macintosh; Intel Mac OS X 10_15_7) AppleWebKit/537.36 (KHTML, like Gecko) Chrome/131.0.0.0 Safari/537.36"
216.73.216.104 - - [26/Jul/2026:07:01:34 +0200] "GET /?g=c9o3r1r8e8l6a8t7e8d67 HTTP/1.1" 200 22601 "-" "Mozilla/5.0 AppleWebKit/537.36 (KHTML, like Gecko; compatible; ClaudeBot/1.0; +claudebot@anthropic.com)"
66.249.76.169 - - [26/Jul/2026:07:01:33 +0200] "GET /?finite/33486147802 HTTP/1.1" 200 80623 "-" "Mozilla/5.0 (Linux; Android 6.0.1; Nexus 5X Build/MMB29P) AppleWebKit/537.36 (KHTML, like Gecko) Chrome/150.0.7871.128 Mobile Safari/537.36 (compatible; Googlebot/2.1; +http://www.google.com/bot.html)"
18.189.20.173 - - [26/Jul/2026:07:01:35 +0200] "GET /server/.env HTTP/1.1" 301 5647 "-" "Mozilla/5.0 (Macintosh; Intel Mac OS X 10_15_7) AppleWebKit/537.36 (KHTML, like Gecko) Chrome/131.0.0.0 Safari/537.36"
66.249.76.67 - - [26/Jul/2026:07:01:35 +0200] "GET /?woodenly/21906087503 HTTP/1.1" 200 80511 "-" "Mozilla/5.0 (Linux; Android 6.0.1; Nexus 5X Build/MMB29P) AppleWebKit/537.36 (KHTML, like Gecko) Chrome/150.0.7871.128 Mobile Safari/537.36 (compatible; Googlebot/2.1; +http://www.google.com/bot.html)"
18.189.20.173 - - [26/Jul/2026:07:01:35 +0200] "GET /server/.env HTTP/1.1" 404 36620 "-" "Mozilla/5.0 (Macintosh; Intel Mac OS X 10_15_7) AppleWebKit/537.36 (KHTML, like Gecko) Chrome/131.0.0.0 Safari/537.36"
66.249.76.237 - - [26/Jul/2026:07:01:35 +0200] "GET /?g=t1r2i4c5h3o5p4t5e1r53 HTTP/1.1" 200 81183 "-" "Mozilla/5.0 (Linux; Android 6.0.1; Nexus 5X Build/MMB29P) AppleWebKit/537.36 (KHTML, like Gecko) Chrome/150.0.7871.128 Mobile Safari/537.36 (compatible; Googlebot/2.1; +http://www.google.com/bot.html)"
66.249.76.41 - - [26/Jul/2026:07:01:35 +0200] "GET /?g=n7u3m5b4i8n4g27189 HTTP/1.1" 200 81250 "-" "Mozilla/5.0 (Linux; Android 6.0.1; Nexus 5X Build/MMB29P) AppleWebKit/537.36 (KHTML, like Gecko) Chrome/150.0.7871.128 Mobile Safari/537.36 (compatible; Googlebot/2.1; +http://www.google.com/bot.html)"
18.189.20.173 - - [26/Jul/2026:07:01:36 +0200] "GET /frontend/.env HTTP/1.1" 301 5649 "-" "Mozilla/5.0 (Macintosh; Intel Mac OS X 10_15_7) AppleWebKit/537.36 (KHTML, like Gecko) Chrome/131.0.0.0 Safari/537.36"
66.249.64.232 - - [26/Jul/2026:07:01:34 +0200] "GET /?g=d2i3s4c1o5m4m0o0d2a4t1e HTTP/1.1" 200 82670 "-" "Mozilla/5.0 (Linux; Android 6.0.1; Nexus 5X Build/MMB29P) AppleWebKit/537.36 (KHTML, like Gecko) Chrome/150.0.7871.128 Mobile Safari/537.36 (compatible; Googlebot/2.1; +http://www.google.com/bot.html)"
216.73.216.104 - - [26/Jul/2026:07:01:36 +0200] "GET /?g=c9o2n3f6o3r4m7a1t1e05 HTTP/1.1" 200 22591 "-" "Mozilla/5.0 AppleWebKit/537.36 (KHTML, like Gecko; compatible; ClaudeBot/1.0; +claudebot@anthropic.com)"
18.189.20.173 - - [26/Jul/2026:07:01:37 +0200] "GET /frontend/.env HTTP/1.1" 404 36620 "-" "Mozilla/5.0 (Macintosh; Intel Mac OS X 10_15_7) AppleWebKit/537.36 (KHTML, like Gecko) Chrome/131.0.0.0 Safari/537.36"
66.249.76.7 - - [26/Jul/2026:07:01:36 +0200] "GET /?g=i0n3f2e3c2u5n8d2o0u6s4 HTTP/1.1" 200 81819 "-" "Mozilla/5.0 (Linux; Android 6.0.1; Nexus 5X Build/MMB29P) AppleWebKit/537.36 (KHTML, like Gecko) Chrome/150.0.7871.128 Mobile Safari/537.36 (compatible; Googlebot/2.1; +http://www.google.com/bot.html)"
