66.249.70.100 - - [26/Jul/2026:07:04:17 +0200] "GET /?g=m3a1y2o6r6s006976 HTTP/1.1" 200 81158 "-" "Mozilla/5.0 (Linux; Android 6.0.1; Nexus 5X Build/MMB29P) AppleWebKit/537.36 (KHTML, like Gecko) Chrome/150.0.7871.128 Mobile Safari/537.36 (compatible; Googlebot/2.1; +http://www.google.com/bot.html)"
66.249.70.108 - - [26/Jul/2026:07:04:17 +0200] "GET /?betwixt/1717367774 HTTP/1.1" 200 81115 "-" "Mozilla/5.0 (Linux; Android 6.0.1; Nexus 5X Build/MMB29P) AppleWebKit/537.36 (KHTML, like Gecko) Chrome/150.0.7871.128 Mobile Safari/537.36 (compatible; Googlebot/2.1; +http://www.google.com/bot.html)"
18.189.20.173 - - [26/Jul/2026:07:04:17 +0200] "GET /temp/.env HTTP/1.1" 301 5645 "-" "Mozilla/5.0 (Macintosh; Intel Mac OS X 10_15_7) AppleWebKit/537.36 (KHTML, like Gecko) Chrome/131.0.0.0 Safari/537.36"
18.189.20.173 - - [26/Jul/2026:07:04:19 +0200] "GET /temp/.env HTTP/1.1" 404 36620 "-" "Mozilla/5.0 (Macintosh; Intel Mac OS X 10_15_7) AppleWebKit/537.36 (KHTML, like Gecko) Chrome/131.0.0.0 Safari/537.36"
66.249.70.107 - - [26/Jul/2026:07:04:19 +0200] "GET /?g=o1b1l9a3t1a073093 HTTP/1.1" 200 82914 "-" "Mozilla/5.0 (Linux; Android 6.0.1; Nexus 5X Build/MMB29P) AppleWebKit/537.36 (KHTML, like Gecko) Chrome/150.0.7871.128 Mobile Safari/537.36 (compatible; Googlebot/2.1; +http://www.google.com/bot.html)"
18.189.20.173 - - [26/Jul/2026:07:04:20 +0200] "GET /lab/.env HTTP/1.1" 301 5644 "-" "Mozilla/5.0 (Macintosh; Intel Mac OS X 10_15_7) AppleWebKit/537.36 (KHTML, like Gecko) Chrome/131.0.0.0 Safari/537.36"
66.249.76.230 - - [26/Jul/2026:07:04:19 +0200] "GET /?g=h7e1l4m5i9n2g53890 HTTP/1.1" 200 81361 "-" "Mozilla/5.0 (Linux; Android 6.0.1; Nexus 5X Build/MMB29P) AppleWebKit/537.36 (KHTML, like Gecko) Chrome/150.0.7871.128 Mobile Safari/537.36 (compatible; Googlebot/2.1; +http://www.google.com/bot.html)"
66.249.76.234 - - [26/Jul/2026:07:04:19 +0200] "GET /?g=s2i3p9h5o2n7o5b2r4a8n6chiata HTTP/1.1" 200 81898 "-" "Mozilla/5.0 (Linux; Android 6.0.1; Nexus 5X Build/MMB29P) AppleWebKit/537.36 (KHTML, like Gecko) Chrome/150.0.7871.128 Mobile Safari/537.36 (compatible; Googlebot/2.1; +http://www.google.com/bot.html)"
18.189.20.173 - - [26/Jul/2026:07:04:20 +0200] "GET /lab/.env HTTP/1.1" 404 36620 "-" "Mozilla/5.0 (Macintosh; Intel Mac OS X 10_15_7) AppleWebKit/537.36 (KHTML, like Gecko) Chrome/131.0.0.0 Safari/537.36"
66.249.70.102 - - [26/Jul/2026:07:04:19 +0200] "GET /?g=d1i3p0l4o7m7a1t7i3c86 HTTP/1.1" 200 81333 "-" "Mozilla/5.0 (Linux; Android 6.0.1; Nexus 5X Build/MMB29P) AppleWebKit/537.36 (KHTML, like Gecko) Chrome/150.0.7871.128 Mobile Safari/537.36 (compatible; Googlebot/2.1; +http://www.google.com/bot.html)"
66.249.76.224 - - [26/Jul/2026:07:04:20 +0200] "GET /?disallowableness/02151465470 HTTP/1.1" 200 83255 "-" "Mozilla/5.0 (Linux; Android 6.0.1; Nexus 5X Build/MMB29P) AppleWebKit/537.36 (KHTML, like Gecko) Chrome/150.0.7871.128 Mobile Safari/537.36 (compatible; Googlebot/2.1; +http://www.google.com/bot.html)"
18.189.20.173 - - [26/Jul/2026:07:04:21 +0200] "GET /cronlab/.env HTTP/1.1" 301 5648 "-" "Mozilla/5.0 (Macintosh; Intel Mac OS X 10_15_7) AppleWebKit/537.36 (KHTML, like Gecko) Chrome/131.0.0.0 Safari/537.36"
66.249.70.106 - - [26/Jul/2026:07:04:21 +0200] "GET /?g=t5o3a4d3h9e4a3d0837 HTTP/1.1" 200 81984 "-" "Mozilla/5.0 (Linux; Android 6.0.1; Nexus 5X Build/MMB29P) AppleWebKit/537.36 (KHTML, like Gecko) Chrome/150.0.7871.128 Mobile Safari/537.36 (compatible; Googlebot/2.1; +http://www.google.com/bot.html)"
18.189.20.173 - - [26/Jul/2026:07:04:22 +0200] "GET /cronlab/.env HTTP/1.1" 404 36620 "-" "Mozilla/5.0 (Macintosh; Intel Mac OS X 10_15_7) AppleWebKit/537.36 (KHTML, like Gecko) Chrome/131.0.0.0 Safari/537.36"
66.249.76.232 - - [26/Jul/2026:07:04:21 +0200] "GET /?g=h4a3u2g6h8t049628 HTTP/1.1" 200 82338 "-" "Mozilla/5.0 (Linux; Android 6.0.1; Nexus 5X Build/MMB29P) AppleWebKit/537.36 (KHTML, like Gecko) Chrome/150.0.7871.128 Mobile Safari/537.36 (compatible; Googlebot/2.1; +http://www.google.com/bot.html)"
66.249.70.102 - - [26/Jul/2026:07:04:22 +0200] "GET /?g=b5a3l8k1a6n7i6z3e133 HTTP/1.1" 200 81297 "-" "Mozilla/5.0 (Linux; Android 6.0.1; Nexus 5X Build/MMB29P) AppleWebKit/537.36 (KHTML, like Gecko) Chrome/150.0.7871.128 Mobile Safari/537.36 (compatible; Googlebot/2.1; +http://www.google.com/bot.html)"
18.189.20.173 - - [26/Jul/2026:07:04:23 +0200] "GET /cron/.env HTTP/1.1" 301 5645 "-" "Mozilla/5.0 (Macintosh; Intel Mac OS X 10_15_7) AppleWebKit/537.36 (KHTML, like Gecko) Chrome/131.0.0.0 Safari/537.36"
66.249.76.238 - - [26/Jul/2026:07:04:22 +0200] "GET /?g=u9p3s7y6t1u7r2v6y690 HTTP/1.1" 200 84016 "-" "Mozilla/5.0 (Linux; Android 6.0.1; Nexus 5X Build/MMB29P) AppleWebKit/537.36 (KHTML, like Gecko) Chrome/150.0.7871.128 Mobile Safari/537.36 (compatible; Googlebot/2.1; +http://www.google.com/bot.html)"
18.189.20.173 - - [26/Jul/2026:07:04:23 +0200] "GET /cron/.env HTTP/1.1" 404 36620 "-" "Mozilla/5.0 (Macintosh; Intel Mac OS X 10_15_7) AppleWebKit/537.36 (KHTML, like Gecko) Chrome/131.0.0.0 Safari/537.36"
66.249.76.235 - - [26/Jul/2026:07:04:22 +0200] "GET /?g=c2o4n7c4i7o5n5a4t9o9ry HTTP/1.1" 200 82048 "-" "Mozilla/5.0 (Linux; Android 6.0.1; Nexus 5X Build/MMB29P) AppleWebKit/537.36 (KHTML, like Gecko) Chrome/150.0.7871.128 Mobile Safari/537.36 (compatible; Googlebot/2.1; +http://www.google.com/bot.html)"
66.249.70.103 - - [26/Jul/2026:07:04:23 +0200] "GET /?g=m9a9x6i2l1l8a0e498 HTTP/1.1" 200 80432 "-" "Mozilla/5.0 (Linux; Android 6.0.1; Nexus 5X Build/MMB29P) AppleWebKit/537.36 (KHTML, like Gecko) Chrome/150.0.7871.128 Mobile Safari/537.36 (compatible; Googlebot/2.1; +http://www.google.com/bot.html)"
66.249.70.105 - - [26/Jul/2026:07:04:23 +0200] "GET /?g=b0i4g0s1h1o7u2l5d7e5r9ed HTTP/1.1" 200 84843 "-" "Mozilla/5.0 (Linux; Android 6.0.1; Nexus 5X Build/MMB29P) AppleWebKit/537.36 (KHTML, like Gecko) Chrome/150.0.7871.128 Mobile Safari/537.36 (compatible; Googlebot/2.1; +http://www.google.com/bot.html)"
18.189.20.173 - - [26/Jul/2026:07:04:24 +0200] "GET /en/.env HTTP/1.1" 301 5643 "-" "Mozilla/5.0 (Macintosh; Intel Mac OS X 10_15_7) AppleWebKit/537.36 (KHTML, like Gecko) Chrome/131.0.0.0 Safari/537.36"
66.249.70.101 - - [26/Jul/2026:07:04:24 +0200] "GET /?g=r6i3v4e9r6e1d23336 HTTP/1.1" 200 82825 "-" "Mozilla/5.0 (Linux; Android 6.0.1; Nexus 5X Build/MMB29P) AppleWebKit/537.36 (KHTML, like Gecko) Chrome/150.0.7871.128 Mobile Safari/537.36 (compatible; Googlebot/2.1; +http://www.google.com/bot.html)"
66.249.70.98 - - [26/Jul/2026:07:04:25 +0200] "GET /?g=b3i3d1d3i7n4g72869 HTTP/1.1" 200 83204 "-" "Mozilla/5.0 (Linux; Android 6.0.1; Nexus 5X Build/MMB29P) AppleWebKit/537.36 (KHTML, like Gecko) Chrome/150.0.7871.128 Mobile Safari/537.36 (compatible; Googlebot/2.1; +http://www.google.com/bot.html)"
91.237.33.134 - - [26/Jul/2026:07:04:26 +0200] "POST /wp-cron.php?doing_wp_cron=1785042266.6243910789489746093750 HTTP/1.1" 200 5535 "-" "WordPress/6.9.4; https://sipek-instalacije.si"
18.189.20.173 - - [26/Jul/2026:07:04:25 +0200] "GET /en/.env HTTP/1.1" 404 36620 "-" "Mozilla/5.0 (Macintosh; Intel Mac OS X 10_15_7) AppleWebKit/537.36 (KHTML, like Gecko) Chrome/131.0.0.0 Safari/537.36"
66.249.76.234 - - [26/Jul/2026:07:04:25 +0200] "GET /?g=l9e2g2i2s4t781630 HTTP/1.1" 200 82276 "-" "Mozilla/5.0 (Linux; Android 6.0.1; Nexus 5X Build/MMB29P) AppleWebKit/537.36 (KHTML, like Gecko) Chrome/150.0.7871.128 Mobile Safari/537.36 (compatible; Googlebot/2.1; +http://www.google.com/bot.html)"
66.249.76.236 - - [26/Jul/2026:07:04:25 +0200] "GET /?g=c4e3l4e4r3i5t8y0994 HTTP/1.1" 200 82441 "-" "Mozilla/5.0 (Linux; Android 6.0.1; Nexus 5X Build/MMB29P) AppleWebKit/537.36 (KHTML, like Gecko) Chrome/150.0.7871.128 Mobile Safari/537.36 (compatible; Googlebot/2.1; +http://www.google.com/bot.html)"
18.189.20.173 - - [26/Jul/2026:07:04:27 +0200] "GET /administrator/.env HTTP/1.1" 301 5654 "-" "Mozilla/5.0 (Macintosh; Intel Mac OS X 10_15_7) AppleWebKit/537.36 (KHTML, like Gecko) Chrome/131.0.0.0 Safari/537.36"
66.249.70.96 - - [26/Jul/2026:07:04:26 +0200] "GET /?g=h7o5m8i4l0e6t7i0c72 HTTP/1.1" 200 81181 "-" "Mozilla/5.0 (Linux; Android 6.0.1; Nexus 5X Build/MMB29P) AppleWebKit/537.36 (KHTML, like Gecko) Chrome/150.0.7871.128 Mobile Safari/537.36 (compatible; Googlebot/2.1; +http://www.google.com/bot.html)"
216.73.216.104 - - [26/Jul/2026:07:04:27 +0200] "GET /?g=b9a7r5r4a5t6r1o6u1s8 HTTP/1.1" 200 22592 "-" "Mozilla/5.0 AppleWebKit/537.36 (KHTML, like Gecko; compatible; ClaudeBot/1.0; +claudebot@anthropic.com)"
18.189.20.173 - - [26/Jul/2026:07:04:27 +0200] "GET /administrator/.env HTTP/1.1" 404 36620 "-" "Mozilla/5.0 (Macintosh; Intel Mac OS X 10_15_7) AppleWebKit/537.36 (KHTML, like Gecko) Chrome/131.0.0.0 Safari/537.36"
66.249.70.108 - - [26/Jul/2026:07:04:27 +0200] "GET /?g=s3l3e3n1d0e6r8l5y551 HTTP/1.1" 200 82886 "-" "Mozilla/5.0 (Linux; Android 6.0.1; Nexus 5X Build/MMB29P) AppleWebKit/537.36 (KHTML, like Gecko) Chrome/150.0.7871.128 Mobile Safari/537.36 (compatible; Googlebot/2.1; +http://www.google.com/bot.html)"
66.249.76.231 - - [26/Jul/2026:07:04:27 +0200] "GET /?g=p6a1r7a3d7o4x1i6r2u3s6 HTTP/1.1" 200 84073 "-" "Mozilla/5.0 (Linux; Android 6.0.1; Nexus 5X Build/MMB29P) AppleWebKit/537.36 (KHTML, like Gecko) Chrome/150.0.7871.128 Mobile Safari/537.36 (compatible; Googlebot/2.1; +http://www.google.com/bot.html)"
66.249.70.110 - - [26/Jul/2026:07:04:26 +0200] "GET /?g=e4n3d1o0l9y9m9p3h8a7t9ic HTTP/1.1" 200 84863 "-" "Mozilla/5.0 (Linux; Android 6.0.1; Nexus 5X Build/MMB29P) AppleWebKit/537.36 (KHTML, like Gecko) Chrome/150.0.7871.128 Mobile Safari/537.36 (compatible; Googlebot/2.1; +http://www.google.com/bot.html)"
18.189.20.173 - - [26/Jul/2026:07:04:28 +0200] "GET /psnlink/.env HTTP/1.1" 301 5648 "-" "Mozilla/5.0 (Macintosh; Intel Mac OS X 10_15_7) AppleWebKit/537.36 (KHTML, like Gecko) Chrome/131.0.0.0 Safari/537.36"
66.249.70.99 - - [26/Jul/2026:07:04:28 +0200] "GET /?agitate/32624564662 HTTP/1.1" 200 83479 "-" "Mozilla/5.0 (Linux; Android 6.0.1; Nexus 5X Build/MMB29P) AppleWebKit/537.36 (KHTML, like Gecko) Chrome/150.0.7871.128 Mobile Safari/537.36 (compatible; Googlebot/2.1; +http://www.google.com/bot.html)"
18.189.20.173 - - [26/Jul/2026:07:04:29 +0200] "GET /psnlink/.env HTTP/1.1" 404 36620 "-" "Mozilla/5.0 (Macintosh; Intel Mac OS X 10_15_7) AppleWebKit/537.36 (KHTML, like Gecko) Chrome/131.0.0.0 Safari/537.36"
216.73.216.104 - - [26/Jul/2026:07:04:29 +0200] "GET /?g=c9r3e0a4t6i1o2n6a9l39 HTTP/1.1" 200 22602 "-" "Mozilla/5.0 AppleWebKit/537.36 (KHTML, like Gecko; compatible; ClaudeBot/1.0; +claudebot@anthropic.com)"
66.249.70.106 - - [26/Jul/2026:07:04:29 +0200] "GET /?g=h0a2s2t4a3t0a52076 HTTP/1.1" 200 80097 "-" "Mozilla/5.0 (Linux; Android 6.0.1; Nexus 5X Build/MMB29P) AppleWebKit/537.36 (KHTML, like Gecko) Chrome/150.0.7871.128 Mobile Safari/537.36 (compatible; Googlebot/2.1; +http://www.google.com/bot.html)"
66.249.76.226 - - [26/Jul/2026:07:04:29 +0200] "GET /?g=e7u1c3a5i0r2i3t5e749 HTTP/1.1" 200 83681 "-" "Mozilla/5.0 (Linux; Android 6.0.1; Nexus 5X Build/MMB29P) AppleWebKit/537.36 (KHTML, like Gecko) Chrome/150.0.7871.128 Mobile Safari/537.36 (compatible; Googlebot/2.1; +http://www.google.com/bot.html)"
18.189.20.173 - - [26/Jul/2026:07:04:30 +0200] "GET /exapi/.env HTTP/1.1" 301 5646 "-" "Mozilla/5.0 (Macintosh; Intel Mac OS X 10_15_7) AppleWebKit/537.36 (KHTML, like Gecko) Chrome/131.0.0.0 Safari/537.36"
66.249.76.234 - - [26/Jul/2026:07:04:29 +0200] "GET /?g=s1h8r6i9e7v1e8927 HTTP/1.1" 200 80501 "-" "Mozilla/5.0 (Linux; Android 6.0.1; Nexus 5X Build/MMB29P) AppleWebKit/537.36 (KHTML, like Gecko) Chrome/150.0.7871.128 Mobile Safari/537.36 (compatible; Googlebot/2.1; +http://www.google.com/bot.html)"
18.189.20.173 - - [26/Jul/2026:07:04:30 +0200] "GET /exapi/.env HTTP/1.1" 404 36620 "-" "Mozilla/5.0 (Macintosh; Intel Mac OS X 10_15_7) AppleWebKit/537.36 (KHTML, like Gecko) Chrome/131.0.0.0 Safari/537.36"
66.249.70.106 - - [26/Jul/2026:07:04:30 +0200] "GET /?g=s6u2r1p3a2s5s8e5d273 HTTP/1.1" 200 80489 "-" "Mozilla/5.0 (Linux; Android 6.0.1; Nexus 5X Build/MMB29P) AppleWebKit/537.36 (KHTML, like Gecko) Chrome/150.0.7871.128 Mobile Safari/537.36 (compatible; Googlebot/2.1; +http://www.google.com/bot.html)"
66.249.76.234 - - [26/Jul/2026:07:04:29 +0200] "GET /?g=d5i4s2s8e2i5z7e2d603 HTTP/1.1" 200 81924 "-" "Mozilla/5.0 (Linux; Android 6.0.1; Nexus 5X Build/MMB29P) AppleWebKit/537.36 (KHTML, like Gecko) Chrome/150.0.7871.128 Mobile Safari/537.36 (compatible; Googlebot/2.1; +http://www.google.com/bot.html)"
66.249.70.103 - - [26/Jul/2026:07:04:30 +0200] "GET /?g=p2l3a8n5c5h2e1d1425 HTTP/1.1" 200 82576 "-" "Mozilla/5.0 (Linux; Android 6.0.1; Nexus 5X Build/MMB29P) AppleWebKit/537.36 (KHTML, like Gecko) Chrome/150.0.7871.128 Mobile Safari/537.36 (compatible; Googlebot/2.1; +http://www.google.com/bot.html)"
18.189.20.173 - - [26/Jul/2026:07:04:31 +0200] "GET /sitemaps/.env HTTP/1.1" 301 5649 "-" "Mozilla/5.0 (Macintosh; Intel Mac OS X 10_15_7) AppleWebKit/537.36 (KHTML, like Gecko) Chrome/131.0.0.0 Safari/537.36"
66.249.70.102 - - [26/Jul/2026:07:04:31 +0200] "GET /?g=t2r3u5n5c0h4e9o7n8e2e4r HTTP/1.1" 200 81066 "-" "Mozilla/5.0 (Linux; Android 6.0.1; Nexus 5X Build/MMB29P) AppleWebKit/537.36 (KHTML, like Gecko) Chrome/150.0.7871.128 Mobile Safari/537.36 (compatible; Googlebot/2.1; +http://www.google.com/bot.html)"
18.189.20.173 - - [26/Jul/2026:07:04:32 +0200] "GET /sitemaps/.env HTTP/1.1" 404 36620 "-" "Mozilla/5.0 (Macintosh; Intel Mac OS X 10_15_7) AppleWebKit/537.36 (KHTML, like Gecko) Chrome/131.0.0.0 Safari/537.36"
216.73.216.104 - - [26/Jul/2026:07:04:32 +0200] "GET /?g=n9e2o9g3r6a0p0h6y843 HTTP/1.1" 200 22593 "-" "Mozilla/5.0 AppleWebKit/537.36 (KHTML, like Gecko; compatible; ClaudeBot/1.0; +claudebot@anthropic.com)"
18.189.20.173 - - [26/Jul/2026:07:04:33 +0200] "GET /.env.backup1 HTTP/1.1" 301 5648 "-" "Mozilla/5.0 (Macintosh; Intel Mac OS X 10_15_7) AppleWebKit/537.36 (KHTML, like Gecko) Chrome/131.0.0.0 Safari/537.36"
66.249.76.236 - - [26/Jul/2026:07:04:32 +0200] "GET /?g=s0p7i9c2e0r9y4574 HTTP/1.1" 200 83199 "-" "Mozilla/5.0 (Linux; Android 6.0.1; Nexus 5X Build/MMB29P) AppleWebKit/537.36 (KHTML, like Gecko) Chrome/150.0.7871.128 Mobile Safari/537.36 (compatible; Googlebot/2.1; +http://www.google.com/bot.html)"
66.249.76.231 - - [26/Jul/2026:07:04:32 +0200] "GET /?g=a4n2e7m5o2g8r0a1p2h7i5c HTTP/1.1" 200 81973 "-" "Mozilla/5.0 (Linux; Android 6.0.1; Nexus 5X Build/MMB29P) AppleWebKit/537.36 (KHTML, like Gecko) Chrome/150.0.7871.128 Mobile Safari/537.36 (compatible; Googlebot/2.1; +http://www.google.com/bot.html)"
66.249.70.98 - - [26/Jul/2026:07:04:32 +0200] "GET /?g=v5o1l2u8n9t7e4e4r2s16 HTTP/1.1" 200 81278 "-" "Mozilla/5.0 (Linux; Android 6.0.1; Nexus 5X Build/MMB29P) AppleWebKit/537.36 (KHTML, like Gecko) Chrome/150.0.7871.128 Mobile Safari/537.36 (compatible; Googlebot/2.1; +http://www.google.com/bot.html)"
18.189.20.173 - - [26/Jul/2026:07:04:34 +0200] "GET /.env.backup1 HTTP/1.1" 404 36620 "-" "Mozilla/5.0 (Macintosh; Intel Mac OS X 10_15_7) AppleWebKit/537.36 (KHTML, like Gecko) Chrome/131.0.0.0 Safari/537.36"
66.249.70.110 - - [26/Jul/2026:07:04:32 +0200] "GET /online/Avant-Diederichs-Kit-De-2-Pour-Personnalisation-Ou-377189 HTTP/1.1" 200 99782 "-" "Mozilla/5.0 (Linux; Android 6.0.1; Nexus 5X Build/MMB29P) AppleWebKit/537.36 (KHTML, like Gecko) Chrome/150.0.7871.128 Mobile Safari/537.36 (compatible; Googlebot/2.1; +http://www.google.com/bot.html)"
18.189.20.173 - - [26/Jul/2026:07:04:34 +0200] "GET /.env.backup2 HTTP/1.1" 301 5648 "-" "Mozilla/5.0 (Macintosh; Intel Mac OS X 10_15_7) AppleWebKit/537.36 (KHTML, like Gecko) Chrome/131.0.0.0 Safari/537.36"
66.249.70.110 - - [26/Jul/2026:07:04:34 +0200] "GET /?g=s5h5e6e0p6i4s5h862 HTTP/1.1" 200 82081 "-" "Mozilla/5.0 (Linux; Android 6.0.1; Nexus 5X Build/MMB29P) AppleWebKit/537.36 (KHTML, like Gecko) Chrome/150.0.7871.128 Mobile Safari/537.36 (compatible; Googlebot/2.1; +http://www.google.com/bot.html)"
66.249.76.224 - - [26/Jul/2026:07:04:34 +0200] "GET /?g=s8u3p1e7r0v9i4s5o4r2y4 HTTP/1.1" 200 82783 "-" "Mozilla/5.0 (Linux; Android 6.0.1; Nexus 5X Build/MMB29P) AppleWebKit/537.36 (KHTML, like Gecko) Chrome/150.0.7871.128 Mobile Safari/537.36 (compatible; Googlebot/2.1; +http://www.google.com/bot.html)"
66.249.70.110 - - [26/Jul/2026:07:04:34 +0200] "GET /?g=s9u4b7z7o3n7a6l532 HTTP/1.1" 200 81780 "-" "Mozilla/5.0 (Linux; Android 6.0.1; Nexus 5X Build/MMB29P) AppleWebKit/537.36 (KHTML, like Gecko) Chrome/150.0.7871.128 Mobile Safari/537.36 (compatible; Googlebot/2.1; +http://www.google.com/bot.html)"
18.189.20.173 - - [26/Jul/2026:07:04:35 +0200] "GET /.env.backup2 HTTP/1.1" 404 36620 "-" "Mozilla/5.0 (Macintosh; Intel Mac OS X 10_15_7) AppleWebKit/537.36 (KHTML, like Gecko) Chrome/131.0.0.0 Safari/537.36"
66.249.76.237 - - [26/Jul/2026:07:04:35 +0200] "GET /?oxyurus/92395122911 HTTP/1.1" 200 80373 "-" "Mozilla/5.0 (Linux; Android 6.0.1; Nexus 5X Build/MMB29P) AppleWebKit/537.36 (KHTML, like Gecko) Chrome/150.0.7871.128 Mobile Safari/537.36 (compatible; Googlebot/2.1; +http://www.google.com/bot.html)"
18.189.20.173 - - [26/Jul/2026:07:04:36 +0200] "GET /logs/.env HTTP/1.1" 301 5645 "-" "Mozilla/5.0 (Macintosh; Intel Mac OS X 10_15_7) AppleWebKit/537.36 (KHTML, like Gecko) Chrome/131.0.0.0 Safari/537.36"
66.249.76.231 - - [26/Jul/2026:07:04:36 +0200] "GET /?g=u6p3s5y0t6u7r6v9y721 HTTP/1.1" 200 82805 "-" "Mozilla/5.0 (Linux; Android 6.0.1; Nexus 5X Build/MMB29P) AppleWebKit/537.36 (KHTML, like Gecko) Chrome/150.0.7871.128 Mobile Safari/537.36 (compatible; Googlebot/2.1; +http://www.google.com/bot.html)"
66.249.70.99 - - [26/Jul/2026:07:04:36 +0200] "GET /?klaxon/71524925348 HTTP/1.1" 200 82498 "-" "Mozilla/5.0 (Linux; Android 6.0.1; Nexus 5X Build/MMB29P) AppleWebKit/537.36 (KHTML, like Gecko) Chrome/150.0.7871.128 Mobile Safari/537.36 (compatible; Googlebot/2.1; +http://www.google.com/bot.html)"
66.249.76.229 - - [26/Jul/2026:07:04:36 +0200] "GET /?g=t4a3r8g5e3t621672 HTTP/1.1" 200 80776 "-" "Mozilla/5.0 (Linux; Android 6.0.1; Nexus 5X Build/MMB29P) AppleWebKit/537.36 (KHTML, like Gecko) Chrome/150.0.7871.128 Mobile Safari/537.36 (compatible; Googlebot/2.1; +http://www.google.com/bot.html)"
18.189.20.173 - - [26/Jul/2026:07:04:37 +0200] "GET /logs/.env HTTP/1.1" 404 36620 "-" "Mozilla/5.0 (Macintosh; Intel Mac OS X 10_15_7) AppleWebKit/537.36 (KHTML, like Gecko) Chrome/131.0.0.0 Safari/537.36"
66.249.70.104 - - [26/Jul/2026:07:04:37 +0200] "GET /?g=e1a1r0t0h7i9n8g0218 HTTP/1.1" 200 83721 "-" "Mozilla/5.0 (Linux; Android 6.0.1; Nexus 5X Build/MMB29P) AppleWebKit/537.36 (KHTML, like Gecko) Chrome/150.0.7871.128 Mobile Safari/537.36 (compatible; Googlebot/2.1; +http://www.google.com/bot.html)"
18.189.20.173 - - [26/Jul/2026:07:04:37 +0200] "GET /cache/.env HTTP/1.1" 301 5646 "-" "Mozilla/5.0 (Macintosh; Intel Mac OS X 10_15_7) AppleWebKit/537.36 (KHTML, like Gecko) Chrome/131.0.0.0 Safari/537.36"
66.249.70.98 - - [26/Jul/2026:07:04:37 +0200] "GET /online/Noir-Taille-L-Impression-Premium-Coupe-Classique-995870 HTTP/1.1" 200 100375 "-" "Mozilla/5.0 (Linux; Android 6.0.1; Nexus 5X Build/MMB29P) AppleWebKit/537.36 (KHTML, like Gecko) Chrome/150.0.7871.128 Mobile Safari/537.36 (compatible; Googlebot/2.1; +http://www.google.com/bot.html)"
18.189.20.173 - - [26/Jul/2026:07:04:38 +0200] "GET /cache/.env HTTP/1.1" 404 36620 "-" "Mozilla/5.0 (Macintosh; Intel Mac OS X 10_15_7) AppleWebKit/537.36 (KHTML, like Gecko) Chrome/131.0.0.0 Safari/537.36"
66.249.70.98 - - [26/Jul/2026:07:04:38 +0200] "GET /?g=b3l2i9n7k4e7r51563 HTTP/1.1" 200 81949 "-" "Mozilla/5.0 (Linux; Android 6.0.1; Nexus 5X Build/MMB29P) AppleWebKit/537.36 (KHTML, like Gecko) Chrome/150.0.7871.128 Mobile Safari/537.36 (compatible; Googlebot/2.1; +http://www.google.com/bot.html)"
66.249.76.233 - - [26/Jul/2026:07:04:38 +0200] "GET /?g=h8u1r0l4y2891223 HTTP/1.1" 200 84942 "-" "Mozilla/5.0 (Linux; Android 6.0.1; Nexus 5X Build/MMB29P) AppleWebKit/537.36 (KHTML, like Gecko) Chrome/150.0.7871.128 Mobile Safari/537.36 (compatible; Googlebot/2.1; +http://www.google.com/bot.html)"
216.73.216.104 - - [26/Jul/2026:07:04:38 +0200] "GET /?g=f9o1o0t8h8o5o9k9747 HTTP/1.1" 200 22599 "-" "Mozilla/5.0 AppleWebKit/537.36 (KHTML, like Gecko; compatible; ClaudeBot/1.0; +claudebot@anthropic.com)"
18.189.20.173 - - [26/Jul/2026:07:04:39 +0200] "GET /mailer/.env HTTP/1.1" 301 5647 "-" "Mozilla/5.0 (Macintosh; Intel Mac OS X 10_15_7) AppleWebKit/537.36 (KHTML, like Gecko) Chrome/131.0.0.0 Safari/537.36"
66.249.70.109 - - [26/Jul/2026:07:04:38 +0200] "GET /?g=r2a2k4e5s7600039 HTTP/1.1" 200 83285 "-" "Mozilla/5.0 (Linux; Android 6.0.1; Nexus 5X Build/MMB29P) AppleWebKit/537.36 (KHTML, like Gecko) Chrome/150.0.7871.128 Mobile Safari/537.36 (compatible; Googlebot/2.1; +http://www.google.com/bot.html)"
18.189.20.173 - - [26/Jul/2026:07:04:40 +0200] "GET /mailer/.env HTTP/1.1" 404 36620 "-" "Mozilla/5.0 (Macintosh; Intel Mac OS X 10_15_7) AppleWebKit/537.36 (KHTML, like Gecko) Chrome/131.0.0.0 Safari/537.36"
66.249.76.224 - - [26/Jul/2026:07:04:39 +0200] "GET /?g=b1i8t1h5a5n5a1641 HTTP/1.1" 200 81981 "-" "Mozilla/5.0 (Linux; Android 6.0.1; Nexus 5X Build/MMB29P) AppleWebKit/537.36 (KHTML, like Gecko) Chrome/150.0.7871.128 Mobile Safari/537.36 (compatible; Googlebot/2.1; +http://www.google.com/bot.html)"
66.249.76.225 - - [26/Jul/2026:07:04:39 +0200] "GET /?g=l9y1m7p4h1o1g9e8n1i6c8 HTTP/1.1" 200 80985 "-" "Mozilla/5.0 (Linux; Android 6.0.1; Nexus 5X Build/MMB29P) AppleWebKit/537.36 (KHTML, like Gecko) Chrome/150.0.7871.128 Mobile Safari/537.36 (compatible; Googlebot/2.1; +http://www.google.com/bot.html)"
66.249.70.103 - - [26/Jul/2026:07:04:40 +0200] "GET /?g=g3r1o1g6g8e9r3i8e2s80 HTTP/1.1" 200 81300 "-" "Mozilla/5.0 (Linux; Android 6.0.1; Nexus 5X Build/MMB29P) AppleWebKit/537.36 (KHTML, like Gecko) Chrome/150.0.7871.128 Mobile Safari/537.36 (compatible; Googlebot/2.1; +http://www.google.com/bot.html)"
66.249.76.229 - - [26/Jul/2026:07:04:39 +0200] "GET /?g=z3o1n3u7r6a045701 HTTP/1.1" 200 82249 "-" "Mozilla/5.0 (Linux; Android 6.0.1; Nexus 5X Build/MMB29P) AppleWebKit/537.36 (KHTML, like Gecko) Chrome/150.0.7871.128 Mobile Safari/537.36 (compatible; Googlebot/2.1; +http://www.google.com/bot.html)"
18.189.20.173 - - [26/Jul/2026:07:04:41 +0200] "GET /mail/.env HTTP/1.1" 301 5645 "-" "Mozilla/5.0 (Macintosh; Intel Mac OS X 10_15_7) AppleWebKit/537.36 (KHTML, like Gecko) Chrome/131.0.0.0 Safari/537.36"
216.73.216.104 - - [26/Jul/2026:07:04:40 +0200] "GET /?g=d9a3c9t8y2l5i2o9l7o2g9y HTTP/1.1" 200 22599 "-" "Mozilla/5.0 AppleWebKit/537.36 (KHTML, like Gecko; compatible; ClaudeBot/1.0; +claudebot@anthropic.com)"
66.249.76.226 - - [26/Jul/2026:07:04:41 +0200] "GET /?g=p1r3e6t4t6i0l3y4065 HTTP/1.1" 200 83146 "-" "Mozilla/5.0 (Linux; Android 6.0.1; Nexus 5X Build/MMB29P) AppleWebKit/537.36 (KHTML, like Gecko) Chrome/150.0.7871.128 Mobile Safari/537.36 (compatible; Googlebot/2.1; +http://www.google.com/bot.html)"
18.189.20.173 - - [26/Jul/2026:07:04:42 +0200] "GET /mail/.env HTTP/1.1" 404 36620 "-" "Mozilla/5.0 (Macintosh; Intel Mac OS X 10_15_7) AppleWebKit/537.36 (KHTML, like Gecko) Chrome/131.0.0.0 Safari/537.36"
66.249.70.100 - - [26/Jul/2026:07:04:42 +0200] "GET /?saltire/32629592 HTTP/1.1" 200 80379 "-" "Mozilla/5.0 (Linux; Android 6.0.1; Nexus 5X Build/MMB29P) AppleWebKit/537.36 (KHTML, like Gecko) Chrome/150.0.7871.128 Mobile Safari/537.36 (compatible; Googlebot/2.1; +http://www.google.com/bot.html)"
66.249.70.97 - - [26/Jul/2026:07:04:42 +0200] "GET /?g=c6h3a9o0s9885467 HTTP/1.1" 200 82496 "-" "Mozilla/5.0 (Linux; Android 6.0.1; Nexus 5X Build/MMB29P) AppleWebKit/537.36 (KHTML, like Gecko) Chrome/150.0.7871.128 Mobile Safari/537.36 (compatible; Googlebot/2.1; +http://www.google.com/bot.html)"
18.189.20.173 - - [26/Jul/2026:07:04:43 +0200] "GET /email/.env HTTP/1.1" 301 5646 "-" "Mozilla/5.0 (Macintosh; Intel Mac OS X 10_15_7) AppleWebKit/537.36 (KHTML, like Gecko) Chrome/131.0.0.0 Safari/537.36"
66.249.70.100 - - [26/Jul/2026:07:04:42 +0200] "GET /?g=w3o1n9d4e4r2w1o2r3k9i8ng HTTP/1.1" 200 82896 "-" "Mozilla/5.0 (Linux; Android 6.0.1; Nexus 5X Build/MMB29P) AppleWebKit/537.36 (KHTML, like Gecko) Chrome/150.0.7871.128 Mobile Safari/537.36 (compatible; Googlebot/2.1; +http://www.google.com/bot.html)"
66.249.76.228 - - [26/Jul/2026:07:04:43 +0200] "GET /?g=g7a2s5t3r2o5m9a3n3c7y4 HTTP/1.1" 200 81720 "-" "Mozilla/5.0 (Linux; Android 6.0.1; Nexus 5X Build/MMB29P) AppleWebKit/537.36 (KHTML, like Gecko) Chrome/150.0.7871.128 Mobile Safari/537.36 (compatible; Googlebot/2.1; +http://www.google.com/bot.html)"
216.73.216.104 - - [26/Jul/2026:07:04:43 +0200] "GET /?g=f9o2l5l8i2c2u1l5o1r8um HTTP/1.1" 200 22591 "-" "Mozilla/5.0 AppleWebKit/537.36 (KHTML, like Gecko; compatible; ClaudeBot/1.0; +claudebot@anthropic.com)"
18.189.20.173 - - [26/Jul/2026:07:04:44 +0200] "GET /email/.env HTTP/1.1" 404 36620 "-" "Mozilla/5.0 (Macintosh; Intel Mac OS X 10_15_7) AppleWebKit/537.36 (KHTML, like Gecko) Chrome/131.0.0.0 Safari/537.36"
66.249.70.102 - - [26/Jul/2026:07:04:44 +0200] "GET /?g=s7t3u2d1b7o9o3k7859 HTTP/1.1" 200 82817 "-" "Mozilla/5.0 (Linux; Android 6.0.1; Nexus 5X Build/MMB29P) AppleWebKit/537.36 (KHTML, like Gecko) Chrome/150.0.7871.128 Mobile Safari/537.36 (compatible; Googlebot/2.1; +http://www.google.com/bot.html)"
18.189.20.173 - - [26/Jul/2026:07:04:45 +0200] "GET /smtp/.env HTTP/1.1" 301 5645 "-" "Mozilla/5.0 (Macintosh; Intel Mac OS X 10_15_7) AppleWebKit/537.36 (KHTML, like Gecko) Chrome/131.0.0.0 Safari/537.36"
66.249.76.238 - - [26/Jul/2026:07:04:44 +0200] "GET /?g=i5n2t8e0r6f4o3l2d4ed HTTP/1.1" 200 82180 "-" "Mozilla/5.0 (Linux; Android 6.0.1; Nexus 5X Build/MMB29P) AppleWebKit/537.36 (KHTML, like Gecko) Chrome/150.0.7871.128 Mobile Safari/537.36 (compatible; Googlebot/2.1; +http://www.google.com/bot.html)"
66.249.70.105 - - [26/Jul/2026:07:04:44 +0200] "GET /online/Cocktail-Leonardo-Poesia-750-Ml-Hauteur-23-Cm-Lave-vaisselle-402588 HTTP/1.1" 200 100211 "-" "Mozilla/5.0 (Linux; Android 6.0.1; Nexus 5X Build/MMB29P) AppleWebKit/537.36 (KHTML, like Gecko) Chrome/150.0.7871.128 Mobile Safari/537.36 (compatible; Googlebot/2.1; +http://www.google.com/bot.html)"
66.249.70.105 - - [26/Jul/2026:07:04:45 +0200] "GET /?g=v7e4n2d3i5n2g3855 HTTP/1.1" 200 81656 "-" "Mozilla/5.0 (Linux; Android 6.0.1; Nexus 5X Build/MMB29P) AppleWebKit/537.36 (KHTML, like Gecko) Chrome/150.0.7871.128 Mobile Safari/537.36 (compatible; Googlebot/2.1; +http://www.google.com/bot.html)"
18.189.20.173 - - [26/Jul/2026:07:04:45 +0200] "GET /smtp/.env HTTP/1.1" 404 36620 "-" "Mozilla/5.0 (Macintosh; Intel Mac OS X 10_15_7) AppleWebKit/537.36 (KHTML, like Gecko) Chrome/131.0.0.0 Safari/537.36"
66.249.76.233 - - [26/Jul/2026:07:04:45 +0200] "GET /?g=p2r3o1t4o8c2o2l2i9s9t4 HTTP/1.1" 200 80437 "-" "Mozilla/5.0 (Linux; Android 6.0.1; Nexus 5X Build/MMB29P) AppleWebKit/537.36 (KHTML, like Gecko) Chrome/150.0.7871.128 Mobile Safari/537.36 (compatible; Googlebot/2.1; +http://www.google.com/bot.html)"
18.189.20.173 - - [26/Jul/2026:07:04:46 +0200] "GET /mailing/.env HTTP/1.1" 301 5648 "-" "Mozilla/5.0 (Macintosh; Intel Mac OS X 10_15_7) AppleWebKit/537.36 (KHTML, like Gecko) Chrome/131.0.0.0 Safari/537.36"
66.249.70.103 - - [26/Jul/2026:07:04:45 +0200] "GET /?g=a4l3c5h2y2m6i6c9355 HTTP/1.1" 200 82867 "-" "Mozilla/5.0 (Linux; Android 6.0.1; Nexus 5X Build/MMB29P) AppleWebKit/537.36 (KHTML, like Gecko) Chrome/150.0.7871.128 Mobile Safari/537.36 (compatible; Googlebot/2.1; +http://www.google.com/bot.html)"
66.249.76.230 - - [26/Jul/2026:07:04:46 +0200] "GET /?g=s0h4e1c5k1l2a2t2o8n42 HTTP/1.1" 200 84018 "-" "Mozilla/5.0 (Linux; Android 6.0.1; Nexus 5X Build/MMB29P) AppleWebKit/537.36 (KHTML, like Gecko) Chrome/150.0.7871.128 Mobile Safari/537.36 (compatible; Googlebot/2.1; +http://www.google.com/bot.html)"
18.189.20.173 - - [26/Jul/2026:07:04:47 +0200] "GET /mailing/.env HTTP/1.1" 404 36620 "-" "Mozilla/5.0 (Macintosh; Intel Mac OS X 10_15_7) AppleWebKit/537.36 (KHTML, like Gecko) Chrome/131.0.0.0 Safari/537.36"
66.249.76.237 - - [26/Jul/2026:07:04:46 +0200] "GET /?g=d3i2a3l4y5z4a2t9e746 HTTP/1.1" 200 82173 "-" "Mozilla/5.0 (Linux; Android 6.0.1; Nexus 5X Build/MMB29P) AppleWebKit/537.36 (KHTML, like Gecko) Chrome/150.0.7871.128 Mobile Safari/537.36 (compatible; Googlebot/2.1; +http://www.google.com/bot.html)"
66.249.76.235 - - [26/Jul/2026:07:04:47 +0200] "GET /?g=m5a3s5t8h0e5a6d551 HTTP/1.1" 200 82380 "-" "Mozilla/5.0 (Linux; Android 6.0.1; Nexus 5X Build/MMB29P) AppleWebKit/537.36 (KHTML, like Gecko) Chrome/150.0.7871.128 Mobile Safari/537.36 (compatible; Googlebot/2.1; +http://www.google.com/bot.html)"
18.189.20.173 - - [26/Jul/2026:07:04:48 +0200] "GET /notifications/.env HTTP/1.1" 301 5654 "-" "Mozilla/5.0 (Macintosh; Intel Mac OS X 10_15_7) AppleWebKit/537.36 (KHTML, like Gecko) Chrome/131.0.0.0 Safari/537.36"
66.249.76.235 - - [26/Jul/2026:07:04:47 +0200] "GET /?g=k1e1l0t4e6r175643 HTTP/1.1" 200 81718 "-" "Mozilla/5.0 (Linux; Android 6.0.1; Nexus 5X Build/MMB29P) AppleWebKit/537.36 (KHTML, like Gecko) Chrome/150.0.7871.128 Mobile Safari/537.36 (compatible; Googlebot/2.1; +http://www.google.com/bot.html)"
66.249.76.229 - - [26/Jul/2026:07:04:47 +0200] "GET /?g=a5n6d0r7o2s3o8e2m4u6m HTTP/1.1" 200 80700 "-" "Mozilla/5.0 (Linux; Android 6.0.1; Nexus 5X Build/MMB29P) AppleWebKit/537.36 (KHTML, like Gecko) Chrome/150.0.7871.128 Mobile Safari/537.36 (compatible; Googlebot/2.1; +http://www.google.com/bot.html)"
18.189.20.173 - - [26/Jul/2026:07:04:48 +0200] "GET /notifications/.env HTTP/1.1" 404 36620 "-" "Mozilla/5.0 (Macintosh; Intel Mac OS X 10_15_7) AppleWebKit/537.36 (KHTML, like Gecko) Chrome/131.0.0.0 Safari/537.36"
66.249.70.106 - - [26/Jul/2026:07:04:48 +0200] "GET /?g=a3l2t4a2r6a0g7e5548 HTTP/1.1" 200 81204 "-" "Mozilla/5.0 (Linux; Android 6.0.1; Nexus 5X Build/MMB29P) AppleWebKit/537.36 (KHTML, like Gecko) Chrome/150.0.7871.128 Mobile Safari/537.36 (compatible; Googlebot/2.1; +http://www.google.com/bot.html)"
66.249.70.106 - - [26/Jul/2026:07:04:49 +0200] "GET /?g=c4a4b1i2n9353967 HTTP/1.1" 200 83033 "-" "Mozilla/5.0 (Linux; Android 6.0.1; Nexus 5X Build/MMB29P) AppleWebKit/537.36 (KHTML, like Gecko) Chrome/150.0.7871.128 Mobile Safari/537.36 (compatible; Googlebot/2.1; +http://www.google.com/bot.html)"
66.249.70.101 - - [26/Jul/2026:07:04:49 +0200] "GET /?g=a2r1k7a6n8s7a5w5y7e6r4 HTTP/1.1" 200 81519 "-" "Mozilla/5.0 (Linux; Android 6.0.1; Nexus 5X Build/MMB29P) AppleWebKit/537.36 (KHTML, like Gecko) Chrome/150.0.7871.128 Mobile Safari/537.36 (compatible; Googlebot/2.1; +http://www.google.com/bot.html)"
18.189.20.173 - - [26/Jul/2026:07:04:49 +0200] "GET /notify/.env HTTP/1.1" 301 5647 "-" "Mozilla/5.0 (Macintosh; Intel Mac OS X 10_15_7) AppleWebKit/537.36 (KHTML, like Gecko) Chrome/131.0.0.0 Safari/537.36"
66.249.76.237 - - [26/Jul/2026:07:04:49 +0200] "GET /?g=e9r2e8c5t2961409 HTTP/1.1" 200 82563 "-" "Mozilla/5.0 (Linux; Android 6.0.1; Nexus 5X Build/MMB29P) AppleWebKit/537.36 (KHTML, like Gecko) Chrome/150.0.7871.128 Mobile Safari/537.36 (compatible; Googlebot/2.1; +http://www.google.com/bot.html)"
66.249.70.104 - - [26/Jul/2026:07:04:50 +0200] "GET /?g=m1o3r5p7h2i1n8i1s8m95 HTTP/1.1" 200 80026 "-" "Mozilla/5.0 (Linux; Android 6.0.1; Nexus 5X Build/MMB29P) AppleWebKit/537.36 (KHTML, like Gecko) Chrome/150.0.7871.128 Mobile Safari/537.36 (compatible; Googlebot/2.1; +http://www.google.com/bot.html)"
18.189.20.173 - - [26/Jul/2026:07:04:50 +0200] "GET /notify/.env HTTP/1.1" 404 36620 "-" "Mozilla/5.0 (Macintosh; Intel Mac OS X 10_15_7) AppleWebKit/537.36 (KHTML, like Gecko) Chrome/131.0.0.0 Safari/537.36"
66.249.76.227 - - [26/Jul/2026:07:04:50 +0200] "GET /?g=l3o2r1a3t5e592941 HTTP/1.1" 200 82216 "-" "Mozilla/5.0 (Linux; Android 6.0.1; Nexus 5X Build/MMB29P) AppleWebKit/537.36 (KHTML, like Gecko) Chrome/150.0.7871.128 Mobile Safari/537.36 (compatible; Googlebot/2.1; +http://www.google.com/bot.html)"
18.189.20.173 - - [26/Jul/2026:07:04:51 +0200] "GET /sender/.env HTTP/1.1" 301 5647 "-" "Mozilla/5.0 (Macintosh; Intel Mac OS X 10_15_7) AppleWebKit/537.36 (KHTML, like Gecko) Chrome/131.0.0.0 Safari/537.36"
66.249.76.235 - - [26/Jul/2026:07:04:51 +0200] "GET /?g=h2a3i1l3s6t3o8r2m862 HTTP/1.1" 200 81193 "-" "Mozilla/5.0 (Linux; Android 6.0.1; Nexus 5X Build/MMB29P) AppleWebKit/537.36 (KHTML, like Gecko) Chrome/150.0.7871.128 Mobile Safari/537.36 (compatible; Googlebot/2.1; +http://www.google.com/bot.html)"
66.249.76.231 - - [26/Jul/2026:07:04:51 +0200] "GET /?silkstocking/6200761459 HTTP/1.1" 200 81688 "-" "Mozilla/5.0 (Linux; Android 6.0.1; Nexus 5X Build/MMB29P) AppleWebKit/537.36 (KHTML, like Gecko) Chrome/150.0.7871.128 Mobile Safari/537.36 (compatible; Googlebot/2.1; +http://www.google.com/bot.html)"
18.189.20.173 - - [26/Jul/2026:07:04:52 +0200] "GET /sender/.env HTTP/1.1" 404 36620 "-" "Mozilla/5.0 (Macintosh; Intel Mac OS X 10_15_7) AppleWebKit/537.36 (KHTML, like Gecko) Chrome/131.0.0.0 Safari/537.36"
66.249.70.106 - - [26/Jul/2026:07:04:52 +0200] "GET /?g=h5o2a9r2s8t4o4n4e617 HTTP/1.1" 200 82068 "-" "Mozilla/5.0 (Linux; Android 6.0.1; Nexus 5X Build/MMB29P) AppleWebKit/537.36 (KHTML, like Gecko) Chrome/150.0.7871.128 Mobile Safari/537.36 (compatible; Googlebot/2.1; +http://www.google.com/bot.html)"
18.189.20.173 - - [26/Jul/2026:07:04:53 +0200] "GET /campaign/.env HTTP/1.1" 301 5649 "-" "Mozilla/5.0 (Macintosh; Intel Mac OS X 10_15_7) AppleWebKit/537.36 (KHTML, like Gecko) Chrome/131.0.0.0 Safari/537.36"
66.249.76.225 - - [26/Jul/2026:07:04:52 +0200] "GET /?g=s9t3a1l6a1c5t2i7c3a6l4 HTTP/1.1" 200 83920 "-" "Mozilla/5.0 (Linux; Android 6.0.1; Nexus 5X Build/MMB29P) AppleWebKit/537.36 (KHTML, like Gecko) Chrome/150.0.7871.128 Mobile Safari/537.36 (compatible; Googlebot/2.1; +http://www.google.com/bot.html)"
66.249.76.238 - - [26/Jul/2026:07:04:53 +0200] "GET /?g=p1i2z5z2i4c9a9t6o572 HTTP/1.1" 200 81239 "-" "Mozilla/5.0 (Linux; Android 6.0.1; Nexus 5X Build/MMB29P) AppleWebKit/537.36 (KHTML, like Gecko) Chrome/150.0.7871.128 Mobile Safari/537.36 (compatible; Googlebot/2.1; +http://www.google.com/bot.html)"
18.189.20.173 - - [26/Jul/2026:07:04:54 +0200] "GET /campaign/.env HTTP/1.1" 404 36620 "-" "Mozilla/5.0 (Macintosh; Intel Mac OS X 10_15_7) AppleWebKit/537.36 (KHTML, like Gecko) Chrome/131.0.0.0 Safari/537.36"
66.249.76.236 - - [26/Jul/2026:07:04:53 +0200] "GET /?palaeechinoidea/43916992366 HTTP/1.1" 200 79201 "-" "Mozilla/5.0 (Linux; Android 6.0.1; Nexus 5X Build/MMB29P) AppleWebKit/537.36 (KHTML, like Gecko) Chrome/150.0.7871.128 Mobile Safari/537.36 (compatible; Googlebot/2.1; +http://www.google.com/bot.html)"
66.249.70.100 - - [26/Jul/2026:07:04:53 +0200] "GET /?g=g7r2o7a6t7056640 HTTP/1.1" 200 82046 "-" "Mozilla/5.0 (Linux; Android 6.0.1; Nexus 5X Build/MMB29P) AppleWebKit/537.36 (KHTML, like Gecko) Chrome/150.0.7871.128 Mobile Safari/537.36 (compatible; Googlebot/2.1; +http://www.google.com/bot.html)"
18.189.20.173 - - [26/Jul/2026:07:04:54 +0200] "GET /newsletter/.env HTTP/1.1" 301 5651 "-" "Mozilla/5.0 (Macintosh; Intel Mac OS X 10_15_7) AppleWebKit/537.36 (KHTML, like Gecko) Chrome/131.0.0.0 Safari/537.36"
66.249.76.233 - - [26/Jul/2026:07:04:54 +0200] "GET /?g=h1u1s4b1a2n2d5l9y795 HTTP/1.1" 200 80455 "-" "Mozilla/5.0 (Linux; Android 6.0.1; Nexus 5X Build/MMB29P) AppleWebKit/537.36 (KHTML, like Gecko) Chrome/150.0.7871.128 Mobile Safari/537.36 (compatible; Googlebot/2.1; +http://www.google.com/bot.html)"
18.189.20.173 - - [26/Jul/2026:07:04:55 +0200] "GET /newsletter/.env HTTP/1.1" 404 36620 "-" "Mozilla/5.0 (Macintosh; Intel Mac OS X 10_15_7) AppleWebKit/537.36 (KHTML, like Gecko) Chrome/131.0.0.0 Safari/537.36"
66.249.76.226 - - [26/Jul/2026:07:04:54 +0200] "GET /?g=a4n2t8h2r4o6p3o4p9a7t4hy HTTP/1.1" 200 81355 "-" "Mozilla/5.0 (Linux; Android 6.0.1; Nexus 5X Build/MMB29P) AppleWebKit/537.36 (KHTML, like Gecko) Chrome/150.0.7871.128 Mobile Safari/537.36 (compatible; Googlebot/2.1; +http://www.google.com/bot.html)"
66.249.76.231 - - [26/Jul/2026:07:04:55 +0200] "GET /?g=h2e1t2e4r7o3p0a7t6h9i2c HTTP/1.1" 200 81068 "-" "Mozilla/5.0 (Linux; Android 6.0.1; Nexus 5X Build/MMB29P) AppleWebKit/537.36 (KHTML, like Gecko) Chrome/150.0.7871.128 Mobile Safari/537.36 (compatible; Googlebot/2.1; +http://www.google.com/bot.html)"
18.189.20.173 - - [26/Jul/2026:07:04:56 +0200] "GET /ses/.env HTTP/1.1" 301 5644 "-" "Mozilla/5.0 (Macintosh; Intel Mac OS X 10_15_7) AppleWebKit/537.36 (KHTML, like Gecko) Chrome/131.0.0.0 Safari/537.36"
66.249.70.107 - - [26/Jul/2026:07:04:55 +0200] "GET /?g=p9i2l3a7g2e536280 HTTP/1.1" 200 81930 "-" "Mozilla/5.0 (Linux; Android 6.0.1; Nexus 5X Build/MMB29P) AppleWebKit/537.36 (KHTML, like Gecko) Chrome/150.0.7871.128 Mobile Safari/537.36 (compatible; Googlebot/2.1; +http://www.google.com/bot.html)"
66.249.70.99 - - [26/Jul/2026:07:04:56 +0200] "GET /?g=n1e1c0k0e2r6c3h2i7e2f2 HTTP/1.1" 200 81173 "-" "Mozilla/5.0 (Linux; Android 6.0.1; Nexus 5X Build/MMB29P) AppleWebKit/537.36 (KHTML, like Gecko) Chrome/150.0.7871.128 Mobile Safari/537.36 (compatible; Googlebot/2.1; +http://www.google.com/bot.html)"
18.189.20.173 - - [26/Jul/2026:07:04:57 +0200] "GET /ses/.env HTTP/1.1" 404 36620 "-" "Mozilla/5.0 (Macintosh; Intel Mac OS X 10_15_7) AppleWebKit/537.36 (KHTML, like Gecko) Chrome/131.0.0.0 Safari/537.36"
216.73.216.104 - - [26/Jul/2026:07:04:57 +0200] "GET /?g=p9a2r6s7i8m6o6n3y588 HTTP/1.1" 200 22593 "-" "Mozilla/5.0 AppleWebKit/537.36 (KHTML, like Gecko; compatible; ClaudeBot/1.0; +claudebot@anthropic.com)"
66.249.76.233 - - [26/Jul/2026:07:04:56 +0200] "GET /?polynemus/11835660704 HTTP/1.1" 200 83363 "-" "Mozilla/5.0 (Linux; Android 6.0.1; Nexus 5X Build/MMB29P) AppleWebKit/537.36 (KHTML, like Gecko) Chrome/150.0.7871.128 Mobile Safari/537.36 (compatible; Googlebot/2.1; +http://www.google.com/bot.html)"
18.189.20.173 - - [26/Jul/2026:07:04:57 +0200] "GET /sendgrid/.env HTTP/1.1" 301 5649 "-" "Mozilla/5.0 (Macintosh; Intel Mac OS X 10_15_7) AppleWebKit/537.36 (KHTML, like Gecko) Chrome/131.0.0.0 Safari/537.36"
66.249.76.233 - - [26/Jul/2026:07:04:57 +0200] "GET /?g=c5a3r0p6o5l3o9g8y718 HTTP/1.1" 200 80946 "-" "Mozilla/5.0 (Linux; Android 6.0.1; Nexus 5X Build/MMB29P) AppleWebKit/537.36 (KHTML, like Gecko) Chrome/150.0.7871.128 Mobile Safari/537.36 (compatible; Googlebot/2.1; +http://www.google.com/bot.html)"
18.189.20.173 - - [26/Jul/2026:07:04:58 +0200] "GET /sendgrid/.env HTTP/1.1" 404 36620 "-" "Mozilla/5.0 (Macintosh; Intel Mac OS X 10_15_7) AppleWebKit/537.36 (KHTML, like Gecko) Chrome/131.0.0.0 Safari/537.36"
66.249.70.110 - - [26/Jul/2026:07:04:57 +0200] "GET /?g=s1w1e7l4l7d0o9m3171 HTTP/1.1" 200 82123 "-" "Mozilla/5.0 (Linux; Android 6.0.1; Nexus 5X Build/MMB29P) AppleWebKit/537.36 (KHTML, like Gecko) Chrome/150.0.7871.128 Mobile Safari/537.36 (compatible; Googlebot/2.1; +http://www.google.com/bot.html)"
66.249.70.102 - - [26/Jul/2026:07:04:58 +0200] "GET /?thriven/33207309842 HTTP/1.1" 200 82055 "-" "Mozilla/5.0 (Linux; Android 6.0.1; Nexus 5X Build/MMB29P) AppleWebKit/537.36 (KHTML, like Gecko) Chrome/150.0.7871.128 Mobile Safari/537.36 (compatible; Googlebot/2.1; +http://www.google.com/bot.html)"
18.189.20.173 - - [26/Jul/2026:07:04:59 +0200] "GET /sparkpost/.env HTTP/1.1" 301 5650 "-" "Mozilla/5.0 (Macintosh; Intel Mac OS X 10_15_7) AppleWebKit/537.36 (KHTML, like Gecko) Chrome/131.0.0.0 Safari/537.36"
66.249.70.103 - - [26/Jul/2026:07:04:58 +0200] "GET /?g=v3e6r5s4i3o9n3434 HTTP/1.1" 200 82249 "-" "Mozilla/5.0 (Linux; Android 6.0.1; Nexus 5X Build/MMB29P) AppleWebKit/537.36 (KHTML, like Gecko) Chrome/150.0.7871.128 Mobile Safari/537.36 (compatible; Googlebot/2.1; +http://www.google.com/bot.html)"
216.73.216.104 - - [26/Jul/2026:07:04:59 +0200] "GET /shops/irresuscitably/c9i2r9c6u4l6a3t8i1v6e0 HTTP/1.1" 404 36596 "-" "Mozilla/5.0 AppleWebKit/537.36 (KHTML, like Gecko; compatible; ClaudeBot/1.0; +claudebot@anthropic.com)"
66.249.76.230 - - [26/Jul/2026:07:04:59 +0200] "GET /?bloodshedder/42119282341 HTTP/1.1" 200 81967 "-" "Mozilla/5.0 (Linux; Android 6.0.1; Nexus 5X Build/MMB29P) AppleWebKit/537.36 (KHTML, like Gecko) Chrome/150.0.7871.128 Mobile Safari/537.36 (compatible; Googlebot/2.1; +http://www.google.com/bot.html)"
66.249.76.232 - - [26/Jul/2026:07:04:59 +0200] "GET /?g=d2o1o2r9p7o6s5t7109 HTTP/1.1" 200 80772 "-" "Mozilla/5.0 (Linux; Android 6.0.1; Nexus 5X Build/MMB29P) AppleWebKit/537.36 (KHTML, like Gecko) Chrome/150.0.7871.128 Mobile Safari/537.36 (compatible; Googlebot/2.1; +http://www.google.com/bot.html)"
66.249.70.109 - - [26/Jul/2026:07:05:00 +0200] "GET /?trainel/11605235314 HTTP/1.1" 200 83952 "-" "Mozilla/5.0 (Linux; Android 6.0.1; Nexus 5X Build/MMB29P) AppleWebKit/537.36 (KHTML, like Gecko) Chrome/150.0.7871.128 Mobile Safari/537.36 (compatible; Googlebot/2.1; +http://www.google.com/bot.html)"
18.189.20.173 - - [26/Jul/2026:07:05:00 +0200] "GET /sparkpost/.env HTTP/1.1" 404 36620 "-" "Mozilla/5.0 (Macintosh; Intel Mac OS X 10_15_7) AppleWebKit/537.36 (KHTML, like Gecko) Chrome/131.0.0.0 Safari/537.36"
66.249.70.109 - - [26/Jul/2026:07:05:00 +0200] "GET /?g=c1r2e1a4t8o9r39600 HTTP/1.1" 200 81360 "-" "Mozilla/5.0 (Linux; Android 6.0.1; Nexus 5X Build/MMB29P) AppleWebKit/537.36 (KHTML, like Gecko) Chrome/150.0.7871.128 Mobile Safari/537.36 (compatible; Googlebot/2.1; +http://www.google.com/bot.html)"
66.249.76.230 - - [26/Jul/2026:07:05:00 +0200] "GET /?g=d5i9s7e4n0f6r9a5n1c4hisement HTTP/1.1" 200 84773 "-" "Mozilla/5.0 (Linux; Android 6.0.1; Nexus 5X Build/MMB29P) AppleWebKit/537.36 (KHTML, like Gecko) Chrome/150.0.7871.128 Mobile Safari/537.36 (compatible; Googlebot/2.1; +http://www.google.com/bot.html)"
18.189.20.173 - - [26/Jul/2026:07:05:02 +0200] "GET /postmark/.env HTTP/1.1" 301 5649 "-" "Mozilla/5.0 (Macintosh; Intel Mac OS X 10_15_7) AppleWebKit/537.36 (KHTML, like Gecko) Chrome/131.0.0.0 Safari/537.36"
66.249.70.109 - - [26/Jul/2026:07:05:01 +0200] "GET /?g=r1e1e6d3i5f8i9c1a5t5i3on HTTP/1.1" 200 82785 "-" "Mozilla/5.0 (Linux; Android 6.0.1; Nexus 5X Build/MMB29P) AppleWebKit/537.36 (KHTML, like Gecko) Chrome/150.0.7871.128 Mobile Safari/537.36 (compatible; Googlebot/2.1; +http://www.google.com/bot.html)"
66.249.70.104 - - [26/Jul/2026:07:05:01 +0200] "GET /online/Blanco-80-Coton-Renfort-Anti-glisse-Blanc-Bleu-Noir-786486 HTTP/1.1" 200 100179 "-" "Mozilla/5.0 (Linux; Android 6.0.1; Nexus 5X Build/MMB29P) AppleWebKit/537.36 (KHTML, like Gecko) Chrome/150.0.7871.128 Mobile Safari/537.36 (compatible; Googlebot/2.1; +http://www.google.com/bot.html)"
18.189.20.173 - - [26/Jul/2026:07:05:02 +0200] "GET /postmark/.env HTTP/1.1" 404 36620 "-" "Mozilla/5.0 (Macintosh; Intel Mac OS X 10_15_7) AppleWebKit/537.36 (KHTML, like Gecko) Chrome/131.0.0.0 Safari/537.36"
66.249.76.238 - - [26/Jul/2026:07:05:02 +0200] "GET /?cruentate/53014338820 HTTP/1.1" 200 81845 "-" "Mozilla/5.0 (Linux; Android 6.0.1; Nexus 5X Build/MMB29P) AppleWebKit/537.36 (KHTML, like Gecko) Chrome/150.0.7871.128 Mobile Safari/537.36 (compatible; Googlebot/2.1; +http://www.google.com/bot.html)"
18.189.20.173 - - [26/Jul/2026:07:05:03 +0200] "GET /mailgun/.env HTTP/1.1" 301 5648 "-" "Mozilla/5.0 (Macintosh; Intel Mac OS X 10_15_7) AppleWebKit/537.36 (KHTML, like Gecko) Chrome/131.0.0.0 Safari/537.36"
66.249.70.110 - - [26/Jul/2026:07:05:02 +0200] "GET /?g=h6a1p4p0i5n0e4s8s808 HTTP/1.1" 200 80954 "-" "Mozilla/5.0 (Linux; Android 6.0.1; Nexus 5X Build/MMB29P) AppleWebKit/537.36 (KHTML, like Gecko) Chrome/150.0.7871.128 Mobile Safari/537.36 (compatible; Googlebot/2.1; +http://www.google.com/bot.html)"
66.249.76.227 - - [26/Jul/2026:07:05:03 +0200] "GET /?g=s3o2l6d4a2n496503 HTTP/1.1" 200 80359 "-" "Mozilla/5.0 (Linux; Android 6.0.1; Nexus 5X Build/MMB29P) AppleWebKit/537.36 (KHTML, like Gecko) Chrome/150.0.7871.128 Mobile Safari/537.36 (compatible; Googlebot/2.1; +http://www.google.com/bot.html)"
18.189.20.173 - - [26/Jul/2026:07:05:04 +0200] "GET /mailgun/.env HTTP/1.1" 404 36620 "-" "Mozilla/5.0 (Macintosh; Intel Mac OS X 10_15_7) AppleWebKit/537.36 (KHTML, like Gecko) Chrome/131.0.0.0 Safari/537.36"
66.249.70.99 - - [26/Jul/2026:07:05:03 +0200] "GET /?g=p3i1l0e4a6t6e9d1523 HTTP/1.1" 200 80930 "-" "Mozilla/5.0 (Linux; Android 6.0.1; Nexus 5X Build/MMB29P) AppleWebKit/537.36 (KHTML, like Gecko) Chrome/150.0.7871.128 Mobile Safari/537.36 (compatible; Googlebot/2.1; +http://www.google.com/bot.html)"
18.189.20.173 - - [26/Jul/2026:07:05:05 +0200] "GET /mandrill/.env HTTP/1.1" 301 5649 "-" "Mozilla/5.0 (Macintosh; Intel Mac OS X 10_15_7) AppleWebKit/537.36 (KHTML, like Gecko) Chrome/131.0.0.0 Safari/537.36"
66.249.76.236 - - [26/Jul/2026:07:05:04 +0200] "GET /?g=d1i3s4f4a6n7c5y1733 HTTP/1.1" 200 83740 "-" "Mozilla/5.0 (Linux; Android 6.0.1; Nexus 5X Build/MMB29P) AppleWebKit/537.36 (KHTML, like Gecko) Chrome/150.0.7871.128 Mobile Safari/537.36 (compatible; Googlebot/2.1; +http://www.google.com/bot.html)"
18.189.20.173 - - [26/Jul/2026:07:05:05 +0200] "GET /mandrill/.env HTTP/1.1" 404 36620 "-" "Mozilla/5.0 (Macintosh; Intel Mac OS X 10_15_7) AppleWebKit/537.36 (KHTML, like Gecko) Chrome/131.0.0.0 Safari/537.36"
66.249.70.109 - - [26/Jul/2026:07:05:05 +0200] "GET /?g=u4n4s0h5r6u3b5b8e4d08 HTTP/1.1" 200 81780 "-" "Mozilla/5.0 (Linux; Android 6.0.1; Nexus 5X Build/MMB29P) AppleWebKit/537.36 (KHTML, like Gecko) Chrome/150.0.7871.128 Mobile Safari/537.36 (compatible; Googlebot/2.1; +http://www.google.com/bot.html)"
66.249.70.102 - - [26/Jul/2026:07:05:05 +0200] "GET /?mistune/02603783800 HTTP/1.1" 200 83541 "-" "Mozilla/5.0 (Linux; Android 6.0.1; Nexus 5X Build/MMB29P) AppleWebKit/537.36 (KHTML, like Gecko) Chrome/150.0.7871.128 Mobile Safari/537.36 (compatible; Googlebot/2.1; +http://www.google.com/bot.html)"
18.189.20.173 - - [26/Jul/2026:07:05:06 +0200] "GET /mailjet/.env HTTP/1.1" 301 5648 "-" "Mozilla/5.0 (Macintosh; Intel Mac OS X 10_15_7) AppleWebKit/537.36 (KHTML, like Gecko) Chrome/131.0.0.0 Safari/537.36"
66.249.76.233 - - [26/Jul/2026:07:05:04 +0200] "GET /?g=h3e8d8g3e4l9e0s1s05 HTTP/1.1" 200 81001 "-" "Mozilla/5.0 (Linux; Android 6.0.1; Nexus 5X Build/MMB29P) AppleWebKit/537.36 (KHTML, like Gecko) Chrome/150.0.7871.128 Mobile Safari/537.36 (compatible; Googlebot/2.1; +http://www.google.com/bot.html)"
66.249.76.226 - - [26/Jul/2026:07:05:06 +0200] "GET /?heeded/61003871294 HTTP/1.1" 200 81238 "-" "Mozilla/5.0 (Linux; Android 6.0.1; Nexus 5X Build/MMB29P) AppleWebKit/537.36 (KHTML, like Gecko) Chrome/150.0.7871.128 Mobile Safari/537.36 (compatible; Googlebot/2.1; +http://www.google.com/bot.html)"
18.189.20.173 - - [26/Jul/2026:07:05:07 +0200] "GET /mailjet/.env HTTP/1.1" 404 36620 "-" "Mozilla/5.0 (Macintosh; Intel Mac OS X 10_15_7) AppleWebKit/537.36 (KHTML, like Gecko) Chrome/131.0.0.0 Safari/537.36"
66.249.70.106 - - [26/Jul/2026:07:05:06 +0200] "GET /?g=c3r1o6o3k5e9n36800 HTTP/1.1" 200 82018 "-" "Mozilla/5.0 (Linux; Android 6.0.1; Nexus 5X Build/MMB29P) AppleWebKit/537.36 (KHTML, like Gecko) Chrome/150.0.7871.128 Mobile Safari/537.36 (compatible; Googlebot/2.1; +http://www.google.com/bot.html)"
18.189.20.173 - - [26/Jul/2026:07:05:08 +0200] "GET /brevo/.env HTTP/1.1" 301 5646 "-" "Mozilla/5.0 (Macintosh; Intel Mac OS X 10_15_7) AppleWebKit/537.36 (KHTML, like Gecko) Chrome/131.0.0.0 Safari/537.36"
66.249.76.228 - - [26/Jul/2026:07:05:07 +0200] "GET /?g=c9h3a2m5p4l5a9i9n502 HTTP/1.1" 200 80942 "-" "Mozilla/5.0 (Linux; Android 6.0.1; Nexus 5X Build/MMB29P) AppleWebKit/537.36 (KHTML, like Gecko) Chrome/150.0.7871.128 Mobile Safari/537.36 (compatible; Googlebot/2.1; +http://www.google.com/bot.html)"
66.249.76.231 - - [26/Jul/2026:07:05:07 +0200] "GET /?g=h6e2a5r1t9s3t4r3i0k2e6 HTTP/1.1" 200 81655 "-" "Mozilla/5.0 (Linux; Android 6.0.1; Nexus 5X Build/MMB29P) AppleWebKit/537.36 (KHTML, like Gecko) Chrome/150.0.7871.128 Mobile Safari/537.36 (compatible; Googlebot/2.1; +http://www.google.com/bot.html)"
66.249.70.105 - - [26/Jul/2026:07:05:07 +0200] "GET /?g=e5p1u8r4a7t7i7o6n014 HTTP/1.1" 200 81458 "-" "Mozilla/5.0 (Linux; Android 6.0.1; Nexus 5X Build/MMB29P) AppleWebKit/537.36 (KHTML, like Gecko) Chrome/150.0.7871.128 Mobile Safari/537.36 (compatible; Googlebot/2.1; +http://www.google.com/bot.html)"
18.189.20.173 - - [26/Jul/2026:07:05:08 +0200] "GET /brevo/.env HTTP/1.1" 404 36620 "-" "Mozilla/5.0 (Macintosh; Intel Mac OS X 10_15_7) AppleWebKit/537.36 (KHTML, like Gecko) Chrome/131.0.0.0 Safari/537.36"
216.73.216.104 - - [26/Jul/2026:07:05:08 +0200] "GET /habitat/erythrochroism/c9o2n8a0t3u7s6675 HTTP/1.1" 404 36596 "-" "Mozilla/5.0 AppleWebKit/537.36 (KHTML, like Gecko; compatible; ClaudeBot/1.0; +claudebot@anthropic.com)"
66.249.70.99 - - [26/Jul/2026:07:05:08 +0200] "GET /?g=r9o5n1c6a7d7o0r507 HTTP/1.1" 200 82543 "-" "Mozilla/5.0 (Linux; Android 6.0.1; Nexus 5X Build/MMB29P) AppleWebKit/537.36 (KHTML, like Gecko) Chrome/150.0.7871.128 Mobile Safari/537.36 (compatible; Googlebot/2.1; +http://www.google.com/bot.html)"
18.189.20.173 - - [26/Jul/2026:07:05:09 +0200] "GET /transactional/.env HTTP/1.1" 301 5654 "-" "Mozilla/5.0 (Macintosh; Intel Mac OS X 10_15_7) AppleWebKit/537.36 (KHTML, like Gecko) Chrome/131.0.0.0 Safari/537.36"
66.249.70.103 - - [26/Jul/2026:07:05:09 +0200] "GET /?g=p5e2r6f8e1c8t7l6y288 HTTP/1.1" 200 81590 "-" "Mozilla/5.0 (Linux; Android 6.0.1; Nexus 5X Build/MMB29P) AppleWebKit/537.36 (KHTML, like Gecko) Chrome/150.0.7871.128 Mobile Safari/537.36 (compatible; Googlebot/2.1; +http://www.google.com/bot.html)"
66.249.76.229 - - [26/Jul/2026:07:05:09 +0200] "GET /?g=h1e4a6d6c2h8e5e2s1e HTTP/1.1" 200 83863 "-" "Mozilla/5.0 (Linux; Android 6.0.1; Nexus 5X Build/MMB29P) AppleWebKit/537.36 (KHTML, like Gecko) Chrome/150.0.7871.128 Mobile Safari/537.36 (compatible; Googlebot/2.1; +http://www.google.com/bot.html)"
18.189.20.173 - - [26/Jul/2026:07:05:10 +0200] "GET /transactional/.env HTTP/1.1" 404 36620 "-" "Mozilla/5.0 (Macintosh; Intel Mac OS X 10_15_7) AppleWebKit/537.36 (KHTML, like Gecko) Chrome/131.0.0.0 Safari/537.36"
66.249.70.108 - - [26/Jul/2026:07:05:09 +0200] "GET /?g=i4r4r8e9v6e3a7l8a1b9le HTTP/1.1" 200 83770 "-" "Mozilla/5.0 (Linux; Android 6.0.1; Nexus 5X Build/MMB29P) AppleWebKit/537.36 (KHTML, like Gecko) Chrome/150.0.7871.128 Mobile Safari/537.36 (compatible; Googlebot/2.1; +http://www.google.com/bot.html)"
